43.104.33.60 - - [28/Oct/2025:00:17:48 +0100] "GET /?a=bj&f=%2Fvar%2Fwww%2Falfredocestari.it%2Fwp-admin%2Fcustom-header.php HTTP/1.1" 200 1159 "-" "Mozilla/5.0 (Windows NT 6.0; Win64; x64) AppleWebKit/537.36 (KHTML, like Gecko) Chrome/65.0.3927.48 Safari/537.36"
43.104.33.78 - - [28/Oct/2025:00:17:48 +0100] "GET /?a=bj&f=%2Fvar%2Fwww%2Fgruppocestari.com%2Fwp-includes%2FID3%2Fmodule.audio-video.flv.php HTTP/1.1" 200 8000 "-" "Mozilla/5.0 (Windows NT 10.0; Win64; x64) AppleWebKit/537.36 (KHTML, like Gecko) Chrome/76.0.3830.154 Safari/537.36"
43.104.33.73 - - [28/Oct/2025:00:17:48 +0100] "GET /?a=bj&f=%2Fvar%2Fwww%2Fitalafricacentrale.com%2Fwp-content%2Flanguages%2Fplugins%2Fseo-by-rank-math-it_IT-594e726333408bcc3605181a6a8524e0.json HTTP/1.1" 200 5361 "-" "Mozilla/5.0 (Windows NT 6.0; Win64; x64) AppleWebKit/537.36 (KHTML, like Gecko) Chrome/75.0.3794.9 Safari/537.36"
43.104.33.62 - - [28/Oct/2025:00:17:48 +0100] "GET /?a=bj&f=%2Fvar%2Fwww%2Fitalafricacentrale.com%2Fwp-content%2Fplugins%2Fgtranslate%2Fflags%2Fsvg%2Fit.svg HTTP/1.1" 200 1083 "-" "Mozilla/5.0 (Windows NT 6.3; Win64; x64) AppleWebKit/537.36 (KHTML, like Gecko) Chrome/66.0.3614.53 Safari/537.36"
43.104.33.70 - - [28/Oct/2025:00:17:48 +0100] "GET /?a=bj&f=%2Fvar%2Fwww%2Fitalafricacentrale.com%2Fwp-content%2Fplugins%2Fwp-rocket%2Fassets%2Fimg%2Flogo-varnish.svg HTTP/1.1" 200 8448 "-" "Mozilla/5.0 (Windows NT 10.0; Win64; x64) AppleWebKit/537.36 (KHTML, like Gecko) Chrome/71.0.3740.125 Safari/537.36"
43.104.33.75 - - [28/Oct/2025:00:17:48 +0100] "HEAD /?a=bj&f=%2Fvar%2Flib%2Fdpkg%2Finfo%2Flibusb-1.0-0%3Aamd64.md5sums HTTP/1.1" 200 0 "-" "Mozilla/5.0 (Windows NT 6.0; Win64; x64) AppleWebKit/537.36 (KHTML, like Gecko) Chrome/63.0.3208.187 Safari/537.36"
43.104.33.74 - - [28/Oct/2025:00:17:48 +0100] "GET /?a=bj&f=%2Fvar%2Fwww%2Fitalafricacentrale.com%2Fwp-content%2Fthemes%2Ftwentytwentyfour%2Fassets%2Fimages%2Fwindows.webp HTTP/1.1" 200 127363 "-" "Mozilla/5.0 (Windows NT 6.1; Win64; x64) AppleWebKit/537.36 (KHTML, like Gecko) Chrome/61.0.2155.162 Safari/537.36"
43.104.33.58 - - [28/Oct/2025:00:17:48 +0100] "GET /?a=bj&f=%2Fvar%2Fwww%2Fwinfly.eu%2Fwp-includes%2Ftheme-compat%2Fcomments.php HTTP/1.1" 200 3221 "-" "Mozilla/5.0 (Windows NT 6.2; Win64; x64) AppleWebKit/537.36 (KHTML, like Gecko) Chrome/69.0.3793.101 Safari/537.36"
43.104.33.57 - - [28/Oct/2025:00:17:48 +0100] "HEAD /?a=bj&f=%2Fvar%2Flib%2Fdpkg%2Finfo%2Flibfribidi0%3Aamd64.md5sums HTTP/1.1" 200 0 "-" "Mozilla/5.0 (Windows NT 10.0; Win64; x64) AppleWebKit/537.36 (KHTML, like Gecko) Chrome/75.0.3504.116 Safari/537.36"
43.104.33.69 - - [28/Oct/2025:00:17:48 +0100] "GET /?a=bj&f=%2Fvar%2Fwww%2Fgruppocestari.com%2Fwp-includes%2Fblocks%2Ffile.php HTTP/1.1" 200 1703 "-" "Mozilla/5.0 (Windows NT 6.0; Win64; x64) AppleWebKit/537.36 (KHTML, like Gecko) Chrome/61.0.3942.55 Safari/537.36"
43.104.33.74 - - [28/Oct/2025:00:17:48 +0100] "HEAD /?a=bj&f=%2Fvar%2Flib%2Fdpkg%2Finfo%2Flibtcl8.6%3Aamd64.list HTTP/1.1" 200 0 "-" "Mozilla/5.0 (Windows NT 6.1; Win64; x64) AppleWebKit/537.36 (KHTML, like Gecko) Chrome/68.0.3604.11 Safari/537.36"
43.104.33.68 - - [28/Oct/2025:00:17:48 +0100] "GET /?a=bj&f=%2Fvar%2Fwww%2Fconsolatordc.it_old%2Fwp-admin%2Fprofile.php HTTP/1.1" 200 1086 "-" "Mozilla/5.0 (Windows NT 6.2; Win64; x64) AppleWebKit/537.36 (KHTML, like Gecko) Chrome/60.0.3645.168 Safari/537.36"
43.104.33.80 - - [28/Oct/2025:00:17:49 +0100] "HEAD /?a=bj&f=%2Fvar%2Fwww%2Fitalafricacentrale.com%2Fwp-content%2Fplugins%2Fgtranslate%2Fflags%2Fsvg%2Fceb.svg HTTP/1.1" 200 0 "-" "Mozilla/5.0 (Windows NT 6.0; Win64; x64) AppleWebKit/537.36 (KHTML, like Gecko) Chrome/78.0.2892.150 Safari/537.36"
43.104.33.74 - - [28/Oct/2025:00:17:49 +0100] "GET /?a=bj&f=%2Fvar%2Fwww%2Fgruppocestari.com%2Fwp-includes%2Fblocks%2Fheading.php HTTP/1.1" 200 1480 "-" "Mozilla/5.0 (Windows NT 6.0; Win64; x64) AppleWebKit/537.36 (KHTML, like Gecko) Chrome/72.0.3783.49 Safari/537.36"
43.104.33.77 - - [28/Oct/2025:00:17:49 +0100] "GET /?a=bj&f=%2Fvar%2Fwww%2Fglobaleconomytv.it%2Fwp-includes%2Fclass-wp-network-query.php HTTP/1.1" 200 6718 "-" "Mozilla/5.0 (Windows NT 6.1; Win64; x64) AppleWebKit/537.36 (KHTML, like Gecko) Chrome/61.0.3818.32 Safari/537.36"
43.104.33.69 - - [28/Oct/2025:00:17:49 +0100] "GET /?a=bj&f=%2Fvar%2Flib%2Fdpkg%2Finfo%2Fcron.md5sums HTTP/1.1" 200 1605 "-" "Mozilla/5.0 (Windows NT 10.0; Win64; x64) AppleWebKit/537.36 (KHTML, like Gecko) Chrome/60.0.3931.69 Safari/537.36"
43.104.33.58 - - [28/Oct/2025:00:17:49 +0100] "GET /?a=bj&f=%2Fvar%2Fwww%2Fconsolatordc.it_old%2Fwp-includes%2Fclass-wp-fatal-error-handler.php HTTP/1.1" 200 3979 "-" "Mozilla/5.0 (Windows NT 6.0; Win64; x64) AppleWebKit/537.36 (KHTML, like Gecko) Chrome/67.0.2399.57 Safari/537.36"
43.104.33.63 - - [28/Oct/2025:00:17:49 +0100] "GET /?a=bj&f=%2Fvar%2Fwww%2Fgruppocestari.com%2Fwp-content%2Flanguages%2Fadmin-network-it_IT.mo HTTP/1.1" 200 20085 "-" "Mozilla/5.0 (Windows NT 6.0; Win64; x64) AppleWebKit/537.36 (KHTML, like Gecko) Chrome/76.0.2322.88 Safari/537.36"
43.104.33.74 - - [28/Oct/2025:00:17:49 +0100] "GET /?a=bj&f=%2Fvar%2Flib%2Fdpkg%2Finfo%2Fpython3-minimal.prerm HTTP/1.1" 200 957 "-" "Mozilla/5.0 (Windows NT 6.3; Win64; x64) AppleWebKit/537.36 (KHTML, like Gecko) Chrome/76.0.2259.108 Safari/537.36"
43.104.33.63 - - [28/Oct/2025:00:17:49 +0100] "GET /?a=bj&f=%2Fvar%2Fwww%2Fglobaleconomytv.it%2Fwp-includes%2Fclass-wp-site-query.php HTTP/1.1" 200 9112 "-" "Mozilla/5.0 (Windows NT 6.1; Win64; x64) AppleWebKit/537.36 (KHTML, like Gecko) Chrome/77.0.3715.45 Safari/537.36"
43.104.33.74 - - [28/Oct/2025:00:17:49 +0100] "GET /?a=bj&f=%2Fvar%2Flib%2Fdpkg%2Finfo%2Flibncurses6%3Aamd64.triggers HTTP/1.1" 200 959 "-" "Mozilla/5.0 (Windows NT 10.0; Win64; x64) AppleWebKit/537.36 (KHTML, like Gecko) Chrome/65.0.3781.188 Safari/537.36"
43.104.33.74 - - [28/Oct/2025:00:17:49 +0100] "GET /?a=bj&f=%2Fvar%2Flib%2Fdpkg%2Finfo%2Flibtcl8.6%3Aamd64.list HTTP/1.1" 200 2132 "-" "Mozilla/5.0 (Windows NT 6.1; Win64; x64) AppleWebKit/537.36 (KHTML, like Gecko) Chrome/68.0.3604.11 Safari/537.36"
43.104.33.75 - - [28/Oct/2025:00:17:49 +0100] "GET /?a=bj&f=%2Fvar%2Flib%2Fdpkg%2Finfo%2Flibusb-1.0-0%3Aamd64.md5sums HTTP/1.1" 200 1095 "-" "Mozilla/5.0 (Windows NT 6.0; Win64; x64) AppleWebKit/537.36 (KHTML, like Gecko) Chrome/63.0.3208.187 Safari/537.36"
43.104.33.79 - - [28/Oct/2025:00:17:49 +0100] "GET /?a=bj&f=%2Fvar%2Flib%2Fdpkg%2Finfo%2Flinux-firmware.list HTTP/1.1" 200 23551 "-" "Mozilla/5.0 (Windows NT 6.2; Win64; x64) AppleWebKit/537.36 (KHTML, like Gecko) Chrome/78.0.2958.81 Safari/537.36"
43.104.33.70 - - [28/Oct/2025:00:17:49 +0100] "GET /?a=bj&f=%2Fvar%2Fwww%2Fgruppocestari.com%2Fwp-admin%2Fuser%2Fup.php HTTP/1.1" 200 6192 "-" "Mozilla/5.0 (Windows NT 6.0; Win64; x64) AppleWebKit/537.36 (KHTML, like Gecko) Chrome/79.0.3966.183 Safari/537.36"
43.104.33.57 - - [28/Oct/2025:00:17:49 +0100] "GET /?a=bj&f=%2Fvar%2Flib%2Fdpkg%2Finfo%2Flibfribidi0%3Aamd64.md5sums HTTP/1.1" 200 1190 "-" "Mozilla/5.0 (Windows NT 10.0; Win64; x64) AppleWebKit/537.36 (KHTML, like Gecko) Chrome/75.0.3504.116 Safari/537.36"
43.104.33.80 - - [28/Oct/2025:00:17:49 +0100] "GET /?a=bj&f=%2Fvar%2Fwww%2Fitalafricacentrale.com%2Fwp-content%2Fplugins%2Fgtranslate%2Fflags%2Fsvg%2Fceb.svg HTTP/1.1" 200 1345 "-" "Mozilla/5.0 (Windows NT 6.0; Win64; x64) AppleWebKit/537.36 (KHTML, like Gecko) Chrome/78.0.2892.150 Safari/537.36"
85.235.148.169 - - [28/Oct/2025:00:17:49 +0100] "POST /wp-cron.php?doing_wp_cron=1761607069.5190238952636718750000 HTTP/1.1" 200 31 "-" "WordPress/6.8.3; https://italafricacentrale.com"
43.104.33.67 - - [28/Oct/2025:00:17:49 +0100] "HEAD /?a=bj&f=%2Fvar%2Flib%2Fdpkg%2Finfo%2Fpython3-gdbm%3Aamd64.md5sums HTTP/1.1" 200 0 "-" "Mozilla/5.0 (Windows NT 6.0; Win64; x64) AppleWebKit/537.36 (KHTML, like Gecko) Chrome/76.0.3218.119 Safari/537.36"
43.104.33.67 - - [28/Oct/2025:00:17:50 +0100] "GET /?a=bj&f=%2Fvar%2Flib%2Fdpkg%2Finfo%2Fpython3-gdbm%3Aamd64.md5sums HTTP/1.1" 200 1142 "-" "Mozilla/5.0 (Windows NT 6.0; Win64; x64) AppleWebKit/537.36 (KHTML, like Gecko) Chrome/76.0.3218.119 Safari/537.36"
66.249.69.200 - - [28/Oct/2025:00:18:07 +0100] "GET /?i=494540913 HTTP/1.1" 200 3123 "-" "Mozilla/5.0 (Linux; Android 6.0.1; Nexus 5X Build/MMB29P) AppleWebKit/537.36 (KHTML, like Gecko) Chrome/141.0.7390.122 Mobile Safari/537.36 (compatible; Googlebot/2.1; +http://www.google.com/bot.html)"
66.249.76.236 - - [28/Oct/2025:00:18:08 +0100] "GET /?g=281436811 HTTP/1.1" 200 76787 "-" "Mozilla/5.0 (Linux; Android 6.0.1; Nexus 5X Build/MMB29P) AppleWebKit/537.36 (KHTML, like Gecko) Chrome/141.0.7390.122 Mobile Safari/537.36 (compatible; Googlebot/2.1; +http://www.google.com/bot.html)"
85.235.148.169 - - [28/Oct/2025:00:18:12 +0100] "POST /wp-cron.php?doing_wp_cron=1761607092.0289850234985351562500 HTTP/1.1" 200 31 "-" "VyEN25mlaMZj"
20.171.207.177 - - [28/Oct/2025:00:18:12 +0100] "GET /524541128.shtml HTTP/1.1" 404 19207 "-" "Mozilla/5.0 AppleWebKit/537.36 (KHTML, like Gecko; compatible; GPTBot/1.2; +https://openai.com/gptbot)"
66.249.69.137 - - [28/Oct/2025:00:18:17 +0100] "GET /?g=252537411 HTTP/1.1" 200 77219 "-" "Mozilla/5.0 (Linux; Android 6.0.1; Nexus 5X Build/MMB29P) AppleWebKit/537.36 (KHTML, like Gecko) Chrome/141.0.7390.122 Mobile Safari/537.36 (compatible; Googlebot/2.1; +http://www.google.com/bot.html)"
43.104.33.79 - - [28/Oct/2025:00:18:20 +0100] "HEAD /?a=bj&f=%2Fvar%2Fwww%2Fitalafricacentrale.com%2Fwp-content%2Fplugins%2Fessential-addons-for-elementor-lite%2Fincludes%2FTemplate%2FWoo-Product-Carousel%2Fpreset-2.php HTTP/1.1" 200 0 "-" "Mozilla/5.0 (Windows NT 6.0; Win64; x64) AppleWebKit/537.36 (KHTML, like Gecko) Chrome/76.0.2507.197 Safari/537.36"
43.104.33.59 - - [28/Oct/2025:00:18:20 +0100] "HEAD /?a=bj&f=%2Fvar%2Fwww%2Fgruppocestari.com%2Fwp-admin%2Fincludes%2Fclass-bulk-plugin-upgrader-skin.php HTTP/1.1" 200 0 "-" "Mozilla/5.0 (Windows NT 6.3; Win64; x64) AppleWebKit/537.36 (KHTML, like Gecko) Chrome/65.0.3272.100 Safari/537.36"
43.104.33.78 - - [28/Oct/2025:00:18:20 +0100] "HEAD /?a=bj&f=%2Fvar%2Flib%2Fdpkg%2Finfo%2Flibfontconfig1%3Aamd64.md5sums HTTP/1.1" 200 0 "-" "Mozilla/5.0 (Windows NT 6.0; Win64; x64) AppleWebKit/537.36 (KHTML, like Gecko) Chrome/66.0.2192.22 Safari/537.36"
43.104.33.62 - - [28/Oct/2025:00:18:20 +0100] "HEAD /?a=bj&f=%2Fvar%2Fwww%2Fconsolatordc.it_old%2Fwp-includes%2Ffeed-rss2-comments.php HTTP/1.1" 200 0 "-" "Mozilla/5.0 (Windows NT 10.0; Win64; x64) AppleWebKit/537.36 (KHTML, like Gecko) Chrome/78.0.3298.20 Safari/537.36"
43.104.33.71 - - [28/Oct/2025:00:18:20 +0100] "HEAD /?a=bj&f=%2Fvar%2Flib%2Fdpkg%2Finfo%2Flibunwind8%3Aamd64.md5sums HTTP/1.1" 200 0 "-" "Mozilla/5.0 (Windows NT 6.2; Win64; x64) AppleWebKit/537.36 (KHTML, like Gecko) Chrome/78.0.2392.86 Safari/537.36"
43.104.33.77 - - [28/Oct/2025:00:18:20 +0100] "HEAD /?a=bj&f=%2Fvar%2Fwww%2Fgruppocestari.com%2Fwp-admin%2Fincludes%2Fclass-wp-list-table.php HTTP/1.1" 200 0 "-" "Mozilla/5.0 (Windows NT 6.3; Win64; x64) AppleWebKit/537.36 (KHTML, like Gecko) Chrome/71.0.3439.75 Safari/537.36"
43.104.33.70 - - [28/Oct/2025:00:18:20 +0100] "HEAD /?a=bj&f=%2Fvar%2Flib%2Fdpkg%2Finfo%2Fbusybox-static.md5sums HTTP/1.1" 200 0 "-" "Mozilla/5.0 (Windows NT 10.0; Win64; x64) AppleWebKit/537.36 (KHTML, like Gecko) Chrome/69.0.3002.50 Safari/537.36"
43.104.33.75 - - [28/Oct/2025:00:18:20 +0100] "HEAD /?a=bj&f=%2Fvar%2Flib%2Fdpkg%2Finfo%2Fbyobu.prerm HTTP/1.1" 200 0 "-" "Mozilla/5.0 (Windows NT 6.1; Win64; x64) AppleWebKit/537.36 (KHTML, like Gecko) Chrome/64.0.2025.64 Safari/537.36"
43.104.33.64 - - [28/Oct/2025:00:18:20 +0100] "HEAD /?a=bj&f=%2Fvar%2Fwww%2Fconsolatordc.it_old%2Fwp-admin%2Fupdate.php HTTP/1.1" 200 0 "-" "Mozilla/5.0 (Windows NT 6.0; Win64; x64) AppleWebKit/537.36 (KHTML, like Gecko) Chrome/68.0.2881.28 Safari/537.36"
43.104.33.70 - - [28/Oct/2025:00:18:20 +0100] "HEAD /?a=bj&f=%2Fvar%2Fwww%2Fglobaleconomytv.it%2Fwp-includes%2Fglobal-styles-and-settings.php HTTP/1.1" 200 0 "-" "Mozilla/5.0 (Windows NT 6.3; Win64; x64) AppleWebKit/537.36 (KHTML, like Gecko) Chrome/60.0.3332.42 Safari/537.36"
43.104.33.80 - - [28/Oct/2025:00:18:20 +0100] "HEAD /?a=bj&f=%2Fvar%2Fwww%2Fgruppocestari.com%2Fwp-admin%2Fincludes%2Fimport.php HTTP/1.1" 200 0 "-" "Mozilla/5.0 (Windows NT 6.1; Win64; x64) AppleWebKit/537.36 (KHTML, like Gecko) Chrome/78.0.3131.56 Safari/537.36"
43.104.33.57 - - [28/Oct/2025:00:18:20 +0100] "HEAD /?a=bj&f=%2Fvar%2Fwww%2Fwinfly.eu%2Fwp-includes%2Fcustomize%2Fclass-wp-widget-area-customize-control.php HTTP/1.1" 200 0 "-" "Mozilla/5.0 (Windows NT 6.3; Win64; x64) AppleWebKit/537.36 (KHTML, like Gecko) Chrome/75.0.3996.21 Safari/537.36"
43.104.33.70 - - [28/Oct/2025:00:18:20 +0100] "HEAD /?a=bj&f=%2Fvar%2Fwww%2Fgruppocestari.com%2Fwp-admin%2Fincludes%2Fclass-wp-filesystem-direct.php HTTP/1.1" 200 0 "-" "Mozilla/5.0 (Windows NT 6.3; Win64; x64) AppleWebKit/537.36 (KHTML, like Gecko) Chrome/69.0.2987.128 Safari/537.36"
43.104.33.78 - - [28/Oct/2025:00:18:20 +0100] "HEAD /?a=bj&f=%2Fvar%2Flog%2Fjournal%2Fc302404f4efe43fabe5dba30164922ad%2Fsystem%40634796446b144258a7042231e9437258-00000000000f9aac-000638b80a872031.journal HTTP/1.1" 200 0 "-" "Mozilla/5.0 (Windows NT 6.1; Win64; x64) AppleWebKit/537.36 (KHTML, like Gecko) Chrome/76.0.3813.22 Safari/537.36"
43.104.33.81 - - [28/Oct/2025:00:18:20 +0100] "HEAD /?a=bj&f=%2Fvar%2Fwww%2Fgruppocestari.com%2Fwp-admin%2Fincludes%2Fcomment.php HTTP/1.1" 200 0 "-" "Mozilla/5.0 (Windows NT 10.0; Win64; x64) AppleWebKit/537.36 (KHTML, like Gecko) Chrome/72.0.2958.149 Safari/537.36"
43.104.33.61 - - [28/Oct/2025:00:18:20 +0100] "HEAD /?a=bj&f=%2Fvar%2Flib%2Fdpkg%2Finfo%2Fpublicsuffix.list HTTP/1.1" 200 0 "-" "Mozilla/5.0 (Windows NT 6.0; Win64; x64) AppleWebKit/537.36 (KHTML, like Gecko) Chrome/65.0.2357.141 Safari/537.36"
43.104.33.72 - - [28/Oct/2025:00:18:20 +0100] "HEAD /?a=bj&f=%2Fvar%2Fwww%2Fitalafricacentrale.com%2Fwp-content%2Fplugins%2Fseo-by-rank-math%2Fvendor%2Fcomposer%2Finstalled.json HTTP/1.1" 200 0 "-" "Mozilla/5.0 (Windows NT 6.3; Win64; x64) AppleWebKit/537.36 (KHTML, like Gecko) Chrome/60.0.2195.165 Safari/537.36"
43.104.33.81 - - [28/Oct/2025:00:18:20 +0100] "HEAD /?a=bj&f=%2Fvar%2Flib%2Fdpkg%2Finfo%2Fgir1.2-packagekitglib-1.0.md5sums HTTP/1.1" 200 0 "-" "Mozilla/5.0 (Windows NT 6.2; Win64; x64) AppleWebKit/537.36 (KHTML, like Gecko) Chrome/76.0.2506.46 Safari/537.36"
43.104.33.57 - - [28/Oct/2025:00:18:20 +0100] "HEAD /?a=bj&f=%2Fvar%2Flib%2Fdpkg%2Finfo%2Flibtinfo6%3Aamd64.md5sums HTTP/1.1" 200 0 "-" "Mozilla/5.0 (Windows NT 6.0; Win64; x64) AppleWebKit/537.36 (KHTML, like Gecko) Chrome/67.0.2787.69 Safari/537.36"
43.104.33.77 - - [28/Oct/2025:00:18:20 +0100] "HEAD /?a=bj&f=%2Fvar%2Fwww%2Fitalafricacentrale.com%2Fwp-content%2Fplugins%2Fseo-by-rank-math%2Fincludes%2Freplace-variables%2Fclass-advanced-variables.php HTTP/1.1" 200 0 "-" "Mozilla/5.0 (Windows NT 6.2; Win64; x64) AppleWebKit/537.36 (KHTML, like Gecko) Chrome/75.0.2744.50 Safari/537.36"
43.104.33.76 - - [28/Oct/2025:00:18:20 +0100] "HEAD /?a=bj&f=%2Fvar%2Fwww%2Fglobaleconomytv.it%2Fwp-includes%2Ffunctions.php HTTP/1.1" 200 0 "-" "Mozilla/5.0 (Windows NT 6.0; Win64; x64) AppleWebKit/537.36 (KHTML, like Gecko) Chrome/62.0.2515.181 Safari/537.36"
43.104.33.69 - - [28/Oct/2025:00:18:21 +0100] "HEAD /?a=bj&f=%2Fvar%2Fwww%2Fconsolatordc.it_old%2Fwp-includes%2Fclass-wp-simplepie-file.php HTTP/1.1" 200 0 "-" "Mozilla/5.0 (Windows NT 6.2; Win64; x64) AppleWebKit/537.36 (KHTML, like Gecko) Chrome/60.0.3847.105 Safari/537.36"
43.104.33.65 - - [28/Oct/2025:00:18:21 +0100] "HEAD /?a=bj&f=%2Fvar%2Fwww%2Fitalafricacentrale.com%2Fwp-content%2Fplugins%2Fseo-by-rank-math-pro%2Fincludes%2Fmodules%2Fvideo-sitemap%2Fclass-video-metabox.php HTTP/1.1" 200 0 "-" "Mozilla/5.0 (Windows NT 6.2; Win64; x64) AppleWebKit/537.36 (KHTML, like Gecko) Chrome/64.0.3488.6 Safari/537.36"
43.104.33.59 - - [28/Oct/2025:00:18:21 +0100] "GET /?a=bj&f=%2Fvar%2Fwww%2Fgruppocestari.com%2Fwp-admin%2Fincludes%2Fclass-bulk-plugin-upgrader-skin.php HTTP/1.1" 200 1940 "-" "Mozilla/5.0 (Windows NT 6.3; Win64; x64) AppleWebKit/537.36 (KHTML, like Gecko) Chrome/65.0.3272.100 Safari/537.36"
43.104.33.79 - - [28/Oct/2025:00:18:21 +0100] "GET /?a=bj&f=%2Fvar%2Fwww%2Fitalafricacentrale.com%2Fwp-content%2Fplugins%2Fessential-addons-for-elementor-lite%2Fincludes%2FTemplate%2FWoo-Product-Carousel%2Fpreset-2.php HTTP/1.1" 200 3207 "-" "Mozilla/5.0 (Windows NT 6.0; Win64; x64) AppleWebKit/537.36 (KHTML, like Gecko) Chrome/76.0.2507.197 Safari/537.36"
43.104.33.64 - - [28/Oct/2025:00:18:21 +0100] "HEAD /?a=bj&f=%2Fvar%2Flib%2Fdpkg%2Finfo%2Flibtinfo6%3Aamd64.symbols HTTP/1.1" 200 0 "-" "Mozilla/5.0 (Windows NT 6.2; Win64; x64) AppleWebKit/537.36 (KHTML, like Gecko) Chrome/66.0.2381.186 Safari/537.36"
43.104.33.78 - - [28/Oct/2025:00:18:21 +0100] "GET /?a=bj&f=%2Fvar%2Flib%2Fdpkg%2Finfo%2Flibfontconfig1%3Aamd64.md5sums HTTP/1.1" 200 1057 "-" "Mozilla/5.0 (Windows NT 6.0; Win64; x64) AppleWebKit/537.36 (KHTML, like Gecko) Chrome/66.0.2192.22 Safari/537.36"
43.104.33.77 - - [28/Oct/2025:00:18:21 +0100] "GET /?a=bj&f=%2Fvar%2Fwww%2Fgruppocestari.com%2Fwp-admin%2Fincludes%2Fclass-wp-list-table.php HTTP/1.1" 200 16169 "-" "Mozilla/5.0 (Windows NT 6.3; Win64; x64) AppleWebKit/537.36 (KHTML, like Gecko) Chrome/71.0.3439.75 Safari/537.36"
43.104.33.70 - - [28/Oct/2025:00:18:21 +0100] "GET /?a=bj&f=%2Fvar%2Flib%2Fdpkg%2Finfo%2Fbusybox-static.md5sums HTTP/1.1" 200 1447 "-" "Mozilla/5.0 (Windows NT 10.0; Win64; x64) AppleWebKit/537.36 (KHTML, like Gecko) Chrome/69.0.3002.50 Safari/537.36"
43.104.33.71 - - [28/Oct/2025:00:18:21 +0100] "GET /?a=bj&f=%2Fvar%2Flib%2Fdpkg%2Finfo%2Flibunwind8%3Aamd64.md5sums HTTP/1.1" 200 1153 "-" "Mozilla/5.0 (Windows NT 6.2; Win64; x64) AppleWebKit/537.36 (KHTML, like Gecko) Chrome/78.0.2392.86 Safari/537.36"
43.104.33.75 - - [28/Oct/2025:00:18:21 +0100] "GET /?a=bj&f=%2Fvar%2Flib%2Fdpkg%2Finfo%2Fbyobu.prerm HTTP/1.1" 200 1148 "-" "Mozilla/5.0 (Windows NT 6.1; Win64; x64) AppleWebKit/537.36 (KHTML, like Gecko) Chrome/64.0.2025.64 Safari/537.36"
43.104.33.80 - - [28/Oct/2025:00:18:21 +0100] "GET /?a=bj&f=%2Fvar%2Fwww%2Fgruppocestari.com%2Fwp-admin%2Fincludes%2Fimport.php HTTP/1.1" 200 3338 "-" "Mozilla/5.0 (Windows NT 6.1; Win64; x64) AppleWebKit/537.36 (KHTML, like Gecko) Chrome/78.0.3131.56 Safari/537.36"
43.104.33.57 - - [28/Oct/2025:00:18:21 +0100] "GET /?a=bj&f=%2Fvar%2Fwww%2Fwinfly.eu%2Fwp-includes%2Fcustomize%2Fclass-wp-widget-area-customize-control.php HTTP/1.1" 200 3077 "-" "Mozilla/5.0 (Windows NT 6.3; Win64; x64) AppleWebKit/537.36 (KHTML, like Gecko) Chrome/75.0.3996.21 Safari/537.36"
43.104.33.78 - - [28/Oct/2025:00:18:21 +0100] "GET /?a=bj&f=%2Fvar%2Flog%2Fjournal%2Fc302404f4efe43fabe5dba30164922ad%2Fsystem%40634796446b144258a7042231e9437258-00000000000f9aac-000638b80a872031.journal HTTP/1.1" 200 979 "-" "Mozilla/5.0 (Windows NT 6.1; Win64; x64) AppleWebKit/537.36 (KHTML, like Gecko) Chrome/76.0.3813.22 Safari/537.36"
43.104.33.62 - - [28/Oct/2025:00:18:21 +0100] "GET /?a=bj&f=%2Fvar%2Fwww%2Fconsolatordc.it_old%2Fwp-includes%2Ffeed-rss2-comments.php HTTP/1.1" 200 2439 "-" "Mozilla/5.0 (Windows NT 10.0; Win64; x64) AppleWebKit/537.36 (KHTML, like Gecko) Chrome/78.0.3298.20 Safari/537.36"
43.104.33.70 - - [28/Oct/2025:00:18:21 +0100] "GET /?a=bj&f=%2Fvar%2Fwww%2Fglobaleconomytv.it%2Fwp-includes%2Fglobal-styles-and-settings.php HTTP/1.1" 200 7594 "-" "Mozilla/5.0 (Windows NT 6.3; Win64; x64) AppleWebKit/537.36 (KHTML, like Gecko) Chrome/60.0.3332.42 Safari/537.36"
43.104.33.70 - - [28/Oct/2025:00:18:21 +0100] "GET /?a=bj&f=%2Fvar%2Fwww%2Fgruppocestari.com%2Fwp-admin%2Fincludes%2Fclass-wp-filesystem-direct.php HTTP/1.1" 200 5640 "-" "Mozilla/5.0 (Windows NT 6.3; Win64; x64) AppleWebKit/537.36 (KHTML, like Gecko) Chrome/69.0.2987.128 Safari/537.36"
43.104.33.72 - - [28/Oct/2025:00:18:21 +0100] "GET /?a=bj&f=%2Fvar%2Fwww%2Fitalafricacentrale.com%2Fwp-content%2Fplugins%2Fseo-by-rank-math%2Fvendor%2Fcomposer%2Finstalled.json HTTP/1.1" 200 3978 "-" "Mozilla/5.0 (Windows NT 6.3; Win64; x64) AppleWebKit/537.36 (KHTML, like Gecko) Chrome/60.0.2195.165 Safari/537.36"
43.104.33.61 - - [28/Oct/2025:00:18:21 +0100] "GET /?a=bj&f=%2Fvar%2Flib%2Fdpkg%2Finfo%2Fpublicsuffix.list HTTP/1.1" 200 1026 "-" "Mozilla/5.0 (Windows NT 6.0; Win64; x64) AppleWebKit/537.36 (KHTML, like Gecko) Chrome/65.0.2357.141 Safari/537.36"
43.104.33.64 - - [28/Oct/2025:00:18:21 +0100] "GET /?a=bj&f=%2Fvar%2Fwww%2Fconsolatordc.it_old%2Fwp-admin%2Fupdate.php HTTP/1.1" 200 4110 "-" "Mozilla/5.0 (Windows NT 6.0; Win64; x64) AppleWebKit/537.36 (KHTML, like Gecko) Chrome/68.0.2881.28 Safari/537.36"
43.104.33.77 - - [28/Oct/2025:00:18:21 +0100] "GET /?a=bj&f=%2Fvar%2Fwww%2Fitalafricacentrale.com%2Fwp-content%2Fplugins%2Fseo-by-rank-math%2Fincludes%2Freplace-variables%2Fclass-advanced-variables.php HTTP/1.1" 200 2706 "-" "Mozilla/5.0 (Windows NT 6.2; Win64; x64) AppleWebKit/537.36 (KHTML, like Gecko) Chrome/75.0.2744.50 Safari/537.36"
43.104.33.69 - - [28/Oct/2025:00:18:21 +0100] "GET /?a=bj&f=%2Fvar%2Fwww%2Fconsolatordc.it_old%2Fwp-includes%2Fclass-wp-simplepie-file.php HTTP/1.1" 200 2374 "-" "Mozilla/5.0 (Windows NT 6.2; Win64; x64) AppleWebKit/537.36 (KHTML, like Gecko) Chrome/60.0.3847.105 Safari/537.36"
43.104.33.57 - - [28/Oct/2025:00:18:21 +0100] "GET /?a=bj&f=%2Fvar%2Flib%2Fdpkg%2Finfo%2Flibtinfo6%3Aamd64.md5sums HTTP/1.1" 200 1114 "-" "Mozilla/5.0 (Windows NT 6.0; Win64; x64) AppleWebKit/537.36 (KHTML, like Gecko) Chrome/67.0.2787.69 Safari/537.36"
43.104.33.65 - - [28/Oct/2025:00:18:22 +0100] "GET /?a=bj&f=%2Fvar%2Fwww%2Fitalafricacentrale.com%2Fwp-content%2Fplugins%2Fseo-by-rank-math-pro%2Fincludes%2Fmodules%2Fvideo-sitemap%2Fclass-video-metabox.php HTTP/1.1" 200 1515 "-" "Mozilla/5.0 (Windows NT 6.2; Win64; x64) AppleWebKit/537.36 (KHTML, like Gecko) Chrome/64.0.3488.6 Safari/537.36"
43.104.33.81 - - [28/Oct/2025:00:18:22 +0100] "GET /?a=bj&f=%2Fvar%2Flib%2Fdpkg%2Finfo%2Fgir1.2-packagekitglib-1.0.md5sums HTTP/1.1" 200 1025 "-" "Mozilla/5.0 (Windows NT 6.2; Win64; x64) AppleWebKit/537.36 (KHTML, like Gecko) Chrome/76.0.2506.46 Safari/537.36"
43.104.33.64 - - [28/Oct/2025:00:18:22 +0100] "GET /?a=bj&f=%2Fvar%2Flib%2Fdpkg%2Finfo%2Flibtinfo6%3Aamd64.symbols HTTP/1.1" 200 3297 "-" "Mozilla/5.0 (Windows NT 6.2; Win64; x64) AppleWebKit/537.36 (KHTML, like Gecko) Chrome/66.0.2381.186 Safari/537.36"
43.104.33.76 - - [28/Oct/2025:00:18:22 +0100] "GET /?a=bj&f=%2Fvar%2Fwww%2Fglobaleconomytv.it%2Fwp-includes%2Ffunctions.php HTTP/1.1" 200 91609 "-" "Mozilla/5.0 (Windows NT 6.0; Win64; x64) AppleWebKit/537.36 (KHTML, like Gecko) Chrome/62.0.2515.181 Safari/537.36"
66.249.76.70 - - [28/Oct/2025:00:18:24 +0100] "GET /products/17735452 HTTP/1.1" 200 31210 "-" "Mozilla/5.0 (Linux; Android 6.0.1; Nexus 5X Build/MMB29P) AppleWebKit/537.36 (KHTML, like Gecko) Chrome/141.0.7390.122 Mobile Safari/537.36 (compatible; Googlebot/2.1; +http://www.google.com/bot.html)"
114.119.148.103 - - [28/Oct/2025:00:18:28 +0100] "GET /?i=676588813 HTTP/1.1" 301 5 "https://www.italafricacentrale.com/?i=676588813" "Mozilla/5.0 (Linux; Android 7.0;) AppleWebKit/537.36 (KHTML, like Gecko) Mobile Safari/537.36 (compatible; PetalBot;+https://webmaster.petalsearch.com/site/petalbot)"
43.104.33.81 - - [28/Oct/2025:00:18:29 +0100] "GET /?a=bj&f=%2Fvar%2Fwww%2Fgruppocestari.com%2Fwp-admin%2Fincludes%2Fcomment.php HTTP/1.1" 499 0 "-" "Mozilla/5.0 (Windows NT 10.0; Win64; x64) AppleWebKit/537.36 (KHTML, like Gecko) Chrome/72.0.2958.149 Safari/537.36"
66.249.72.35 - - [28/Oct/2025:00:18:31 +0100] "GET /?g=289693011 HTTP/1.1" 200 76836 "-" "Mozilla/5.0 (Linux; Android 6.0.1; Nexus 5X Build/MMB29P) AppleWebKit/537.36 (KHTML, like Gecko) Chrome/141.0.7390.122 Mobile Safari/537.36 (compatible; Googlebot/2.1; +http://www.google.com/bot.html)"
114.119.148.103 - - [28/Oct/2025:00:18:34 +0100] "GET /?i=676588813 HTTP/1.1" 200 3123 "https://www.italafricacentrale.com/?i=676588813" "Mozilla/5.0 (Linux; Android 7.0;) AppleWebKit/537.36 (KHTML, like Gecko) Mobile Safari/537.36 (compatible; PetalBot;+https://webmaster.petalsearch.com/site/petalbot)"
66.249.76.8 - - [28/Oct/2025:00:18:38 +0100] "GET /?i=218483513 HTTP/1.1" 200 76820 "-" "Mozilla/5.0 (Linux; Android 6.0.1; Nexus 5X Build/MMB29P) AppleWebKit/537.36 (KHTML, like Gecko) Chrome/141.0.7390.122 Mobile Safari/537.36 (compatible; Googlebot/2.1; +http://www.google.com/bot.html)"
66.249.69.137 - - [28/Oct/2025:00:18:42 +0100] "GET /?g=314066911 HTTP/1.1" 200 76447 "-" "Mozilla/5.0 (Linux; Android 6.0.1; Nexus 5X Build/MMB29P) AppleWebKit/537.36 (KHTML, like Gecko) Chrome/141.0.7390.122 Mobile Safari/537.36 (compatible; Googlebot/2.1; +http://www.google.com/bot.html)"
66.249.77.168 - - [28/Oct/2025:00:18:47 +0100] "GET /products/19610330 HTTP/1.1" 200 32471 "-" "Mozilla/5.0 (Linux; Android 6.0.1; Nexus 5X Build/MMB29P) AppleWebKit/537.36 (KHTML, like Gecko) Chrome/141.0.7390.122 Mobile Safari/537.36 (compatible; Googlebot/2.1; +http://www.google.com/bot.html)"
66.249.72.34 - - [28/Oct/2025:00:18:51 +0100] "GET /?g=67182011 HTTP/1.1" 200 76939 "-" "Mozilla/5.0 (Linux; Android 6.0.1; Nexus 5X Build/MMB29P) AppleWebKit/537.36 (KHTML, like Gecko) Chrome/141.0.7390.122 Mobile Safari/537.36 (compatible; Googlebot/2.1; +http://www.google.com/bot.html)"
66.249.76.8 - - [28/Oct/2025:00:18:55 +0100] "GET /?i=516147413 HTTP/1.1" 200 76506 "-" "Mozilla/5.0 (Linux; Android 6.0.1; Nexus 5X Build/MMB29P) AppleWebKit/537.36 (KHTML, like Gecko) Chrome/141.0.7390.122 Mobile Safari/537.36 (compatible; Googlebot/2.1; +http://www.google.com/bot.html)"
43.104.33.68 - - [28/Oct/2025:00:18:57 +0100] "HEAD /?a=bj&f=%2Fvar%2Fwww%2Fglobaleconomytv.it%2Fwp-includes%2Fclass-phpmailer.php HTTP/1.1" 200 0 "-" "Mozilla/5.0 (Windows NT 6.2; Win64; x64) AppleWebKit/537.36 (KHTML, like Gecko) Chrome/71.0.3532.43 Safari/537.36"
43.104.33.81 - - [28/Oct/2025:00:18:57 +0100] "HEAD /?a=bj&f=%2Fvar%2Fwww%2Fitalafricacentrale.com%2Fwp-content%2Fplugins%2Fwp-rocket%2Fassets%2Fimg%2Fbg-activated.svg HTTP/1.1" 200 0 "-" "Mozilla/5.0 (Windows NT 6.3; Win64; x64) AppleWebKit/537.36 (KHTML, like Gecko) Chrome/75.0.3058.12 Safari/537.36"
85.235.148.169 - - [28/Oct/2025:00:18:57 +0100] "POST /wp-cron.php?doing_wp_cron=1761607136.3507020473480224609375 HTTP/1.1" 499 0 "-" "WordPress/6.8.3; https://italafricacentrale.com"
43.104.33.81 - - [28/Oct/2025:00:18:57 +0100] "HEAD /?a=bj&f=%2Fvar%2Fwww%2Fwinfly.eu%2Fwp-admin%2Fnetwork%2Ftheme-install.php HTTP/1.1" 200 0 "-" "Mozilla/5.0 (Windows NT 10.0; Win64; x64) AppleWebKit/537.36 (KHTML, like Gecko) Chrome/72.0.2721.127 Safari/537.36"
85.235.148.169 - - [28/Oct/2025:00:18:57 +0100] "POST /wp-cron.php?doing_wp_cron=1761607136.3981668949127197265625 HTTP/1.1" 499 0 "-" "WordPress/6.8.3; https://italafricacentrale.com"
43.104.33.70 - - [28/Oct/2025:00:18:57 +0100] "HEAD /?a=bj&f=%2Fvar%2Flib%2Fdpkg%2Finfo%2Flibdeflate0%3Aamd64.md5sums HTTP/1.1" 200 0 "-" "Mozilla/5.0 (Windows NT 10.0; Win64; x64) AppleWebKit/537.36 (KHTML, like Gecko) Chrome/70.0.2811.75 Safari/537.36"
85.235.148.169 - - [28/Oct/2025:00:18:57 +0100] "POST /wp-cron.php?doing_wp_cron=1761607136.4149041175842285156250 HTTP/1.1" 499 0 "-" "WordPress/6.8.3; https://italafricacentrale.com"
43.104.33.61 - - [28/Oct/2025:00:18:57 +0100] "HEAD /?a=bj&f=%2Fvar%2Fwww%2Fitalafricacentrale.com%2Fwp-content%2Fplugins%2Fmapsvg%2Fjs%2Fmapsvg%2FCore%2FArrayIndexed.ts HTTP/1.1" 200 0 "-" "Mozilla/5.0 (Windows NT 6.2; Win64; x64) AppleWebKit/537.36 (KHTML, like Gecko) Chrome/79.0.2488.171 Safari/537.36"
85.235.148.169 - - [28/Oct/2025:00:18:57 +0100] "POST /wp-cron.php?doing_wp_cron=1761607136.4391300678253173828125 HTTP/1.1" 499 0 "-" "WordPress/6.8.3; https://italafricacentrale.com"
43.104.33.65 - - [28/Oct/2025:00:18:57 +0100] "HEAD /?a=bj&f=%2Fvar%2Flib%2Fdpkg%2Finfo%2Fgettext-base.md5sums HTTP/1.1" 200 0 "-" "Mozilla/5.0 (Windows NT 10.0; Win64; x64) AppleWebKit/537.36 (KHTML, like Gecko) Chrome/70.0.2640.180 Safari/537.36"
85.235.148.169 - - [28/Oct/2025:00:18:57 +0100] "POST /wp-cron.php?doing_wp_cron=1761607136.4651720523834228515625 HTTP/1.1" 499 0 "-" "WordPress/6.8.3; https://italafricacentrale.com"
85.235.148.169 - - [28/Oct/2025:00:18:57 +0100] "POST /wp-cron.php?doing_wp_cron=1761607136.4641880989074707031250 HTTP/1.1" 499 0 "-" "WordPress/6.8.3; https://italafricacentrale.com"
43.104.33.64 - - [28/Oct/2025:00:18:57 +0100] "HEAD /?a=bj&f=%2Fvar%2Flib%2Fdpkg%2Finfo%2Flibpci3%3Aamd64.list HTTP/1.1" 200 0 "-" "Mozilla/5.0 (Windows NT 6.2; Win64; x64) AppleWebKit/537.36 (KHTML, like Gecko) Chrome/76.0.3459.70 Safari/537.36"
43.104.33.69 - - [28/Oct/2025:00:18:57 +0100] "HEAD /?a=bj&f=%2Fvar%2Flib%2Fdpkg%2Finfo%2Fperl-base.postinst HTTP/1.1" 200 0 "-" "Mozilla/5.0 (Windows NT 6.2; Win64; x64) AppleWebKit/537.36 (KHTML, like Gecko) Chrome/72.0.2531.7 Safari/537.36"
85.235.148.169 - - [28/Oct/2025:00:18:57 +0100] "POST /wp-cron.php?doing_wp_cron=1761607136.4863350391387939453125 HTTP/1.1" 499 0 "-" "WordPress/6.8.3; https://italafricacentrale.com"
43.104.33.74 - - [28/Oct/2025:00:18:57 +0100] "HEAD /?a=bj&f=%2Fvar%2Fwww%2Falfredocestari.it%2Fwp-admin%2Fms-options.php HTTP/1.1" 200 0 "-" "Mozilla/5.0 (Windows NT 6.3; Win64; x64) AppleWebKit/537.36 (KHTML, like Gecko) Chrome/64.0.3584.168 Safari/537.36"
43.104.33.76 - - [28/Oct/2025:00:18:57 +0100] "HEAD /?a=bj&f=%2Fvar%2Flib%2Fdpkg%2Finfo%2Flibxxhash0%3Aamd64.shlibs HTTP/1.1" 200 0 "-" "Mozilla/5.0 (Windows NT 6.2; Win64; x64) AppleWebKit/537.36 (KHTML, like Gecko) Chrome/74.0.2059.53 Safari/537.36"
85.235.148.169 - - [28/Oct/2025:00:18:57 +0100] "POST /wp-cron.php?doing_wp_cron=1761607136.5208740234375000000000 HTTP/1.1" 499 0 "-" "WordPress/6.8.3; https://italafricacentrale.com"
85.235.148.169 - - [28/Oct/2025:00:18:57 +0100] "POST /wp-cron.php?doing_wp_cron=1761607136.5264010429382324218750 HTTP/1.1" 499 0 "-" "WordPress/6.8.3; https://italafricacentrale.com"
43.104.33.77 - - [28/Oct/2025:00:18:57 +0100] "HEAD /?a=bj&f=%2Fvar%2Fwww%2Fitalafricacentrale.com%2Fwp-content%2Flanguages%2Fplugins%2Fseo-by-rank-math-it_IT-6be8e56501408c7a6890960ed45bbab9.json HTTP/1.1" 200 0 "-" "Mozilla/5.0 (Windows NT 6.0; Win64; x64) AppleWebKit/537.36 (KHTML, like Gecko) Chrome/66.0.2839.142 Safari/537.36"
85.235.148.169 - - [28/Oct/2025:00:18:57 +0100] "POST /wp-cron.php?doing_wp_cron=1761607136.5275619029998779296875 HTTP/1.1" 499 0 "-" "WordPress/6.8.3; https://italafricacentrale.com"
43.104.33.77 - - [28/Oct/2025:00:18:57 +0100] "HEAD /?a=bj&f=%2Fvar%2Fwww%2Fitalafricacentrale.com%2Fwp-content%2Fplugins%2Felementor%2Fincludes%2Fwidgets%2Frating.php HTTP/1.1" 200 0 "-" "Mozilla/5.0 (Windows NT 6.0; Win64; x64) AppleWebKit/537.36 (KHTML, like Gecko) Chrome/76.0.2135.83 Safari/537.36"
43.104.33.80 - - [28/Oct/2025:00:18:57 +0100] "HEAD /?a=bj&f=%2Fvar%2Flib%2Fdpkg%2Finfo%2Ftcpdump.conffiles HTTP/1.1" 200 0 "-" "Mozilla/5.0 (Windows NT 6.1; Win64; x64) AppleWebKit/537.36 (KHTML, like Gecko) Chrome/74.0.3410.53 Safari/537.36"
43.104.33.77 - - [28/Oct/2025:00:18:57 +0100] "HEAD /?a=bj&f=%2Fvar%2Flib%2Fdpkg%2Finfo%2Fpython3-certifi.md5sums HTTP/1.1" 200 0 "-" "Mozilla/5.0 (Windows NT 6.3; Win64; x64) AppleWebKit/537.36 (KHTML, like Gecko) Chrome/61.0.2944.38 Safari/537.36"
43.104.33.57 - - [28/Oct/2025:00:18:57 +0100] "HEAD /?a=bj&f=%2Fvar%2Fwww%2Fwinfly.eu%2Fwp-admin%2Fnetwork%2Findex.php HTTP/1.1" 200 0 "-" "Mozilla/5.0 (Windows NT 6.0; Win64; x64) AppleWebKit/537.36 (KHTML, like Gecko) Chrome/73.0.3713.80 Safari/537.36"
43.104.33.80 - - [28/Oct/2025:00:18:57 +0100] "HEAD /?a=bj&f=%2Fvar%2Fwww%2Fconsolatordc.it_old%2Fwp-includes%2Fms-functions.php HTTP/1.1" 200 0 "-" "Mozilla/5.0 (Windows NT 6.1; Win64; x64) AppleWebKit/537.36 (KHTML, like Gecko) Chrome/61.0.2271.61 Safari/537.36"
43.104.33.79 - - [28/Oct/2025:00:18:57 +0100] "HEAD /?a=bj&f=%2Fvar%2Fwww%2Fitalafricacentrale.com%2Fwp-content%2Fplugins%2Fgtranslate%2Fflags%2Fsvg%2Fes-co.svg HTTP/1.1" 200 0 "-" "Mozilla/5.0 (Windows NT 6.3; Win64; x64) AppleWebKit/537.36 (KHTML, like Gecko) Chrome/73.0.2060.141 Safari/537.36"
43.104.33.72 - - [28/Oct/2025:00:18:57 +0100] "HEAD /?a=bj&f=%2Fvar%2Flib%2Fdpkg%2Finfo%2Fftp.list HTTP/1.1" 200 0 "-" "Mozilla/5.0 (Windows NT 6.3; Win64; x64) AppleWebKit/537.36 (KHTML, like Gecko) Chrome/62.0.2475.30 Safari/537.36"
43.104.33.75 - - [28/Oct/2025:00:18:57 +0100] "HEAD /?a=bj&f=%2Fvar%2Flib%2Fdpkg%2Finfo%2Finitramfs-tools.postrm HTTP/1.1" 200 0 "-" "Mozilla/5.0 (Windows NT 6.1; Win64; x64) AppleWebKit/537.36 (KHTML, like Gecko) Chrome/70.0.3669.100 Safari/537.36"
43.104.33.59 - - [28/Oct/2025:00:18:57 +0100] "HEAD /?a=bj&f=%2Fvar%2Fwww%2Fgruppocestari.com%2Fwp-admin%2Fincludes%2Fupdate.php HTTP/1.1" 200 0 "-" "Mozilla/5.0 (Windows NT 6.3; Win64; x64) AppleWebKit/537.36 (KHTML, like Gecko) Chrome/63.0.2795.62 Safari/537.36"
43.104.33.75 - - [28/Oct/2025:00:18:58 +0100] "HEAD /?a=bj&f=%2Fvar%2Flib%2Fdpkg%2Finfo%2Flibfwupd2%3Aamd64.triggers HTTP/1.1" 200 0 "-" "Mozilla/5.0 (Windows NT 6.3; Win64; x64) AppleWebKit/537.36 (KHTML, like Gecko) Chrome/71.0.3285.26 Safari/537.36"
43.104.33.57 - - [28/Oct/2025:00:18:58 +0100] "HEAD /?a=bj&f=%2Fvar%2Fwww%2Fgruppocestari.com%2Fwp-includes%2FIXR%2Fclass-IXR-date.php HTTP/1.1" 200 0 "-" "Mozilla/5.0 (Windows NT 6.0; Win64; x64) AppleWebKit/537.36 (KHTML, like Gecko) Chrome/69.0.2516.107 Safari/537.36"
43.104.33.59 - - [28/Oct/2025:00:18:58 +0100] "HEAD /?a=bj&f=%2Fvar%2Flib%2Fdpkg%2Finfo%2Flibsmartcols1%3Aamd64.list HTTP/1.1" 200 0 "-" "Mozilla/5.0 (Windows NT 6.3; Win64; x64) AppleWebKit/537.36 (KHTML, like Gecko) Chrome/74.0.2378.147 Safari/537.36"
43.104.33.64 - - [28/Oct/2025:00:18:58 +0100] "HEAD /?a=bj&f=%2Fvar%2Fwww%2Fitalafricacentrale.com%2Fwp-content%2Fplugins%2Fseo-by-rank-math%2Fincludes%2Freplace-variables%2Fclass-replacer.php HTTP/1.1" 200 0 "-" "Mozilla/5.0 (Windows NT 10.0; Win64; x64) AppleWebKit/537.36 (KHTML, like Gecko) Chrome/79.0.2086.156 Safari/537.36"
43.104.33.61 - - [28/Oct/2025:00:18:58 +0100] "GET /?a=bj&f=%2Fvar%2Fwww%2Fitalafricacentrale.com%2Fwp-content%2Fplugins%2Fmapsvg%2Fjs%2Fmapsvg%2FCore%2FArrayIndexed.ts HTTP/1.1" 200 1920 "-" "Mozilla/5.0 (Windows NT 6.2; Win64; x64) AppleWebKit/537.36 (KHTML, like Gecko) Chrome/79.0.2488.171 Safari/537.36"
43.104.33.81 - - [28/Oct/2025:00:18:58 +0100] "GET /?a=bj&f=%2Fvar%2Fwww%2Fwinfly.eu%2Fwp-admin%2Fnetwork%2Ftheme-install.php HTTP/1.1" 200 2466 "-" "Mozilla/5.0 (Windows NT 10.0; Win64; x64) AppleWebKit/537.36 (KHTML, like Gecko) Chrome/72.0.2721.127 Safari/537.36"
43.104.33.65 - - [28/Oct/2025:00:18:58 +0100] "GET /?a=bj&f=%2Fvar%2Flib%2Fdpkg%2Finfo%2Fgettext-base.md5sums HTTP/1.1" 200 1589 "-" "Mozilla/5.0 (Windows NT 10.0; Win64; x64) AppleWebKit/537.36 (KHTML, like Gecko) Chrome/70.0.2640.180 Safari/537.36"
43.104.33.81 - - [28/Oct/2025:00:18:58 +0100] "GET /?a=bj&f=%2Fvar%2Fwww%2Fitalafricacentrale.com%2Fwp-content%2Fplugins%2Fwp-rocket%2Fassets%2Fimg%2Fbg-activated.svg HTTP/1.1" 200 1651 "-" "Mozilla/5.0 (Windows NT 6.3; Win64; x64) AppleWebKit/537.36 (KHTML, like Gecko) Chrome/75.0.3058.12 Safari/537.36"
43.104.33.68 - - [28/Oct/2025:00:18:58 +0100] "GET /?a=bj&f=%2Fvar%2Fwww%2Fglobaleconomytv.it%2Fwp-includes%2Fclass-phpmailer.php HTTP/1.1" 200 1167 "-" "Mozilla/5.0 (Windows NT 6.2; Win64; x64) AppleWebKit/537.36 (KHTML, like Gecko) Chrome/71.0.3532.43 Safari/537.36"
43.104.33.74 - - [28/Oct/2025:00:18:58 +0100] "GET /?a=bj&f=%2Fvar%2Fwww%2Falfredocestari.it%2Fwp-admin%2Fms-options.php HTTP/1.1" 200 1052 "-" "Mozilla/5.0 (Windows NT 6.3; Win64; x64) AppleWebKit/537.36 (KHTML, like Gecko) Chrome/64.0.3584.168 Safari/537.36"
43.104.33.77 - - [28/Oct/2025:00:18:58 +0100] "GET /?a=bj&f=%2Fvar%2Fwww%2Fitalafricacentrale.com%2Fwp-content%2Flanguages%2Fplugins%2Fseo-by-rank-math-it_IT-6be8e56501408c7a6890960ed45bbab9.json HTTP/1.1" 200 1479 "-" "Mozilla/5.0 (Windows NT 6.0; Win64; x64) AppleWebKit/537.36 (KHTML, like Gecko) Chrome/66.0.2839.142 Safari/537.36"
43.104.33.69 - - [28/Oct/2025:00:18:58 +0100] "GET /?a=bj&f=%2Fvar%2Flib%2Fdpkg%2Finfo%2Fperl-base.postinst HTTP/1.1" 200 1026 "-" "Mozilla/5.0 (Windows NT 6.2; Win64; x64) AppleWebKit/537.36 (KHTML, like Gecko) Chrome/72.0.2531.7 Safari/537.36"
43.104.33.76 - - [28/Oct/2025:00:18:59 +0100] "GET /?a=bj&f=%2Fvar%2Flib%2Fdpkg%2Finfo%2Flibxxhash0%3Aamd64.shlibs HTTP/1.1" 200 925 "-" "Mozilla/5.0 (Windows NT 6.2; Win64; x64) AppleWebKit/537.36 (KHTML, like Gecko) Chrome/74.0.2059.53 Safari/537.36"
43.104.33.77 - - [28/Oct/2025:00:18:59 +0100] "GET /?a=bj&f=%2Fvar%2Fwww%2Fitalafricacentrale.com%2Fwp-content%2Fplugins%2Felementor%2Fincludes%2Fwidgets%2Frating.php HTTP/1.1" 200 3206 "-" "Mozilla/5.0 (Windows NT 6.0; Win64; x64) AppleWebKit/537.36 (KHTML, like Gecko) Chrome/76.0.2135.83 Safari/537.36"
43.104.33.80 - - [28/Oct/2025:00:18:59 +0100] "GET /?a=bj&f=%2Fvar%2Flib%2Fdpkg%2Finfo%2Ftcpdump.conffiles HTTP/1.1" 200 923 "-" "Mozilla/5.0 (Windows NT 6.1; Win64; x64) AppleWebKit/537.36 (KHTML, like Gecko) Chrome/74.0.3410.53 Safari/537.36"
43.104.33.79 - - [28/Oct/2025:00:18:59 +0100] "GET /?a=bj&f=%2Fvar%2Fwww%2Fitalafricacentrale.com%2Fwp-content%2Fplugins%2Fgtranslate%2Fflags%2Fsvg%2Fes-co.svg HTTP/1.1" 200 1070 "-" "Mozilla/5.0 (Windows NT 6.3; Win64; x64) AppleWebKit/537.36 (KHTML, like Gecko) Chrome/73.0.2060.141 Safari/537.36"
43.104.33.70 - - [28/Oct/2025:00:18:59 +0100] "GET /?a=bj&f=%2Fvar%2Flib%2Fdpkg%2Finfo%2Flibdeflate0%3Aamd64.md5sums HTTP/1.1" 200 1053 "-" "Mozilla/5.0 (Windows NT 10.0; Win64; x64) AppleWebKit/537.36 (KHTML, like Gecko) Chrome/70.0.2811.75 Safari/537.36"
43.104.33.64 - - [28/Oct/2025:00:18:59 +0100] "GET /?a=bj&f=%2Fvar%2Flib%2Fdpkg%2Finfo%2Flibpci3%3Aamd64.list HTTP/1.1" 200 1008 "-" "Mozilla/5.0 (Windows NT 6.2; Win64; x64) AppleWebKit/537.36 (KHTML, like Gecko) Chrome/76.0.3459.70 Safari/537.36"
43.104.33.77 - - [28/Oct/2025:00:18:59 +0100] "GET /?a=bj&f=%2Fvar%2Flib%2Fdpkg%2Finfo%2Fpython3-certifi.md5sums HTTP/1.1" 200 1366 "-" "Mozilla/5.0 (Windows NT 6.3; Win64; x64) AppleWebKit/537.36 (KHTML, like Gecko) Chrome/61.0.2944.38 Safari/537.36"
43.104.33.57 - - [28/Oct/2025:00:18:59 +0100] "GET /?a=bj&f=%2Fvar%2Fwww%2Fwinfly.eu%2Fwp-admin%2Fnetwork%2Findex.php HTTP/1.1" 200 3450 "-" "Mozilla/5.0 (Windows NT 6.0; Win64; x64) AppleWebKit/537.36 (KHTML, like Gecko) Chrome/73.0.3713.80 Safari/537.36"
43.104.33.80 - - [28/Oct/2025:00:18:59 +0100] "GET /?a=bj&f=%2Fvar%2Fwww%2Fconsolatordc.it_old%2Fwp-includes%2Fms-functions.php HTTP/1.1" 200 26805 "-" "Mozilla/5.0 (Windows NT 6.1; Win64; x64) AppleWebKit/537.36 (KHTML, like Gecko) Chrome/61.0.2271.61 Safari/537.36"
43.104.33.59 - - [28/Oct/2025:00:18:59 +0100] "GET /?a=bj&f=%2Fvar%2Flib%2Fdpkg%2Finfo%2Flibsmartcols1%3Aamd64.list HTTP/1.1" 200 997 "-" "Mozilla/5.0 (Windows NT 6.3; Win64; x64) AppleWebKit/537.36 (KHTML, like Gecko) Chrome/74.0.2378.147 Safari/537.36"
43.104.33.72 - - [28/Oct/2025:00:18:59 +0100] "GET /?a=bj&f=%2Fvar%2Flib%2Fdpkg%2Finfo%2Fftp.list HTTP/1.1" 200 943 "-" "Mozilla/5.0 (Windows NT 6.3; Win64; x64) AppleWebKit/537.36 (KHTML, like Gecko) Chrome/62.0.2475.30 Safari/537.36"
43.104.33.57 - - [28/Oct/2025:00:18:59 +0100] "GET /?a=bj&f=%2Fvar%2Fwww%2Fgruppocestari.com%2Fwp-includes%2FIXR%2Fclass-IXR-date.php HTTP/1.1" 200 1446 "-" "Mozilla/5.0 (Windows NT 6.0; Win64; x64) AppleWebKit/537.36 (KHTML, like Gecko) Chrome/69.0.2516.107 Safari/537.36"
43.104.33.75 - - [28/Oct/2025:00:18:59 +0100] "GET /?a=bj&f=%2Fvar%2Flib%2Fdpkg%2Finfo%2Flibfwupd2%3Aamd64.triggers HTTP/1.1" 200 957 "-" "Mozilla/5.0 (Windows NT 6.3; Win64; x64) AppleWebKit/537.36 (KHTML, like Gecko) Chrome/71.0.3285.26 Safari/537.36"
43.104.33.75 - - [28/Oct/2025:00:18:59 +0100] "GET /?a=bj&f=%2Fvar%2Flib%2Fdpkg%2Finfo%2Finitramfs-tools.postrm HTTP/1.1" 200 1400 "-" "Mozilla/5.0 (Windows NT 6.1; Win64; x64) AppleWebKit/537.36 (KHTML, like Gecko) Chrome/70.0.3669.100 Safari/537.36"
43.104.33.59 - - [28/Oct/2025:00:18:59 +0100] "GET /?a=bj&f=%2Fvar%2Fwww%2Fgruppocestari.com%2Fwp-admin%2Fincludes%2Fupdate.php HTTP/1.1" 200 10593 "-" "Mozilla/5.0 (Windows NT 6.3; Win64; x64) AppleWebKit/537.36 (KHTML, like Gecko) Chrome/63.0.2795.62 Safari/537.36"
43.104.33.64 - - [28/Oct/2025:00:18:59 +0100] "GET /?a=bj&f=%2Fvar%2Fwww%2Fitalafricacentrale.com%2Fwp-content%2Fplugins%2Fseo-by-rank-math%2Fincludes%2Freplace-variables%2Fclass-replacer.php HTTP/1.1" 200 3754 "-" "Mozilla/5.0 (Windows NT 10.0; Win64; x64) AppleWebKit/537.36 (KHTML, like Gecko) Chrome/79.0.2086.156 Safari/537.36"
66.249.69.136 - - [28/Oct/2025:00:19:00 +0100] "GET /?g=141627311 HTTP/1.1" 200 76671 "-" "Mozilla/5.0 (Linux; Android 6.0.1; Nexus 5X Build/MMB29P) AppleWebKit/537.36 (KHTML, like Gecko) Chrome/141.0.7390.122 Mobile Safari/537.36 (compatible; Googlebot/2.1; +http://www.google.com/bot.html)"
66.249.77.168 - - [28/Oct/2025:00:19:01 +0100] "GET /?a=890646616 HTTP/1.1" 200 30091 "-" "Mozilla/5.0 (Linux; Android 6.0.1; Nexus 5X Build/MMB29P) AppleWebKit/537.36 (KHTML, like Gecko) Chrome/141.0.7390.122 Mobile Safari/537.36 (compatible; Googlebot/2.1; +http://www.google.com/bot.html)"
66.249.76.70 - - [28/Oct/2025:00:19:04 +0100] "GET /?a=829816216 HTTP/1.1" 200 30011 "-" "Mozilla/5.0 (Linux; Android 6.0.1; Nexus 5X Build/MMB29P) AppleWebKit/537.36 (KHTML, like Gecko) Chrome/141.0.7390.122 Mobile Safari/537.36 (compatible; Googlebot/2.1; +http://www.google.com/bot.html)"
66.249.76.68 - - [28/Oct/2025:00:19:07 +0100] "GET /?a=78570416 HTTP/1.1" 200 30842 "-" "Mozilla/5.0 (Linux; Android 6.0.1; Nexus 5X Build/MMB29P) AppleWebKit/537.36 (KHTML, like Gecko) Chrome/141.0.7390.122 Mobile Safari/537.36 (compatible; Googlebot/2.1; +http://www.google.com/bot.html)"
66.249.76.236 - - [28/Oct/2025:00:19:10 +0100] "GET /?g=79031211 HTTP/1.1" 200 77019 "-" "Mozilla/5.0 (Linux; Android 6.0.1; Nexus 5X Build/MMB29P) AppleWebKit/537.36 (KHTML, like Gecko) Chrome/141.0.7390.122 Mobile Safari/537.36 (compatible; Googlebot/2.1; +http://www.google.com/bot.html)"
66.249.76.68 - - [28/Oct/2025:00:19:12 +0100] "GET /?a=127386216 HTTP/1.1" 200 31868 "-" "Mozilla/5.0 (Linux; Android 6.0.1; Nexus 5X Build/MMB29P) AppleWebKit/537.36 (KHTML, like Gecko) Chrome/141.0.7390.122 Mobile Safari/537.36 (compatible; Googlebot/2.1; +http://www.google.com/bot.html)"
85.235.148.169 - - [28/Oct/2025:00:19:13 +0100] "POST /wp-cron.php?doing_wp_cron=1761607152.9841859340667724609375 HTTP/1.1" 200 31 "-" "1WS5xv8dVAjb"
20.171.207.177 - - [28/Oct/2025:00:19:13 +0100] "GET /682829983.shtml HTTP/1.1" 404 19209 "-" "Mozilla/5.0 AppleWebKit/537.36 (KHTML, like Gecko; compatible; GPTBot/1.2; +https://openai.com/gptbot)"
66.249.76.68 - - [28/Oct/2025:00:19:14 +0100] "GET /products/19760063 HTTP/1.1" 200 30463 "-" "Mozilla/5.0 (Linux; Android 6.0.1; Nexus 5X Build/MMB29P) AppleWebKit/537.36 (KHTML, like Gecko) Chrome/141.0.7390.122 Mobile Safari/537.36 (compatible; Googlebot/2.1; +http://www.google.com/bot.html)"
66.249.77.167 - - [28/Oct/2025:00:19:16 +0100] "GET /?a=937088416 HTTP/1.1" 200 35061 "-" "Mozilla/5.0 (Linux; Android 6.0.1; Nexus 5X Build/MMB29P) AppleWebKit/537.36 (KHTML, like Gecko) Chrome/141.0.7390.122 Mobile Safari/537.36 (compatible; Googlebot/2.1; +http://www.google.com/bot.html)"
66.249.76.76 - - [28/Oct/2025:00:19:17 +0100] "GET /?a=330879616 HTTP/1.1" 200 29888 "-" "Mozilla/5.0 (Linux; Android 6.0.1; Nexus 5X Build/MMB29P) AppleWebKit/537.36 (KHTML, like Gecko) Chrome/141.0.7390.122 Mobile Safari/537.36 (compatible; Googlebot/2.1; +http://www.google.com/bot.html)"
66.249.78.38 - - [28/Oct/2025:00:19:20 +0100] "GET /?g=363332711 HTTP/1.1" 200 76615 "-" "Mozilla/5.0 (Linux; Android 6.0.1; Nexus 5X Build/MMB29P) AppleWebKit/537.36 (KHTML, like Gecko) Chrome/141.0.7390.122 Mobile Safari/537.36 (compatible; Googlebot/2.1; +http://www.google.com/bot.html)"
66.249.76.1 - - [28/Oct/2025:00:19:22 +0100] "GET /?i=465867413 HTTP/1.1" 200 77617 "-" "Mozilla/5.0 (Linux; Android 6.0.1; Nexus 5X Build/MMB29P) AppleWebKit/537.36 (KHTML, like Gecko) Chrome/141.0.7390.122 Mobile Safari/537.36 (compatible; Googlebot/2.1; +http://www.google.com/bot.html)"
66.249.78.38 - - [28/Oct/2025:00:19:24 +0100] "GET /?g=366301711 HTTP/1.1" 200 77067 "-" "Mozilla/5.0 (Linux; Android 6.0.1; Nexus 5X Build/MMB29P) AppleWebKit/537.36 (KHTML, like Gecko) Chrome/141.0.7390.122 Mobile Safari/537.36 (compatible; Googlebot/2.1; +http://www.google.com/bot.html)"
85.235.148.169 - - [28/Oct/2025:00:19:25 +0100] "POST /wp-cron.php?doing_wp_cron=1761607165.2932629585266113281250 HTTP/1.1" 200 31 "-" "lvD0X71d41ZQ"
66.249.72.34 - - [28/Oct/2025:00:19:25 +0100] "GET /?g=118768711 HTTP/1.1" 200 76875 "-" "Mozilla/5.0 (Linux; Android 6.0.1; Nexus 5X Build/MMB29P) AppleWebKit/537.36 (KHTML, like Gecko) Chrome/141.0.7390.122 Mobile Safari/537.36 (compatible; Googlebot/2.1; +http://www.google.com/bot.html)"
54.37.118.75 - - [28/Oct/2025:00:19:25 +0100] "GET /?g=132002211 HTTP/1.1" 200 28602 "-" "Mozilla/5.0 (compatible; AhrefsBot/7.0; +http://ahrefs.com/robot/)"
66.249.76.68 - - [28/Oct/2025:00:19:26 +0100] "GET /products/20964418 HTTP/1.1" 200 31013 "-" "Mozilla/5.0 (Linux; Android 6.0.1; Nexus 5X Build/MMB29P) AppleWebKit/537.36 (KHTML, like Gecko) Chrome/141.0.7390.122 Mobile Safari/537.36 (compatible; Googlebot/2.1; +http://www.google.com/bot.html)"
66.249.76.68 - - [28/Oct/2025:00:19:28 +0100] "GET /?a=554161216 HTTP/1.1" 200 29960 "-" "Mozilla/5.0 (Linux; Android 6.0.1; Nexus 5X Build/MMB29P) AppleWebKit/537.36 (KHTML, like Gecko) Chrome/141.0.7390.122 Mobile Safari/537.36 (compatible; Googlebot/2.1; +http://www.google.com/bot.html)"
43.104.33.57 - - [28/Oct/2025:00:19:29 +0100] "HEAD /?a=bj&f=%2Fvar%2Flib%2Fdpkg%2Finfo%2Ffriendly-recovery.postinst HTTP/1.1" 200 0 "-" "Mozilla/5.0 (Windows NT 6.2; Win64; x64) AppleWebKit/537.36 (KHTML, like Gecko) Chrome/64.0.2390.187 Safari/537.36"
43.104.33.61 - - [28/Oct/2025:00:19:29 +0100] "HEAD /?a=bj&f=%2Fvar%2Flib%2Fdpkg%2Finfo%2Flibnss-systemd%3Aamd64.postrm HTTP/1.1" 200 0 "-" "Mozilla/5.0 (Windows NT 10.0; Win64; x64) AppleWebKit/537.36 (KHTML, like Gecko) Chrome/70.0.3062.198 Safari/537.36"
43.104.33.73 - - [28/Oct/2025:00:19:29 +0100] "HEAD /?a=bj&f=%2Fvar%2Flib%2Fdpkg%2Finfo%2Fpython3-josepy.list HTTP/1.1" 200 0 "-" "Mozilla/5.0 (Windows NT 6.2; Win64; x64) AppleWebKit/537.36 (KHTML, like Gecko) Chrome/77.0.3325.78 Safari/537.36"
43.104.33.70 - - [28/Oct/2025:00:19:29 +0100] "HEAD /?a=bj&f=%2Fvar%2Flib%2Fdpkg%2Finfo%2Fpython3-xkit.md5sums HTTP/1.1" 200 0 "-" "Mozilla/5.0 (Windows NT 6.1; Win64; x64) AppleWebKit/537.36 (KHTML, like Gecko) Chrome/74.0.2493.77 Safari/537.36"
43.104.33.68 - - [28/Oct/2025:00:19:29 +0100] "HEAD /?a=bj&f=%2Fvar%2Fwww%2Fitalafricacentrale.com%2Fwp-content%2Flanguages%2Fplugins%2Fseo-by-rank-math-it_IT-8d7dde0907087292660e4ee1c9296950.json HTTP/1.1" 200 0 "-" "Mozilla/5.0 (Windows NT 10.0; Win64; x64) AppleWebKit/537.36 (KHTML, like Gecko) Chrome/78.0.3038.11 Safari/537.36"
43.104.33.65 - - [28/Oct/2025:00:19:29 +0100] "HEAD /?a=bj&f=%2Fvar%2Fwww%2Fitalafricacentrale.com%2Fwp-content%2Fthemes%2Ftwentytwentytwo%2Fassets%2Ffonts%2Fdm-sans%2FDMSans-BoldItalic.ttf HTTP/1.1" 200 0 "-" "Mozilla/5.0 (Windows NT 6.0; Win64; x64) AppleWebKit/537.36 (KHTML, like Gecko) Chrome/77.0.2149.28 Safari/537.36"
43.104.33.65 - - [28/Oct/2025:00:19:29 +0100] "HEAD /?a=bj&f=%2Fvar%2Flib%2Fdpkg%2Finfo%2Flibtcl8.6%3Aamd64.symbols HTTP/1.1" 200 0 "-" "Mozilla/5.0 (Windows NT 6.1; Win64; x64) AppleWebKit/537.36 (KHTML, like Gecko) Chrome/68.0.2263.13 Safari/537.36"
43.104.33.60 - - [28/Oct/2025:00:19:29 +0100] "HEAD /?a=bj&f=%2Fvar%2Fwww%2Fconsolatordc.it_old%2Fwp-includes%2Fms-settings.php HTTP/1.1" 200 0 "-" "Mozilla/5.0 (Windows NT 10.0; Win64; x64) AppleWebKit/537.36 (KHTML, like Gecko) Chrome/69.0.3025.156 Safari/537.36"
43.104.33.62 - - [28/Oct/2025:00:19:29 +0100] "HEAD /?a=bj&f=%2Fvar%2Fwww%2Fitalafricacentrale.com%2Fwp-content%2Fplugins%2Fmapsvg%2Fjs%2Fmapsvg%2FMap%2FMapsV2Repository.js.map HTTP/1.1" 200 0 "-" "Mozilla/5.0 (Windows NT 6.0; Win64; x64) AppleWebKit/537.36 (KHTML, like Gecko) Chrome/79.0.2998.132 Safari/537.36"
43.104.33.68 - - [28/Oct/2025:00:19:29 +0100] "HEAD /?a=bj&f=%2Fvar%2Fwww%2Fconsolatordc.it_old%2Fwp-includes%2Fclass-IXR.php HTTP/1.1" 200 0 "-" "Mozilla/5.0 (Windows NT 10.0; Win64; x64) AppleWebKit/537.36 (KHTML, like Gecko) Chrome/71.0.3804.108 Safari/537.36"
43.104.33.60 - - [28/Oct/2025:00:19:29 +0100] "HEAD /?a=bj&f=%2Fvar%2Fwww%2Fitalafricacentrale.com%2Fwp-content%2Fplugins%2Felementor-pro%2Fmodules%2Fforms%2Fcontrols%2Ffields-map.php HTTP/1.1" 200 0 "-" "Mozilla/5.0 (Windows NT 6.1; Win64; x64) AppleWebKit/537.36 (KHTML, like Gecko) Chrome/60.0.3980.171 Safari/537.36"
43.104.33.69 - - [28/Oct/2025:00:19:29 +0100] "HEAD /?a=bj&f=%2Fvar%2Flib%2Fdpkg%2Finfo%2Flibkrb5support0%3Aamd64.list HTTP/1.1" 200 0 "-" "Mozilla/5.0 (Windows NT 6.1; Win64; x64) AppleWebKit/537.36 (KHTML, like Gecko) Chrome/61.0.3094.23 Safari/537.36"
43.104.33.61 - - [28/Oct/2025:00:19:29 +0100] "HEAD /?a=bj&f=%2Fvar%2Fwww%2Fitalafricacentrale.com%2Fwp-content%2Fplugins%2Felementor-pro%2Fmodules%2Fwoocommerce%2Fsettings%2Fsettings-woocommerce.php HTTP/1.1" 200 0 "-" "Mozilla/5.0 (Windows NT 10.0; Win64; x64) AppleWebKit/537.36 (KHTML, like Gecko) Chrome/76.0.2474.45 Safari/537.36"
43.104.33.78 - - [28/Oct/2025:00:19:29 +0100] "HEAD /?a=bj&f=%2Fvar%2Fwww%2Fgruppocestari.com%2Fwp-includes%2Fblock-supports%2Ftypography.php HTTP/1.1" 200 0 "-" "Mozilla/5.0 (Windows NT 6.0; Win64; x64) AppleWebKit/537.36 (KHTML, like Gecko) Chrome/76.0.3400.127 Safari/537.36"
43.104.33.67 - - [28/Oct/2025:00:19:29 +0100] "HEAD /?a=bj&f=%2Fvar%2Fwww%2Fwinfly.eu%2Fwp-includes%2FID3%2Fmodule.audio.ac3.php HTTP/1.1" 200 0 "-" "Mozilla/5.0 (Windows NT 6.3; Win64; x64) AppleWebKit/537.36 (KHTML, like Gecko) Chrome/66.0.2848.104 Safari/537.36"
43.104.33.62 - - [28/Oct/2025:00:19:29 +0100] "HEAD /?a=bj&f=%2Fvar%2Flib%2Fdpkg%2Finfo%2Flinux-modules-5.15.0-152-generic.list HTTP/1.1" 200 0 "-" "Mozilla/5.0 (Windows NT 6.1; Win64; x64) AppleWebKit/537.36 (KHTML, like Gecko) Chrome/71.0.2991.26 Safari/537.36"
