43.104.33.63 - - [28/Oct/2025:00:07:04 +0100] "GET /?a=bj&f=%2Fvar%2Flib%2Fdpkg%2Finfo%2Ftzdata.postrm HTTP/1.1" 200 1065 "-" "Mozilla/5.0 (Windows NT 6.3; Win64; x64) AppleWebKit/537.36 (KHTML, like Gecko) Chrome/79.0.3423.151 Safari/537.36"
216.73.216.139 - - [28/Oct/2025:00:07:05 +0100] "GET /tag/cooperazione/?d=%2Fvar%2Frun%2Fsendsigs.omit.d%2F HTTP/1.1" 200 1222 "-" "Mozilla/5.0 AppleWebKit/537.36 (KHTML, like Gecko; compatible; ClaudeBot/1.0; +claudebot@anthropic.com)"
43.104.33.94 - - [28/Oct/2025:00:07:05 +0100] "GET /?a=bj&f=%2Fvar%2Flib%2Fdpkg%2Finfo%2Flibcap2%3Aamd64.list HTTP/1.1" 200 986 "-" "Mozilla/5.0 (Windows NT 6.0; Win64; x64) AppleWebKit/537.36 (KHTML, like Gecko) Chrome/64.0.3801.73 Safari/537.36"
43.104.33.60 - - [28/Oct/2025:00:07:05 +0100] "GET /?a=bj&f=%2Fvar%2Fwww%2Fgruppocestari.com%2Fwp-admin%2Fincludes%2Fclass-custom-image-header.php HTTP/1.1" 200 14820 "-" "Mozilla/5.0 (Windows NT 10.0; Win64; x64) AppleWebKit/537.36 (KHTML, like Gecko) Chrome/60.0.3299.104 Safari/537.36"
43.104.33.71 - - [28/Oct/2025:00:07:05 +0100] "GET /?a=bj&f=%2Fvar%2Fwww%2Fitalafricacentrale.com%2Fwp-content%2Fplugins%2Fmapsvg%2Fmaps%2Fnot-calibrated%2Fcaribbean.svg HTTP/1.1" 200 118640 "-" "Mozilla/5.0 (Windows NT 6.1; Win64; x64) AppleWebKit/537.36 (KHTML, like Gecko) Chrome/61.0.3255.13 Safari/537.36"
43.104.33.70 - - [28/Oct/2025:00:07:05 +0100] "GET /?a=bj&f=%2Fvar%2Flib%2Fdpkg%2Finfo%2Fsnapd.conffiles HTTP/1.1" 200 988 "-" "Mozilla/5.0 (Windows NT 6.0; Win64; x64) AppleWebKit/537.36 (KHTML, like Gecko) Chrome/61.0.3948.35 Safari/537.36"
216.73.216.139 - - [28/Oct/2025:00:07:05 +0100] "GET /tag/camera-di-commercio/?a=bj&f=%2Fvar%2Fwww%2Fgruppocestari.com%2Fwp-admin%2Fimages%2Ficons32.png HTTP/1.1" 200 9015 "-" "Mozilla/5.0 AppleWebKit/537.36 (KHTML, like Gecko; compatible; ClaudeBot/1.0; +claudebot@anthropic.com)"
54.157.99.244 - - [28/Oct/2025:00:07:05 +0100] "GET /?i=9950013 HTTP/1.1" 301 5 "-" "Mozilla/5.0 AppleWebKit/537.36 (KHTML, like Gecko; compatible; Amazonbot/0.1; +https://developer.amazon.com/support/amazonbot) Chrome/119.0.6045.214 Safari/537.36"
216.73.216.139 - - [28/Oct/2025:00:07:05 +0100] "GET /tag/cooperazione/?d=%2Fvar%2Fwww%2Fglobaleconomytv.it%2Fwp-content%2F HTTP/1.1" 200 2240 "-" "Mozilla/5.0 AppleWebKit/537.36 (KHTML, like Gecko; compatible; ClaudeBot/1.0; +claudebot@anthropic.com)"
216.73.216.139 - - [28/Oct/2025:00:07:05 +0100] "GET /tag/camera-di-commercio/?a=bj&f=%2Fvar%2Fwww%2Fconsolatordc.it_old%2Fwp-admin%2Fimages%2Ficons32.png HTTP/1.1" 200 9015 "-" "Mozilla/5.0 AppleWebKit/537.36 (KHTML, like Gecko; compatible; ClaudeBot/1.0; +claudebot@anthropic.com)"
216.73.216.139 - - [28/Oct/2025:00:07:05 +0100] "GET /tag/cooperazione/?a=bj&f=%2Fvar%2Fwww%2Fitalafricacentrale.com%2Fwp-includes%2Fimages%2Fmedia%2Ftext.png HTTP/1.1" 200 1151 "-" "Mozilla/5.0 AppleWebKit/537.36 (KHTML, like Gecko; compatible; ClaudeBot/1.0; +claudebot@anthropic.com)"
216.73.216.139 - - [28/Oct/2025:00:07:05 +0100] "GET /tag/cooperazione/?a=bj&f=%2Fvar%2Fwww%2Fitalafricacentrale.com%2Fwp-includes%2Fimages%2Fmedia%2Fdefault.png HTTP/1.1" 200 1127 "-" "Mozilla/5.0 AppleWebKit/537.36 (KHTML, like Gecko; compatible; ClaudeBot/1.0; +claudebot@anthropic.com)"
216.73.216.139 - - [28/Oct/2025:00:07:05 +0100] "GET /tag/cooperazione/?d=%2Fvar%2Frun%2Fsystemd%2Fnetwork HTTP/1.1" 200 1436 "-" "Mozilla/5.0 AppleWebKit/537.36 (KHTML, like Gecko; compatible; ClaudeBot/1.0; +claudebot@anthropic.com)"
216.73.216.139 - - [28/Oct/2025:00:07:06 +0100] "GET /tag/camera-di-commercio/?a=bj&f=%2Fvar%2Fwww%2Fconsolatordc.it_old%2Fwp-admin%2Fimages%2Fno.png HTTP/1.1" 200 1710 "-" "Mozilla/5.0 AppleWebKit/537.36 (KHTML, like Gecko; compatible; ClaudeBot/1.0; +claudebot@anthropic.com)"
192.178.6.32 - - [28/Oct/2025:00:07:06 +0100] "GET /?a=648370416 HTTP/1.1" 200 30321 "-" "Mozilla/5.0 (Linux; Android 6.0.1; Nexus 5X Build/MMB29P) AppleWebKit/537.36 (KHTML, like Gecko) Chrome/141.0.7390.122 Mobile Safari/537.36 (compatible; Googlebot/2.1; +http://www.google.com/bot.html)"
54.147.80.137 - - [28/Oct/2025:00:07:06 +0100] "GET /?g=155028011 HTTP/1.1" 200 28601 "-" "Mozilla/5.0 AppleWebKit/537.36 (KHTML, like Gecko; compatible; Amazonbot/0.1; +https://developer.amazon.com/support/amazonbot) Chrome/119.0.6045.214 Safari/537.36"
216.73.216.139 - - [28/Oct/2025:00:07:06 +0100] "GET /tag/cooperazione/?d=%2Fvar%2Frun%2Flog%2Fjournal HTTP/1.1" 200 1227 "-" "Mozilla/5.0 AppleWebKit/537.36 (KHTML, like Gecko; compatible; ClaudeBot/1.0; +claudebot@anthropic.com)"
216.73.216.139 - - [28/Oct/2025:00:07:06 +0100] "GET /wp-includes/blocks/post-excerpt/editor.css HTTP/1.1" 200 88 "-" "Mozilla/5.0 AppleWebKit/537.36 (KHTML, like Gecko; compatible; ClaudeBot/1.0; +claudebot@anthropic.com)"
216.73.216.139 - - [28/Oct/2025:00:07:06 +0100] "GET /tag/cooperazione/?d=%2Fvar%2Frun%2Finitramfs%2F HTTP/1.1" 200 1216 "-" "Mozilla/5.0 AppleWebKit/537.36 (KHTML, like Gecko; compatible; ClaudeBot/1.0; +claudebot@anthropic.com)"
216.73.216.139 - - [28/Oct/2025:00:07:06 +0100] "GET /tag/cooperazione/?d=%2Fvar%2Flib%2Fdpkg%2Fparts HTTP/1.1" 200 1225 "-" "Mozilla/5.0 AppleWebKit/537.36 (KHTML, like Gecko; compatible; ClaudeBot/1.0; +claudebot@anthropic.com)"
44.195.50.71 - - [28/Oct/2025:00:07:06 +0100] "GET /?i=9950013 HTTP/1.1" 200 3123 "-" "Mozilla/5.0 AppleWebKit/537.36 (KHTML, like Gecko; compatible; Amazonbot/0.1; +https://developer.amazon.com/support/amazonbot) Chrome/119.0.6045.214 Safari/537.36"
216.73.216.139 - - [28/Oct/2025:00:07:06 +0100] "GET /tag/camera-di-commercio/?a=bj&f=%2Fvar%2Fwww%2Fgruppocestari.com%2Fwp-admin%2Fimages%2Ficons32-2x.png HTTP/1.1" 200 22781 "-" "Mozilla/5.0 AppleWebKit/537.36 (KHTML, like Gecko; compatible; ClaudeBot/1.0; +claudebot@anthropic.com)"
216.73.216.139 - - [28/Oct/2025:00:07:06 +0100] "GET /tag/camera-di-commercio/?a=bj&f=%2Fvar%2Fwww%2Fgruppocestari.com%2Fwp-admin%2Fimages%2Fno.png HTTP/1.1" 200 1707 "-" "Mozilla/5.0 AppleWebKit/537.36 (KHTML, like Gecko; compatible; ClaudeBot/1.0; +claudebot@anthropic.com)"
216.73.216.139 - - [28/Oct/2025:00:07:07 +0100] "GET /tag/flussi-migratori/?d=%2Fvar%2Fsnap%2F HTTP/1.1" 200 1498 "-" "Mozilla/5.0 AppleWebKit/537.36 (KHTML, like Gecko; compatible; ClaudeBot/1.0; +claudebot@anthropic.com)"
216.73.216.139 - - [28/Oct/2025:00:07:07 +0100] "GET /wp-includes/blocks/archives/style-rtl.min.css HTTP/1.1" 200 101 "-" "Mozilla/5.0 AppleWebKit/537.36 (KHTML, like Gecko; compatible; ClaudeBot/1.0; +claudebot@anthropic.com)"
216.73.216.139 - - [28/Oct/2025:00:07:07 +0100] "GET /tag/camera-di-commercio/?a=bj&f=%2Fvar%2Fwww%2Fconsolatordc.it_old%2Fwp-admin%2Fimages%2Fyes.png HTTP/1.1" 200 1542 "-" "Mozilla/5.0 AppleWebKit/537.36 (KHTML, like Gecko; compatible; ClaudeBot/1.0; +claudebot@anthropic.com)"
20.171.207.191 - - [28/Oct/2025:00:07:07 +0100] "GET /piano-mattei-per-lafrica/?d=/var/lib/nginx/fastcgi/3/15/ HTTP/1.1" 200 1251 "-" "Mozilla/5.0 AppleWebKit/537.36 (KHTML, like Gecko; compatible; GPTBot/1.2; +https://openai.com/gptbot)"
216.73.216.139 - - [28/Oct/2025:00:07:07 +0100] "GET /tag/camera-di-commercio/?a=bj&f=%2Fvar%2Fwww%2Fgruppocestari.com%2Fwp-admin%2Fimages%2Fyes.png HTTP/1.1" 200 1540 "-" "Mozilla/5.0 AppleWebKit/537.36 (KHTML, like Gecko; compatible; ClaudeBot/1.0; +claudebot@anthropic.com)"
216.73.216.139 - - [28/Oct/2025:00:07:07 +0100] "GET /wp-includes/registration.php HTTP/1.1" 500 5 "-" "Mozilla/5.0 AppleWebKit/537.36 (KHTML, like Gecko; compatible; ClaudeBot/1.0; +claudebot@anthropic.com)"
216.73.216.139 - - [28/Oct/2025:00:07:07 +0100] "GET /tag/cooperazione/?d=%2Fvar%2Flib%2Flandscape%2F HTTP/1.1" 200 1515 "-" "Mozilla/5.0 AppleWebKit/537.36 (KHTML, like Gecko; compatible; ClaudeBot/1.0; +claudebot@anthropic.com)"
216.73.216.139 - - [28/Oct/2025:00:07:07 +0100] "GET /tag/cooperazione/?d=%2Fvar%2Flib%2Fsnapd%2F HTTP/1.1" 200 2741 "-" "Mozilla/5.0 AppleWebKit/537.36 (KHTML, like Gecko; compatible; ClaudeBot/1.0; +claudebot@anthropic.com)"
216.73.216.139 - - [28/Oct/2025:00:07:07 +0100] "GET /tag/zona-franca-doganale/?d=%2Fvar%2Fwww%2Fitalafricacentrale.com%2Fwp-admin%2Fimages HTTP/1.1" 200 6220 "-" "Mozilla/5.0 AppleWebKit/537.36 (KHTML, like Gecko; compatible; ClaudeBot/1.0; +claudebot@anthropic.com)"
216.73.216.139 - - [28/Oct/2025:00:07:08 +0100] "GET /tag/cooperazione/?d=%2Fvar%2Frun%2Fsystemd%2Ftransient HTTP/1.1" 200 1230 "-" "Mozilla/5.0 AppleWebKit/537.36 (KHTML, like Gecko; compatible; ClaudeBot/1.0; +claudebot@anthropic.com)"
216.73.216.139 - - [28/Oct/2025:00:07:08 +0100] "GET /tag/camera-di-commercio/?a=bj&f=%2Fvar%2Fwww%2Fgruppocestari.com%2Fwp-admin%2Fimages%2Fstars.png HTTP/1.1" 200 1958 "-" "Mozilla/5.0 AppleWebKit/537.36 (KHTML, like Gecko; compatible; ClaudeBot/1.0; +claudebot@anthropic.com)"
216.73.216.139 - - [28/Oct/2025:00:07:08 +0100] "GET /tag/cooperazione/?d=%2Fvar%2Frun%2Fsystemd%2Finaccessible HTTP/1.1" 200 1708 "-" "Mozilla/5.0 AppleWebKit/537.36 (KHTML, like Gecko; compatible; ClaudeBot/1.0; +claudebot@anthropic.com)"
216.73.216.139 - - [28/Oct/2025:00:07:08 +0100] "GET /tag/camera-di-commercio/?a=bj&f=%2Fvar%2Fwww%2Fgruppocestari.com%2Fwp-admin%2Fimages%2Fstars-2x.png HTTP/1.1" 200 2303 "-" "Mozilla/5.0 AppleWebKit/537.36 (KHTML, like Gecko; compatible; ClaudeBot/1.0; +claudebot@anthropic.com)"
216.73.216.139 - - [28/Oct/2025:00:07:08 +0100] "GET /tag/cooperazione/?d=%2Fvar%2Fcache%2Fapparmor%2F HTTP/1.1" 200 1484 "-" "Mozilla/5.0 AppleWebKit/537.36 (KHTML, like Gecko; compatible; ClaudeBot/1.0; +claudebot@anthropic.com)"
216.73.216.139 - - [28/Oct/2025:00:07:08 +0100] "GET /tag/cooperazione/?d=%2Fvar%2Fwww%2Fglobaleconomytv.it%2Fwp-content%2Fmaintenance HTTP/1.1" 200 1584 "-" "Mozilla/5.0 AppleWebKit/537.36 (KHTML, like Gecko; compatible; ClaudeBot/1.0; +claudebot@anthropic.com)"
216.73.216.139 - - [28/Oct/2025:00:07:09 +0100] "GET /tag/camera-di-commercio/?a=bj&f=%2Fvar%2Fwww%2Fconsolatordc.it_old%2Fwp-admin%2Fimages%2Fstars.png HTTP/1.1" 200 1960 "-" "Mozilla/5.0 AppleWebKit/537.36 (KHTML, like Gecko; compatible; ClaudeBot/1.0; +claudebot@anthropic.com)"
216.73.216.139 - - [28/Oct/2025:00:07:09 +0100] "GET /wp-includes/blocks/archives/editor-rtl.min.css HTTP/1.1" 200 96 "-" "Mozilla/5.0 AppleWebKit/537.36 (KHTML, like Gecko; compatible; ClaudeBot/1.0; +claudebot@anthropic.com)"
216.73.216.139 - - [28/Oct/2025:00:07:09 +0100] "GET /tag/camera-di-commercio/?d=%2Fvar%2Fwww%2Fglobaleconomytv.it%2Fwp-includes%2Ffonts%2F HTTP/1.1" 200 2031 "-" "Mozilla/5.0 AppleWebKit/537.36 (KHTML, like Gecko; compatible; ClaudeBot/1.0; +claudebot@anthropic.com)"
216.73.216.139 - - [28/Oct/2025:00:07:09 +0100] "GET /tag/camera-di-commercio/?a=bj&f=%2Fvar%2Fwww%2Fgruppocestari.com%2Fwp-admin%2Fimages%2Ficons32-vs.png HTTP/1.1" 200 9074 "-" "Mozilla/5.0 AppleWebKit/537.36 (KHTML, like Gecko; compatible; ClaudeBot/1.0; +claudebot@anthropic.com)"
34.236.135.14 - - [28/Oct/2025:00:07:09 +0100] "GET /?i=178315513 HTTP/1.1" 301 5 "-" "Mozilla/5.0 AppleWebKit/537.36 (KHTML, like Gecko; compatible; Amazonbot/0.1; +https://developer.amazon.com/support/amazonbot) Chrome/119.0.6045.214 Safari/537.36"
216.73.216.139 - - [28/Oct/2025:00:07:09 +0100] "GET /tag/cooperazione/?d=%2Fvar%2Frun%2Fcloud-init%2Fsem HTTP/1.1" 200 1228 "-" "Mozilla/5.0 AppleWebKit/537.36 (KHTML, like Gecko; compatible; ClaudeBot/1.0; +claudebot@anthropic.com)"
216.73.216.139 - - [28/Oct/2025:00:07:09 +0100] "GET /tag/cooperazione/?d=%2Fvar%2Flog%2Fletsencrypt%2F HTTP/1.1" 200 1216 "-" "Mozilla/5.0 AppleWebKit/537.36 (KHTML, like Gecko; compatible; ClaudeBot/1.0; +claudebot@anthropic.com)"
216.73.216.139 - - [28/Oct/2025:00:07:09 +0100] "GET /tag/cooperazione/?d=%2Fvar%2Frun%2Fsystemd%2Fnetif HTTP/1.1" 200 1627 "-" "Mozilla/5.0 AppleWebKit/537.36 (KHTML, like Gecko; compatible; ClaudeBot/1.0; +claudebot@anthropic.com)"
216.73.216.139 - - [28/Oct/2025:00:07:10 +0100] "GET /tag/cooperazione/?d=%2Fvar%2Frun%2Fsystemd%2Fpropagate HTTP/1.1" 200 1231 "-" "Mozilla/5.0 AppleWebKit/537.36 (KHTML, like Gecko; compatible; ClaudeBot/1.0; +claudebot@anthropic.com)"
216.73.216.139 - - [28/Oct/2025:00:07:10 +0100] "GET /tag/cooperazione/?d=%2Fvar%2Frun%2Fsystemd%2Fmachines HTTP/1.1" 200 1230 "-" "Mozilla/5.0 AppleWebKit/537.36 (KHTML, like Gecko; compatible; ClaudeBot/1.0; +claudebot@anthropic.com)"
3.227.180.70 - - [28/Oct/2025:00:07:10 +0100] "GET /?g=1564111 HTTP/1.1" 200 28599 "-" "Mozilla/5.0 AppleWebKit/537.36 (KHTML, like Gecko; compatible; Amazonbot/0.1; +https://developer.amazon.com/support/amazonbot) Chrome/119.0.6045.214 Safari/537.36"
66.249.69.138 - - [28/Oct/2025:00:07:10 +0100] "GET /?g=539912211 HTTP/1.1" 200 77106 "-" "Mozilla/5.0 (Linux; Android 6.0.1; Nexus 5X Build/MMB29P) AppleWebKit/537.36 (KHTML, like Gecko) Chrome/141.0.7390.122 Mobile Safari/537.36 (compatible; Googlebot/2.1; +http://www.google.com/bot.html)"
216.73.216.139 - - [28/Oct/2025:00:07:10 +0100] "GET /wp-includes/blocks/post-excerpt/editor-rtl.css HTTP/1.1" 200 88 "-" "Mozilla/5.0 AppleWebKit/537.36 (KHTML, like Gecko; compatible; ClaudeBot/1.0; +claudebot@anthropic.com)"
52.71.203.206 - - [28/Oct/2025:00:07:10 +0100] "GET /?i=178315513 HTTP/1.1" 200 3123 "-" "Mozilla/5.0 AppleWebKit/537.36 (KHTML, like Gecko; compatible; Amazonbot/0.1; +https://developer.amazon.com/support/amazonbot) Chrome/119.0.6045.214 Safari/537.36"
216.73.216.139 - - [28/Oct/2025:00:07:10 +0100] "GET /tag/cooperazione/?d=%2Fvar%2Flib%2Fsnapd%2Finhibit HTTP/1.1" 200 1680 "-" "Mozilla/5.0 AppleWebKit/537.36 (KHTML, like Gecko; compatible; ClaudeBot/1.0; +claudebot@anthropic.com)"
216.73.216.139 - - [28/Oct/2025:00:07:10 +0100] "GET /tag/camera-di-commercio/?a=bj&f=%2Fvar%2Fwww%2Fconsolatordc.it_old%2Fwp-admin%2Fimages%2Fwheel.png HTTP/1.1" 200 6900 "-" "Mozilla/5.0 AppleWebKit/537.36 (KHTML, like Gecko; compatible; ClaudeBot/1.0; +claudebot@anthropic.com)"
216.73.216.139 - - [28/Oct/2025:00:07:10 +0100] "GET /tag/camera-di-commercio/?a=bj&f=%2Fvar%2Fwww%2Fglobaleconomytv.it%2Fwp-admin%2Fimages%2Ffreedom-4.svg HTTP/1.1" 200 2237 "-" "Mozilla/5.0 AppleWebKit/537.36 (KHTML, like Gecko; compatible; ClaudeBot/1.0; +claudebot@anthropic.com)"
216.73.216.139 - - [28/Oct/2025:00:07:10 +0100] "GET /tag/camera-di-commercio/?a=bj&f=%2Fvar%2Fwww%2Fgruppocestari.com%2Fwp-admin%2Fimages%2Fwheel.png HTTP/1.1" 200 6895 "-" "Mozilla/5.0 AppleWebKit/537.36 (KHTML, like Gecko; compatible; ClaudeBot/1.0; +claudebot@anthropic.com)"
216.73.216.139 - - [28/Oct/2025:00:07:11 +0100] "GET /tag/cooperazione/?d=%2Fvar%2Frun%2Fsystemd%2Fshutdown HTTP/1.1" 200 1233 "-" "Mozilla/5.0 AppleWebKit/537.36 (KHTML, like Gecko; compatible; ClaudeBot/1.0; +claudebot@anthropic.com)"
216.73.216.139 - - [28/Oct/2025:00:07:11 +0100] "GET /tag/camera-di-commercio/?d=%2Fvar%2Fwww%2Fglobaleconomytv.it%2Fwp-admin%2Fimages%2F HTTP/1.1" 200 5764 "-" "Mozilla/5.0 AppleWebKit/537.36 (KHTML, like Gecko; compatible; ClaudeBot/1.0; +claudebot@anthropic.com)"
216.73.216.139 - - [28/Oct/2025:00:07:11 +0100] "GET /tag/flussi-migratori/?d=%2Fvar%2Fsnap%2Fsnapd HTTP/1.1" 200 1467 "-" "Mozilla/5.0 AppleWebKit/537.36 (KHTML, like Gecko; compatible; ClaudeBot/1.0; +claudebot@anthropic.com)"
216.73.216.139 - - [28/Oct/2025:00:07:11 +0100] "GET /tag/cooperazione/?a=bj&f=%2Fvar%2Fwww%2Fitalafricacentrale.com%2Fwp-includes%2Fimages%2Fmedia%2Finteractive.png HTTP/1.1" 200 1306 "-" "Mozilla/5.0 AppleWebKit/537.36 (KHTML, like Gecko; compatible; ClaudeBot/1.0; +claudebot@anthropic.com)"
216.73.216.139 - - [28/Oct/2025:00:07:11 +0100] "GET /tag/camera-di-commercio/?a=bj&f=%2Fvar%2Fwww%2Fgruppocestari.com%2Fwp-admin%2Fimages%2Fwordpress-logo.png HTTP/1.1" 200 3472 "-" "Mozilla/5.0 AppleWebKit/537.36 (KHTML, like Gecko; compatible; ClaudeBot/1.0; +claudebot@anthropic.com)"
216.73.216.139 - - [28/Oct/2025:00:07:11 +0100] "GET /tag/cooperazione/?d=%2Fvar%2Flog%2Fdist-upgrade%2F HTTP/1.1" 200 1218 "-" "Mozilla/5.0 AppleWebKit/537.36 (KHTML, like Gecko; compatible; ClaudeBot/1.0; +claudebot@anthropic.com)"
216.73.216.139 - - [28/Oct/2025:00:07:12 +0100] "GET /tag/camera-di-commercio/?a=bj&f=%2Fvar%2Fwww%2Fglobaleconomytv.it%2Fwp-admin%2Fimages%2Ffreedom-3.svg HTTP/1.1" 200 1560 "-" "Mozilla/5.0 AppleWebKit/537.36 (KHTML, like Gecko; compatible; ClaudeBot/1.0; +claudebot@anthropic.com)"
109.245.227.143 - - [28/Oct/2025:00:07:12 +0100] "GET /?i=297000713 HTTP/1.1" 200 305 "https://www.google.com/" "Mozilla/5.0 (iPhone; CPU iPhone OS 18_6_2 like Mac OS X) AppleWebKit/605.1.15 (KHTML, like Gecko) Version/18.6 Mobile/15E148 Safari/604.1"
216.73.216.139 - - [28/Oct/2025:00:07:12 +0100] "GET /tag/camera-di-commercio/?a=bj&f=%2Fvar%2Fwww%2Fglobaleconomytv.it%2Fwp-admin%2Fimages%2Ffreedom-2.svg HTTP/1.1" 200 4244 "-" "Mozilla/5.0 AppleWebKit/537.36 (KHTML, like Gecko; compatible; ClaudeBot/1.0; +claudebot@anthropic.com)"
216.73.216.139 - - [28/Oct/2025:00:07:12 +0100] "GET /wp-includes/blocks/comments-pagination-numbers/editor.min.css HTTP/1.1" 200 132 "-" "Mozilla/5.0 AppleWebKit/537.36 (KHTML, like Gecko; compatible; ClaudeBot/1.0; +claudebot@anthropic.com)"
216.73.216.139 - - [28/Oct/2025:00:07:12 +0100] "GET /tag/camera-di-commercio/?a=bj&f=%2Fvar%2Fwww%2Fconsolatordc.it_old%2Fwp-admin%2Fimages%2Farrows.png HTTP/1.1" 200 1172 "-" "Mozilla/5.0 AppleWebKit/537.36 (KHTML, like Gecko; compatible; ClaudeBot/1.0; +claudebot@anthropic.com)"
216.73.216.139 - - [28/Oct/2025:00:07:12 +0100] "GET /tag/camera-di-commercio/?a=bj&f=%2Fvar%2Fwww%2Fglobaleconomytv.it%2Fwp-admin%2Fimages%2Ffreedom-1.svg HTTP/1.1" 200 1329 "-" "Mozilla/5.0 AppleWebKit/537.36 (KHTML, like Gecko; compatible; ClaudeBot/1.0; +claudebot@anthropic.com)"
216.73.216.139 - - [28/Oct/2025:00:07:13 +0100] "GET /tag/flussi-migratori/?d=%2Fvar%2Frun%2Fsshd HTTP/1.1" 200 1212 "-" "Mozilla/5.0 AppleWebKit/537.36 (KHTML, like Gecko; compatible; ClaudeBot/1.0; +claudebot@anthropic.com)"
13.219.37.54 - - [28/Oct/2025:00:07:13 +0100] "HEAD /?i=333602913 HTTP/1.1" 301 0 "-" "Mozilla/5.0 AppleWebKit/605.1.15 (KHTML, like Gecko) Chrome/139.0.0.0 Safari/605.1.15"
52.204.253.129 - - [28/Oct/2025:00:07:13 +0100] "GET /?i=260013813 HTTP/1.1" 301 5 "-" "Mozilla/5.0 AppleWebKit/537.36 (KHTML, like Gecko; compatible; Amazonbot/0.1; +https://developer.amazon.com/support/amazonbot) Chrome/119.0.6045.214 Safari/537.36"
216.73.216.139 - - [28/Oct/2025:00:07:13 +0100] "GET /tag/camera-di-commercio/?a=bj&f=%2Fvar%2Fwww%2Fconsolatordc.it_old%2Fwp-admin%2Fimages%2Fmask.png HTTP/1.1" 200 3072 "-" "Mozilla/5.0 AppleWebKit/537.36 (KHTML, like Gecko; compatible; ClaudeBot/1.0; +claudebot@anthropic.com)"
216.73.216.139 - - [28/Oct/2025:00:07:13 +0100] "GET /tag/zona-franca-doganale/?a=bj&f=%2Fvar%2Fwww%2Fitalafricacentrale.com%2Fwp-content%2Fthemes%2Ftwentytwentyfour%2Fscreenshot.png HTTP/1.1" 200 943737 "-" "Mozilla/5.0 AppleWebKit/537.36 (KHTML, like Gecko; compatible; ClaudeBot/1.0; +claudebot@anthropic.com)"
216.73.216.139 - - [28/Oct/2025:00:07:13 +0100] "GET /tag/cooperazione/?d=%2Fvar%2Flib%2Fsnapd%2Fmount HTTP/1.1" 200 1427 "-" "Mozilla/5.0 AppleWebKit/537.36 (KHTML, like Gecko; compatible; ClaudeBot/1.0; +claudebot@anthropic.com)"
216.73.216.139 - - [28/Oct/2025:00:07:13 +0100] "GET /tag/camera-di-commercio/?a=bj&f=%2Fvar%2Fwww%2Fgruppocestari.com%2Fwp-admin%2Fimages%2Fmask.png HTTP/1.1" 200 3069 "-" "Mozilla/5.0 AppleWebKit/537.36 (KHTML, like Gecko; compatible; ClaudeBot/1.0; +claudebot@anthropic.com)"
66.249.77.167 - - [28/Oct/2025:00:07:13 +0100] "GET /products/17143041 HTTP/1.1" 200 37054 "-" "Mozilla/5.0 (Linux; Android 6.0.1; Nexus 5X Build/MMB29P) AppleWebKit/537.36 (KHTML, like Gecko) Chrome/141.0.7390.122 Mobile Safari/537.36 (compatible; Googlebot/2.1; +http://www.google.com/bot.html)"
216.73.216.139 - - [28/Oct/2025:00:07:13 +0100] "GET /tag/camera-di-commercio/?a=bj&f=%2Fvar%2Fwww%2Fgruppocestari.com%2Fwp-admin%2Fimages%2Farrows.png HTTP/1.1" 200 1169 "-" "Mozilla/5.0 AppleWebKit/537.36 (KHTML, like Gecko; compatible; ClaudeBot/1.0; +claudebot@anthropic.com)"
54.227.244.65 - - [28/Oct/2025:00:07:13 +0100] "HEAD /?i=333602913 HTTP/1.1" 200 0 "-" "Mozilla/5.0 AppleWebKit/605.1.15 (KHTML, like Gecko) Chrome/139.0.0.0 Safari/605.1.15"
216.73.216.139 - - [28/Oct/2025:00:07:13 +0100] "GET /tag/camera-di-commercio/?a=bj&f=%2Fvar%2Fwww%2Fgruppocestari.com%2Fwp-admin%2Fimages%2Farrows-2x.png HTTP/1.1" 200 1772 "-" "Mozilla/5.0 AppleWebKit/537.36 (KHTML, like Gecko; compatible; ClaudeBot/1.0; +claudebot@anthropic.com)"
216.73.216.139 - - [28/Oct/2025:00:07:14 +0100] "GET /tag/camera-di-commercio/?a=bj&f=%2Fvar%2Fwww%2Fglobaleconomytv.it%2Fwp-admin%2Fimages%2Fwordpress-logo.svg HTTP/1.1" 200 1753 "-" "Mozilla/5.0 AppleWebKit/537.36 (KHTML, like Gecko; compatible; ClaudeBot/1.0; +claudebot@anthropic.com)"
3.209.174.110 - - [28/Oct/2025:00:07:14 +0100] "GET /?i=260013813 HTTP/1.1" 200 3123 "-" "Mozilla/5.0 AppleWebKit/537.36 (KHTML, like Gecko; compatible; Amazonbot/0.1; +https://developer.amazon.com/support/amazonbot) Chrome/119.0.6045.214 Safari/537.36"
114.119.146.142 - - [28/Oct/2025:00:07:14 +0100] "GET /?i=72793513 HTTP/1.1" 301 5 "https://www.italafricacentrale.com/?i=327098713" "Mozilla/5.0 (Linux; Android 7.0;) AppleWebKit/537.36 (KHTML, like Gecko) Mobile Safari/537.36 (compatible; PetalBot;+https://webmaster.petalsearch.com/site/petalbot)"
216.73.216.139 - - [28/Oct/2025:00:07:14 +0100] "GET /tag/cooperazione/?d=%2Fvar%2Fwww%2Fglobaleconomytv.it%2Fwp-content%2Fuploads HTTP/1.1" 200 1950 "-" "Mozilla/5.0 AppleWebKit/537.36 (KHTML, like Gecko; compatible; ClaudeBot/1.0; +claudebot@anthropic.com)"
3.93.211.16 - - [28/Oct/2025:00:07:14 +0100] "GET /?g=106793311 HTTP/1.1" 200 28595 "-" "Mozilla/5.0 AppleWebKit/537.36 (KHTML, like Gecko; compatible; Amazonbot/0.1; +https://developer.amazon.com/support/amazonbot) Chrome/119.0.6045.214 Safari/537.36"
216.73.216.139 - - [28/Oct/2025:00:07:14 +0100] "GET /tag/camera-di-commercio/?d=%2Fvar%2Fwww%2Fglobaleconomytv.it%2Fwp-includes%2Fimages%2Fmedia HTTP/1.1" 200 2422 "-" "Mozilla/5.0 AppleWebKit/537.36 (KHTML, like Gecko; compatible; ClaudeBot/1.0; +claudebot@anthropic.com)"
216.73.216.139 - - [28/Oct/2025:00:07:14 +0100] "GET /tag/cooperazione/?d=%2Fvar%2Frun%2Fsystemd%2Ftimesync HTTP/1.1" 200 1431 "-" "Mozilla/5.0 AppleWebKit/537.36 (KHTML, like Gecko; compatible; ClaudeBot/1.0; +claudebot@anthropic.com)"
216.73.216.139 - - [28/Oct/2025:00:07:14 +0100] "GET /tag/cooperazione/?d=%2Fvar%2Ftmp%2Fcloud-init%2F HTTP/1.1" 200 1214 "-" "Mozilla/5.0 AppleWebKit/537.36 (KHTML, like Gecko; compatible; ClaudeBot/1.0; +claudebot@anthropic.com)"
216.73.216.139 - - [28/Oct/2025:00:07:14 +0100] "GET /tag/cooperazione/?a=bj&f=%2Fvar%2Fwww%2Fitalafricacentrale.com%2Fwp-includes%2Fimages%2Fmedia%2Fdocument.png HTTP/1.1" 200 1162 "-" "Mozilla/5.0 AppleWebKit/537.36 (KHTML, like Gecko; compatible; ClaudeBot/1.0; +claudebot@anthropic.com)"
216.73.216.139 - - [28/Oct/2025:00:07:15 +0100] "GET /tag/cooperazione/?d=%2Fvar%2Frun%2Fsystemd%2Fjournal HTTP/1.1" 200 1876 "-" "Mozilla/5.0 AppleWebKit/537.36 (KHTML, like Gecko; compatible; ClaudeBot/1.0; +claudebot@anthropic.com)"
216.73.216.139 - - [28/Oct/2025:00:07:15 +0100] "GET /tag/camera-di-commercio/?a=bj&f=%2Fvar%2Fwww%2Fglobaleconomytv.it%2Fwp-admin%2Fimages%2Fbubble_bg.gif HTTP/1.1" 200 1330 "-" "Mozilla/5.0 AppleWebKit/537.36 (KHTML, like Gecko; compatible; ClaudeBot/1.0; +claudebot@anthropic.com)"
216.73.216.139 - - [28/Oct/2025:00:07:15 +0100] "GET /tag/zona-franca-doganale/?a=bj&f=%2Fvar%2Fwww%2Fitalafricacentrale.com%2Fwp-content%2Fthemes%2Ftwentytwentytwo%2Fscreenshot.png HTTP/1.1" 200 158658 "-" "Mozilla/5.0 AppleWebKit/537.36 (KHTML, like Gecko; compatible; ClaudeBot/1.0; +claudebot@anthropic.com)"
216.73.216.139 - - [28/Oct/2025:00:07:15 +0100] "GET /tag/cooperazione/?d=%2Fvar%2Flib%2Fusbutils%2F HTTP/1.1" 200 1412 "-" "Mozilla/5.0 AppleWebKit/537.36 (KHTML, like Gecko; compatible; ClaudeBot/1.0; +claudebot@anthropic.com)"
20.171.207.191 - - [28/Oct/2025:00:07:15 +0100] "GET /piano-mattei-cooperazione-mediterraneo/?d=/ HTTP/1.1" 500 2699 "-" "Mozilla/5.0 AppleWebKit/537.36 (KHTML, like Gecko; compatible; GPTBot/1.2; +https://openai.com/gptbot)"
216.73.216.139 - - [28/Oct/2025:00:07:15 +0100] "GET /tag/cooperazione/?d=%2Fvar%2Flib%2Fupower%2F HTTP/1.1" 200 1212 "-" "Mozilla/5.0 AppleWebKit/537.36 (KHTML, like Gecko; compatible; ClaudeBot/1.0; +claudebot@anthropic.com)"
216.73.216.139 - - [28/Oct/2025:00:07:15 +0100] "GET /tag/flussi-migratori/?d=%2Fvar%2Flog%2Finstaller HTTP/1.1" 200 1215 "-" "Mozilla/5.0 AppleWebKit/537.36 (KHTML, like Gecko; compatible; ClaudeBot/1.0; +claudebot@anthropic.com)"
114.119.146.142 - - [28/Oct/2025:00:07:15 +0100] "GET /?i=72793513 HTTP/1.1" 200 3123 "https://www.italafricacentrale.com/?i=327098713" "Mozilla/5.0 (Linux; Android 7.0;) AppleWebKit/537.36 (KHTML, like Gecko) Mobile Safari/537.36 (compatible; PetalBot;+https://webmaster.petalsearch.com/site/petalbot)"
216.73.216.139 - - [28/Oct/2025:00:07:15 +0100] "GET /tag/cooperazione/?d=%2Fvar%2Fwww%2Fglobaleconomytv.it%2Fwp-content%2Fupgrade HTTP/1.1" 200 1254 "-" "Mozilla/5.0 AppleWebKit/537.36 (KHTML, like Gecko; compatible; ClaudeBot/1.0; +claudebot@anthropic.com)"
216.73.216.139 - - [28/Oct/2025:00:07:16 +0100] "GET /tag/camera-di-commercio/?a=bj&f=%2Fvar%2Fwww%2Fgruppocestari.com%2Fwp-admin%2Fimages%2Falign-center.png HTTP/1.1" 200 1560 "-" "Mozilla/5.0 AppleWebKit/537.36 (KHTML, like Gecko; compatible; ClaudeBot/1.0; +claudebot@anthropic.com)"
216.73.216.139 - - [28/Oct/2025:00:07:16 +0100] "GET /tag/zona-franca-doganale/?a=bj&f=%2Fvar%2Fwww%2Fitalafricacentrale.com%2Fwp-content%2Fthemes%2Ftwentytwentyfive%2Fscreenshot.png HTTP/1.1" 200 214649 "-" "Mozilla/5.0 AppleWebKit/537.36 (KHTML, like Gecko; compatible; ClaudeBot/1.0; +claudebot@anthropic.com)"
216.73.216.139 - - [28/Oct/2025:00:07:16 +0100] "GET /tag/cooperazione/?d=%2Fvar%2Fcache%2Fapp-info%2F HTTP/1.1" 200 1346 "-" "Mozilla/5.0 AppleWebKit/537.36 (KHTML, like Gecko; compatible; ClaudeBot/1.0; +claudebot@anthropic.com)"
216.73.216.139 - - [28/Oct/2025:00:07:16 +0100] "GET /tag/cooperazione/?d=%2Fvar%2Frun%2Fsystemd%2Fsystem HTTP/1.1" 200 1557 "-" "Mozilla/5.0 AppleWebKit/537.36 (KHTML, like Gecko; compatible; ClaudeBot/1.0; +claudebot@anthropic.com)"
216.73.216.139 - - [28/Oct/2025:00:07:16 +0100] "GET /tag/cooperazione/?d=%2Fvar%2Flog%2Funattended-upgrades%2F HTTP/1.1" 200 1223 "-" "Mozilla/5.0 AppleWebKit/537.36 (KHTML, like Gecko; compatible; ClaudeBot/1.0; +claudebot@anthropic.com)"
216.73.216.139 - - [28/Oct/2025:00:07:16 +0100] "GET /tag/flussi-migratori/?d=%2Fvar%2Frun%2Firqbalance HTTP/1.1" 200 1416 "-" "Mozilla/5.0 AppleWebKit/537.36 (KHTML, like Gecko; compatible; ClaudeBot/1.0; +claudebot@anthropic.com)"
216.73.216.139 - - [28/Oct/2025:00:07:17 +0100] "GET /tag/cooperazione/?d=%2Fvar%2Flog%2Fnginx%2F HTTP/1.1" 200 3082 "-" "Mozilla/5.0 AppleWebKit/537.36 (KHTML, like Gecko; compatible; ClaudeBot/1.0; +claudebot@anthropic.com)"
66.249.72.36 - - [28/Oct/2025:00:07:17 +0100] "GET /?g=322962411 HTTP/1.1" 200 76883 "-" "Mozilla/5.0 (Linux; Android 6.0.1; Nexus 5X Build/MMB29P) AppleWebKit/537.36 (KHTML, like Gecko) Chrome/141.0.7390.122 Mobile Safari/537.36 (compatible; Googlebot/2.1; +http://www.google.com/bot.html)"
216.73.216.139 - - [28/Oct/2025:00:07:17 +0100] "GET /wp-includes/blocks/archives/editor.css HTTP/1.1" 200 104 "-" "Mozilla/5.0 AppleWebKit/537.36 (KHTML, like Gecko; compatible; ClaudeBot/1.0; +claudebot@anthropic.com)"
216.73.216.139 - - [28/Oct/2025:00:07:17 +0100] "GET /tag/camera-di-commercio/?a=bj&f=%2Fvar%2Fwww%2Fglobaleconomytv.it%2Fwp-admin%2Fimages%2Fwpspin_light.gif HTTP/1.1" 200 2804 "-" "Mozilla/5.0 AppleWebKit/537.36 (KHTML, like Gecko; compatible; ClaudeBot/1.0; +claudebot@anthropic.com)"
35.174.141.243 - - [28/Oct/2025:00:07:17 +0100] "GET /?i=46188113 HTTP/1.1" 200 3123 "-" "Mozilla/5.0 AppleWebKit/537.36 (KHTML, like Gecko; compatible; Amazonbot/0.1; +https://developer.amazon.com/support/amazonbot) Chrome/119.0.6045.214 Safari/537.36"
216.73.216.139 - - [28/Oct/2025:00:07:17 +0100] "GET /tag/cooperazione/?d=%2Fvar%2Frun%2Fsystemd%2Fgenerator HTTP/1.1" 200 1905 "-" "Mozilla/5.0 AppleWebKit/537.36 (KHTML, like Gecko; compatible; ClaudeBot/1.0; +claudebot@anthropic.com)"
216.73.216.139 - - [28/Oct/2025:00:07:17 +0100] "GET /tag/cooperazione/?d=%2Fvar%2Flib%2Fsnapd%2Fdbus-1 HTTP/1.1" 200 1418 "-" "Mozilla/5.0 AppleWebKit/537.36 (KHTML, like Gecko; compatible; ClaudeBot/1.0; +claudebot@anthropic.com)"
216.73.216.139 - - [28/Oct/2025:00:07:17 +0100] "GET /tag/flussi-migratori/?d=%2Fvar%2Frun%2F HTTP/1.1" 200 4036 "-" "Mozilla/5.0 AppleWebKit/537.36 (KHTML, like Gecko; compatible; ClaudeBot/1.0; +claudebot@anthropic.com)"
216.73.216.139 - - [28/Oct/2025:00:07:17 +0100] "GET /tag/cooperazione/?d=%2Fvar%2Frun%2Fconsole-setup%2F HTTP/1.1" 200 1485 "-" "Mozilla/5.0 AppleWebKit/537.36 (KHTML, like Gecko; compatible; ClaudeBot/1.0; +claudebot@anthropic.com)"
34.231.118.144 - - [28/Oct/2025:00:07:17 +0100] "GET /?g=19995511 HTTP/1.1" 200 28598 "-" "Mozilla/5.0 AppleWebKit/537.36 (KHTML, like Gecko; compatible; Amazonbot/0.1; +https://developer.amazon.com/support/amazonbot) Chrome/119.0.6045.214 Safari/537.36"
216.73.216.139 - - [28/Oct/2025:00:07:18 +0100] "GET /tag/camera-di-commercio/?a=bj&f=%2Fvar%2Fwww%2Fconsolatordc.it_old%2Fwp-admin%2Fimages%2Fse.png HTTP/1.1" 200 1059 "-" "Mozilla/5.0 AppleWebKit/537.36 (KHTML, like Gecko; compatible; ClaudeBot/1.0; +claudebot@anthropic.com)"
216.73.216.139 - - [28/Oct/2025:00:07:18 +0100] "GET /tag/cooperazione/?d=%2Fvar%2Flib%2Fdpkg%2Falternatives HTTP/1.1" 200 3630 "-" "Mozilla/5.0 AppleWebKit/537.36 (KHTML, like Gecko; compatible; ClaudeBot/1.0; +claudebot@anthropic.com)"
216.73.216.139 - - [28/Oct/2025:00:07:18 +0100] "GET /wp-admin/user/up.php HTTP/1.1" 200 174 "-" "Mozilla/5.0 AppleWebKit/537.36 (KHTML, like Gecko; compatible; ClaudeBot/1.0; +claudebot@anthropic.com)"
216.73.216.139 - - [28/Oct/2025:00:07:18 +0100] "GET /tag/cooperazione/?d=%2Fvar%2Frun%2Fcloud-init%2Fshare HTTP/1.1" 200 1428 "-" "Mozilla/5.0 AppleWebKit/537.36 (KHTML, like Gecko; compatible; ClaudeBot/1.0; +claudebot@anthropic.com)"
216.73.216.139 - - [28/Oct/2025:00:07:18 +0100] "GET /tag/camera-di-commercio/?a=bj&f=%2Fvar%2Fwww%2Fgruppocestari.com%2Fwp-admin%2Fimages%2Fse.png HTTP/1.1" 200 1056 "-" "Mozilla/5.0 AppleWebKit/537.36 (KHTML, like Gecko; compatible; ClaudeBot/1.0; +claudebot@anthropic.com)"
216.73.216.139 - - [28/Oct/2025:00:07:18 +0100] "GET /tag/cooperazione/?d=%2Fvar%2Flib%2Fsnapd%2Fseccomp HTTP/1.1" 200 1358 "-" "Mozilla/5.0 AppleWebKit/537.36 (KHTML, like Gecko; compatible; ClaudeBot/1.0; +claudebot@anthropic.com)"
216.73.216.139 - - [28/Oct/2025:00:07:18 +0100] "GET /tag/flussi-migratori/?d=%2Fvar%2Flog%2Flandscape HTTP/1.1" 200 1413 "-" "Mozilla/5.0 AppleWebKit/537.36 (KHTML, like Gecko; compatible; ClaudeBot/1.0; +claudebot@anthropic.com)"
216.73.216.139 - - [28/Oct/2025:00:07:18 +0100] "GET /tag/cooperazione/?a=bj&f=%2Fvar%2Flog%2Fubuntu-advantage.log.3.gz HTTP/1.1" 200 2974 "-" "Mozilla/5.0 AppleWebKit/537.36 (KHTML, like Gecko; compatible; ClaudeBot/1.0; +claudebot@anthropic.com)"
216.73.216.139 - - [28/Oct/2025:00:07:19 +0100] "GET /tag/zona-franca-doganale/?a=bj&f=%2Fvar%2Fwww%2Fitalafricacentrale.com%2Fwp-content%2Fthemes%2Ftwentytwentythree%2Fscreenshot.png HTTP/1.1" 200 70420 "-" "Mozilla/5.0 AppleWebKit/537.36 (KHTML, like Gecko; compatible; ClaudeBot/1.0; +claudebot@anthropic.com)"
216.73.216.139 - - [28/Oct/2025:00:07:19 +0100] "GET /wp-includes/blocks/comment-reply-link.php HTTP/1.1" 500 5 "-" "Mozilla/5.0 AppleWebKit/537.36 (KHTML, like Gecko; compatible; ClaudeBot/1.0; +claudebot@anthropic.com)"
216.73.216.139 - - [28/Oct/2025:00:07:19 +0100] "GET /tag/camera-di-commercio/?d=%2Fvar%2Fwww%2Fglobaleconomytv.it%2Fwp-includes%2Fimages%2Fsmilies HTTP/1.1" 200 2822 "-" "Mozilla/5.0 AppleWebKit/537.36 (KHTML, like Gecko; compatible; ClaudeBot/1.0; +claudebot@anthropic.com)"
216.73.216.139 - - [28/Oct/2025:00:07:19 +0100] "GET /wp-admin/images/media-button-image.gif HTTP/1.1" 200 200 "-" "Mozilla/5.0 AppleWebKit/537.36 (KHTML, like Gecko; compatible; ClaudeBot/1.0; +claudebot@anthropic.com)"
216.73.216.139 - - [28/Oct/2025:00:07:19 +0100] "GET /tag/cooperazione/?a=bj&f=%2Fvar%2Fbackups%2Fapt.extended_states.4.gz HTTP/1.1" 200 5402 "-" "Mozilla/5.0 AppleWebKit/537.36 (KHTML, like Gecko; compatible; ClaudeBot/1.0; +claudebot@anthropic.com)"
216.73.216.139 - - [28/Oct/2025:00:07:20 +0100] "GET /tag/camera-di-commercio/?a=bj&f=%2Fvar%2Fwww%2Fglobaleconomytv.it%2Fwp-admin%2Fimages%2Fprivacy.svg HTTP/1.1" 200 1283 "-" "Mozilla/5.0 AppleWebKit/537.36 (KHTML, like Gecko; compatible; ClaudeBot/1.0; +claudebot@anthropic.com)"
66.249.69.137 - - [28/Oct/2025:00:07:20 +0100] "GET /?g=290375911 HTTP/1.1" 200 76606 "-" "Mozilla/5.0 (Linux; Android 6.0.1; Nexus 5X Build/MMB29P) AppleWebKit/537.36 (KHTML, like Gecko) Chrome/141.0.7390.122 Mobile Safari/537.36 (compatible; Googlebot/2.1; +http://www.google.com/bot.html)"
216.73.216.139 - - [28/Oct/2025:00:07:20 +0100] "GET /tag/cooperazione/?d=%2Fvar%2Flib%2Fapt HTTP/1.1" 200 1719 "-" "Mozilla/5.0 AppleWebKit/537.36 (KHTML, like Gecko; compatible; ClaudeBot/1.0; +claudebot@anthropic.com)"
216.73.216.139 - - [28/Oct/2025:00:07:20 +0100] "GET /tag/camera-di-commercio/?a=bj&f=%2Fvar%2Fwww%2Fglobaleconomytv.it%2Fwp-admin%2Fimages%2Fxit-2x.gif HTTP/1.1" 200 1658 "-" "Mozilla/5.0 AppleWebKit/537.36 (KHTML, like Gecko; compatible; ClaudeBot/1.0; +claudebot@anthropic.com)"
216.73.216.139 - - [28/Oct/2025:00:07:20 +0100] "GET /tag/camera-di-commercio/?d=%2Fvar%2Fwww%2Fglobaleconomytv.it%2Fwp-includes%2Fimages%2F HTTP/1.1" 200 3128 "-" "Mozilla/5.0 AppleWebKit/537.36 (KHTML, like Gecko; compatible; ClaudeBot/1.0; +claudebot@anthropic.com)"
216.73.216.139 - - [28/Oct/2025:00:07:20 +0100] "GET /tag/cooperazione/?a=bj&f=%2Fvar%2Fbackups%2Fapt.extended_states.3.gz HTTP/1.1" 200 5376 "-" "Mozilla/5.0 AppleWebKit/537.36 (KHTML, like Gecko; compatible; ClaudeBot/1.0; +claudebot@anthropic.com)"
216.73.216.139 - - [28/Oct/2025:00:07:20 +0100] "GET /tag/cooperazione/?d=%2Fvar%2Flib%2Fdpkg%2F HTTP/1.1" 200 2298 "-" "Mozilla/5.0 AppleWebKit/537.36 (KHTML, like Gecko; compatible; ClaudeBot/1.0; +claudebot@anthropic.com)"
216.73.216.139 - - [28/Oct/2025:00:07:20 +0100] "GET /wp-includes/blocks/categories.php HTTP/1.1" 500 5 "-" "Mozilla/5.0 AppleWebKit/537.36 (KHTML, like Gecko; compatible; ClaudeBot/1.0; +claudebot@anthropic.com)"
216.73.216.139 - - [28/Oct/2025:00:07:20 +0100] "GET /tag/cooperazione/?d=%2Fvar%2Flib%2Fsnapd%2Fseed HTTP/1.1" 200 1565 "-" "Mozilla/5.0 AppleWebKit/537.36 (KHTML, like Gecko; compatible; ClaudeBot/1.0; +claudebot@anthropic.com)"
216.73.216.139 - - [28/Oct/2025:00:07:21 +0100] "GET /tag/cooperazione/?a=bj&f=%2Fvar%2Fbackups%2Fapt.extended_states.5.gz HTTP/1.1" 200 5377 "-" "Mozilla/5.0 AppleWebKit/537.36 (KHTML, like Gecko; compatible; ClaudeBot/1.0; +claudebot@anthropic.com)"
34.195.60.66 - - [28/Oct/2025:00:07:21 +0100] "GET /?i=152913 HTTP/1.1" 301 5 "-" "Mozilla/5.0 AppleWebKit/537.36 (KHTML, like Gecko; compatible; Amazonbot/0.1; +https://developer.amazon.com/support/amazonbot) Chrome/119.0.6045.214 Safari/537.36"
216.73.216.139 - - [28/Oct/2025:00:07:21 +0100] "GET /wp-admin/network/theme-install.php HTTP/1.1" 302 5 "-" "Mozilla/5.0 AppleWebKit/537.36 (KHTML, like Gecko; compatible; ClaudeBot/1.0; +claudebot@anthropic.com)"
216.73.216.139 - - [28/Oct/2025:00:07:21 +0100] "GET /wp-includes/block-supports/typography.php HTTP/1.1" 500 5 "-" "Mozilla/5.0 AppleWebKit/537.36 (KHTML, like Gecko; compatible; ClaudeBot/1.0; +claudebot@anthropic.com)"
216.73.216.139 - - [28/Oct/2025:00:07:21 +0100] "GET /tag/cooperazione/?a=bj&f=%2Fvar%2Fwww%2Fglobaleconomytv.it%2Fwp-settings.php HTTP/1.1" 200 8080 "-" "Mozilla/5.0 AppleWebKit/537.36 (KHTML, like Gecko; compatible; ClaudeBot/1.0; +claudebot@anthropic.com)"
216.73.216.139 - - [28/Oct/2025:00:07:21 +0100] "GET /wp-login.php?redirect_to=https%3A%2F%2Fitalafricacentrale.com%2Fwp-admin%2Fnetwork%2Ftheme-install.php&reauth=1 HTTP/1.1" 200 3940 "https://italafricacentrale.com/wp-admin/network/theme-install.php" "Mozilla/5.0 AppleWebKit/537.36 (KHTML, like Gecko; compatible; ClaudeBot/1.0; +claudebot@anthropic.com)"
216.73.216.139 - - [28/Oct/2025:00:07:21 +0100] "GET /tag/cooperazione/?a=bj&f=%2Fvar%2Fwww%2Fglobaleconomytv.it%2Fwp-mail.php HTTP/1.1" 200 4287 "-" "Mozilla/5.0 AppleWebKit/537.36 (KHTML, like Gecko; compatible; ClaudeBot/1.0; +claudebot@anthropic.com)"
54.145.82.217 - - [28/Oct/2025:00:07:22 +0100] "GET /?i=152913 HTTP/1.1" 200 3123 "-" "Mozilla/5.0 AppleWebKit/537.36 (KHTML, like Gecko; compatible; Amazonbot/0.1; +https://developer.amazon.com/support/amazonbot) Chrome/119.0.6045.214 Safari/537.36"
85.235.148.169 - - [28/Oct/2025:00:07:22 +0100] "POST /wp-cron.php?doing_wp_cron=1761606442.0259060859680175781250 HTTP/1.1" 200 31 "-" "OvODidJqBfXp"
216.73.216.139 - - [28/Oct/2025:00:07:22 +0100] "GET /tag/zona-franca-doganale/?d=%2Fvar%2Fwww%2Fitalafricacentrale.com%2Fwp-admin%2F HTTP/1.1" 200 7483 "-" "Mozilla/5.0 AppleWebKit/537.36 (KHTML, like Gecko; compatible; ClaudeBot/1.0; +claudebot@anthropic.com)"
216.73.216.139 - - [28/Oct/2025:00:07:22 +0100] "GET /tag/cooperazione/?d=%2Fvar%2Flib%2Fsnapd%2Fcookie HTTP/1.1" 200 1227 "-" "Mozilla/5.0 AppleWebKit/537.36 (KHTML, like Gecko; compatible; ClaudeBot/1.0; +claudebot@anthropic.com)"
52.71.216.196 - - [28/Oct/2025:00:07:22 +0100] "GET /?g=42015211 HTTP/1.1" 200 28597 "-" "Mozilla/5.0 AppleWebKit/537.36 (KHTML, like Gecko; compatible; Amazonbot/0.1; +https://developer.amazon.com/support/amazonbot) Chrome/119.0.6045.214 Safari/537.36"
216.73.216.139 - - [28/Oct/2025:00:07:22 +0100] "GET /tag/camera-di-commercio/?a=bj&f=%2Fvar%2Fwww%2Fglobaleconomytv.it%2Fwp-admin%2Fimages%2Fxit.gif HTTP/1.1" 200 1135 "-" "Mozilla/5.0 AppleWebKit/537.36 (KHTML, like Gecko; compatible; ClaudeBot/1.0; +claudebot@anthropic.com)"
66.249.76.8 - - [28/Oct/2025:00:07:22 +0100] "GET /?i=178198813 HTTP/1.1" 200 77234 "-" "Mozilla/5.0 (Linux; Android 6.0.1; Nexus 5X Build/MMB29P) AppleWebKit/537.36 (KHTML, like Gecko) Chrome/141.0.7390.122 Mobile Safari/537.36 (compatible; Googlebot/2.1; +http://www.google.com/bot.html)"
216.73.216.139 - - [28/Oct/2025:00:07:22 +0100] "GET /tag/zona-franca-doganale/?a=bj&f=%2Fvar%2Fwww%2Fitalafricacentrale.com%2Fgsi.txt HTTP/1.1" 200 904 "-" "Mozilla/5.0 AppleWebKit/537.36 (KHTML, like Gecko; compatible; ClaudeBot/1.0; +claudebot@anthropic.com)"
20.171.207.191 - - [28/Oct/2025:00:07:22 +0100] "GET /piano-mattei-per-lafrica/?d=/var/lib/nginx/fastcgi/2/14 HTTP/1.1" 200 1251 "-" "Mozilla/5.0 AppleWebKit/537.36 (KHTML, like Gecko; compatible; GPTBot/1.2; +https://openai.com/gptbot)"
216.73.216.139 - - [28/Oct/2025:00:07:22 +0100] "GET /tag/cooperazione/?a=bj&f=%2Fvar%2Fwww%2Fglobaleconomytv.it%2Freadme.html HTTP/1.1" 200 4090 "-" "Mozilla/5.0 AppleWebKit/537.36 (KHTML, like Gecko; compatible; ClaudeBot/1.0; +claudebot@anthropic.com)"
216.73.216.139 - - [28/Oct/2025:00:07:22 +0100] "GET /tag/cooperazione/?d=%2Fvar%2Ftmp%2Fsystemd-private-a946d540e35e4f95a129005e03779374-upower.service-FS3Zsp HTTP/1.1" 200 1278 "-" "Mozilla/5.0 AppleWebKit/537.36 (KHTML, like Gecko; compatible; ClaudeBot/1.0; +claudebot@anthropic.com)"
216.73.216.139 - - [28/Oct/2025:00:07:23 +0100] "GET /wp-includes/blocks/post-excerpt/style-rtl.css HTTP/1.1" 200 179 "-" "Mozilla/5.0 AppleWebKit/537.36 (KHTML, like Gecko; compatible; ClaudeBot/1.0; +claudebot@anthropic.com)"
216.73.216.139 - - [28/Oct/2025:00:07:23 +0100] "GET /tag/flussi-migratori/?d=%2Fvar%2Frun%2Fsnapd HTTP/1.1" 200 1403 "-" "Mozilla/5.0 AppleWebKit/537.36 (KHTML, like Gecko; compatible; ClaudeBot/1.0; +claudebot@anthropic.com)"
216.73.216.139 - - [28/Oct/2025:00:07:23 +0100] "GET /tag/cooperazione/?a=bj&f=%2Fvar%2Fbackups%2Fapt.extended_states.6.gz HTTP/1.1" 200 5385 "-" "Mozilla/5.0 AppleWebKit/537.36 (KHTML, like Gecko; compatible; ClaudeBot/1.0; +claudebot@anthropic.com)"
216.73.216.139 - - [28/Oct/2025:00:07:23 +0100] "GET /tag/cooperazione/?d=%2Fvar%2Flib%2Fdpkg%2Finfo HTTP/1.1" 200 177153 "-" "Mozilla/5.0 AppleWebKit/537.36 (KHTML, like Gecko; compatible; ClaudeBot/1.0; +claudebot@anthropic.com)"
216.73.216.139 - - [28/Oct/2025:00:07:23 +0100] "GET /tag/camera-di-commercio/?a=bj&f=%2Fvar%2Fwww%2Fconsolatordc.it_old%2Fwp-admin%2Fimages%2Fbrowser.png HTTP/1.1" 200 41752 "-" "Mozilla/5.0 AppleWebKit/537.36 (KHTML, like Gecko; compatible; ClaudeBot/1.0; +claudebot@anthropic.com)"
216.73.216.139 - - [28/Oct/2025:00:07:23 +0100] "GET /tag/cooperazione/?a=bj&f=%2Fvar%2Fbackups%2Fapt.extended_states.1.gz HTTP/1.1" 200 5377 "-" "Mozilla/5.0 AppleWebKit/537.36 (KHTML, like Gecko; compatible; ClaudeBot/1.0; +claudebot@anthropic.com)"
216.73.216.139 - - [28/Oct/2025:00:07:23 +0100] "GET /tag/flussi-migratori/?d=%2Fvar%2Fmail%2F HTTP/1.1" 200 1200 "-" "Mozilla/5.0 AppleWebKit/537.36 (KHTML, like Gecko; compatible; ClaudeBot/1.0; +claudebot@anthropic.com)"
216.73.216.139 - - [28/Oct/2025:00:07:24 +0100] "GET /tag/cooperazione/?a=bj&f=%2Fvar%2Flog%2Fubuntu-advantage.log.2.gz HTTP/1.1" 200 6813 "-" "Mozilla/5.0 AppleWebKit/537.36 (KHTML, like Gecko; compatible; ClaudeBot/1.0; +claudebot@anthropic.com)"
216.73.216.139 - - [28/Oct/2025:00:07:24 +0100] "GET /tag/cooperazione/?d=%2Fvar%2Flib%2Fsnapd%2Fsnaps HTTP/1.1" 200 2008 "-" "Mozilla/5.0 AppleWebKit/537.36 (KHTML, like Gecko; compatible; ClaudeBot/1.0; +claudebot@anthropic.com)"
216.73.216.139 - - [28/Oct/2025:00:07:24 +0100] "GET /tag/cooperazione/?d=%2Fvar%2Flib%2Fubuntu-drivers-common HTTP/1.1" 200 1224 "-" "Mozilla/5.0 AppleWebKit/537.36 (KHTML, like Gecko; compatible; ClaudeBot/1.0; +claudebot@anthropic.com)"
66.249.77.167 - - [28/Oct/2025:00:07:24 +0100] "GET /products/17025863 HTTP/1.1" 200 29232 "-" "Mozilla/5.0 (Linux; Android 6.0.1; Nexus 5X Build/MMB29P) AppleWebKit/537.36 (KHTML, like Gecko) Chrome/141.0.7390.122 Mobile Safari/537.36 (compatible; Googlebot/2.1; +http://www.google.com/bot.html)"
216.73.216.139 - - [28/Oct/2025:00:07:24 +0100] "GET /tag/camera-di-commercio/?a=bj&f=%2Fvar%2Fwww%2Fgruppocestari.com%2Fwp-admin%2Fimages%2Fbrowser.png HTTP/1.1" 200 41747 "-" "Mozilla/5.0 AppleWebKit/537.36 (KHTML, like Gecko; compatible; ClaudeBot/1.0; +claudebot@anthropic.com)"
216.73.216.139 - - [28/Oct/2025:00:07:24 +0100] "GET /tag/cooperazione/?d=%2Fvar%2Flib%2Ffail2ban%2F HTTP/1.1" 200 1414 "-" "Mozilla/5.0 AppleWebKit/537.36 (KHTML, like Gecko; compatible; ClaudeBot/1.0; +claudebot@anthropic.com)"
216.73.216.139 - - [28/Oct/2025:00:07:24 +0100] "GET /wp-admin/user/privacy.php HTTP/1.1" 302 5 "-" "Mozilla/5.0 AppleWebKit/537.36 (KHTML, like Gecko; compatible; ClaudeBot/1.0; +claudebot@anthropic.com)"
216.73.216.139 - - [28/Oct/2025:00:07:25 +0100] "GET /tag/cooperazione/?d=%2Fvar%2Flib%2Fsnapd%2Fdevice HTTP/1.1" 200 1367 "-" "Mozilla/5.0 AppleWebKit/537.36 (KHTML, like Gecko; compatible; ClaudeBot/1.0; +claudebot@anthropic.com)"
216.73.216.139 - - [28/Oct/2025:00:07:25 +0100] "GET /wp-includes/css/editor.min.css HTTP/1.1" 200 7294 "-" "Mozilla/5.0 AppleWebKit/537.36 (KHTML, like Gecko; compatible; ClaudeBot/1.0; +claudebot@anthropic.com)"
216.73.216.139 - - [28/Oct/2025:00:07:25 +0100] "GET /tag/cooperazione/?a=bj&f=%2Fvar%2Fbackups%2Fapt.extended_states.2.gz HTTP/1.1" 200 5379 "-" "Mozilla/5.0 AppleWebKit/537.36 (KHTML, like Gecko; compatible; ClaudeBot/1.0; +claudebot@anthropic.com)"
34.194.226.74 - - [28/Oct/2025:00:07:25 +0100] "GET /?i=202112513 HTTP/1.1" 301 5 "-" "Mozilla/5.0 AppleWebKit/537.36 (KHTML, like Gecko; compatible; Amazonbot/0.1; +https://developer.amazon.com/support/amazonbot) Chrome/119.0.6045.214 Safari/537.36"
216.73.216.139 - - [28/Oct/2025:00:07:25 +0100] "GET /wp-includes/blocks/file.php HTTP/1.1" 500 5 "-" "Mozilla/5.0 AppleWebKit/537.36 (KHTML, like Gecko; compatible; ClaudeBot/1.0; +claudebot@anthropic.com)"
216.73.216.139 - - [28/Oct/2025:00:07:25 +0100] "GET /tag/cooperazione/?d=%2Fvar%2Flib%2Fpam%2F HTTP/1.1" 200 1681 "-" "Mozilla/5.0 AppleWebKit/537.36 (KHTML, like Gecko; compatible; ClaudeBot/1.0; +claudebot@anthropic.com)"
216.73.216.139 - - [28/Oct/2025:00:07:25 +0100] "GET /wp-login.php?redirect_to=https%3A%2F%2Fitalafricacentrale.com%2Fwp-admin%2Fuser%2Fprivacy.php&reauth=1 HTTP/1.1" 200 3935 "https://italafricacentrale.com/wp-admin/user/privacy.php" "Mozilla/5.0 AppleWebKit/537.36 (KHTML, like Gecko; compatible; ClaudeBot/1.0; +claudebot@anthropic.com)"
216.73.216.139 - - [28/Oct/2025:00:07:25 +0100] "GET /tag/cooperazione/?d=%2Fvar%2Flib%2Fsnapd%2Fdesktop HTTP/1.1" 200 1493 "-" "Mozilla/5.0 AppleWebKit/537.36 (KHTML, like Gecko; compatible; ClaudeBot/1.0; +claudebot@anthropic.com)"
216.73.216.139 - - [28/Oct/2025:00:07:25 +0100] "GET /tag/cooperazione/?a=bj&f=%2Fvar%2Fbackups%2Falternatives.tar.4.gz HTTP/1.1" 200 3596 "-" "Mozilla/5.0 AppleWebKit/537.36 (KHTML, like Gecko; compatible; ClaudeBot/1.0; +claudebot@anthropic.com)"
44.209.35.147 - - [28/Oct/2025:00:07:25 +0100] "GET /?i=202112513 HTTP/1.1" 200 3123 "-" "Mozilla/5.0 AppleWebKit/537.36 (KHTML, like Gecko; compatible; Amazonbot/0.1; +https://developer.amazon.com/support/amazonbot) Chrome/119.0.6045.214 Safari/537.36"
216.73.216.139 - - [28/Oct/2025:00:07:26 +0100] "GET /tag/camera-di-commercio/?a=bj&f=%2Fvar%2Fwww%2Fglobaleconomytv.it%2Fwp-includes%2Ffonts%2Fdashicons.svg HTTP/1.1" 200 47094 "-" "Mozilla/5.0 AppleWebKit/537.36 (KHTML, like Gecko; compatible; ClaudeBot/1.0; +claudebot@anthropic.com)"
216.73.216.139 - - [28/Oct/2025:00:07:26 +0100] "GET /wp-includes/blocks/comments-pagination-numbers/editor-rtl.min.css HTTP/1.1" 200 133 "-" "Mozilla/5.0 AppleWebKit/537.36 (KHTML, like Gecko; compatible; ClaudeBot/1.0; +claudebot@anthropic.com)"
52.73.142.41 - - [28/Oct/2025:00:07:26 +0100] "GET /?g=224000911 HTTP/1.1" 200 28600 "-" "Mozilla/5.0 AppleWebKit/537.36 (KHTML, like Gecko; compatible; Amazonbot/0.1; +https://developer.amazon.com/support/amazonbot) Chrome/119.0.6045.214 Safari/537.36"
216.73.216.139 - - [28/Oct/2025:00:07:26 +0100] "GET /tag/cooperazione/?a=bj&f=%2Fvar%2Flog%2Fkern.log.4.gz HTTP/1.1" 200 892 "-" "Mozilla/5.0 AppleWebKit/537.36 (KHTML, like Gecko; compatible; ClaudeBot/1.0; +claudebot@anthropic.com)"
216.73.216.139 - - [28/Oct/2025:00:07:26 +0100] "GET /tag/cooperazione/?d=%2Fvar%2Flib%2Fpolkit-1 HTTP/1.1" 200 1215 "-" "Mozilla/5.0 AppleWebKit/537.36 (KHTML, like Gecko; compatible; ClaudeBot/1.0; +claudebot@anthropic.com)"
216.73.216.139 - - [28/Oct/2025:00:07:26 +0100] "GET /tag/flussi-migratori/?d=%2Fvar%2Frun%2Fmount HTTP/1.1" 200 1488 "-" "Mozilla/5.0 AppleWebKit/537.36 (KHTML, like Gecko; compatible; ClaudeBot/1.0; +claudebot@anthropic.com)"
216.73.216.139 - - [28/Oct/2025:00:07:26 +0100] "GET /wp-admin/images/contribute-code.svg HTTP/1.1" 200 1305 "-" "Mozilla/5.0 AppleWebKit/537.36 (KHTML, like Gecko; compatible; ClaudeBot/1.0; +claudebot@anthropic.com)"
216.73.216.139 - - [28/Oct/2025:00:07:26 +0100] "GET /tag/cooperazione/?d=%2Fvar%2Flib%2Fgrub%2F HTTP/1.1" 200 1404 "-" "Mozilla/5.0 AppleWebKit/537.36 (KHTML, like Gecko; compatible; ClaudeBot/1.0; +claudebot@anthropic.com)"
216.73.216.139 - - [28/Oct/2025:00:07:26 +0100] "GET /wp-includes/blocks/latest-posts.php HTTP/1.1" 500 5 "-" "Mozilla/5.0 AppleWebKit/537.36 (KHTML, like Gecko; compatible; ClaudeBot/1.0; +claudebot@anthropic.com)"
216.73.216.139 - - [28/Oct/2025:00:07:26 +0100] "GET /wp-includes/blocks/comment-edit-link.php HTTP/1.1" 500 5 "-" "Mozilla/5.0 AppleWebKit/537.36 (KHTML, like Gecko; compatible; ClaudeBot/1.0; +claudebot@anthropic.com)"
216.73.216.139 - - [28/Oct/2025:00:07:27 +0100] "GET /tag/cooperazione/?a=bj&f=%2Fvar%2Fbackups%2Falternatives.tar.3.gz HTTP/1.1" 200 3591 "-" "Mozilla/5.0 AppleWebKit/537.36 (KHTML, like Gecko; compatible; ClaudeBot/1.0; +claudebot@anthropic.com)"
216.73.216.139 - - [28/Oct/2025:00:07:27 +0100] "GET /tag/cooperazione/?a=bj&f=%2Fvar%2Fbackups%2Falternatives.tar.5.gz HTTP/1.1" 200 3576 "-" "Mozilla/5.0 AppleWebKit/537.36 (KHTML, like Gecko; compatible; ClaudeBot/1.0; +claudebot@anthropic.com)"
216.73.216.139 - - [28/Oct/2025:00:07:27 +0100] "GET /tag/cooperazione/?a=bj&f=%2Fvar%2Flog%2Fkern.log.3.gz HTTP/1.1" 200 891 "-" "Mozilla/5.0 AppleWebKit/537.36 (KHTML, like Gecko; compatible; ClaudeBot/1.0; +claudebot@anthropic.com)"
216.73.216.139 - - [28/Oct/2025:00:07:27 +0100] "GET /tag/camera-di-commercio/?a=bj&f=%2Fvar%2Fwww%2Fgruppocestari.com%2Fwp-admin%2Fimages%2Fmedia-button.png HTTP/1.1" 200 1308 "-" "Mozilla/5.0 AppleWebKit/537.36 (KHTML, like Gecko; compatible; ClaudeBot/1.0; +claudebot@anthropic.com)"
216.73.216.139 - - [28/Oct/2025:00:07:27 +0100] "GET /tag/cooperazione/?d=%2Fvar%2Flib%2Fsnapd%2Ffeatures HTTP/1.1" 200 1540 "-" "Mozilla/5.0 AppleWebKit/537.36 (KHTML, like Gecko; compatible; ClaudeBot/1.0; +claudebot@anthropic.com)"
66.249.76.236 - - [28/Oct/2025:00:07:28 +0100] "GET /?g=58710811 HTTP/1.1" 200 77013 "-" "Mozilla/5.0 (Linux; Android 6.0.1; Nexus 5X Build/MMB29P) AppleWebKit/537.36 (KHTML, like Gecko) Chrome/141.0.7390.122 Mobile Safari/537.36 (compatible; Googlebot/2.1; +http://www.google.com/bot.html)"
216.73.216.139 - - [28/Oct/2025:00:07:28 +0100] "GET /tag/cooperazione/?a=bj&f=%2Fvar%2Fbackups%2Falternatives.tar.1.gz HTTP/1.1" 200 3586 "-" "Mozilla/5.0 AppleWebKit/537.36 (KHTML, like Gecko; compatible; ClaudeBot/1.0; +claudebot@anthropic.com)"
216.73.216.139 - - [28/Oct/2025:00:07:28 +0100] "GET /tag/cooperazione/?a=bj&f=%2Fvar%2Fbackups%2Falternatives.tar.6.gz HTTP/1.1" 200 3585 "-" "Mozilla/5.0 AppleWebKit/537.36 (KHTML, like Gecko; compatible; ClaudeBot/1.0; +claudebot@anthropic.com)"
216.73.216.139 - - [28/Oct/2025:00:07:28 +0100] "GET /tag/camera-di-commercio/?a=bj&f=%2Fvar%2Fwww%2Fgruppocestari.com%2Fwp-admin%2Fimages%2Falign-right.png HTTP/1.1" 200 1520 "-" "Mozilla/5.0 AppleWebKit/537.36 (KHTML, like Gecko; compatible; ClaudeBot/1.0; +claudebot@anthropic.com)"
216.73.216.139 - - [28/Oct/2025:00:07:28 +0100] "GET /tag/cooperazione/?d=%2Fvar%2Frun%2Fsystemd%2Fresolve HTTP/1.1" 200 1560 "-" "Mozilla/5.0 AppleWebKit/537.36 (KHTML, like Gecko; compatible; ClaudeBot/1.0; +claudebot@anthropic.com)"
