216.73.216.139 - - [28/Oct/2025:00:06:43 +0100] "GET /wp-includes/blocks/comments-pagination-numbers/block.json HTTP/1.1" 200 460 "-" "Mozilla/5.0 AppleWebKit/537.36 (KHTML, like Gecko; compatible; ClaudeBot/1.0; +claudebot@anthropic.com)"
216.73.216.139 - - [28/Oct/2025:00:06:43 +0100] "GET /wp-includes/images/media/video.svg HTTP/1.1" 200 245 "-" "Mozilla/5.0 AppleWebKit/537.36 (KHTML, like Gecko; compatible; ClaudeBot/1.0; +claudebot@anthropic.com)"
216.73.216.139 - - [28/Oct/2025:00:06:43 +0100] "GET /wp-includes/blocks/verse/style.css HTTP/1.1" 200 122 "-" "Mozilla/5.0 AppleWebKit/537.36 (KHTML, like Gecko; compatible; ClaudeBot/1.0; +claudebot@anthropic.com)"
216.73.216.139 - - [28/Oct/2025:00:06:43 +0100] "GET /wp-includes/blocks/paragraph/style.min.css HTTP/1.1" 200 361 "-" "Mozilla/5.0 AppleWebKit/537.36 (KHTML, like Gecko; compatible; ClaudeBot/1.0; +claudebot@anthropic.com)"
92.222.104.203 - - [28/Oct/2025:00:06:43 +0100] "GET /?g=35445111 HTTP/1.1" 200 28599 "-" "Mozilla/5.0 (compatible; AhrefsBot/7.0; +http://ahrefs.com/robot/)"
20.171.207.177 - - [28/Oct/2025:00:06:44 +0100] "GET /630743080.shtml HTTP/1.1" 404 19206 "-" "Mozilla/5.0 AppleWebKit/537.36 (KHTML, like Gecko; compatible; GPTBot/1.2; +https://openai.com/gptbot)"
216.73.216.139 - - [28/Oct/2025:00:06:44 +0100] "GET /wp-includes/blocks/audio/style.min.css HTTP/1.1" 200 142 "-" "Mozilla/5.0 AppleWebKit/537.36 (KHTML, like Gecko; compatible; ClaudeBot/1.0; +claudebot@anthropic.com)"
216.73.216.139 - - [28/Oct/2025:00:06:44 +0100] "GET /wp-includes/images/media/audio.svg HTTP/1.1" 200 272 "-" "Mozilla/5.0 AppleWebKit/537.36 (KHTML, like Gecko; compatible; ClaudeBot/1.0; +claudebot@anthropic.com)"
216.73.216.139 - - [28/Oct/2025:00:06:44 +0100] "GET /wp-includes/blocks/paragraph/style.css HTTP/1.1" 200 383 "-" "Mozilla/5.0 AppleWebKit/537.36 (KHTML, like Gecko; compatible; ClaudeBot/1.0; +claudebot@anthropic.com)"
216.73.216.139 - - [28/Oct/2025:00:06:44 +0100] "GET /wp-includes/blocks/audio/theme.min.css HTTP/1.1" 200 145 "-" "Mozilla/5.0 AppleWebKit/537.36 (KHTML, like Gecko; compatible; ClaudeBot/1.0; +claudebot@anthropic.com)"
216.73.216.139 - - [28/Oct/2025:00:06:44 +0100] "GET /wp-includes/blocks/avatar/style.min.css HTTP/1.1" 200 115 "-" "Mozilla/5.0 AppleWebKit/537.36 (KHTML, like Gecko; compatible; ClaudeBot/1.0; +claudebot@anthropic.com)"
114.10.67.132 - - [28/Oct/2025:00:06:44 +0100] "GET /?i=182566913 HTTP/1.1" 200 305 "https://www.google.com/" "Mozilla/5.0 (Linux; Android 10; K) AppleWebKit/537.36 (KHTML, like Gecko) Chrome/140.0.0.0 Mobile Safari/537.36"
216.73.216.139 - - [28/Oct/2025:00:06:44 +0100] "GET /wp-includes/blocks/group/style.min.css HTTP/1.1" 200 114 "-" "Mozilla/5.0 AppleWebKit/537.36 (KHTML, like Gecko; compatible; ClaudeBot/1.0; +claudebot@anthropic.com)"
216.73.216.139 - - [28/Oct/2025:00:06:44 +0100] "GET /wp-includes/blocks/query-pagination-next/block.json HTTP/1.1" 200 505 "-" "Mozilla/5.0 AppleWebKit/537.36 (KHTML, like Gecko; compatible; ClaudeBot/1.0; +claudebot@anthropic.com)"
216.73.216.139 - - [28/Oct/2025:00:06:45 +0100] "GET /wp-includes/blocks/group/theme.min.css HTTP/1.1" 200 89 "-" "Mozilla/5.0 AppleWebKit/537.36 (KHTML, like Gecko; compatible; ClaudeBot/1.0; +claudebot@anthropic.com)"
216.73.216.139 - - [28/Oct/2025:00:06:45 +0100] "GET /wp-includes/blocks/audio/style.css HTTP/1.1" 200 151 "-" "Mozilla/5.0 AppleWebKit/537.36 (KHTML, like Gecko; compatible; ClaudeBot/1.0; +claudebot@anthropic.com)"
216.73.216.139 - - [28/Oct/2025:00:06:45 +0100] "GET /wp-includes/blocks/audio/theme.css HTTP/1.1" 200 157 "-" "Mozilla/5.0 AppleWebKit/537.36 (KHTML, like Gecko; compatible; ClaudeBot/1.0; +claudebot@anthropic.com)"
100.24.149.244 - - [28/Oct/2025:00:06:45 +0100] "GET /?i=1483013 HTTP/1.1" 301 5 "-" "Mozilla/5.0 AppleWebKit/537.36 (KHTML, like Gecko; compatible; Amazonbot/0.1; +https://developer.amazon.com/support/amazonbot) Chrome/119.0.6045.214 Safari/537.36"
216.73.216.139 - - [28/Oct/2025:00:06:45 +0100] "GET /wp-includes/images/media/code.png HTTP/1.1" 200 274 "-" "Mozilla/5.0 AppleWebKit/537.36 (KHTML, like Gecko; compatible; ClaudeBot/1.0; +claudebot@anthropic.com)"
66.249.76.235 - - [28/Oct/2025:00:06:45 +0100] "GET /?g=80897311 HTTP/1.1" 200 76792 "-" "Mozilla/5.0 (Linux; Android 6.0.1; Nexus 5X Build/MMB29P) AppleWebKit/537.36 (KHTML, like Gecko) Chrome/141.0.7390.122 Mobile Safari/537.36 (compatible; Googlebot/2.1; +http://www.google.com/bot.html)"
216.73.216.139 - - [28/Oct/2025:00:06:45 +0100] "GET /wp-includes/blocks/avatar/style.css HTTP/1.1" 200 125 "-" "Mozilla/5.0 AppleWebKit/537.36 (KHTML, like Gecko; compatible; ClaudeBot/1.0; +claudebot@anthropic.com)"
216.73.216.139 - - [28/Oct/2025:00:06:45 +0100] "GET /wp-includes/blocks/query-pagination-previous/block.json HTTP/1.1" 200 509 "-" "Mozilla/5.0 AppleWebKit/537.36 (KHTML, like Gecko; compatible; ClaudeBot/1.0; +claudebot@anthropic.com)"
216.73.216.139 - - [28/Oct/2025:00:06:45 +0100] "GET /wp-includes/blocks/group/style.css HTTP/1.1" 200 124 "-" "Mozilla/5.0 AppleWebKit/537.36 (KHTML, like Gecko; compatible; ClaudeBot/1.0; +claudebot@anthropic.com)"
18.210.58.238 - - [28/Oct/2025:00:06:46 +0100] "GET /?g=420130011 HTTP/1.1" 200 28598 "-" "Mozilla/5.0 AppleWebKit/537.36 (KHTML, like Gecko; compatible; Amazonbot/0.1; +https://developer.amazon.com/support/amazonbot) Chrome/119.0.6045.214 Safari/537.36"
216.73.216.139 - - [28/Oct/2025:00:06:46 +0100] "GET /wp-includes/images/media/spreadsheet.svg HTTP/1.1" 200 217 "-" "Mozilla/5.0 AppleWebKit/537.36 (KHTML, like Gecko; compatible; ClaudeBot/1.0; +claudebot@anthropic.com)"
216.73.216.139 - - [28/Oct/2025:00:06:46 +0100] "GET /wp-includes/blocks/group/theme.css HTTP/1.1" 200 94 "-" "Mozilla/5.0 AppleWebKit/537.36 (KHTML, like Gecko; compatible; ClaudeBot/1.0; +claudebot@anthropic.com)"
18.205.213.231 - - [28/Oct/2025:00:06:46 +0100] "GET /?i=1483013 HTTP/1.1" 200 3123 "-" "Mozilla/5.0 AppleWebKit/537.36 (KHTML, like Gecko; compatible; Amazonbot/0.1; +https://developer.amazon.com/support/amazonbot) Chrome/119.0.6045.214 Safari/537.36"
216.73.216.139 - - [28/Oct/2025:00:06:46 +0100] "GET /wp-includes/blocks/list/style-rtl.min.css HTTP/1.1" 200 119 "-" "Mozilla/5.0 AppleWebKit/537.36 (KHTML, like Gecko; compatible; ClaudeBot/1.0; +claudebot@anthropic.com)"
216.73.216.139 - - [28/Oct/2025:00:06:46 +0100] "GET /wp-includes/blocks/paragraph/editor.min.css HTTP/1.1" 200 264 "-" "Mozilla/5.0 AppleWebKit/537.36 (KHTML, like Gecko; compatible; ClaudeBot/1.0; +claudebot@anthropic.com)"
66.249.69.137 - - [28/Oct/2025:00:06:46 +0100] "GET /?g=239127711 HTTP/1.1" 200 76291 "-" "Mozilla/5.0 (Linux; Android 6.0.1; Nexus 5X Build/MMB29P) AppleWebKit/537.36 (KHTML, like Gecko) Chrome/141.0.7390.122 Mobile Safari/537.36 (compatible; Googlebot/2.1; +http://www.google.com/bot.html)"
216.73.216.139 - - [28/Oct/2025:00:06:46 +0100] "GET /wp-includes/js/imgareaselect/imgareaselect.css HTTP/1.1" 200 287 "-" "Mozilla/5.0 AppleWebKit/537.36 (KHTML, like Gecko; compatible; ClaudeBot/1.0; +claudebot@anthropic.com)"
216.73.216.139 - - [28/Oct/2025:00:06:46 +0100] "GET /wp-includes/blocks/audio/editor.min.css HTTP/1.1" 200 161 "-" "Mozilla/5.0 AppleWebKit/537.36 (KHTML, like Gecko; compatible; ClaudeBot/1.0; +claudebot@anthropic.com)"
216.73.216.139 - - [28/Oct/2025:00:06:47 +0100] "GET /wp-includes/blocks/verse/style-rtl.min.css HTTP/1.1" 200 110 "-" "Mozilla/5.0 AppleWebKit/537.36 (KHTML, like Gecko; compatible; ClaudeBot/1.0; +claudebot@anthropic.com)"
216.73.216.139 - - [28/Oct/2025:00:06:47 +0100] "GET /wp-includes/images/media/text.svg HTTP/1.1" 200 206 "-" "Mozilla/5.0 AppleWebKit/537.36 (KHTML, like Gecko; compatible; ClaudeBot/1.0; +claudebot@anthropic.com)"
216.73.216.139 - - [28/Oct/2025:00:06:47 +0100] "GET /wp-includes/blocks/list/style-rtl.css HTTP/1.1" 200 127 "-" "Mozilla/5.0 AppleWebKit/537.36 (KHTML, like Gecko; compatible; ClaudeBot/1.0; +claudebot@anthropic.com)"
216.73.216.139 - - [28/Oct/2025:00:06:47 +0100] "GET /wp-includes/blocks/avatar/editor.min.css HTTP/1.1" 200 127 "-" "Mozilla/5.0 AppleWebKit/537.36 (KHTML, like Gecko; compatible; ClaudeBot/1.0; +claudebot@anthropic.com)"
216.73.216.139 - - [28/Oct/2025:00:06:47 +0100] "GET /wp-includes/blocks/post-excerpt/style.min.css HTTP/1.1" 200 166 "-" "Mozilla/5.0 AppleWebKit/537.36 (KHTML, like Gecko; compatible; ClaudeBot/1.0; +claudebot@anthropic.com)"
216.73.216.139 - - [28/Oct/2025:00:06:47 +0100] "GET /wp-includes/blocks/paragraph/editor.css HTTP/1.1" 200 276 "-" "Mozilla/5.0 AppleWebKit/537.36 (KHTML, like Gecko; compatible; ClaudeBot/1.0; +claudebot@anthropic.com)"
216.73.216.139 - - [28/Oct/2025:00:06:47 +0100] "GET /wp-includes/blocks/group/editor.min.css HTTP/1.1" 200 358 "-" "Mozilla/5.0 AppleWebKit/537.36 (KHTML, like Gecko; compatible; ClaudeBot/1.0; +claudebot@anthropic.com)"
216.73.216.139 - - [28/Oct/2025:00:06:48 +0100] "GET /wp-includes/images/media/document.svg HTTP/1.1" 200 229 "-" "Mozilla/5.0 AppleWebKit/537.36 (KHTML, like Gecko; compatible; ClaudeBot/1.0; +claudebot@anthropic.com)"
216.73.216.139 - - [28/Oct/2025:00:06:48 +0100] "GET /wp-includes/blocks/paragraph/style-rtl.min.css HTTP/1.1" 200 360 "-" "Mozilla/5.0 AppleWebKit/537.36 (KHTML, like Gecko; compatible; ClaudeBot/1.0; +claudebot@anthropic.com)"
216.73.216.139 - - [28/Oct/2025:00:06:48 +0100] "GET /wp-includes/images/media/interactive.svg HTTP/1.1" 200 236 "-" "Mozilla/5.0 AppleWebKit/537.36 (KHTML, like Gecko; compatible; ClaudeBot/1.0; +claudebot@anthropic.com)"
216.73.216.139 - - [28/Oct/2025:00:06:48 +0100] "GET /wp-includes/blocks/archives/style.min.css HTTP/1.1" 200 101 "-" "Mozilla/5.0 AppleWebKit/537.36 (KHTML, like Gecko; compatible; ClaudeBot/1.0; +claudebot@anthropic.com)"
20.171.207.191 - - [28/Oct/2025:00:06:48 +0100] "GET /piano-mattei-per-lafrica/?d=/var/lib/nginx/fastcgi/5/02 HTTP/1.1" 200 1251 "-" "Mozilla/5.0 AppleWebKit/537.36 (KHTML, like Gecko; compatible; GPTBot/1.2; +https://openai.com/gptbot)"
216.73.216.139 - - [28/Oct/2025:00:06:48 +0100] "GET /tag/cooperazione/?a=bj&f=%2Fvar%2Frun%2Fcloud-init%2Fresult.json HTTP/1.1" 200 963 "-" "Mozilla/5.0 AppleWebKit/537.36 (KHTML, like Gecko; compatible; ClaudeBot/1.0; +claudebot@anthropic.com)"
216.73.216.139 - - [28/Oct/2025:00:06:48 +0100] "GET /wp-includes/blocks/audio/theme-rtl.min.css HTTP/1.1" 200 145 "-" "Mozilla/5.0 AppleWebKit/537.36 (KHTML, like Gecko; compatible; ClaudeBot/1.0; +claudebot@anthropic.com)"
216.73.216.139 - - [28/Oct/2025:00:06:48 +0100] "GET /wp-includes/blocks/verse/style-rtl.css HTTP/1.1" 200 122 "-" "Mozilla/5.0 AppleWebKit/537.36 (KHTML, like Gecko; compatible; ClaudeBot/1.0; +claudebot@anthropic.com)"
216.73.216.139 - - [28/Oct/2025:00:06:49 +0100] "GET /wp-includes/blocks/audio/editor-rtl.min.css HTTP/1.1" 200 162 "-" "Mozilla/5.0 AppleWebKit/537.36 (KHTML, like Gecko; compatible; ClaudeBot/1.0; +claudebot@anthropic.com)"
44.209.187.99 - - [28/Oct/2025:00:06:49 +0100] "GET /?i=2045713 HTTP/1.1" 301 5 "-" "Mozilla/5.0 AppleWebKit/537.36 (KHTML, like Gecko; compatible; Amazonbot/0.1; +https://developer.amazon.com/support/amazonbot) Chrome/119.0.6045.214 Safari/537.36"
216.73.216.139 - - [28/Oct/2025:00:06:49 +0100] "GET /tag/camera-di-commercio/?a=bj&f=%2Fvar%2Fwww%2Fglobaleconomytv.it%2Fwp-admin%2Fimages%2Ficons32-2x.png HTTP/1.1" 200 22782 "-" "Mozilla/5.0 AppleWebKit/537.36 (KHTML, like Gecko; compatible; ClaudeBot/1.0; +claudebot@anthropic.com)"
216.73.216.139 - - [28/Oct/2025:00:06:49 +0100] "GET /tag/camera-di-commercio/?a=bj&f=%2Fvar%2Fwww%2Fglobaleconomytv.it%2Fwp-admin%2Fimages%2Fwheel.png HTTP/1.1" 200 6899 "-" "Mozilla/5.0 AppleWebKit/537.36 (KHTML, like Gecko; compatible; ClaudeBot/1.0; +claudebot@anthropic.com)"
216.73.216.139 - - [28/Oct/2025:00:06:49 +0100] "GET /tag/camera-di-commercio/?a=bj&f=%2Fvar%2Fwww%2Fglobaleconomytv.it%2Fwp-admin%2Fimages%2Fstars-2x.png HTTP/1.1" 200 2305 "-" "Mozilla/5.0 AppleWebKit/537.36 (KHTML, like Gecko; compatible; ClaudeBot/1.0; +claudebot@anthropic.com)"
216.73.216.139 - - [28/Oct/2025:00:06:49 +0100] "GET /wp-includes/blocks/audio/style-rtl.min.css HTTP/1.1" 200 142 "-" "Mozilla/5.0 AppleWebKit/537.36 (KHTML, like Gecko; compatible; ClaudeBot/1.0; +claudebot@anthropic.com)"
85.235.148.169 - - [28/Oct/2025:00:06:49 +0100] "POST /wp-cron.php?doing_wp_cron=1761606409.9447200298309326171875 HTTP/1.1" 200 31 "-" "q4EmHBxFHC1f"
216.73.216.139 - - [28/Oct/2025:00:06:50 +0100] "GET /tag/camera-di-commercio/?a=bj&f=%2Fvar%2Fwww%2Fglobaleconomytv.it%2Fwp-admin%2Fimages%2Ficons32-vs.png HTTP/1.1" 200 9074 "-" "Mozilla/5.0 AppleWebKit/537.36 (KHTML, like Gecko; compatible; ClaudeBot/1.0; +claudebot@anthropic.com)"
216.73.216.139 - - [28/Oct/2025:00:06:50 +0100] "GET /wp-includes/blocks/avatar/editor.css HTTP/1.1" 200 137 "-" "Mozilla/5.0 AppleWebKit/537.36 (KHTML, like Gecko; compatible; ClaudeBot/1.0; +claudebot@anthropic.com)"
3.232.39.98 - - [28/Oct/2025:00:06:50 +0100] "GET /?g=97839811 HTTP/1.1" 200 28592 "-" "Mozilla/5.0 AppleWebKit/537.36 (KHTML, like Gecko; compatible; Amazonbot/0.1; +https://developer.amazon.com/support/amazonbot) Chrome/119.0.6045.214 Safari/537.36"
3.216.13.10 - - [28/Oct/2025:00:06:50 +0100] "GET /?i=2045713 HTTP/1.1" 200 3123 "-" "Mozilla/5.0 AppleWebKit/537.36 (KHTML, like Gecko; compatible; Amazonbot/0.1; +https://developer.amazon.com/support/amazonbot) Chrome/119.0.6045.214 Safari/537.36"
216.73.216.139 - - [28/Oct/2025:00:06:50 +0100] "GET /tag/camera-di-commercio/?a=bj&f=%2Fvar%2Fwww%2Fglobaleconomytv.it%2Fwp-admin%2Fimages%2Fwordpress-logo.png HTTP/1.1" 200 3475 "-" "Mozilla/5.0 AppleWebKit/537.36 (KHTML, like Gecko; compatible; ClaudeBot/1.0; +claudebot@anthropic.com)"
216.73.216.139 - - [28/Oct/2025:00:06:50 +0100] "GET /wp-includes/blocks/audio/editor.css HTTP/1.1" 200 171 "-" "Mozilla/5.0 AppleWebKit/537.36 (KHTML, like Gecko; compatible; ClaudeBot/1.0; +claudebot@anthropic.com)"
216.73.216.139 - - [28/Oct/2025:00:06:50 +0100] "GET /tag/camera-di-commercio/?a=bj&f=%2Fvar%2Fwww%2Fglobaleconomytv.it%2Fwp-admin%2Fimages%2Fmask.png HTTP/1.1" 200 3070 "-" "Mozilla/5.0 AppleWebKit/537.36 (KHTML, like Gecko; compatible; ClaudeBot/1.0; +claudebot@anthropic.com)"
216.73.216.139 - - [28/Oct/2025:00:06:50 +0100] "GET /wp-includes/blocks/paragraph/editor-rtl.min.css HTTP/1.1" 200 264 "-" "Mozilla/5.0 AppleWebKit/537.36 (KHTML, like Gecko; compatible; ClaudeBot/1.0; +claudebot@anthropic.com)"
216.73.216.139 - - [28/Oct/2025:00:06:50 +0100] "GET /wp-includes/blocks/avatar/style-rtl.min.css HTTP/1.1" 200 115 "-" "Mozilla/5.0 AppleWebKit/537.36 (KHTML, like Gecko; compatible; ClaudeBot/1.0; +claudebot@anthropic.com)"
216.73.216.139 - - [28/Oct/2025:00:06:51 +0100] "GET /wp-includes/blocks/group/theme-rtl.min.css HTTP/1.1" 200 89 "-" "Mozilla/5.0 AppleWebKit/537.36 (KHTML, like Gecko; compatible; ClaudeBot/1.0; +claudebot@anthropic.com)"
216.73.216.139 - - [28/Oct/2025:00:06:51 +0100] "GET /wp-includes/images/media/default.svg HTTP/1.1" 200 165 "-" "Mozilla/5.0 AppleWebKit/537.36 (KHTML, like Gecko; compatible; ClaudeBot/1.0; +claudebot@anthropic.com)"
216.73.216.139 - - [28/Oct/2025:00:06:51 +0100] "GET /tag/camera-di-commercio/?a=bj&f=%2Fvar%2Fwww%2Fglobaleconomytv.it%2Fwp-admin%2Fimages%2Farrows-2x.png HTTP/1.1" 200 1770 "-" "Mozilla/5.0 AppleWebKit/537.36 (KHTML, like Gecko; compatible; ClaudeBot/1.0; +claudebot@anthropic.com)"
216.73.216.139 - - [28/Oct/2025:00:06:51 +0100] "GET /wp-includes/blocks/audio/theme-rtl.css HTTP/1.1" 200 157 "-" "Mozilla/5.0 AppleWebKit/537.36 (KHTML, like Gecko; compatible; ClaudeBot/1.0; +claudebot@anthropic.com)"
216.73.216.139 - - [28/Oct/2025:00:06:51 +0100] "GET /wp-includes/blocks/paragraph/style-rtl.css HTTP/1.1" 200 383 "-" "Mozilla/5.0 AppleWebKit/537.36 (KHTML, like Gecko; compatible; ClaudeBot/1.0; +claudebot@anthropic.com)"
66.249.76.68 - - [28/Oct/2025:00:06:52 +0100] "GET /products/20365496 HTTP/1.1" 200 30710 "-" "Mozilla/5.0 (Linux; Android 6.0.1; Nexus 5X Build/MMB29P) AppleWebKit/537.36 (KHTML, like Gecko) Chrome/141.0.7390.122 Mobile Safari/537.36 (compatible; Googlebot/2.1; +http://www.google.com/bot.html)"
216.73.216.139 - - [28/Oct/2025:00:06:52 +0100] "GET /tag/camera-di-commercio/?a=bj&f=%2Fvar%2Fwww%2Fglobaleconomytv.it%2Fwp-admin%2Fimages%2Falign-center.png HTTP/1.1" 200 1561 "-" "Mozilla/5.0 AppleWebKit/537.36 (KHTML, like Gecko; compatible; ClaudeBot/1.0; +claudebot@anthropic.com)"
216.73.216.139 - - [28/Oct/2025:00:06:52 +0100] "GET /wp-includes/blocks/post-excerpt/style.css HTTP/1.1" 200 179 "-" "Mozilla/5.0 AppleWebKit/537.36 (KHTML, like Gecko; compatible; ClaudeBot/1.0; +claudebot@anthropic.com)"
216.73.216.139 - - [28/Oct/2025:00:06:52 +0100] "GET /wp-includes/blocks/group/editor-rtl.min.css HTTP/1.1" 200 358 "-" "Mozilla/5.0 AppleWebKit/537.36 (KHTML, like Gecko; compatible; ClaudeBot/1.0; +claudebot@anthropic.com)"
216.73.216.139 - - [28/Oct/2025:00:06:52 +0100] "GET /wp-includes/blocks/group/style-rtl.min.css HTTP/1.1" 200 114 "-" "Mozilla/5.0 AppleWebKit/537.36 (KHTML, like Gecko; compatible; ClaudeBot/1.0; +claudebot@anthropic.com)"
216.73.216.139 - - [28/Oct/2025:00:06:52 +0100] "GET /tag/camera-di-commercio/?a=bj&f=%2Fvar%2Fwww%2Fglobaleconomytv.it%2Fwp-includes%2Fimages%2Fwpicons.png HTTP/1.1" 200 8115 "-" "Mozilla/5.0 AppleWebKit/537.36 (KHTML, like Gecko; compatible; ClaudeBot/1.0; +claudebot@anthropic.com)"
216.73.216.139 - - [28/Oct/2025:00:06:52 +0100] "GET /wp-includes/blocks/avatar/editor-rtl.min.css HTTP/1.1" 200 127 "-" "Mozilla/5.0 AppleWebKit/537.36 (KHTML, like Gecko; compatible; ClaudeBot/1.0; +claudebot@anthropic.com)"
216.73.216.139 - - [28/Oct/2025:00:06:53 +0100] "GET /wp-includes/blocks/paragraph/editor-rtl.css HTTP/1.1" 200 276 "-" "Mozilla/5.0 AppleWebKit/537.36 (KHTML, like Gecko; compatible; ClaudeBot/1.0; +claudebot@anthropic.com)"
44.218.6.93 - - [28/Oct/2025:00:06:53 +0100] "GET /?i=6756213 HTTP/1.1" 301 5 "-" "Mozilla/5.0 AppleWebKit/537.36 (KHTML, like Gecko; compatible; Amazonbot/0.1; +https://developer.amazon.com/support/amazonbot) Chrome/119.0.6045.214 Safari/537.36"
216.73.216.139 - - [28/Oct/2025:00:06:53 +0100] "GET /tag/camera-di-commercio/?a=bj&f=%2Fvar%2Fwww%2Fglobaleconomytv.it%2Fwp-admin%2Fimages%2Fse.png HTTP/1.1" 200 1058 "-" "Mozilla/5.0 AppleWebKit/537.36 (KHTML, like Gecko; compatible; ClaudeBot/1.0; +claudebot@anthropic.com)"
216.73.216.139 - - [28/Oct/2025:00:06:53 +0100] "GET /wp-includes/blocks/group/editor.css HTTP/1.1" 200 380 "-" "Mozilla/5.0 AppleWebKit/537.36 (KHTML, like Gecko; compatible; ClaudeBot/1.0; +claudebot@anthropic.com)"
216.73.216.139 - - [28/Oct/2025:00:06:53 +0100] "GET /tag/camera-di-commercio/?a=bj&f=%2Fvar%2Fwww%2Fglobaleconomytv.it%2Fwp-admin%2Fimages%2Fbrowser.png HTTP/1.1" 200 41751 "-" "Mozilla/5.0 AppleWebKit/537.36 (KHTML, like Gecko; compatible; ClaudeBot/1.0; +claudebot@anthropic.com)"
216.73.216.139 - - [28/Oct/2025:00:06:53 +0100] "GET /tag/camera-di-commercio/?a=bj&f=%2Fvar%2Fwww%2Fglobaleconomytv.it%2Fwp-includes%2Fimages%2Fwpicons-2x.png HTTP/1.1" 200 15667 "-" "Mozilla/5.0 AppleWebKit/537.36 (KHTML, like Gecko; compatible; ClaudeBot/1.0; +claudebot@anthropic.com)"
216.73.216.139 - - [28/Oct/2025:00:06:53 +0100] "GET /wp-includes/blocks/audio/editor-rtl.css HTTP/1.1" 200 173 "-" "Mozilla/5.0 AppleWebKit/537.36 (KHTML, like Gecko; compatible; ClaudeBot/1.0; +claudebot@anthropic.com)"
216.73.216.139 - - [28/Oct/2025:00:06:53 +0100] "GET /wp-includes/images/media/archive.svg HTTP/1.1" 200 265 "-" "Mozilla/5.0 AppleWebKit/537.36 (KHTML, like Gecko; compatible; ClaudeBot/1.0; +claudebot@anthropic.com)"
216.73.216.139 - - [28/Oct/2025:00:06:53 +0100] "GET /tag/camera-di-commercio/?a=bj&f=%2Fvar%2Fwww%2Fglobaleconomytv.it%2Fwp-admin%2Fimages%2Falign-right.png HTTP/1.1" 200 1523 "-" "Mozilla/5.0 AppleWebKit/537.36 (KHTML, like Gecko; compatible; ClaudeBot/1.0; +claudebot@anthropic.com)"
54.84.102.81 - - [28/Oct/2025:00:06:54 +0100] "GET /?g=17621111 HTTP/1.1" 200 28594 "-" "Mozilla/5.0 AppleWebKit/537.36 (KHTML, like Gecko; compatible; Amazonbot/0.1; +https://developer.amazon.com/support/amazonbot) Chrome/119.0.6045.214 Safari/537.36"
216.73.216.139 - - [28/Oct/2025:00:06:54 +0100] "GET /tag/camera-di-commercio/?a=bj&f=%2Fvar%2Fwww%2Fglobaleconomytv.it%2Fwp-admin%2Fimages%2Fmedia-button.png HTTP/1.1" 200 1310 "-" "Mozilla/5.0 AppleWebKit/537.36 (KHTML, like Gecko; compatible; ClaudeBot/1.0; +claudebot@anthropic.com)"
18.233.24.238 - - [28/Oct/2025:00:06:54 +0100] "GET /?i=6756213 HTTP/1.1" 200 3123 "-" "Mozilla/5.0 AppleWebKit/537.36 (KHTML, like Gecko; compatible; Amazonbot/0.1; +https://developer.amazon.com/support/amazonbot) Chrome/119.0.6045.214 Safari/537.36"
216.73.216.139 - - [28/Oct/2025:00:06:54 +0100] "GET /wp-includes/blocks/archives/style.css HTTP/1.1" 200 110 "-" "Mozilla/5.0 AppleWebKit/537.36 (KHTML, like Gecko; compatible; ClaudeBot/1.0; +claudebot@anthropic.com)"
216.73.216.139 - - [28/Oct/2025:00:06:54 +0100] "GET /tag/cooperazione/?a=bj&f=%2Fvar%2Frun%2Fcloud-init%2Fstatus.json HTTP/1.1" 200 1078 "-" "Mozilla/5.0 AppleWebKit/537.36 (KHTML, like Gecko; compatible; ClaudeBot/1.0; +claudebot@anthropic.com)"
216.73.216.139 - - [28/Oct/2025:00:06:54 +0100] "GET /tag/camera-di-commercio/?a=bj&f=%2Fvar%2Fwww%2Fglobaleconomytv.it%2Fwp-admin%2Fimages%2Fgeneric.png HTTP/1.1" 200 1742 "-" "Mozilla/5.0 AppleWebKit/537.36 (KHTML, like Gecko; compatible; ClaudeBot/1.0; +claudebot@anthropic.com)"
216.73.216.139 - - [28/Oct/2025:00:06:54 +0100] "GET /wp-includes/blocks/group/theme-rtl.css HTTP/1.1" 200 94 "-" "Mozilla/5.0 AppleWebKit/537.36 (KHTML, like Gecko; compatible; ClaudeBot/1.0; +claudebot@anthropic.com)"
216.73.216.139 - - [28/Oct/2025:00:06:54 +0100] "GET /tag/camera-di-commercio/?a=bj&f=%2Fvar%2Fwww%2Fglobaleconomytv.it%2Fwp-admin%2Fimages%2Fimgedit-icons.png HTTP/1.1" 200 5089 "-" "Mozilla/5.0 AppleWebKit/537.36 (KHTML, like Gecko; compatible; ClaudeBot/1.0; +claudebot@anthropic.com)"
216.73.216.139 - - [28/Oct/2025:00:06:55 +0100] "GET /wp-includes/js/swfupload/license.txt HTTP/1.1" 200 870 "-" "Mozilla/5.0 AppleWebKit/537.36 (KHTML, like Gecko; compatible; ClaudeBot/1.0; +claudebot@anthropic.com)"
216.73.216.139 - - [28/Oct/2025:00:06:55 +0100] "GET /tag/camera-di-commercio/?a=bj&f=%2Fvar%2Fwww%2Fglobaleconomytv.it%2Fwp-admin%2Fimages%2Fabout-texture.png HTTP/1.1" 200 102434 "-" "Mozilla/5.0 AppleWebKit/537.36 (KHTML, like Gecko; compatible; ClaudeBot/1.0; +claudebot@anthropic.com)"
216.73.216.139 - - [28/Oct/2025:00:06:55 +0100] "GET /tag/camera-di-commercio/?a=bj&f=%2Fvar%2Fwww%2Fglobaleconomytv.it%2Fwp-admin%2Fimages%2Fmenu.png HTTP/1.1" 200 6101 "-" "Mozilla/5.0 AppleWebKit/537.36 (KHTML, like Gecko; compatible; ClaudeBot/1.0; +claudebot@anthropic.com)"
216.73.216.139 - - [28/Oct/2025:00:06:55 +0100] "GET /tag/camera-di-commercio/?a=bj&f=%2Fvar%2Fwww%2Fglobaleconomytv.it%2Fwp-admin%2Fimages%2Fmenu-2x.png HTTP/1.1" 200 13672 "-" "Mozilla/5.0 AppleWebKit/537.36 (KHTML, like Gecko; compatible; ClaudeBot/1.0; +claudebot@anthropic.com)"
216.73.216.139 - - [28/Oct/2025:00:06:55 +0100] "GET /tag/cooperazione/?d=%2Fvar%2Frun%2Fneedrestart%2F HTTP/1.1" 200 1217 "-" "Mozilla/5.0 AppleWebKit/537.36 (KHTML, like Gecko; compatible; ClaudeBot/1.0; +claudebot@anthropic.com)"
216.73.216.139 - - [28/Oct/2025:00:06:55 +0100] "GET /wp-includes/blocks/avatar/editor-rtl.css HTTP/1.1" 200 137 "-" "Mozilla/5.0 AppleWebKit/537.36 (KHTML, like Gecko; compatible; ClaudeBot/1.0; +claudebot@anthropic.com)"
216.73.216.139 - - [28/Oct/2025:00:06:56 +0100] "GET /tag/camera-di-commercio/?a=bj&f=%2Fvar%2Fwww%2Fglobaleconomytv.it%2Fwp-admin%2Fimages%2Fmenu-vs.png HTTP/1.1" 200 6158 "-" "Mozilla/5.0 AppleWebKit/537.36 (KHTML, like Gecko; compatible; ClaudeBot/1.0; +claudebot@anthropic.com)"
216.73.216.139 - - [28/Oct/2025:00:06:56 +0100] "GET /wp-includes/blocks/avatar/style-rtl.css HTTP/1.1" 200 125 "-" "Mozilla/5.0 AppleWebKit/537.36 (KHTML, like Gecko; compatible; ClaudeBot/1.0; +claudebot@anthropic.com)"
216.73.216.139 - - [28/Oct/2025:00:06:56 +0100] "GET /tag/cooperazione/?d=%2Fvar%2Frun%2Flog%2F HTTP/1.1" 200 1345 "-" "Mozilla/5.0 AppleWebKit/537.36 (KHTML, like Gecko; compatible; ClaudeBot/1.0; +claudebot@anthropic.com)"
216.73.216.139 - - [28/Oct/2025:00:06:56 +0100] "GET /wp-includes/blocks/group/editor-rtl.css HTTP/1.1" 200 380 "-" "Mozilla/5.0 AppleWebKit/537.36 (KHTML, like Gecko; compatible; ClaudeBot/1.0; +claudebot@anthropic.com)"
216.73.216.139 - - [28/Oct/2025:00:06:56 +0100] "GET /wp-includes/blocks/post-excerpt/editor.min.css HTTP/1.1" 200 82 "-" "Mozilla/5.0 AppleWebKit/537.36 (KHTML, like Gecko; compatible; ClaudeBot/1.0; +claudebot@anthropic.com)"
216.73.216.139 - - [28/Oct/2025:00:06:56 +0100] "GET /tag/cooperazione/?d=%2Fvar%2Flog%2Fjournal%2F HTTP/1.1" 200 1371 "-" "Mozilla/5.0 AppleWebKit/537.36 (KHTML, like Gecko; compatible; ClaudeBot/1.0; +claudebot@anthropic.com)"
216.73.216.139 - - [28/Oct/2025:00:06:56 +0100] "GET /tag/cooperazione/?a=bj&f=%2Fvar%2Flib%2Fsnapd%2Fstate.json HTTP/1.1" 200 886 "-" "Mozilla/5.0 AppleWebKit/537.36 (KHTML, like Gecko; compatible; ClaudeBot/1.0; +claudebot@anthropic.com)"
216.73.216.139 - - [28/Oct/2025:00:06:57 +0100] "GET /wp-includes/blocks/audio/style-rtl.css HTTP/1.1" 200 151 "-" "Mozilla/5.0 AppleWebKit/537.36 (KHTML, like Gecko; compatible; ClaudeBot/1.0; +claudebot@anthropic.com)"
216.73.216.139 - - [28/Oct/2025:00:06:57 +0100] "GET /tag/camera-di-commercio/?a=bj&f=%2Fvar%2Fwww%2Fglobaleconomytv.it%2Fwp-admin%2Fimages%2Falign-left.png HTTP/1.1" 200 1571 "-" "Mozilla/5.0 AppleWebKit/537.36 (KHTML, like Gecko; compatible; ClaudeBot/1.0; +claudebot@anthropic.com)"
216.73.216.139 - - [28/Oct/2025:00:06:57 +0100] "GET /tag/cooperazione/?a=bj&f=%2Fvar%2Fwww%2Fitalafricacentrale.com%2Fwp-includes%2Fimages%2Fmedia%2Fvideo.png HTTP/1.1" 200 1261 "-" "Mozilla/5.0 AppleWebKit/537.36 (KHTML, like Gecko; compatible; ClaudeBot/1.0; +claudebot@anthropic.com)"
3.218.35.239 - - [28/Oct/2025:00:06:57 +0100] "GET /?i=247933313 HTTP/1.1" 301 5 "-" "Mozilla/5.0 AppleWebKit/537.36 (KHTML, like Gecko; compatible; Amazonbot/0.1; +https://developer.amazon.com/support/amazonbot) Chrome/119.0.6045.214 Safari/537.36"
216.73.216.139 - - [28/Oct/2025:00:06:57 +0100] "GET /tag/cooperazione/?a=bj&f=%2Fvar%2Fwww%2Fitalafricacentrale.com%2Fwp-includes%2Fimages%2Fmedia%2Faudio.png HTTP/1.1" 200 1378 "-" "Mozilla/5.0 AppleWebKit/537.36 (KHTML, like Gecko; compatible; ClaudeBot/1.0; +claudebot@anthropic.com)"
216.73.216.139 - - [28/Oct/2025:00:06:57 +0100] "GET /tag/cooperazione/?d=%2Fvar%2Flib%2Fplymouth%2F HTTP/1.1" 200 1214 "-" "Mozilla/5.0 AppleWebKit/537.36 (KHTML, like Gecko; compatible; ClaudeBot/1.0; +claudebot@anthropic.com)"
66.249.72.34 - - [28/Oct/2025:00:06:57 +0100] "GET /?g=86070711 HTTP/1.1" 200 76540 "-" "Mozilla/5.0 (Linux; Android 6.0.1; Nexus 5X Build/MMB29P) AppleWebKit/537.36 (KHTML, like Gecko) Chrome/141.0.7390.122 Mobile Safari/537.36 (compatible; Googlebot/2.1; +http://www.google.com/bot.html)"
216.73.216.139 - - [28/Oct/2025:00:06:57 +0100] "GET /tag/camera-di-commercio/?a=bj&f=%2Fvar%2Fwww%2Fglobaleconomytv.it%2Fwp-admin%2Fimages%2Falign-none.png HTTP/1.1" 200 1418 "-" "Mozilla/5.0 AppleWebKit/537.36 (KHTML, like Gecko; compatible; ClaudeBot/1.0; +claudebot@anthropic.com)"
216.73.216.139 - - [28/Oct/2025:00:06:58 +0100] "GET /tag/camera-di-commercio/?a=bj&f=%2Fvar%2Fwww%2Fglobaleconomytv.it%2Fwp-includes%2Fimages%2Fuploader-icons.png HTTP/1.1" 200 2616 "-" "Mozilla/5.0 AppleWebKit/537.36 (KHTML, like Gecko; compatible; ClaudeBot/1.0; +claudebot@anthropic.com)"
85.235.148.169 - - [28/Oct/2025:00:06:58 +0100] "POST /wp-cron.php?doing_wp_cron=1761606418.0693910121917724609375 HTTP/1.1" 200 31 "-" "gHtYXIcjCctK"
20.171.207.191 - - [28/Oct/2025:00:06:58 +0100] "GET /piano-mattei-per-lafrica/?d=/var/lib/nginx/fastcgi/0/56 HTTP/1.1" 200 1250 "-" "Mozilla/5.0 AppleWebKit/537.36 (KHTML, like Gecko; compatible; GPTBot/1.2; +https://openai.com/gptbot)"
216.73.216.139 - - [28/Oct/2025:00:06:58 +0100] "GET /tag/cooperazione/?d=%2Fvar%2Frun%2Fmultipath%2F HTTP/1.1" 200 1213 "-" "Mozilla/5.0 AppleWebKit/537.36 (KHTML, like Gecko; compatible; ClaudeBot/1.0; +claudebot@anthropic.com)"
35.171.141.42 - - [28/Oct/2025:00:06:58 +0100] "GET /?i=247933313 HTTP/1.1" 200 3123 "-" "Mozilla/5.0 AppleWebKit/537.36 (KHTML, like Gecko; compatible; Amazonbot/0.1; +https://developer.amazon.com/support/amazonbot) Chrome/119.0.6045.214 Safari/537.36"
216.73.216.139 - - [28/Oct/2025:00:06:58 +0100] "GET /tag/camera-di-commercio/?a=bj&f=%2Fvar%2Fwww%2Fglobaleconomytv.it%2Fwp-includes%2Fimages%2Ftoggle-arrow.png HTTP/1.1" 200 1236 "-" "Mozilla/5.0 AppleWebKit/537.36 (KHTML, like Gecko; compatible; ClaudeBot/1.0; +claudebot@anthropic.com)"
34.202.88.37 - - [28/Oct/2025:00:06:58 +0100] "GET /?g=21480011 HTTP/1.1" 200 28598 "-" "Mozilla/5.0 AppleWebKit/537.36 (KHTML, like Gecko; compatible; Amazonbot/0.1; +https://developer.amazon.com/support/amazonbot) Chrome/119.0.6045.214 Safari/537.36"
216.73.216.139 - - [28/Oct/2025:00:06:58 +0100] "GET /tag/camera-di-commercio/?a=bj&f=%2Fvar%2Fwww%2Fglobaleconomytv.it%2Fwp-admin%2Fimages%2Fbrowser-rtl.png HTTP/1.1" 200 41325 "-" "Mozilla/5.0 AppleWebKit/537.36 (KHTML, like Gecko; compatible; ClaudeBot/1.0; +claudebot@anthropic.com)"
216.73.216.139 - - [28/Oct/2025:00:06:58 +0100] "GET /tag/cooperazione/?d=%2Fvar%2Frun%2Fsystemd%2Fgenerator.early HTTP/1.1" 200 1383 "-" "Mozilla/5.0 AppleWebKit/537.36 (KHTML, like Gecko; compatible; ClaudeBot/1.0; +claudebot@anthropic.com)"
216.73.216.139 - - [28/Oct/2025:00:06:58 +0100] "GET /tag/camera-di-commercio/?a=bj&f=%2Fvar%2Fwww%2Fglobaleconomytv.it%2Fwp-admin%2Fimages%2Fpost-formats.png HTTP/1.1" 200 3231 "-" "Mozilla/5.0 AppleWebKit/537.36 (KHTML, like Gecko; compatible; ClaudeBot/1.0; +claudebot@anthropic.com)"
216.73.216.139 - - [28/Oct/2025:00:06:58 +0100] "GET /tag/camera-di-commercio/?a=bj&f=%2Fvar%2Fwww%2Fglobaleconomytv.it%2Fwp-admin%2Fimages%2Fpost-formats32.png HTTP/1.1" 200 6130 "-" "Mozilla/5.0 AppleWebKit/537.36 (KHTML, like Gecko; compatible; ClaudeBot/1.0; +claudebot@anthropic.com)"
216.73.216.139 - - [28/Oct/2025:00:06:59 +0100] "GET /tag/cooperazione/?d=%2Fvar%2Frun%2Fcryptsetup%2F HTTP/1.1" 200 1215 "-" "Mozilla/5.0 AppleWebKit/537.36 (KHTML, like Gecko; compatible; ClaudeBot/1.0; +claudebot@anthropic.com)"
216.73.216.139 - - [28/Oct/2025:00:06:59 +0100] "GET /wp-includes/js/imgareaselect/border-anim-v.gif HTTP/1.1" 200 178 "-" "Mozilla/5.0 AppleWebKit/537.36 (KHTML, like Gecko; compatible; ClaudeBot/1.0; +claudebot@anthropic.com)"
216.73.216.139 - - [28/Oct/2025:00:06:59 +0100] "GET /tag/cooperazione/?d=%2Fvar%2Frun%2Fcredentials%2F HTTP/1.1" 200 1363 "-" "Mozilla/5.0 AppleWebKit/537.36 (KHTML, like Gecko; compatible; ClaudeBot/1.0; +claudebot@anthropic.com)"
216.73.216.139 - - [28/Oct/2025:00:06:59 +0100] "GET /tag/camera-di-commercio/?a=bj&f=%2Fvar%2Fwww%2Fglobaleconomytv.it%2Fwp-includes%2Fimages%2Frss.png HTTP/1.1" 200 1617 "-" "Mozilla/5.0 AppleWebKit/537.36 (KHTML, like Gecko; compatible; ClaudeBot/1.0; +claudebot@anthropic.com)"
216.73.216.139 - - [28/Oct/2025:00:06:59 +0100] "GET /wp-includes/blocks/group/style-rtl.css HTTP/1.1" 200 124 "-" "Mozilla/5.0 AppleWebKit/537.36 (KHTML, like Gecko; compatible; ClaudeBot/1.0; +claudebot@anthropic.com)"
216.73.216.139 - - [28/Oct/2025:00:06:59 +0100] "GET /tag/cooperazione/?d=%2Fvar%2Flock%2Flvm%2F HTTP/1.1" 200 1212 "-" "Mozilla/5.0 AppleWebKit/537.36 (KHTML, like Gecko; compatible; ClaudeBot/1.0; +claudebot@anthropic.com)"
216.73.216.139 - - [28/Oct/2025:00:06:59 +0100] "GET /tag/cooperazione/?d=%2Fvar%2Frun%2Fsystemd%2Fseats HTTP/1.1" 200 1423 "-" "Mozilla/5.0 AppleWebKit/537.36 (KHTML, like Gecko; compatible; ClaudeBot/1.0; +claudebot@anthropic.com)"
216.73.216.139 - - [28/Oct/2025:00:07:00 +0100] "GET /wp-includes/js/imgareaselect/border-anim-h.gif HTTP/1.1" 200 178 "-" "Mozilla/5.0 AppleWebKit/537.36 (KHTML, like Gecko; compatible; ClaudeBot/1.0; +claudebot@anthropic.com)"
216.73.216.139 - - [28/Oct/2025:00:07:00 +0100] "GET /tag/cooperazione/?d=%2Fvar%2Fcache%2Ffwupd%2F HTTP/1.1" 200 1554 "-" "Mozilla/5.0 AppleWebKit/537.36 (KHTML, like Gecko; compatible; ClaudeBot/1.0; +claudebot@anthropic.com)"
216.73.216.139 - - [28/Oct/2025:00:07:00 +0100] "GET /wp-includes/blocks/archives/editor.min.css HTTP/1.1" 200 95 "-" "Mozilla/5.0 AppleWebKit/537.36 (KHTML, like Gecko; compatible; ClaudeBot/1.0; +claudebot@anthropic.com)"
216.73.216.139 - - [28/Oct/2025:00:07:00 +0100] "GET /tag/camera-di-commercio/?a=bj&f=%2Fvar%2Fwww%2Fglobaleconomytv.it%2Fwp-includes%2Fimages%2Frss-2x.png HTTP/1.1" 200 2339 "-" "Mozilla/5.0 AppleWebKit/537.36 (KHTML, like Gecko; compatible; ClaudeBot/1.0; +claudebot@anthropic.com)"
216.73.216.139 - - [28/Oct/2025:00:07:00 +0100] "GET /wp-includes/blocks/post-excerpt/editor-rtl.min.css HTTP/1.1" 200 82 "-" "Mozilla/5.0 AppleWebKit/537.36 (KHTML, like Gecko; compatible; ClaudeBot/1.0; +claudebot@anthropic.com)"
216.73.216.139 - - [28/Oct/2025:00:07:00 +0100] "GET /tag/camera-di-commercio/?a=bj&f=%2Fvar%2Fwww%2Fglobaleconomytv.it%2Fwp-admin%2Fimages%2Farrows.png HTTP/1.1" 499 0 "-" "Mozilla/5.0 AppleWebKit/537.36 (KHTML, like Gecko; compatible; ClaudeBot/1.0; +claudebot@anthropic.com)"
216.73.216.139 - - [28/Oct/2025:00:07:00 +0100] "GET /tag/cooperazione/?d=%2Fvar%2Fcache%2Fpollinate%2F HTTP/1.1" 200 1215 "-" "Mozilla/5.0 AppleWebKit/537.36 (KHTML, like Gecko; compatible; ClaudeBot/1.0; +claudebot@anthropic.com)"
216.73.216.139 - - [28/Oct/2025:00:07:01 +0100] "GET /tag/cooperazione/?d=%2Fvar%2Frun%2Fsystemd%2Fincoming HTTP/1.1" 200 1229 "-" "Mozilla/5.0 AppleWebKit/537.36 (KHTML, like Gecko; compatible; ClaudeBot/1.0; +claudebot@anthropic.com)"
216.73.216.139 - - [28/Oct/2025:00:07:01 +0100] "GET /tag/cooperazione/?d=%2Fvar%2Frun%2Fsystemd%2F HTTP/1.1" 200 2856 "-" "Mozilla/5.0 AppleWebKit/537.36 (KHTML, like Gecko; compatible; ClaudeBot/1.0; +claudebot@anthropic.com)"
216.73.216.139 - - [28/Oct/2025:00:07:01 +0100] "GET /tag/cooperazione/?d=%2Fvar%2Frun%2Fcloud-init%2F HTTP/1.1" 200 2296 "-" "Mozilla/5.0 AppleWebKit/537.36 (KHTML, like Gecko; compatible; ClaudeBot/1.0; +claudebot@anthropic.com)"
3.225.9.97 - - [28/Oct/2025:00:07:01 +0100] "GET /?i=26920813 HTTP/1.1" 301 5 "-" "Mozilla/5.0 AppleWebKit/537.36 (KHTML, like Gecko; compatible; Amazonbot/0.1; +https://developer.amazon.com/support/amazonbot) Chrome/119.0.6045.214 Safari/537.36"
216.73.216.139 - - [28/Oct/2025:00:07:01 +0100] "GET /tag/cooperazione/?d=%2Fvar%2Flib%2Fsnapd%2Fsnapshots HTTP/1.1" 200 1227 "-" "Mozilla/5.0 AppleWebKit/537.36 (KHTML, like Gecko; compatible; ClaudeBot/1.0; +claudebot@anthropic.com)"
216.73.216.139 - - [28/Oct/2025:00:07:01 +0100] "GET /tag/cooperazione/?d=%2Fvar%2Frun%2Fsystemd%2Finhibit HTTP/1.1" 200 1701 "-" "Mozilla/5.0 AppleWebKit/537.36 (KHTML, like Gecko; compatible; ClaudeBot/1.0; +claudebot@anthropic.com)"
216.73.216.139 - - [28/Oct/2025:00:07:01 +0100] "GET /tag/cooperazione/?d=%2Fvar%2Frun%2Fsystemd%2Fgenerator.late HTTP/1.1" 200 1603 "-" "Mozilla/5.0 AppleWebKit/537.36 (KHTML, like Gecko; compatible; ClaudeBot/1.0; +claudebot@anthropic.com)"
216.73.216.139 - - [28/Oct/2025:00:07:01 +0100] "GET /wp-includes/blocks/post-excerpt/style-rtl.min.css HTTP/1.1" 200 166 "-" "Mozilla/5.0 AppleWebKit/537.36 (KHTML, like Gecko; compatible; ClaudeBot/1.0; +claudebot@anthropic.com)"
216.73.216.139 - - [28/Oct/2025:00:07:02 +0100] "GET /tag/cooperazione/?a=bj&f=%2Fvar%2Fwww%2Fitalafricacentrale.com%2Fwp-includes%2Fimages%2Fmedia%2Fspreadsheet.png HTTP/1.1" 200 1156 "-" "Mozilla/5.0 AppleWebKit/537.36 (KHTML, like Gecko; compatible; ClaudeBot/1.0; +claudebot@anthropic.com)"
23.23.103.31 - - [28/Oct/2025:00:07:02 +0100] "GET /?i=26920813 HTTP/1.1" 200 3123 "-" "Mozilla/5.0 AppleWebKit/537.36 (KHTML, like Gecko; compatible; Amazonbot/0.1; +https://developer.amazon.com/support/amazonbot) Chrome/119.0.6045.214 Safari/537.36"
3.90.73.206 - - [28/Oct/2025:00:07:02 +0100] "GET /?g=422022911 HTTP/1.1" 200 28595 "-" "Mozilla/5.0 AppleWebKit/537.36 (KHTML, like Gecko; compatible; Amazonbot/0.1; +https://developer.amazon.com/support/amazonbot) Chrome/119.0.6045.214 Safari/537.36"
216.73.216.139 - - [28/Oct/2025:00:07:02 +0100] "GET /wp-admin/post.php HTTP/1.1" 302 5 "-" "Mozilla/5.0 AppleWebKit/537.36 (KHTML, like Gecko; compatible; ClaudeBot/1.0; +claudebot@anthropic.com)"
43.104.33.78 - - [28/Oct/2025:00:07:02 +0100] "HEAD /?a=bj&f=%2Fvar%2Fwww%2Falfredocestari.it%2Fwp-admin%2Fmenu-header.php HTTP/1.1" 200 0 "-" "Mozilla/5.0 (Windows NT 10.0; Win64; x64) AppleWebKit/537.36 (KHTML, like Gecko) Chrome/68.0.2324.64 Safari/537.36"
43.104.33.79 - - [28/Oct/2025:00:07:02 +0100] "HEAD /?a=bj&f=%2Fvar%2Flib%2Fdpkg%2Finfo%2Flvm2.postrm HTTP/1.1" 200 0 "-" "Mozilla/5.0 (Windows NT 6.1; Win64; x64) AppleWebKit/537.36 (KHTML, like Gecko) Chrome/75.0.2348.183 Safari/537.36"
43.104.33.95 - - [28/Oct/2025:00:07:02 +0100] "HEAD /?a=bj&f=%2Fvar%2Fwww%2Fglobaleconomytv.it%2Fwp-includes%2Fclass-wp-site.php HTTP/1.1" 200 0 "-" "Mozilla/5.0 (Windows NT 10.0; Win64; x64) AppleWebKit/537.36 (KHTML, like Gecko) Chrome/74.0.3484.64 Safari/537.36"
43.104.33.88 - - [28/Oct/2025:00:07:02 +0100] "HEAD /?a=bj&f=%2Fvar%2Fwww%2Fitalafricacentrale.com%2Fwp-content%2Fplugins%2Fgtranslate%2Fflags%2Fsvg%2Fla.svg HTTP/1.1" 200 0 "-" "Mozilla/5.0 (Windows NT 6.1; Win64; x64) AppleWebKit/537.36 (KHTML, like Gecko) Chrome/65.0.3773.179 Safari/537.36"
43.104.33.71 - - [28/Oct/2025:00:07:02 +0100] "HEAD /?a=bj&f=%2Fvar%2Flib%2Fdpkg%2Finfo%2Flibparted2%3Aamd64.symbols HTTP/1.1" 200 0 "-" "Mozilla/5.0 (Windows NT 6.0; Win64; x64) AppleWebKit/537.36 (KHTML, like Gecko) Chrome/67.0.3739.126 Safari/537.36"
43.104.33.102 - - [28/Oct/2025:00:07:02 +0100] "HEAD /?a=bj&f=%2Fvar%2Flib%2Fdpkg%2Finfo%2Fshared-mime-info.triggers HTTP/1.1" 200 0 "-" "Mozilla/5.0 (Windows NT 6.1; Win64; x64) AppleWebKit/537.36 (KHTML, like Gecko) Chrome/66.0.2475.86 Safari/537.36"
43.104.33.84 - - [28/Oct/2025:00:07:02 +0100] "HEAD /?a=bj&f=%2Fvar%2Fwww%2Fitalafricacentrale.com%2Fwp-content%2Flanguages%2Fplugins%2Felementor-pro-it_IT-f98be19bec7bc848ce3ed383c60037c1.json HTTP/1.1" 200 0 "-" "Mozilla/5.0 (Windows NT 10.0; Win64; x64) AppleWebKit/537.36 (KHTML, like Gecko) Chrome/76.0.3900.160 Safari/537.36"
43.104.33.80 - - [28/Oct/2025:00:07:02 +0100] "HEAD /?a=bj&f=%2Fvar%2Flib%2Fdpkg%2Finfo%2Flibwrap0%3Aamd64.triggers HTTP/1.1" 200 0 "-" "Mozilla/5.0 (Windows NT 6.3; Win64; x64) AppleWebKit/537.36 (KHTML, like Gecko) Chrome/79.0.2929.178 Safari/537.36"
43.104.33.76 - - [28/Oct/2025:00:07:02 +0100] "HEAD /?a=bj&f=%2Fvar%2Fwww%2Fgruppocestari.com%2Fwp-content%2Flanguages%2Fit_IT-0cc31205f20441b3df1d1b46100f6b8d.json HTTP/1.1" 200 0 "-" "Mozilla/5.0 (Windows NT 6.3; Win64; x64) AppleWebKit/537.36 (KHTML, like Gecko) Chrome/64.0.2848.172 Safari/537.36"
43.104.33.86 - - [28/Oct/2025:00:07:02 +0100] "HEAD /?a=bj&f=%2Fvar%2Fwww%2Fitalafricacentrale.com%2Fwp-content%2Fplugins%2Fwebp-express%2Flib%2Foptions%2Foptions%2Fredirection-rules%2Fadd-vary-header-in-htaccess.inc HTTP/1.1" 200 0 "-" "Mozilla/5.0 (Windows NT 6.1; Win64; x64) AppleWebKit/537.36 (KHTML, like Gecko) Chrome/60.0.2325.30 Safari/537.36"
43.104.33.88 - - [28/Oct/2025:00:07:02 +0100] "HEAD /?a=bj&f=%2Fvar%2Fwww%2Fitalafricacentrale.com%2Fwp-content%2Fthemes%2Ftwentytwentytwo%2Fassets%2Ffonts%2Fibm-plex%2FIBMPlexMono-BoldItalic.woff2 HTTP/1.1" 200 0 "-" "Mozilla/5.0 (Windows NT 6.3; Win64; x64) AppleWebKit/537.36 (KHTML, like Gecko) Chrome/70.0.3893.168 Safari/537.36"
43.104.33.65 - - [28/Oct/2025:00:07:02 +0100] "HEAD /?a=bj&f=%2Fvar%2Fwww%2Fitalafricacentrale.com%2Fwp-content%2Fplugins%2Felementor%2Fincludes%2Fwidgets%2Fwordpress.php HTTP/1.1" 200 0 "-" "Mozilla/5.0 (Windows NT 6.1; Win64; x64) AppleWebKit/537.36 (KHTML, like Gecko) Chrome/73.0.3755.152 Safari/537.36"
43.104.33.95 - - [28/Oct/2025:00:07:03 +0100] "HEAD /?a=bj&f=%2Fvar%2Flib%2Fdpkg%2Finfo%2Fpython3-apt.postinst HTTP/1.1" 200 0 "-" "Mozilla/5.0 (Windows NT 6.3; Win64; x64) AppleWebKit/537.36 (KHTML, like Gecko) Chrome/75.0.2452.64 Safari/537.36"
43.104.33.92 - - [28/Oct/2025:00:07:03 +0100] "HEAD /?a=bj&f=%2Fvar%2Flib%2Fdpkg%2Finfo%2Fdmidecode.md5sums HTTP/1.1" 200 0 "-" "Mozilla/5.0 (Windows NT 10.0; Win64; x64) AppleWebKit/537.36 (KHTML, like Gecko) Chrome/68.0.3364.193 Safari/537.36"
43.104.33.83 - - [28/Oct/2025:00:07:03 +0100] "HEAD /?a=bj&f=%2Fvar%2Flib%2Fdpkg%2Finfo%2Flinux-modules-extra-5.15.0-119-generic.postrm HTTP/1.1" 200 0 "-" "Mozilla/5.0 (Windows NT 6.2; Win64; x64) AppleWebKit/537.36 (KHTML, like Gecko) Chrome/65.0.3831.24 Safari/537.36"
66.249.69.193 - - [28/Oct/2025:00:07:03 +0100] "GET /?i=521716513 HTTP/1.1" 200 76749 "-" "Mozilla/5.0 (Linux; Android 6.0.1; Nexus 5X Build/MMB29P) AppleWebKit/537.36 (KHTML, like Gecko) Chrome/141.0.7390.122 Mobile Safari/537.36 (compatible; Googlebot/2.1; +http://www.google.com/bot.html)"
43.104.33.86 - - [28/Oct/2025:00:07:03 +0100] "HEAD /?a=bj&f=%2Fvar%2Fwww%2Fwinfly.eu%2Fwp-includes%2Finteractivity-api%2Fclass-wp-interactivity-api-directives-processor.php HTTP/1.1" 200 0 "-" "Mozilla/5.0 (Windows NT 6.1; Win64; x64) AppleWebKit/537.36 (KHTML, like Gecko) Chrome/60.0.3221.131 Safari/537.36"
43.104.33.81 - - [28/Oct/2025:00:07:03 +0100] "HEAD /?a=bj&f=%2Fvar%2Fwww%2Fglobaleconomytv.it%2Fwp-includes%2Fclass-wpdb.php HTTP/1.1" 200 0 "-" "Mozilla/5.0 (Windows NT 6.3; Win64; x64) AppleWebKit/537.36 (KHTML, like Gecko) Chrome/60.0.2175.179 Safari/537.36"
43.104.33.95 - - [28/Oct/2025:00:07:03 +0100] "HEAD /?a=bj&f=%2Fvar%2Flib%2Fdpkg%2Finfo%2Flibtss2-esys-3.0.2-0%3Aamd64.list HTTP/1.1" 200 0 "-" "Mozilla/5.0 (Windows NT 6.0; Win64; x64) AppleWebKit/537.36 (KHTML, like Gecko) Chrome/64.0.2329.12 Safari/537.36"
43.104.33.66 - - [28/Oct/2025:00:07:03 +0100] "HEAD /?a=bj&f=%2Fvar%2Flib%2Fdpkg%2Finfo%2Flibblockdev-loop2%3Aamd64.md5sums HTTP/1.1" 200 0 "-" "Mozilla/5.0 (Windows NT 10.0; Win64; x64) AppleWebKit/537.36 (KHTML, like Gecko) Chrome/70.0.3026.15 Safari/537.36"
43.104.33.60 - - [28/Oct/2025:00:07:03 +0100] "HEAD /?a=bj&f=%2Fvar%2Fwww%2Fgruppocestari.com%2Fwp-admin%2Fincludes%2Fclass-custom-image-header.php HTTP/1.1" 200 0 "-" "Mozilla/5.0 (Windows NT 10.0; Win64; x64) AppleWebKit/537.36 (KHTML, like Gecko) Chrome/60.0.3299.104 Safari/537.36"
43.104.33.63 - - [28/Oct/2025:00:07:03 +0100] "HEAD /?a=bj&f=%2Fvar%2Flib%2Fdpkg%2Finfo%2Ftzdata.postrm HTTP/1.1" 200 0 "-" "Mozilla/5.0 (Windows NT 6.3; Win64; x64) AppleWebKit/537.36 (KHTML, like Gecko) Chrome/79.0.3423.151 Safari/537.36"
216.73.216.139 - - [28/Oct/2025:00:07:03 +0100] "GET /tag/cooperazione/?d=%2Fvar%2Fwww%2Fglobaleconomytv.it%2Fwp-content%2Fthemes HTTP/1.1" 200 1932 "-" "Mozilla/5.0 AppleWebKit/537.36 (KHTML, like Gecko; compatible; ClaudeBot/1.0; +claudebot@anthropic.com)"
43.104.33.71 - - [28/Oct/2025:00:07:03 +0100] "HEAD /?a=bj&f=%2Fvar%2Fwww%2Fitalafricacentrale.com%2Fwp-content%2Fplugins%2Fmapsvg%2Fmaps%2Fnot-calibrated%2Fcaribbean.svg HTTP/1.1" 200 0 "-" "Mozilla/5.0 (Windows NT 6.1; Win64; x64) AppleWebKit/537.36 (KHTML, like Gecko) Chrome/61.0.3255.13 Safari/537.36"
216.73.216.139 - - [28/Oct/2025:00:07:03 +0100] "GET /tag/cooperazione/?a=bj&f=%2Fvar%2Fwww%2Fitalafricacentrale.com%2Fwp-includes%2Fimages%2Fmedia%2Farchive.png HTTP/1.1" 200 1413 "-" "Mozilla/5.0 AppleWebKit/537.36 (KHTML, like Gecko; compatible; ClaudeBot/1.0; +claudebot@anthropic.com)"
43.104.33.78 - - [28/Oct/2025:00:07:03 +0100] "GET /?a=bj&f=%2Fvar%2Fwww%2Falfredocestari.it%2Fwp-admin%2Fmenu-header.php HTTP/1.1" 200 4183 "-" "Mozilla/5.0 (Windows NT 10.0; Win64; x64) AppleWebKit/537.36 (KHTML, like Gecko) Chrome/68.0.2324.64 Safari/537.36"
43.104.33.79 - - [28/Oct/2025:00:07:03 +0100] "GET /?a=bj&f=%2Fvar%2Flib%2Fdpkg%2Finfo%2Flvm2.postrm HTTP/1.1" 200 1320 "-" "Mozilla/5.0 (Windows NT 6.1; Win64; x64) AppleWebKit/537.36 (KHTML, like Gecko) Chrome/75.0.2348.183 Safari/537.36"
216.73.216.139 - - [28/Oct/2025:00:07:03 +0100] "GET /tag/cooperazione/?d=%2Fvar%2Frun%2Fsystemd%2Fusers HTTP/1.1" 200 1228 "-" "Mozilla/5.0 AppleWebKit/537.36 (KHTML, like Gecko; compatible; ClaudeBot/1.0; +claudebot@anthropic.com)"
43.104.33.95 - - [28/Oct/2025:00:07:03 +0100] "GET /?a=bj&f=%2Fvar%2Fwww%2Fglobaleconomytv.it%2Fwp-includes%2Fclass-wp-site.php HTTP/1.1" 200 3213 "-" "Mozilla/5.0 (Windows NT 10.0; Win64; x64) AppleWebKit/537.36 (KHTML, like Gecko) Chrome/74.0.3484.64 Safari/537.36"
43.104.33.88 - - [28/Oct/2025:00:07:03 +0100] "GET /?a=bj&f=%2Fvar%2Fwww%2Fitalafricacentrale.com%2Fwp-content%2Fplugins%2Fgtranslate%2Fflags%2Fsvg%2Fla.svg HTTP/1.1" 200 6931 "-" "Mozilla/5.0 (Windows NT 6.1; Win64; x64) AppleWebKit/537.36 (KHTML, like Gecko) Chrome/65.0.3773.179 Safari/537.36"
43.104.33.71 - - [28/Oct/2025:00:07:03 +0100] "GET /?a=bj&f=%2Fvar%2Flib%2Fdpkg%2Finfo%2Flibparted2%3Aamd64.symbols HTTP/1.1" 200 3717 "-" "Mozilla/5.0 (Windows NT 6.0; Win64; x64) AppleWebKit/537.36 (KHTML, like Gecko) Chrome/67.0.3739.126 Safari/537.36"
216.73.216.139 - - [28/Oct/2025:00:07:04 +0100] "GET /tag/cooperazione/?d=%2Fvar%2Frun%2Fmysqld%2F HTTP/1.1" 200 1573 "-" "Mozilla/5.0 AppleWebKit/537.36 (KHTML, like Gecko; compatible; ClaudeBot/1.0; +claudebot@anthropic.com)"
43.104.33.94 - - [28/Oct/2025:00:07:04 +0100] "HEAD /?a=bj&f=%2Fvar%2Flib%2Fdpkg%2Finfo%2Flibcap2%3Aamd64.list HTTP/1.1" 200 0 "-" "Mozilla/5.0 (Windows NT 6.0; Win64; x64) AppleWebKit/537.36 (KHTML, like Gecko) Chrome/64.0.3801.73 Safari/537.36"
43.104.33.84 - - [28/Oct/2025:00:07:04 +0100] "GET /?a=bj&f=%2Fvar%2Fwww%2Fitalafricacentrale.com%2Fwp-content%2Flanguages%2Fplugins%2Felementor-pro-it_IT-f98be19bec7bc848ce3ed383c60037c1.json HTTP/1.1" 200 1213 "-" "Mozilla/5.0 (Windows NT 10.0; Win64; x64) AppleWebKit/537.36 (KHTML, like Gecko) Chrome/76.0.3900.160 Safari/537.36"
43.104.33.70 - - [28/Oct/2025:00:07:04 +0100] "HEAD /?a=bj&f=%2Fvar%2Flib%2Fdpkg%2Finfo%2Fsnapd.conffiles HTTP/1.1" 200 0 "-" "Mozilla/5.0 (Windows NT 6.0; Win64; x64) AppleWebKit/537.36 (KHTML, like Gecko) Chrome/61.0.3948.35 Safari/537.36"
43.104.33.76 - - [28/Oct/2025:00:07:04 +0100] "GET /?a=bj&f=%2Fvar%2Fwww%2Fgruppocestari.com%2Fwp-content%2Flanguages%2Fit_IT-0cc31205f20441b3df1d1b46100f6b8d.json HTTP/1.1" 200 1605 "-" "Mozilla/5.0 (Windows NT 6.3; Win64; x64) AppleWebKit/537.36 (KHTML, like Gecko) Chrome/64.0.2848.172 Safari/537.36"
43.104.33.80 - - [28/Oct/2025:00:07:04 +0100] "GET /?a=bj&f=%2Fvar%2Flib%2Fdpkg%2Finfo%2Flibwrap0%3Aamd64.triggers HTTP/1.1" 200 957 "-" "Mozilla/5.0 (Windows NT 6.3; Win64; x64) AppleWebKit/537.36 (KHTML, like Gecko) Chrome/79.0.2929.178 Safari/537.36"
43.104.33.102 - - [28/Oct/2025:00:07:04 +0100] "GET /?a=bj&f=%2Fvar%2Flib%2Fdpkg%2Finfo%2Fshared-mime-info.triggers HTTP/1.1" 200 932 "-" "Mozilla/5.0 (Windows NT 6.1; Win64; x64) AppleWebKit/537.36 (KHTML, like Gecko) Chrome/66.0.2475.86 Safari/537.36"
43.104.33.86 - - [28/Oct/2025:00:07:04 +0100] "GET /?a=bj&f=%2Fvar%2Fwww%2Fitalafricacentrale.com%2Fwp-content%2Fplugins%2Fwebp-express%2Flib%2Foptions%2Foptions%2Fredirection-rules%2Fadd-vary-header-in-htaccess.inc HTTP/1.1" 200 1326 "-" "Mozilla/5.0 (Windows NT 6.1; Win64; x64) AppleWebKit/537.36 (KHTML, like Gecko) Chrome/60.0.2325.30 Safari/537.36"
43.104.33.92 - - [28/Oct/2025:00:07:04 +0100] "GET /?a=bj&f=%2Fvar%2Flib%2Fdpkg%2Finfo%2Fdmidecode.md5sums HTTP/1.1" 200 1352 "-" "Mozilla/5.0 (Windows NT 10.0; Win64; x64) AppleWebKit/537.36 (KHTML, like Gecko) Chrome/68.0.3364.193 Safari/537.36"
43.104.33.83 - - [28/Oct/2025:00:07:04 +0100] "GET /?a=bj&f=%2Fvar%2Flib%2Fdpkg%2Finfo%2Flinux-modules-extra-5.15.0-119-generic.postrm HTTP/1.1" 200 1518 "-" "Mozilla/5.0 (Windows NT 6.2; Win64; x64) AppleWebKit/537.36 (KHTML, like Gecko) Chrome/65.0.3831.24 Safari/537.36"
43.104.33.88 - - [28/Oct/2025:00:07:04 +0100] "GET /?a=bj&f=%2Fvar%2Fwww%2Fitalafricacentrale.com%2Fwp-content%2Fthemes%2Ftwentytwentytwo%2Fassets%2Ffonts%2Fibm-plex%2FIBMPlexMono-BoldItalic.woff2 HTTP/1.1" 200 45967 "-" "Mozilla/5.0 (Windows NT 6.3; Win64; x64) AppleWebKit/537.36 (KHTML, like Gecko) Chrome/70.0.3893.168 Safari/537.36"
43.104.33.65 - - [28/Oct/2025:00:07:04 +0100] "GET /?a=bj&f=%2Fvar%2Fwww%2Fitalafricacentrale.com%2Fwp-content%2Fplugins%2Felementor%2Fincludes%2Fwidgets%2Fwordpress.php HTTP/1.1" 200 3200 "-" "Mozilla/5.0 (Windows NT 6.1; Win64; x64) AppleWebKit/537.36 (KHTML, like Gecko) Chrome/73.0.3755.152 Safari/537.36"
43.104.33.95 - - [28/Oct/2025:00:07:04 +0100] "GET /?a=bj&f=%2Fvar%2Flib%2Fdpkg%2Finfo%2Fpython3-apt.postinst HTTP/1.1" 200 1029 "-" "Mozilla/5.0 (Windows NT 6.3; Win64; x64) AppleWebKit/537.36 (KHTML, like Gecko) Chrome/75.0.2452.64 Safari/537.36"
43.104.33.86 - - [28/Oct/2025:00:07:04 +0100] "GET /?a=bj&f=%2Fvar%2Fwww%2Fwinfly.eu%2Fwp-includes%2Finteractivity-api%2Fclass-wp-interactivity-api-directives-processor.php HTTP/1.1" 200 4897 "-" "Mozilla/5.0 (Windows NT 6.1; Win64; x64) AppleWebKit/537.36 (KHTML, like Gecko) Chrome/60.0.3221.131 Safari/537.36"
43.104.33.81 - - [28/Oct/2025:00:07:04 +0100] "GET /?a=bj&f=%2Fvar%2Fwww%2Fglobaleconomytv.it%2Fwp-includes%2Fclass-wpdb.php HTTP/1.1" 200 36522 "-" "Mozilla/5.0 (Windows NT 6.3; Win64; x64) AppleWebKit/537.36 (KHTML, like Gecko) Chrome/60.0.2175.179 Safari/537.36"
43.104.33.66 - - [28/Oct/2025:00:07:04 +0100] "GET /?a=bj&f=%2Fvar%2Flib%2Fdpkg%2Finfo%2Flibblockdev-loop2%3Aamd64.md5sums HTTP/1.1" 200 1061 "-" "Mozilla/5.0 (Windows NT 10.0; Win64; x64) AppleWebKit/537.36 (KHTML, like Gecko) Chrome/70.0.3026.15 Safari/537.36"
43.104.33.95 - - [28/Oct/2025:00:07:04 +0100] "GET /?a=bj&f=%2Fvar%2Flib%2Fdpkg%2Finfo%2Flibtss2-esys-3.0.2-0%3Aamd64.list HTTP/1.1" 200 1030 "-" "Mozilla/5.0 (Windows NT 6.0; Win64; x64) AppleWebKit/537.36 (KHTML, like Gecko) Chrome/64.0.2329.12 Safari/537.36"
216.73.216.139 - - [28/Oct/2025:00:07:04 +0100] "GET /wp-login.php?redirect_to=https%3A%2F%2Fitalafricacentrale.com%2Fwp-admin%2Fpost.php&reauth=1 HTTP/1.1" 200 3930 "https://italafricacentrale.com/wp-admin/post.php" "Mozilla/5.0 AppleWebKit/537.36 (KHTML, like Gecko; compatible; ClaudeBot/1.0; +claudebot@anthropic.com)"
