216.73.216.139 - - [28/Oct/2025:00:01:46 +0100] "GET /tag/camera-di-commercio/?d=%2Fvar%2Fwww%2Fgruppocestari.com%2Fwp-includes%2Fsitemaps%2F HTTP/1.1" 200 1917 "-" "Mozilla/5.0 AppleWebKit/537.36 (KHTML, like Gecko; compatible; ClaudeBot/1.0; +claudebot@anthropic.com)"
52.204.81.148 - - [28/Oct/2025:00:01:46 +0100] "GET /?i=170020913 HTTP/1.1" 301 5 "-" "Mozilla/5.0 AppleWebKit/537.36 (KHTML, like Gecko; compatible; Amazonbot/0.1; +https://developer.amazon.com/support/amazonbot) Chrome/119.0.6045.214 Safari/537.36"
20.171.207.191 - - [28/Oct/2025:00:01:46 +0100] "GET /piano-mattei-per-lafrica/?d=/var/lib/nginx/fastcgi/1/87 HTTP/1.1" 200 1251 "-" "Mozilla/5.0 AppleWebKit/537.36 (KHTML, like Gecko; compatible; GPTBot/1.2; +https://openai.com/gptbot)"
216.73.216.139 - - [28/Oct/2025:00:01:46 +0100] "GET /tag/camera-di-commercio/?d=%2Fvar%2Fwww%2Fconsolatordc.it_old%2Fwp-content%2Fuploads%2F HTTP/1.1" 200 1984 "-" "Mozilla/5.0 AppleWebKit/537.36 (KHTML, like Gecko; compatible; ClaudeBot/1.0; +claudebot@anthropic.com)"
216.73.216.139 - - [28/Oct/2025:00:01:46 +0100] "GET /tag/camera-di-commercio/?a=bj&f=%2Fvar%2Frun%2Fudev%2Fdata%2F+platform%3Akgdboc HTTP/1.1" 200 900 "-" "Mozilla/5.0 AppleWebKit/537.36 (KHTML, like Gecko; compatible; ClaudeBot/1.0; +claudebot@anthropic.com)"
216.73.216.139 - - [28/Oct/2025:00:01:46 +0100] "GET /tag/camera-di-commercio/?d=%2Fvar%2Fwww%2Fconsolatordc.it_old%2Fwp-includes%2Fblocks%2Fpreformatted HTTP/1.1" 200 1732 "-" "Mozilla/5.0 AppleWebKit/537.36 (KHTML, like Gecko; compatible; ClaudeBot/1.0; +claudebot@anthropic.com)"
216.73.216.139 - - [28/Oct/2025:00:01:47 +0100] "GET /tag/camera-di-commercio/?a=bj&f=%2Fvar%2Fwww%2Fitalafricacentrale.com%2Fwp-includes%2Fblocks%2Fspacer%2Fstyle.css HTTP/1.1" 200 942 "-" "Mozilla/5.0 AppleWebKit/537.36 (KHTML, like Gecko; compatible; ClaudeBot/1.0; +claudebot@anthropic.com)"
216.73.216.139 - - [28/Oct/2025:00:01:47 +0100] "GET /tag/camera-di-commercio/?a=bj&f=%2Fvar%2Frun%2Fudev%2Fdata%2Fc4%3A20 HTTP/1.1" 200 931 "-" "Mozilla/5.0 AppleWebKit/537.36 (KHTML, like Gecko; compatible; ClaudeBot/1.0; +claudebot@anthropic.com)"
35.170.205.140 - - [28/Oct/2025:00:01:47 +0100] "GET /?i=170020913 HTTP/1.1" 200 3123 "-" "Mozilla/5.0 AppleWebKit/537.36 (KHTML, like Gecko; compatible; Amazonbot/0.1; +https://developer.amazon.com/support/amazonbot) Chrome/119.0.6045.214 Safari/537.36"
216.73.216.139 - - [28/Oct/2025:00:01:47 +0100] "GET /tag/sicurezza-sanitaria/?d=%2Fvar%2Fwww%2Fitalafricacentrale.com%2Fwp-content%2Flanguages HTTP/1.1" 200 6845 "-" "Mozilla/5.0 AppleWebKit/537.36 (KHTML, like Gecko; compatible; ClaudeBot/1.0; +claudebot@anthropic.com)"
216.73.216.139 - - [28/Oct/2025:00:01:47 +0100] "GET /tag/sicurezza-sanitaria/?a=bj&f=%2Fvar%2Fwww%2Fitalafricacentrale.com%2Fwp-admin%2Findex.php HTTP/1.1" 200 4100 "-" "Mozilla/5.0 AppleWebKit/537.36 (KHTML, like Gecko; compatible; ClaudeBot/1.0; +claudebot@anthropic.com)"
216.73.216.139 - - [28/Oct/2025:00:01:47 +0100] "GET /tag/camera-di-commercio/?d=%2Fvar%2Fwww%2Fgruppocestari.com%2Fwp-includes%2Fblocks%2Fpost-excerpt HTTP/1.1" 200 1927 "-" "Mozilla/5.0 AppleWebKit/537.36 (KHTML, like Gecko; compatible; ClaudeBot/1.0; +claudebot@anthropic.com)"
216.73.216.139 - - [28/Oct/2025:00:01:47 +0100] "GET /wp-content/uploads/2024/05/WhatsApp-Image-2024-05-02-at-10.24.35-1-1-1536x1152.jpeg HTTP/1.1" 200 370948 "-" "Mozilla/5.0 AppleWebKit/537.36 (KHTML, like Gecko; compatible; ClaudeBot/1.0; +claudebot@anthropic.com)"
20.171.207.191 - - [28/Oct/2025:00:01:47 +0100] "GET /piano-mattei-per-lafrica/?d=/var/lib/nginx/fastcgi/3/06 HTTP/1.1" 200 1251 "-" "Mozilla/5.0 AppleWebKit/537.36 (KHTML, like Gecko; compatible; GPTBot/1.2; +https://openai.com/gptbot)"
216.73.216.139 - - [28/Oct/2025:00:01:47 +0100] "GET /tag/camera-di-commercio/?d=%2Fvar%2Fwww%2Fconsolatordc.it_old%2Fwp-includes%2Fblocks%2Fsearch HTTP/1.1" 200 2375 "-" "Mozilla/5.0 AppleWebKit/537.36 (KHTML, like Gecko; compatible; ClaudeBot/1.0; +claudebot@anthropic.com)"
216.73.216.139 - - [28/Oct/2025:00:01:47 +0100] "GET /tag/camera-di-commercio/?d=%2Fvar%2Fwww%2Fconsolatordc.it_old%2Fwp-includes%2Fblocks%2Fcolumn HTTP/1.1" 200 1483 "-" "Mozilla/5.0 AppleWebKit/537.36 (KHTML, like Gecko; compatible; ClaudeBot/1.0; +claudebot@anthropic.com)"
216.73.216.139 - - [28/Oct/2025:00:01:48 +0100] "GET /tag/camera-di-commercio/?a=bj&f=%2Fvar%2Frun%2Fudev%2Fdata%2Fc4%3A36 HTTP/1.1" 200 931 "-" "Mozilla/5.0 AppleWebKit/537.36 (KHTML, like Gecko; compatible; ClaudeBot/1.0; +claudebot@anthropic.com)"
216.73.216.139 - - [28/Oct/2025:00:01:48 +0100] "GET /wp-includes/Requests/src/Transport.php HTTP/1.1" 200 31 "-" "Mozilla/5.0 AppleWebKit/537.36 (KHTML, like Gecko; compatible; ClaudeBot/1.0; +claudebot@anthropic.com)"
216.73.216.139 - - [28/Oct/2025:00:01:48 +0100] "GET /tag/camera-di-commercio/?d=%2Fvar%2Fwww%2Fconsolatordc.it_old%2Fwp-includes%2Fsodium_compat%2F HTTP/1.1" 200 1862 "-" "Mozilla/5.0 AppleWebKit/537.36 (KHTML, like Gecko; compatible; ClaudeBot/1.0; +claudebot@anthropic.com)"
216.73.216.139 - - [28/Oct/2025:00:01:48 +0100] "GET /tag/camera-di-commercio/?d=%2Fvar%2Fwww%2Fitalafricacentrale.com%2Fwp-includes%2Fblocks%2Ffile%2F HTTP/1.1" 200 2265 "-" "Mozilla/5.0 AppleWebKit/537.36 (KHTML, like Gecko; compatible; ClaudeBot/1.0; +claudebot@anthropic.com)"
216.73.216.139 - - [28/Oct/2025:00:01:48 +0100] "GET /tag/camera-di-commercio/?d=%2Fvar%2Fwww%2Fitalafricacentrale.com%2Fwp-includes%2Fblocks%2Fpost-excerpt%2F HTTP/1.1" 200 1973 "-" "Mozilla/5.0 AppleWebKit/537.36 (KHTML, like Gecko; compatible; ClaudeBot/1.0; +claudebot@anthropic.com)"
216.73.216.139 - - [28/Oct/2025:00:01:48 +0100] "GET /tag/camera-di-commercio/?d=%2Fvar%2Fwww%2Fgruppocestari.com%2Fwp-includes%2Fjs%2Fimgareaselect HTTP/1.1" 200 1761 "-" "Mozilla/5.0 AppleWebKit/537.36 (KHTML, like Gecko; compatible; ClaudeBot/1.0; +claudebot@anthropic.com)"
20.171.207.191 - - [28/Oct/2025:00:01:48 +0100] "GET /piano-mattei-per-lafrica/?d=/var/lib/nginx/fastcgi/8/69/ HTTP/1.1" 200 1251 "-" "Mozilla/5.0 AppleWebKit/537.36 (KHTML, like Gecko; compatible; GPTBot/1.2; +https://openai.com/gptbot)"
216.73.216.139 - - [28/Oct/2025:00:01:48 +0100] "GET /tag/camera-di-commercio/?a=bj&f=%2Fvar%2Frun%2Fudev%2Fdata%2Fc4%3A1 HTTP/1.1" 200 930 "-" "Mozilla/5.0 AppleWebKit/537.36 (KHTML, like Gecko; compatible; ClaudeBot/1.0; +claudebot@anthropic.com)"
216.73.216.139 - - [28/Oct/2025:00:01:49 +0100] "GET /tag/camera-di-commercio/?a=bj&f=%2Fvar%2Fwww%2Fgruppocestari.com%2Fwp-includes%2Fpomo%2Ftranslations.php HTTP/1.1" 200 4386 "-" "Mozilla/5.0 AppleWebKit/537.36 (KHTML, like Gecko; compatible; ClaudeBot/1.0; +claudebot@anthropic.com)"
216.73.216.139 - - [28/Oct/2025:00:01:49 +0100] "GET /tag/camera-di-commercio/?a=bj&f=%2Fvar%2Frun%2Fsystemd%2Finhibit%2F1.ref HTTP/1.1" 200 896 "-" "Mozilla/5.0 AppleWebKit/537.36 (KHTML, like Gecko; compatible; ClaudeBot/1.0; +claudebot@anthropic.com)"
18.213.70.100 - - [28/Oct/2025:00:01:49 +0100] "GET /?i=55910913 HTTP/1.1" 200 3123 "-" "Mozilla/5.0 AppleWebKit/537.36 (KHTML, like Gecko; compatible; Amazonbot/0.1; +https://developer.amazon.com/support/amazonbot) Chrome/119.0.6045.214 Safari/537.36"
216.73.216.139 - - [28/Oct/2025:00:01:49 +0100] "GET /tag/camera-di-commercio/?d=%2Fvar%2Fwww%2Fitalafricacentrale.com%2Fwp-includes%2Fblocks%2Fcomments%2F HTTP/1.1" 200 1948 "-" "Mozilla/5.0 AppleWebKit/537.36 (KHTML, like Gecko; compatible; ClaudeBot/1.0; +claudebot@anthropic.com)"
216.73.216.139 - - [28/Oct/2025:00:01:49 +0100] "GET /tag/camera-di-commercio/?a=bj&f=%2Fvar%2Frun%2Fudev%2Fdata%2Fc5%3A2 HTTP/1.1" 200 931 "-" "Mozilla/5.0 AppleWebKit/537.36 (KHTML, like Gecko; compatible; ClaudeBot/1.0; +claudebot@anthropic.com)"
216.73.216.139 - - [28/Oct/2025:00:01:49 +0100] "GET /tag/camera-di-commercio/?a=bj&f=%2Fvar%2Fwww%2Fitalafricacentrale.com%2Fwp-includes%2Fblocks%2Fsocial-links%2Fstyle.css HTTP/1.1" 200 2703 "-" "Mozilla/5.0 AppleWebKit/537.36 (KHTML, like Gecko; compatible; ClaudeBot/1.0; +claudebot@anthropic.com)"
85.235.148.169 - - [28/Oct/2025:00:01:50 +0100] "POST /wp-cron.php?doing_wp_cron=1761606109.9912409782409667968750 HTTP/1.1" 200 31 "-" "txa5jX3kSJmQ"
216.73.216.139 - - [28/Oct/2025:00:01:50 +0100] "GET /tag/camera-di-commercio/?a=bj&f=%2Fvar%2Fwww%2Fitalafricacentrale.com%2Fwp-includes%2Fblocks%2Fquote%2Fstyle.css HTTP/1.1" 200 1129 "-" "Mozilla/5.0 AppleWebKit/537.36 (KHTML, like Gecko; compatible; ClaudeBot/1.0; +claudebot@anthropic.com)"
20.171.207.191 - - [28/Oct/2025:00:01:50 +0100] "GET /piano-mattei-per-lafrica/?d=/var/lib/nginx/fastcgi/0/13/ HTTP/1.1" 200 1250 "-" "Mozilla/5.0 AppleWebKit/537.36 (KHTML, like Gecko; compatible; GPTBot/1.2; +https://openai.com/gptbot)"
216.73.216.139 - - [28/Oct/2025:00:01:50 +0100] "GET /tag/camera-di-commercio/?a=bj&f=%2Fvar%2Fwww%2Fitalafricacentrale.com%2Fwp-includes%2Fblocks%2Favatar%2Fstyle.min.css HTTP/1.1" 200 984 "-" "Mozilla/5.0 AppleWebKit/537.36 (KHTML, like Gecko; compatible; ClaudeBot/1.0; +claudebot@anthropic.com)"
50.19.221.48 - - [28/Oct/2025:00:01:50 +0100] "GET /?g=187643811 HTTP/1.1" 200 28601 "-" "Mozilla/5.0 AppleWebKit/537.36 (KHTML, like Gecko; compatible; Amazonbot/0.1; +https://developer.amazon.com/support/amazonbot) Chrome/119.0.6045.214 Safari/537.36"
216.73.216.139 - - [28/Oct/2025:00:01:50 +0100] "GET /tag/sicurezza-sanitaria/?d=%2Fvar%2Fwww%2Fitalafricacentrale.com%2Fwp-includes%2Fphp-compat HTTP/1.1" 200 1475 "-" "Mozilla/5.0 AppleWebKit/537.36 (KHTML, like Gecko; compatible; ClaudeBot/1.0; +claudebot@anthropic.com)"
216.73.216.139 - - [28/Oct/2025:00:01:50 +0100] "GET /tag/camera-di-commercio/?d=%2Fvar%2Fwww%2Fitalafricacentrale.com%2Fwp-includes%2Fblocks%2Fgroup%2F HTTP/1.1" 200 2209 "-" "Mozilla/5.0 AppleWebKit/537.36 (KHTML, like Gecko; compatible; ClaudeBot/1.0; +claudebot@anthropic.com)"
216.73.216.139 - - [28/Oct/2025:00:01:50 +0100] "GET /tag/camera-di-commercio/?d=%2Fvar%2Fwww%2Fconsolatordc.it_old%2Fwp-includes%2FID3%2F HTTP/1.1" 200 2402 "-" "Mozilla/5.0 AppleWebKit/537.36 (KHTML, like Gecko; compatible; ClaudeBot/1.0; +claudebot@anthropic.com)"
216.73.216.139 - - [28/Oct/2025:00:01:50 +0100] "GET /tag/camera-di-commercio/?d=%2Fvar%2Fwww%2Fgruppocestari.com%2Fwp-includes%2Fblock-bindings%2F HTTP/1.1" 200 1558 "-" "Mozilla/5.0 AppleWebKit/537.36 (KHTML, like Gecko; compatible; ClaudeBot/1.0; +claudebot@anthropic.com)"
216.73.216.139 - - [28/Oct/2025:00:01:50 +0100] "GET /tag/camera-di-commercio/?a=bj&f=%2Fvar%2Frun%2Fsystemd%2Fjournal%2Fflushed HTTP/1.1" 200 898 "-" "Mozilla/5.0 AppleWebKit/537.36 (KHTML, like Gecko; compatible; ClaudeBot/1.0; +claudebot@anthropic.com)"
216.73.216.139 - - [28/Oct/2025:00:01:51 +0100] "GET /tag/camera-di-commercio/?d=%2Fvar%2Fwww%2Fconsolatordc.it_old%2Fwp-includes%2Fblocks%2Ffreeform HTTP/1.1" 200 1735 "-" "Mozilla/5.0 AppleWebKit/537.36 (KHTML, like Gecko; compatible; ClaudeBot/1.0; +claudebot@anthropic.com)"
20.171.207.191 - - [28/Oct/2025:00:01:51 +0100] "GET /piano-mattei-per-lafrica/?d=/var/lib/nginx/fastcgi/1/28/ HTTP/1.1" 200 1250 "-" "Mozilla/5.0 AppleWebKit/537.36 (KHTML, like Gecko; compatible; GPTBot/1.2; +https://openai.com/gptbot)"
216.73.216.139 - - [28/Oct/2025:00:01:51 +0100] "GET /tag/camera-di-commercio/?a=bj&f=%2Fvar%2Frun%2Fudev%2Fdata%2Fc4%3A41 HTTP/1.1" 200 931 "-" "Mozilla/5.0 AppleWebKit/537.36 (KHTML, like Gecko; compatible; ClaudeBot/1.0; +claudebot@anthropic.com)"
216.73.216.139 - - [28/Oct/2025:00:01:51 +0100] "GET /tag/camera-di-commercio/?a=bj&f=%2Fvar%2Fwww%2Fitalafricacentrale.com%2Fwp-includes%2Fblocks%2Fvideo%2Fstyle.css HTTP/1.1" 200 1077 "-" "Mozilla/5.0 AppleWebKit/537.36 (KHTML, like Gecko; compatible; ClaudeBot/1.0; +claudebot@anthropic.com)"
216.73.216.139 - - [28/Oct/2025:00:01:51 +0100] "GET /tag/camera-di-commercio/?a=bj&f=%2Fvar%2Fwww%2Fitalafricacentrale.com%2Fwp-includes%2Fblocks%2Fgroup%2Fstyle.min.css HTTP/1.1" 200 984 "-" "Mozilla/5.0 AppleWebKit/537.36 (KHTML, like Gecko; compatible; ClaudeBot/1.0; +claudebot@anthropic.com)"
216.73.216.139 - - [28/Oct/2025:00:01:51 +0100] "GET /tag/camera-di-commercio/?a=bj&f=%2Fvar%2Frun%2Fudev%2Fdata%2Fc4%3A44 HTTP/1.1" 200 931 "-" "Mozilla/5.0 AppleWebKit/537.36 (KHTML, like Gecko; compatible; ClaudeBot/1.0; +claudebot@anthropic.com)"
216.73.216.139 - - [28/Oct/2025:00:01:52 +0100] "GET /tag/camera-di-commercio/?a=bj&f=%2Fvar%2Fwww%2Fglobaleconomytv.it%2Fwp-includes%2Fblock-supports%2Fspacing.php HTTP/1.1" 200 1915 "-" "Mozilla/5.0 AppleWebKit/537.36 (KHTML, like Gecko; compatible; ClaudeBot/1.0; +claudebot@anthropic.com)"
216.73.216.139 - - [28/Oct/2025:00:01:52 +0100] "GET /tag/camera-di-commercio/?a=bj&f=%2Fvar%2Fwww%2Fglobaleconomytv.it%2Fwp-admin%2Fincludes%2Fmisc.php HTTP/1.1" 200 15120 "-" "Mozilla/5.0 AppleWebKit/537.36 (KHTML, like Gecko; compatible; ClaudeBot/1.0; +claudebot@anthropic.com)"
20.171.207.191 - - [28/Oct/2025:00:01:52 +0100] "GET /piano-mattei-per-lafrica/?d=/var/lib/nginx/fastcgi/6/87 HTTP/1.1" 200 1251 "-" "Mozilla/5.0 AppleWebKit/537.36 (KHTML, like Gecko; compatible; GPTBot/1.2; +https://openai.com/gptbot)"
216.73.216.139 - - [28/Oct/2025:00:01:52 +0100] "GET /tag/camera-di-commercio/?d=%2Fvar%2Fwww%2Fglobaleconomytv.it%2Fwp-content%2Flanguages%2Fplugins%2F HTTP/1.1" 200 4271 "-" "Mozilla/5.0 AppleWebKit/537.36 (KHTML, like Gecko; compatible; ClaudeBot/1.0; +claudebot@anthropic.com)"
216.73.216.139 - - [28/Oct/2025:00:01:52 +0100] "GET /tag/camera-di-commercio/?d=%2Fvar%2Fwww%2Fconsolatordc.it_old%2Fwp-includes%2Fblocks%2Fpost-title HTTP/1.1" 200 1729 "-" "Mozilla/5.0 AppleWebKit/537.36 (KHTML, like Gecko; compatible; ClaudeBot/1.0; +claudebot@anthropic.com)"
216.73.216.139 - - [28/Oct/2025:00:01:52 +0100] "GET /wp-content/uploads/2024/11/WhatsApp-Image-2024-10-21-at-12.55.23-2-150x150.jpeg HTTP/1.1" 200 6200 "-" "Mozilla/5.0 AppleWebKit/537.36 (KHTML, like Gecko; compatible; ClaudeBot/1.0; +claudebot@anthropic.com)"
216.73.216.139 - - [28/Oct/2025:00:01:52 +0100] "GET /tag/camera-di-commercio/?d=%2Fvar%2Fwww%2Fglobaleconomytv.it%2Fwp-includes%2FRequests%2Fsrc HTTP/1.1" 200 2772 "-" "Mozilla/5.0 AppleWebKit/537.36 (KHTML, like Gecko; compatible; ClaudeBot/1.0; +claudebot@anthropic.com)"
216.73.216.139 - - [28/Oct/2025:00:01:52 +0100] "GET /tag/camera-di-commercio/?d=%2Fvar%2Fwww%2Fitalafricacentrale.com%2Fwp-includes%2Fblocks%2Fbuttons%2F HTTP/1.1" 200 1961 "-" "Mozilla/5.0 AppleWebKit/537.36 (KHTML, like Gecko; compatible; ClaudeBot/1.0; +claudebot@anthropic.com)"
216.73.216.139 - - [28/Oct/2025:00:01:53 +0100] "GET /tag/camera-di-commercio/?d=%2Fvar%2Fwww%2Fgruppocestari.com%2Fwp-includes%2Fblocks%2Ftag-cloud HTTP/1.1" 200 1947 "-" "Mozilla/5.0 AppleWebKit/537.36 (KHTML, like Gecko; compatible; ClaudeBot/1.0; +claudebot@anthropic.com)"
216.73.216.139 - - [28/Oct/2025:00:01:53 +0100] "GET /tag/camera-di-commercio/?a=bj&f=%2Fvar%2Fwww%2Fitalafricacentrale.com%2Fwp-includes%2Fblocks%2Fcalendar%2Fstyle.css HTTP/1.1" 200 1133 "-" "Mozilla/5.0 AppleWebKit/537.36 (KHTML, like Gecko; compatible; ClaudeBot/1.0; +claudebot@anthropic.com)"
44.215.210.112 - - [28/Oct/2025:00:01:53 +0100] "GET /?i=90710013 HTTP/1.1" 301 5 "-" "Mozilla/5.0 AppleWebKit/537.36 (KHTML, like Gecko; compatible; Amazonbot/0.1; +https://developer.amazon.com/support/amazonbot) Chrome/119.0.6045.214 Safari/537.36"
216.73.216.139 - - [28/Oct/2025:00:01:53 +0100] "GET /tag/camera-di-commercio/?a=bj&f=%2Fvar%2Fwww%2Fgruppocestari.com%2Fwp-admin%2Fcss%2Fmedia.min.css HTTP/1.1" 200 6821 "-" "Mozilla/5.0 AppleWebKit/537.36 (KHTML, like Gecko; compatible; ClaudeBot/1.0; +claudebot@anthropic.com)"
20.171.207.191 - - [28/Oct/2025:00:01:53 +0100] "GET /piano-mattei-per-lafrica/?d=/var/lib/nginx/fastcgi/4/02/ HTTP/1.1" 200 1251 "-" "Mozilla/5.0 AppleWebKit/537.36 (KHTML, like Gecko; compatible; GPTBot/1.2; +https://openai.com/gptbot)"
216.73.216.139 - - [28/Oct/2025:00:01:53 +0100] "GET /tag/camera-di-commercio/?a=bj&f=%2Fvar%2Fwww%2Fgruppocestari.com%2Fwp-includes%2FID3%2Flicense.txt HTTP/1.1" 200 1372 "-" "Mozilla/5.0 AppleWebKit/537.36 (KHTML, like Gecko; compatible; ClaudeBot/1.0; +claudebot@anthropic.com)"
216.73.216.139 - - [28/Oct/2025:00:01:53 +0100] "GET /tag/camera-di-commercio/?d=%2Fvar%2Fwww%2Fgruppocestari.com%2Fwp-includes%2Fblock-supports%2F HTTP/1.1" 200 2520 "-" "Mozilla/5.0 AppleWebKit/537.36 (KHTML, like Gecko; compatible; ClaudeBot/1.0; +claudebot@anthropic.com)"
216.73.216.139 - - [28/Oct/2025:00:01:53 +0100] "GET /tag/camera-di-commercio/?d=%2Fvar%2Fwww%2Fitalafricacentrale.com%2Fwp-includes%2Fblocks%2Fpost-template%2F HTTP/1.1" 200 1733 "-" "Mozilla/5.0 AppleWebKit/537.36 (KHTML, like Gecko; compatible; ClaudeBot/1.0; +claudebot@anthropic.com)"
216.73.216.139 - - [28/Oct/2025:00:01:53 +0100] "GET /tag/camera-di-commercio/?d=%2Fvar%2Fwww%2Fgruppocestari.com%2Fwp-content%2Fuploads%2F2021 HTTP/1.1" 200 1588 "-" "Mozilla/5.0 AppleWebKit/537.36 (KHTML, like Gecko; compatible; ClaudeBot/1.0; +claudebot@anthropic.com)"
216.73.216.139 - - [28/Oct/2025:00:01:54 +0100] "GET /tag/camera-di-commercio/?d=%2Fvar%2Fwww%2Fgruppocestari.com%2Fwp-content%2Fuploads%2F HTTP/1.1" 200 2442 "-" "Mozilla/5.0 AppleWebKit/537.36 (KHTML, like Gecko; compatible; ClaudeBot/1.0; +claudebot@anthropic.com)"
18.210.58.238 - - [28/Oct/2025:00:01:54 +0100] "GET /?i=90710013 HTTP/1.1" 200 3123 "-" "Mozilla/5.0 AppleWebKit/537.36 (KHTML, like Gecko; compatible; Amazonbot/0.1; +https://developer.amazon.com/support/amazonbot) Chrome/119.0.6045.214 Safari/537.36"
216.73.216.139 - - [28/Oct/2025:00:01:54 +0100] "GET /tag/camera-di-commercio/?a=bj&f=%2Fvar%2Frun%2Fudev%2Fdata%2Fc4%3A12 HTTP/1.1" 200 932 "-" "Mozilla/5.0 AppleWebKit/537.36 (KHTML, like Gecko; compatible; ClaudeBot/1.0; +claudebot@anthropic.com)"
216.73.216.139 - - [28/Oct/2025:00:01:54 +0100] "GET /tag/camera-di-commercio/?d=%2Fvar%2Fwww%2Fitalafricacentrale.com%2Fwp-includes%2Fsitemaps%2Fproviders%2F HTTP/1.1" 200 1678 "-" "Mozilla/5.0 AppleWebKit/537.36 (KHTML, like Gecko; compatible; ClaudeBot/1.0; +claudebot@anthropic.com)"
216.73.216.139 - - [28/Oct/2025:00:01:54 +0100] "GET /tag/camera-di-commercio/?a=bj&f=%2Fvar%2Fwww%2Fglobaleconomytv.it%2Fwp-admin%2Fincludes%2Fplugin-install.php HTTP/1.1" 200 13086 "-" "Mozilla/5.0 AppleWebKit/537.36 (KHTML, like Gecko; compatible; ClaudeBot/1.0; +claudebot@anthropic.com)"
20.171.207.191 - - [28/Oct/2025:00:01:54 +0100] "GET /piano-mattei-per-lafrica/?d=/var/lib/nginx/fastcgi/8/10/ HTTP/1.1" 200 1250 "-" "Mozilla/5.0 AppleWebKit/537.36 (KHTML, like Gecko; compatible; GPTBot/1.2; +https://openai.com/gptbot)"
216.73.216.139 - - [28/Oct/2025:00:01:54 +0100] "GET /tag/camera-di-commercio/?d=%2Fvar%2Fwww%2Fconsolatordc.it_old%2Fwp-includes%2Fblocks%2Fembed HTTP/1.1" 200 2138 "-" "Mozilla/5.0 AppleWebKit/537.36 (KHTML, like Gecko; compatible; ClaudeBot/1.0; +claudebot@anthropic.com)"
216.73.216.139 - - [28/Oct/2025:00:01:54 +0100] "GET /tag/camera-di-commercio/?d=%2Fvar%2Fwww%2Fconsolatordc.it_old%2Fwp-includes%2FSimplePie%2F HTTP/1.1" 200 1621 "-" "Mozilla/5.0 AppleWebKit/537.36 (KHTML, like Gecko; compatible; ClaudeBot/1.0; +claudebot@anthropic.com)"
216.73.216.139 - - [28/Oct/2025:00:01:54 +0100] "GET /tag/camera-di-commercio/?d=%2Fvar%2Fwww%2Fconsolatordc.it_old%2Fwp-includes%2Fblocks%2Fpost-terms HTTP/1.1" 200 1731 "-" "Mozilla/5.0 AppleWebKit/537.36 (KHTML, like Gecko; compatible; ClaudeBot/1.0; +claudebot@anthropic.com)"
216.73.216.139 - - [28/Oct/2025:00:01:55 +0100] "GET /tag/camera-di-commercio/?a=bj&f=%2Fvar%2Fwww%2Fitalafricacentrale.com%2Fwp-includes%2Fblocks%2Ffile%2Fstyle.min.css HTTP/1.1" 200 1144 "-" "Mozilla/5.0 AppleWebKit/537.36 (KHTML, like Gecko; compatible; ClaudeBot/1.0; +claudebot@anthropic.com)"
216.73.216.139 - - [28/Oct/2025:00:01:55 +0100] "GET /tag/camera-di-commercio/?a=bj&f=%2Fvar%2Fwww%2Fitalafricacentrale.com%2Fwp-includes%2Fjs%2Fmediaelement%2Fmejs-controls.png HTTP/1.1" 200 3716 "-" "Mozilla/5.0 AppleWebKit/537.36 (KHTML, like Gecko; compatible; ClaudeBot/1.0; +claudebot@anthropic.com)"
216.73.216.139 - - [28/Oct/2025:00:01:55 +0100] "GET /tag/camera-di-commercio/?d=%2Fvar%2Fwww%2Fitalafricacentrale.com%2Fwp-content%2Fuploads%2Felementor%2Fgoogle-fonts%2Fcss HTTP/1.1" 200 1810 "-" "Mozilla/5.0 AppleWebKit/537.36 (KHTML, like Gecko; compatible; ClaudeBot/1.0; +claudebot@anthropic.com)"
216.73.216.139 - - [28/Oct/2025:00:01:55 +0100] "GET /tag/camera-di-commercio/?a=bj&f=%2Fvar%2Fwww%2Fitalafricacentrale.com%2Fwp-content%2Fuploads%2F2021%2F08%2Fcestari3-150x150.jpeg HTTP/1.1" 200 19279 "-" "Mozilla/5.0 AppleWebKit/537.36 (KHTML, like Gecko; compatible; ClaudeBot/1.0; +claudebot@anthropic.com)"
216.73.216.139 - - [28/Oct/2025:00:01:55 +0100] "GET /tag/camera-di-commercio/?a=bj&f=%2Fvar%2Fwww%2Fitalafricacentrale.com%2Fwp-includes%2Fblocks%2Fsearch%2Fview.asset.php HTTP/1.1" 200 989 "-" "Mozilla/5.0 AppleWebKit/537.36 (KHTML, like Gecko; compatible; ClaudeBot/1.0; +claudebot@anthropic.com)"
20.171.207.191 - - [28/Oct/2025:00:01:55 +0100] "GET /piano-mattei-per-lafrica/?d=/var/lib/nginx/fastcgi/3/46 HTTP/1.1" 200 1251 "-" "Mozilla/5.0 AppleWebKit/537.36 (KHTML, like Gecko; compatible; GPTBot/1.2; +https://openai.com/gptbot)"
216.73.216.139 - - [28/Oct/2025:00:01:55 +0100] "GET /tag/camera-di-commercio/?a=bj&f=%2Fvar%2Fwww%2Fconsolatordc.it%2Fwp-admin%2Fcredits.php HTTP/1.1" 200 2260 "-" "Mozilla/5.0 AppleWebKit/537.36 (KHTML, like Gecko; compatible; ClaudeBot/1.0; +claudebot@anthropic.com)"
216.73.216.139 - - [28/Oct/2025:00:01:56 +0100] "GET /tag/camera-di-commercio/?a=bj&f=%2Fvar%2Frun%2Fudev%2Fdata%2Fc202%3A0 HTTP/1.1" 200 893 "-" "Mozilla/5.0 AppleWebKit/537.36 (KHTML, like Gecko; compatible; ClaudeBot/1.0; +claudebot@anthropic.com)"
216.73.216.139 - - [28/Oct/2025:00:01:56 +0100] "GET /tag/camera-di-commercio/?a=bj&f=%2Fvar%2Frun%2Fudev%2Fdata%2F+acpi%3APNP0700%3A00 HTTP/1.1" 200 905 "-" "Mozilla/5.0 AppleWebKit/537.36 (KHTML, like Gecko; compatible; ClaudeBot/1.0; +claudebot@anthropic.com)"
216.73.216.139 - - [28/Oct/2025:00:01:56 +0100] "GET /tag/sicurezza-sanitaria/?a=bj&f=%2Fvar%2Fwww%2Fitalafricacentrale.com%2Fwp-admin%2Fup.php HTTP/1.1" 200 6191 "-" "Mozilla/5.0 AppleWebKit/537.36 (KHTML, like Gecko; compatible; ClaudeBot/1.0; +claudebot@anthropic.com)"
216.73.216.139 - - [28/Oct/2025:00:01:56 +0100] "GET /tag/camera-di-commercio/?a=bj&f=%2Fvar%2Fwww%2Fitalafricacentrale.com%2Fwp-content%2Fuploads%2F2024%2F06%2F01-150x150.jpeg HTTP/1.1" 200 7940 "-" "Mozilla/5.0 AppleWebKit/537.36 (KHTML, like Gecko; compatible; ClaudeBot/1.0; +claudebot@anthropic.com)"
216.73.216.139 - - [28/Oct/2025:00:01:56 +0100] "GET /tag/camera-di-commercio/?d=%2Fvar%2Fwww%2Fgruppocestari.com%2Fwp-includes%2Fblocks%2Fbuttons HTTP/1.1" 200 1924 "-" "Mozilla/5.0 AppleWebKit/537.36 (KHTML, like Gecko; compatible; ClaudeBot/1.0; +claudebot@anthropic.com)"
216.73.216.139 - - [28/Oct/2025:00:01:56 +0100] "GET /tag/camera-di-commercio/?d=%2Fvar%2Fwww%2Fconsolatordc.it_old%2Fwp-includes%2Fblocks%2Fquery HTTP/1.1" 200 1936 "-" "Mozilla/5.0 AppleWebKit/537.36 (KHTML, like Gecko; compatible; ClaudeBot/1.0; +claudebot@anthropic.com)"
20.171.207.191 - - [28/Oct/2025:00:01:57 +0100] "GET /piano-mattei-per-lafrica/?d=/var/lib/nginx/fastcgi/0/46 HTTP/1.1" 200 1250 "-" "Mozilla/5.0 AppleWebKit/537.36 (KHTML, like Gecko; compatible; GPTBot/1.2; +https://openai.com/gptbot)"
216.73.216.139 - - [28/Oct/2025:00:01:57 +0100] "GET /tag/camera-di-commercio/?d=%2Fvar%2Fwww%2Fitalafricacentrale.com%2Fwp-includes%2Fblocks%2Ffootnotes%2F HTTP/1.1" 200 1756 "-" "Mozilla/5.0 AppleWebKit/537.36 (KHTML, like Gecko; compatible; ClaudeBot/1.0; +claudebot@anthropic.com)"
216.73.216.139 - - [28/Oct/2025:00:01:57 +0100] "GET /tag/camera-di-commercio/?a=bj&f=%2Fvar%2Frun%2Fudev%2Fdata%2Fc7%3A1 HTTP/1.1" 200 892 "-" "Mozilla/5.0 AppleWebKit/537.36 (KHTML, like Gecko; compatible; ClaudeBot/1.0; +claudebot@anthropic.com)"
216.73.216.139 - - [28/Oct/2025:00:01:57 +0100] "GET /tag/camera-di-commercio/?a=bj&f=%2Fvar%2Frun%2Fsystemd%2Funits%2Finvocation%3Asnap-snapd-25202.mount HTTP/1.1" 200 912 "-" "Mozilla/5.0 AppleWebKit/537.36 (KHTML, like Gecko; compatible; ClaudeBot/1.0; +claudebot@anthropic.com)"
3.220.148.166 - - [28/Oct/2025:00:01:57 +0100] "GET /?i=567001513 HTTP/1.1" 301 5 "-" "Mozilla/5.0 AppleWebKit/537.36 (KHTML, like Gecko; compatible; Amazonbot/0.1; +https://developer.amazon.com/support/amazonbot) Chrome/119.0.6045.214 Safari/537.36"
216.73.216.139 - - [28/Oct/2025:00:01:57 +0100] "GET /tag/sicurezza-sanitaria/?a=bj&f=%2Fvar%2Fwww%2Fitalafricacentrale.com%2Fwp-admin%2Foptions-writing.php HTTP/1.1" 200 4175 "-" "Mozilla/5.0 AppleWebKit/537.36 (KHTML, like Gecko; compatible; ClaudeBot/1.0; +claudebot@anthropic.com)"
216.73.216.139 - - [28/Oct/2025:00:01:57 +0100] "GET /tag/camera-di-commercio/?d=%2Fvar%2Fwww%2Fitalafricacentrale.com%2Fwp-includes%2Fblocks%2Fcategories%2F HTTP/1.1" 200 1980 "-" "Mozilla/5.0 AppleWebKit/537.36 (KHTML, like Gecko; compatible; ClaudeBot/1.0; +claudebot@anthropic.com)"
85.235.148.169 - - [28/Oct/2025:00:01:57 +0100] "POST /wp-cron.php?doing_wp_cron=1761606117.6476199626922607421875 HTTP/1.1" 200 31 "-" "owg1rSgaJ321"
216.73.216.139 - - [28/Oct/2025:00:01:57 +0100] "GET /tag/camera-di-commercio/?d=%2Fvar%2Fwww%2Fconsolatordc.it%2Fwp-content%2Fmu-plugins HTTP/1.1" 200 1467 "-" "Mozilla/5.0 AppleWebKit/537.36 (KHTML, like Gecko; compatible; ClaudeBot/1.0; +claudebot@anthropic.com)"
216.73.216.139 - - [28/Oct/2025:00:01:57 +0100] "GET /tag/camera-di-commercio/?a=bj&f=%2Fvar%2Frun%2Fudev%2Fdata%2Fc4%3A6 HTTP/1.1" 200 931 "-" "Mozilla/5.0 AppleWebKit/537.36 (KHTML, like Gecko; compatible; ClaudeBot/1.0; +claudebot@anthropic.com)"
23.21.175.228 - - [28/Oct/2025:00:01:57 +0100] "GET /?g=17459011 HTTP/1.1" 200 28596 "-" "Mozilla/5.0 AppleWebKit/537.36 (KHTML, like Gecko; compatible; Amazonbot/0.1; +https://developer.amazon.com/support/amazonbot) Chrome/119.0.6045.214 Safari/537.36"
216.73.216.139 - - [28/Oct/2025:00:01:58 +0100] "GET /tag/camera-di-commercio/?a=bj&f=%2Fvar%2Fwww%2Fglobaleconomytv.it%2Fwp-admin%2Fcss%2Fcustomize-widgets.css HTTP/1.1" 200 4119 "-" "Mozilla/5.0 AppleWebKit/537.36 (KHTML, like Gecko; compatible; ClaudeBot/1.0; +claudebot@anthropic.com)"
216.73.216.139 - - [28/Oct/2025:00:01:58 +0100] "GET /tag/camera-di-commercio/?d=%2Fvar%2Fwww%2Fconsolatordc.it_old%2Fwp-includes%2Fblocks%2Fcomments-title HTTP/1.1" 200 1733 "-" "Mozilla/5.0 AppleWebKit/537.36 (KHTML, like Gecko; compatible; ClaudeBot/1.0; +claudebot@anthropic.com)"
216.73.216.139 - - [28/Oct/2025:00:01:58 +0100] "GET /tag/camera-di-commercio/?d=%2Fvar%2Fwww%2Fitalafricacentrale.com%2Fwp-includes%2Fblocks%2Fcolumn%2F HTTP/1.1" 200 1483 "-" "Mozilla/5.0 AppleWebKit/537.36 (KHTML, like Gecko; compatible; ClaudeBot/1.0; +claudebot@anthropic.com)"
216.73.216.139 - - [28/Oct/2025:00:01:58 +0100] "GET /tag/camera-di-commercio/?a=bj&f=%2Fvar%2Fwww%2Fitalafricacentrale.com%2Fwp-includes%2Fblocks%2Farchives%2Fstyle.css HTTP/1.1" 200 977 "-" "Mozilla/5.0 AppleWebKit/537.36 (KHTML, like Gecko; compatible; ClaudeBot/1.0; +claudebot@anthropic.com)"
20.171.207.191 - - [28/Oct/2025:00:01:58 +0100] "GET /piano-mattei-per-lafrica/?d=/var/lib/nginx/fastcgi/1/87/ HTTP/1.1" 200 1251 "-" "Mozilla/5.0 AppleWebKit/537.36 (KHTML, like Gecko; compatible; GPTBot/1.2; +https://openai.com/gptbot)"
44.212.131.50 - - [28/Oct/2025:00:01:58 +0100] "GET /?i=567001513 HTTP/1.1" 200 3123 "-" "Mozilla/5.0 AppleWebKit/537.36 (KHTML, like Gecko; compatible; Amazonbot/0.1; +https://developer.amazon.com/support/amazonbot) Chrome/119.0.6045.214 Safari/537.36"
216.73.216.139 - - [28/Oct/2025:00:01:58 +0100] "GET /tag/camera-di-commercio/?a=bj&f=%2Fvar%2Frun%2Fsystemd%2Funits%2Finvocation%3Aplymouth-quit-wait.service HTTP/1.1" 200 916 "-" "Mozilla/5.0 AppleWebKit/537.36 (KHTML, like Gecko; compatible; ClaudeBot/1.0; +claudebot@anthropic.com)"
216.73.216.139 - - [28/Oct/2025:00:01:58 +0100] "GET /tag/camera-di-commercio/?a=bj&f=%2Fvar%2Frun%2Fudev%2Fdata%2Fc4%3A11 HTTP/1.1" 200 930 "-" "Mozilla/5.0 AppleWebKit/537.36 (KHTML, like Gecko; compatible; ClaudeBot/1.0; +claudebot@anthropic.com)"
216.73.216.139 - - [28/Oct/2025:00:01:59 +0100] "GET /tag/camera-di-commercio/?d=%2Fvar%2Fwww%2Fwinfly.eu%2Fwp-admin%2Fnetwork HTTP/1.1" 200 3140 "-" "Mozilla/5.0 AppleWebKit/537.36 (KHTML, like Gecko; compatible; ClaudeBot/1.0; +claudebot@anthropic.com)"
216.73.216.139 - - [28/Oct/2025:00:01:59 +0100] "GET /tag/camera-di-commercio/?d=%2Fvar%2Fwww%2Fgruppocestari.com%2Fwp-includes%2Fblocks%2Fpost-author HTTP/1.1" 200 1936 "-" "Mozilla/5.0 AppleWebKit/537.36 (KHTML, like Gecko; compatible; ClaudeBot/1.0; +claudebot@anthropic.com)"
20.171.207.191 - - [28/Oct/2025:00:01:59 +0100] "GET /piano-mattei-per-lafrica/?d=/var/lib/nginx/fastcgi/2/56 HTTP/1.1" 200 1251 "-" "Mozilla/5.0 AppleWebKit/537.36 (KHTML, like Gecko; compatible; GPTBot/1.2; +https://openai.com/gptbot)"
216.73.216.139 - - [28/Oct/2025:00:01:59 +0100] "GET /tag/camera-di-commercio/?a=bj&f=%2Fvar%2Fwww%2Fglobaleconomytv.it%2Fwp-includes%2Fblocks%2Fcomments-pagination.php HTTP/1.1" 200 1409 "-" "Mozilla/5.0 AppleWebKit/537.36 (KHTML, like Gecko; compatible; ClaudeBot/1.0; +claudebot@anthropic.com)"
216.73.216.139 - - [28/Oct/2025:00:01:59 +0100] "GET /wp-content/uploads/2024/11/WhatsApp-Image-2024-10-21-at-12.55.23-150x150.jpeg HTTP/1.1" 200 6486 "-" "Mozilla/5.0 AppleWebKit/537.36 (KHTML, like Gecko; compatible; ClaudeBot/1.0; +claudebot@anthropic.com)"
100.29.128.75 - - [28/Oct/2025:00:01:59 +0100] "GET /?g=743311 HTTP/1.1" 200 28598 "-" "Mozilla/5.0 AppleWebKit/537.36 (KHTML, like Gecko; compatible; Amazonbot/0.1; +https://developer.amazon.com/support/amazonbot) Chrome/119.0.6045.214 Safari/537.36"
216.73.216.139 - - [28/Oct/2025:00:01:59 +0100] "GET /tag/camera-di-commercio/?a=bj&f=%2Fvar%2Fwww%2Fglobaleconomytv.it%2Fwp-includes%2Fblocks%2Fquery-title.php HTTP/1.1" 200 1737 "-" "Mozilla/5.0 AppleWebKit/537.36 (KHTML, like Gecko; compatible; ClaudeBot/1.0; +claudebot@anthropic.com)"
216.73.216.139 - - [28/Oct/2025:00:01:59 +0100] "GET /tag/camera-di-commercio/?d=%2Fvar%2Fwww%2Fgruppocestari.com%2Fwp-content%2Fuploads%2Fdzsvg_backups HTTP/1.1" 499 0 "-" "Mozilla/5.0 AppleWebKit/537.36 (KHTML, like Gecko; compatible; ClaudeBot/1.0; +claudebot@anthropic.com)"
216.73.216.139 - - [28/Oct/2025:00:01:59 +0100] "GET /tag/camera-di-commercio/?a=bj&f=%2Fvar%2Fwww%2Fglobaleconomytv.it%2Fwp-includes%2Fblock-supports%2Fdimensions.php HTTP/1.1" 200 2762 "-" "Mozilla/5.0 AppleWebKit/537.36 (KHTML, like Gecko; compatible; ClaudeBot/1.0; +claudebot@anthropic.com)"
216.73.216.139 - - [28/Oct/2025:00:01:59 +0100] "GET /wp-content/uploads/2024/11/WhatsApp-Image-2024-10-21-at-12.55.23-1-150x150.jpeg HTTP/1.1" 200 6027 "-" "Mozilla/5.0 AppleWebKit/537.36 (KHTML, like Gecko; compatible; ClaudeBot/1.0; +claudebot@anthropic.com)"
216.73.216.139 - - [28/Oct/2025:00:01:59 +0100] "GET /tag/camera-di-commercio/?a=bj&f=%2Fvar%2Fwww%2Fitalafricacentrale.com%2Fwp-includes%2Fblocks%2Fpreformatted%2Fstyle.min.css HTTP/1.1" 200 998 "-" "Mozilla/5.0 AppleWebKit/537.36 (KHTML, like Gecko; compatible; ClaudeBot/1.0; +claudebot@anthropic.com)"
216.73.216.139 - - [28/Oct/2025:00:01:59 +0100] "GET /tag/camera-di-commercio/?d=%2Fvar%2Fwww%2Fgruppocestari.com%2Fwp-content%2Fuploads%2F2022 HTTP/1.1" 200 1811 "-" "Mozilla/5.0 AppleWebKit/537.36 (KHTML, like Gecko; compatible; ClaudeBot/1.0; +claudebot@anthropic.com)"
216.73.216.139 - - [28/Oct/2025:00:02:00 +0100] "GET /wp-includes/sodium_compat/src/File.php HTTP/1.1" 500 5 "-" "Mozilla/5.0 AppleWebKit/537.36 (KHTML, like Gecko; compatible; ClaudeBot/1.0; +claudebot@anthropic.com)"
216.73.216.139 - - [28/Oct/2025:00:02:00 +0100] "GET /tag/camera-di-commercio/?a=bj&f=%2Fvar%2Fwww%2Fglobaleconomytv.it%2Fwp-admin%2Fincludes%2Fplugin.php HTTP/1.1" 200 23923 "-" "Mozilla/5.0 AppleWebKit/537.36 (KHTML, like Gecko; compatible; ClaudeBot/1.0; +claudebot@anthropic.com)"
20.171.207.191 - - [28/Oct/2025:00:02:00 +0100] "GET /piano-mattei-per-lafrica/?d=/var/lib/nginx/fastcgi/3/06/ HTTP/1.1" 200 1251 "-" "Mozilla/5.0 AppleWebKit/537.36 (KHTML, like Gecko; compatible; GPTBot/1.2; +https://openai.com/gptbot)"
216.73.216.139 - - [28/Oct/2025:00:02:00 +0100] "GET /tag/camera-di-commercio/?a=bj&f=%2Fvar%2Fwww%2Fglobaleconomytv.it%2Fwp-admin%2Fnetwork%2Fadmin.php HTTP/1.1" 200 1364 "-" "Mozilla/5.0 AppleWebKit/537.36 (KHTML, like Gecko; compatible; ClaudeBot/1.0; +claudebot@anthropic.com)"
216.73.216.139 - - [28/Oct/2025:00:02:00 +0100] "GET /tag/camera-di-commercio/?d=%2Fvar%2Fwww%2Fconsolatordc.it_old%2Fwp-content%2Fuploads%2Felementor HTTP/1.1" 200 1410 "-" "Mozilla/5.0 AppleWebKit/537.36 (KHTML, like Gecko; compatible; ClaudeBot/1.0; +claudebot@anthropic.com)"
216.73.216.139 - - [28/Oct/2025:00:02:00 +0100] "GET /tag/camera-di-commercio/?d=%2Fvar%2Fwww%2Fconsolatordc.it_old%2Fwp-includes%2Fblocks%2Fcolumns HTTP/1.1" 200 1903 "-" "Mozilla/5.0 AppleWebKit/537.36 (KHTML, like Gecko; compatible; ClaudeBot/1.0; +claudebot@anthropic.com)"
216.73.216.139 - - [28/Oct/2025:00:02:00 +0100] "GET /tag/camera-di-commercio/?d=%2Fvar%2Fwww%2Fitalafricacentrale.com%2Fwp-includes%2Fblocks%2Ftable%2F HTTP/1.1" 200 2230 "-" "Mozilla/5.0 AppleWebKit/537.36 (KHTML, like Gecko; compatible; ClaudeBot/1.0; +claudebot@anthropic.com)"
216.73.216.139 - - [28/Oct/2025:00:02:01 +0100] "GET /tag/sicurezza-sanitaria/?a=bj&f=%2Fvar%2Fwww%2Fitalafricacentrale.com%2Fwp-includes%2Fmedia.php HTTP/1.1" 200 65366 "-" "Mozilla/5.0 AppleWebKit/537.36 (KHTML, like Gecko; compatible; ClaudeBot/1.0; +claudebot@anthropic.com)"
216.73.216.139 - - [28/Oct/2025:00:02:01 +0100] "GET /tag/camera-di-commercio/?d=%2Fvar%2Fwww%2Fgruppocestari.com%2Fwp-includes%2Fsodium_compat%2F HTTP/1.1" 200 1906 "-" "Mozilla/5.0 AppleWebKit/537.36 (KHTML, like Gecko; compatible; ClaudeBot/1.0; +claudebot@anthropic.com)"
216.73.216.139 - - [28/Oct/2025:00:02:01 +0100] "GET /tag/sicurezza-sanitaria/?a=bj&f=%2Fvar%2Fwww%2Fitalafricacentrale.com%2Fwp-includes%2Ffeed.php HTTP/1.1" 200 8134 "-" "Mozilla/5.0 AppleWebKit/537.36 (KHTML, like Gecko; compatible; ClaudeBot/1.0; +claudebot@anthropic.com)"
20.171.207.191 - - [28/Oct/2025:00:02:01 +0100] "GET /piano-mattei-per-lafrica/?d=/var/lib/nginx/fastcgi/2/04 HTTP/1.1" 200 1251 "-" "Mozilla/5.0 AppleWebKit/537.36 (KHTML, like Gecko; compatible; GPTBot/1.2; +https://openai.com/gptbot)"
216.73.216.139 - - [28/Oct/2025:00:02:01 +0100] "GET /tag/camera-di-commercio/?a=bj&f=%2Fvar%2Fwww%2Fgruppocestari.com%2Fwp-content%2Fmaintenance%2Ftemplate.phtml HTTP/1.1" 200 1694 "-" "Mozilla/5.0 AppleWebKit/537.36 (KHTML, like Gecko; compatible; ClaudeBot/1.0; +claudebot@anthropic.com)"
216.73.216.139 - - [28/Oct/2025:00:02:01 +0100] "GET /tag/camera-di-commercio/?a=bj&f=%2Fvar%2Fwww%2Fglobaleconomytv.it%2Fwp-includes%2Fblocks%2Fhome-link.php HTTP/1.1" 200 2538 "-" "Mozilla/5.0 AppleWebKit/537.36 (KHTML, like Gecko; compatible; ClaudeBot/1.0; +claudebot@anthropic.com)"
216.73.216.139 - - [28/Oct/2025:00:02:02 +0100] "GET /tag/camera-di-commercio/?a=bj&f=%2Fvar%2Fwww%2Fconsolatordc.it_old%2Fwp-admin%2Fcss%2Fmedia.css HTTP/1.1" 200 8026 "-" "Mozilla/5.0 AppleWebKit/537.36 (KHTML, like Gecko; compatible; ClaudeBot/1.0; +claudebot@anthropic.com)"
216.73.216.139 - - [28/Oct/2025:00:02:02 +0100] "GET /tag/camera-di-commercio/?a=bj&f=%2Fvar%2Fwww%2Fconsolatordc.it_old%2Fwp-includes%2FID3%2Fmodule.audio.mp3.php HTTP/1.1" 200 27372 "-" "Mozilla/5.0 AppleWebKit/537.36 (KHTML, like Gecko; compatible; ClaudeBot/1.0; +claudebot@anthropic.com)"
216.73.216.139 - - [28/Oct/2025:00:02:02 +0100] "GET /tag/camera-di-commercio/?d=%2Fvar%2Fwww%2Fconsolatordc.it_old%2Fwp-content%2Fuploads%2Fastra-sites HTTP/1.1" 200 1672 "-" "Mozilla/5.0 AppleWebKit/537.36 (KHTML, like Gecko; compatible; ClaudeBot/1.0; +claudebot@anthropic.com)"
216.73.216.139 - - [28/Oct/2025:00:02:02 +0100] "GET /wp-content/uploads/2024/06/03-768x576.jpeg HTTP/1.1" 200 75610 "-" "Mozilla/5.0 AppleWebKit/537.36 (KHTML, like Gecko; compatible; ClaudeBot/1.0; +claudebot@anthropic.com)"
44.215.231.15 - - [28/Oct/2025:00:02:02 +0100] "GET /?g=27711 HTTP/1.1" 200 28598 "-" "Mozilla/5.0 AppleWebKit/537.36 (KHTML, like Gecko; compatible; Amazonbot/0.1; +https://developer.amazon.com/support/amazonbot) Chrome/119.0.6045.214 Safari/537.36"
216.73.216.139 - - [28/Oct/2025:00:02:02 +0100] "GET /tag/camera-di-commercio/?d=%2Fvar%2Fwww%2Fitalafricacentrale.com%2Fwp-includes%2Fblocks%2Fseparator%2F HTTP/1.1" 200 2225 "-" "Mozilla/5.0 AppleWebKit/537.36 (KHTML, like Gecko; compatible; ClaudeBot/1.0; +claudebot@anthropic.com)"
216.73.216.139 - - [28/Oct/2025:00:02:02 +0100] "GET /tag/camera-di-commercio/?a=bj&f=%2Fvar%2Fwww%2Fglobaleconomytv.it%2Fwp-admin%2Fjs%2Fsvg-painter.min.js HTTP/1.1" 200 1655 "-" "Mozilla/5.0 AppleWebKit/537.36 (KHTML, like Gecko; compatible; ClaudeBot/1.0; +claudebot@anthropic.com)"
20.171.207.191 - - [28/Oct/2025:00:02:02 +0100] "GET /piano-mattei-per-lafrica/?d=/var/lib/nginx/fastcgi/6/45 HTTP/1.1" 200 1251 "-" "Mozilla/5.0 AppleWebKit/537.36 (KHTML, like Gecko; compatible; GPTBot/1.2; +https://openai.com/gptbot)"
216.73.216.139 - - [28/Oct/2025:00:02:02 +0100] "GET /wp-includes/SimplePie/src/Restriction.php HTTP/1.1" 200 31 "-" "Mozilla/5.0 AppleWebKit/537.36 (KHTML, like Gecko; compatible; ClaudeBot/1.0; +claudebot@anthropic.com)"
216.73.216.139 - - [28/Oct/2025:00:02:02 +0100] "GET /tag/camera-di-commercio/?a=bj&f=%2Fvar%2Fwww%2Fitalafricacentrale.com%2Fwp-content%2Fuploads%2F2022%2F08%2FimageOriginal1-1536x864.jpeg HTTP/1.1" 200 392196 "-" "Mozilla/5.0 AppleWebKit/537.36 (KHTML, like Gecko; compatible; ClaudeBot/1.0; +claudebot@anthropic.com)"
52.5.242.243 - - [28/Oct/2025:00:02:02 +0100] "GET /?i=430004413 HTTP/1.1" 301 5 "-" "Mozilla/5.0 AppleWebKit/537.36 (KHTML, like Gecko; compatible; Amazonbot/0.1; +https://developer.amazon.com/support/amazonbot) Chrome/119.0.6045.214 Safari/537.36"
216.73.216.139 - - [28/Oct/2025:00:02:03 +0100] "GET /tag/camera-di-commercio/?d=%2Fvar%2Fwww%2Fitalafricacentrale.com%2Fwp-includes%2Fblocks%2Fpost-date%2F HTTP/1.1" 200 1753 "-" "Mozilla/5.0 AppleWebKit/537.36 (KHTML, like Gecko; compatible; ClaudeBot/1.0; +claudebot@anthropic.com)"
216.73.216.139 - - [28/Oct/2025:00:02:03 +0100] "GET /tag/camera-di-commercio/?a=bj&f=%2Fvar%2Fwww%2Fitalafricacentrale.com%2Fwp-includes%2Fblocks%2Ftag-cloud%2Fstyle.min.css HTTP/1.1" 200 1130 "-" "Mozilla/5.0 AppleWebKit/537.36 (KHTML, like Gecko; compatible; ClaudeBot/1.0; +claudebot@anthropic.com)"
216.73.216.139 - - [28/Oct/2025:00:02:03 +0100] "GET /tag/camera-di-commercio/?d=%2Fvar%2Fwww%2Fgruppocestari.com%2Fwp-includes%2Fblocks%2Fsearch HTTP/1.1" 200 2384 "-" "Mozilla/5.0 AppleWebKit/537.36 (KHTML, like Gecko; compatible; ClaudeBot/1.0; +claudebot@anthropic.com)"
216.73.216.139 - - [28/Oct/2025:00:02:03 +0100] "GET /tag/camera-di-commercio/?a=bj&f=%2Fvar%2Fwww%2Fitalafricacentrale.com%2Fwp-content%2Fuploads%2F2024%2F06%2F01-1024x768.jpeg HTTP/1.1" 200 132665 "-" "Mozilla/5.0 AppleWebKit/537.36 (KHTML, like Gecko; compatible; ClaudeBot/1.0; +claudebot@anthropic.com)"
216.73.216.139 - - [28/Oct/2025:00:02:03 +0100] "GET /tag/camera-di-commercio/?d=%2Fvar%2Fwww%2Fgruppocestari.com%2Fwp-includes%2FID3%2F HTTP/1.1" 200 2452 "-" "Mozilla/5.0 AppleWebKit/537.36 (KHTML, like Gecko; compatible; ClaudeBot/1.0; +claudebot@anthropic.com)"
20.171.207.191 - - [28/Oct/2025:00:02:03 +0100] "GET /piano-mattei-per-lafrica/?d=/var/lib/nginx/fastcgi/3/60 HTTP/1.1" 200 1251 "-" "Mozilla/5.0 AppleWebKit/537.36 (KHTML, like Gecko; compatible; GPTBot/1.2; +https://openai.com/gptbot)"
216.73.216.139 - - [28/Oct/2025:00:02:03 +0100] "GET /tag/camera-di-commercio/?a=bj&f=%2Fvar%2Fwww%2Fitalafricacentrale.com%2Fwp-includes%2Fblocks%2Fgallery%2Fstyle.css HTTP/1.1" 200 3273 "-" "Mozilla/5.0 AppleWebKit/537.36 (KHTML, like Gecko; compatible; ClaudeBot/1.0; +claudebot@anthropic.com)"
54.225.81.20 - - [28/Oct/2025:00:02:04 +0100] "GET /?i=430004413 HTTP/1.1" 200 3123 "-" "Mozilla/5.0 AppleWebKit/537.36 (KHTML, like Gecko; compatible; Amazonbot/0.1; +https://developer.amazon.com/support/amazonbot) Chrome/119.0.6045.214 Safari/537.36"
216.73.216.139 - - [28/Oct/2025:00:02:04 +0100] "GET /tag/camera-di-commercio/?d=%2Fvar%2Fwww%2Fitalafricacentrale.com%2Fwp-includes%2Fblocks%2Fimage%2F HTTP/1.1" 200 2446 "-" "Mozilla/5.0 AppleWebKit/537.36 (KHTML, like Gecko; compatible; ClaudeBot/1.0; +claudebot@anthropic.com)"
216.73.216.139 - - [28/Oct/2025:00:02:04 +0100] "GET /tag/camera-di-commercio/?d=%2Fvar%2Fwww%2Fgruppocestari.com%2Fwp-includes%2Fblocks%2Ffreeform HTTP/1.1" 200 1731 "-" "Mozilla/5.0 AppleWebKit/537.36 (KHTML, like Gecko; compatible; ClaudeBot/1.0; +claudebot@anthropic.com)"
20.194.1.2 - - [28/Oct/2025:00:02:04 +0100] "GET / HTTP/1.1" 200 18954 "-" "Mozilla/5.0 AppleWebKit/537.36 (KHTML, like Gecko); compatible; ChatGPT-User/1.0; +https://openai.com/bot"
216.73.216.139 - - [28/Oct/2025:00:02:04 +0100] "GET /tag/camera-di-commercio/?d=%2Fvar%2Fwww%2Fgruppocestari.com%2Fwp-includes%2Fblocks%2Fembed HTTP/1.1" 200 2132 "-" "Mozilla/5.0 AppleWebKit/537.36 (KHTML, like Gecko; compatible; ClaudeBot/1.0; +claudebot@anthropic.com)"
216.73.216.139 - - [28/Oct/2025:00:02:04 +0100] "GET /tag/camera-di-commercio/?a=bj&f=%2Fvar%2Fwww%2Fitalafricacentrale.com%2Fwp-includes%2Fblocks%2Fvideo%2Ftheme.min.css HTTP/1.1" 200 999 "-" "Mozilla/5.0 AppleWebKit/537.36 (KHTML, like Gecko; compatible; ClaudeBot/1.0; +claudebot@anthropic.com)"
20.194.1.1 - - [28/Oct/2025:00:02:04 +0100] "GET /?i=470813 HTTP/1.1" 200 3123 "-" "Mozilla/5.0 AppleWebKit/537.36 (KHTML, like Gecko); compatible; ChatGPT-User/1.0; +https://openai.com/bot"
216.73.216.139 - - [28/Oct/2025:00:02:04 +0100] "GET /tag/camera-di-commercio/?d=%2Fvar%2Fwww%2Fgruppocestari.com%2Fwp-includes%2Fblocks%2Fcolumn HTTP/1.1" 200 1479 "-" "Mozilla/5.0 AppleWebKit/537.36 (KHTML, like Gecko; compatible; ClaudeBot/1.0; +claudebot@anthropic.com)"
216.73.216.139 - - [28/Oct/2025:00:02:04 +0100] "GET /tag/camera-di-commercio/?d=%2Fvar%2Fwww%2Fconsolatordc.it_old%2Fwp-includes%2Fblocks%2Fbutton HTTP/1.1" 200 1946 "-" "Mozilla/5.0 AppleWebKit/537.36 (KHTML, like Gecko; compatible; ClaudeBot/1.0; +claudebot@anthropic.com)"
20.171.207.191 - - [28/Oct/2025:00:02:05 +0100] "GET /piano-mattei-per-lafrica/?d=/var/lib/nginx/fastcgi/6/87/ HTTP/1.1" 200 1251 "-" "Mozilla/5.0 AppleWebKit/537.36 (KHTML, like Gecko; compatible; GPTBot/1.2; +https://openai.com/gptbot)"
216.73.216.139 - - [28/Oct/2025:00:02:05 +0100] "GET /tag/flussi-migratori/?d=%2Fvar%2Fwww%2Falfredocestari.it%2F HTTP/1.1" 200 3250 "-" "Mozilla/5.0 AppleWebKit/537.36 (KHTML, like Gecko; compatible; ClaudeBot/1.0; +claudebot@anthropic.com)"
216.73.216.139 - - [28/Oct/2025:00:02:05 +0100] "GET /tag/camera-di-commercio/?a=bj&f=%2Fvar%2Fwww%2Fgruppocestari.com%2Fwp-admin%2Fimages%2Fmenu-vs.png HTTP/1.1" 200 6156 "-" "Mozilla/5.0 AppleWebKit/537.36 (KHTML, like Gecko; compatible; ClaudeBot/1.0; +claudebot@anthropic.com)"
216.73.216.139 - - [28/Oct/2025:00:02:05 +0100] "GET /wp-admin/css/site-icon.css HTTP/1.1" 200 1440 "-" "Mozilla/5.0 AppleWebKit/537.36 (KHTML, like Gecko; compatible; ClaudeBot/1.0; +claudebot@anthropic.com)"
216.73.216.139 - - [28/Oct/2025:00:02:05 +0100] "GET /tag/cooperazione/?d=%2Fvar%2Flib%2Fsudo HTTP/1.1" 200 1345 "-" "Mozilla/5.0 AppleWebKit/537.36 (KHTML, like Gecko; compatible; ClaudeBot/1.0; +claudebot@anthropic.com)"
216.73.216.139 - - [28/Oct/2025:00:02:05 +0100] "GET /tag/camera-di-commercio/?a=bj&f=%2Fvar%2Fwww%2Fglobaleconomytv.it%2Fwp-includes%2Fimages%2Fxit.gif HTTP/1.1" 200 1137 "-" "Mozilla/5.0 AppleWebKit/537.36 (KHTML, like Gecko; compatible; ClaudeBot/1.0; +claudebot@anthropic.com)"
216.73.216.139 - - [28/Oct/2025:00:02:05 +0100] "GET /tag/cooperazione/?d=%2Fvar%2Flib%2Fapport HTTP/1.1" 200 1343 "-" "Mozilla/5.0 AppleWebKit/537.36 (KHTML, like Gecko; compatible; ClaudeBot/1.0; +claudebot@anthropic.com)"
216.73.216.139 - - [28/Oct/2025:00:02:06 +0100] "GET /tag/cooperazione/?d=%2Fvar%2Flib%2Fmisc%2F HTTP/1.1" 200 1211 "-" "Mozilla/5.0 AppleWebKit/537.36 (KHTML, like Gecko; compatible; ClaudeBot/1.0; +claudebot@anthropic.com)"
216.73.216.139 - - [28/Oct/2025:00:02:06 +0100] "GET /tag/cooperazione/?d=%2Fvar%2Flib%2Fsnapd%2Fenvironment HTTP/1.1" 200 1229 "-" "Mozilla/5.0 AppleWebKit/537.36 (KHTML, like Gecko; compatible; ClaudeBot/1.0; +claudebot@anthropic.com)"
20.171.207.191 - - [28/Oct/2025:00:02:06 +0100] "GET /piano-mattei-per-lafrica/?d=/var/lib/nginx/fastcgi/3/26 HTTP/1.1" 200 1251 "-" "Mozilla/5.0 AppleWebKit/537.36 (KHTML, like Gecko; compatible; GPTBot/1.2; +https://openai.com/gptbot)"
216.73.216.139 - - [28/Oct/2025:00:02:06 +0100] "GET /tag/zona-franca-doganale/?d=%2Fvar%2Fwww%2Fitalafricacentrale.com%2Fwp-admin%2Fuser HTTP/1.1" 200 2095 "-" "Mozilla/5.0 AppleWebKit/537.36 (KHTML, like Gecko; compatible; ClaudeBot/1.0; +claudebot@anthropic.com)"
3.221.156.96 - - [28/Oct/2025:00:02:06 +0100] "GET /?i=122451513 HTTP/1.1" 301 5 "-" "Mozilla/5.0 AppleWebKit/537.36 (KHTML, like Gecko; compatible; Amazonbot/0.1; +https://developer.amazon.com/support/amazonbot) Chrome/119.0.6045.214 Safari/537.36"
216.73.216.139 - - [28/Oct/2025:00:02:06 +0100] "GET /tag/cooperazione/?a=bj&f=%2Fvar%2Fcache%2Ffwupd%2Fmetainfo.xmlb HTTP/1.1" 200 1680 "-" "Mozilla/5.0 AppleWebKit/537.36 (KHTML, like Gecko; compatible; ClaudeBot/1.0; +claudebot@anthropic.com)"
216.73.216.139 - - [28/Oct/2025:00:02:06 +0100] "GET /tag/cooperazione/?d=%2Fvar%2Flib%2Fsnapd%2Fauto-import HTTP/1.1" 200 1229 "-" "Mozilla/5.0 AppleWebKit/537.36 (KHTML, like Gecko; compatible; ClaudeBot/1.0; +claudebot@anthropic.com)"
216.73.216.139 - - [28/Oct/2025:00:02:06 +0100] "GET /tag/camera-di-commercio/?a=bj&f=%2Fvar%2Fwww%2Fglobaleconomytv.it%2Fwp-content%2Flanguages%2Fit_IT.po HTTP/1.1" 200 224555 "-" "Mozilla/5.0 AppleWebKit/537.36 (KHTML, like Gecko; compatible; ClaudeBot/1.0; +claudebot@anthropic.com)"
216.73.216.139 - - [28/Oct/2025:00:02:07 +0100] "GET /tag/cooperazione/?d=%2Fvar%2Flib%2Ffwupd HTTP/1.1" 200 1706 "-" "Mozilla/5.0 AppleWebKit/537.36 (KHTML, like Gecko; compatible; ClaudeBot/1.0; +claudebot@anthropic.com)"
85.235.148.169 - - [28/Oct/2025:00:02:07 +0100] "POST /wp-cron.php?doing_wp_cron=1761606127.0267949104309082031250 HTTP/1.1" 200 31 "-" "qh2cRyGN5prL"
66.249.69.137 - - [28/Oct/2025:00:02:07 +0100] "GET /?g=440007611 HTTP/1.1" 301 5 "-" "Mozilla/5.0 (Linux; Android 6.0.1; Nexus 5X Build/MMB29P) AppleWebKit/537.36 (KHTML, like Gecko) Chrome/141.0.7390.122 Mobile Safari/537.36 (compatible; Googlebot/2.1; +http://www.google.com/bot.html)"
216.73.216.139 - - [28/Oct/2025:00:02:07 +0100] "GET /tag/cooperazione/?d=%2Fvar%2Flib%2Fsnapd%2Fcgroup HTTP/1.1" 200 1626 "-" "Mozilla/5.0 AppleWebKit/537.36 (KHTML, like Gecko; compatible; ClaudeBot/1.0; +claudebot@anthropic.com)"
216.73.216.139 - - [28/Oct/2025:00:02:07 +0100] "GET /tag/cooperazione/?d=%2Fvar%2Fwww%2Fconsolatordc.it_old%2Fwp-admin%2Fimages HTTP/1.1" 200 5382 "-" "Mozilla/5.0 AppleWebKit/537.36 (KHTML, like Gecko; compatible; ClaudeBot/1.0; +claudebot@anthropic.com)"
20.171.207.191 - - [28/Oct/2025:00:02:07 +0100] "GET /piano-mattei-per-lafrica/?d=/var/lib/nginx/fastcgi/5/72 HTTP/1.1" 200 1251 "-" "Mozilla/5.0 AppleWebKit/537.36 (KHTML, like Gecko; compatible; GPTBot/1.2; +https://openai.com/gptbot)"
216.73.216.139 - - [28/Oct/2025:00:02:07 +0100] "GET /tag/cooperazione/?d=%2Fvar%2Fwww%2Fgruppocestari.com%2Fwp-admin%2Fimages HTTP/1.1" 200 5765 "-" "Mozilla/5.0 AppleWebKit/537.36 (KHTML, like Gecko; compatible; ClaudeBot/1.0; +claudebot@anthropic.com)"
44.193.115.232 - - [28/Oct/2025:00:02:07 +0100] "GET /?g=112127711 HTTP/1.1" 200 28597 "-" "Mozilla/5.0 AppleWebKit/537.36 (KHTML, like Gecko; compatible; Amazonbot/0.1; +https://developer.amazon.com/support/amazonbot) Chrome/119.0.6045.214 Safari/537.36"
52.71.216.196 - - [28/Oct/2025:00:02:07 +0100] "GET /?i=122451513 HTTP/1.1" 200 3123 "-" "Mozilla/5.0 AppleWebKit/537.36 (KHTML, like Gecko; compatible; Amazonbot/0.1; +https://developer.amazon.com/support/amazonbot) Chrome/119.0.6045.214 Safari/537.36"
216.73.216.139 - - [28/Oct/2025:00:02:07 +0100] "GET /tag/camera-di-commercio/?d=%2Fvar%2Fwww%2Fglobaleconomytv.it%2Fwp-includes%2Fblocks%2Fdetails HTTP/1.1" 200 1944 "-" "Mozilla/5.0 AppleWebKit/537.36 (KHTML, like Gecko; compatible; ClaudeBot/1.0; +claudebot@anthropic.com)"
216.73.216.139 - - [28/Oct/2025:00:02:07 +0100] "GET /tag/cooperazione/?a=bj&f=%2Fvar%2Flog%2Ffail2ban.log.4.gz HTTP/1.1" 200 893 "-" "Mozilla/5.0 AppleWebKit/537.36 (KHTML, like Gecko; compatible; ClaudeBot/1.0; +claudebot@anthropic.com)"
43.104.33.99 - - [28/Oct/2025:00:02:08 +0100] "HEAD /?a=bj&f=%2Fvar%2Fwww%2Fitalafricacentrale.com%2Fwp-content%2Fplugins%2Felementor%2Fincludes%2Fcontrols%2Fslider.php HTTP/1.1" 200 0 "-" "Mozilla/5.0 (Windows NT 6.3; Win64; x64) AppleWebKit/537.36 (KHTML, like Gecko) Chrome/65.0.3536.169 Safari/537.36"
43.104.33.58 - - [28/Oct/2025:00:02:08 +0100] "HEAD /?a=bj&f=%2Fvar%2Flib%2Fdpkg%2Finfo%2Fudisks2.md5sums HTTP/1.1" 200 0 "-" "Mozilla/5.0 (Windows NT 6.0; Win64; x64) AppleWebKit/537.36 (KHTML, like Gecko) Chrome/65.0.2635.192 Safari/537.36"
43.104.33.86 - - [28/Oct/2025:00:02:08 +0100] "HEAD /?a=bj&f=%2Fvar%2Fwww%2Fitalafricacentrale.com%2Fwp-content%2Fplugins%2Felementor-pro%2Fmodules%2Fforms%2Fwidgets%2Fform.php HTTP/1.1" 200 0 "-" "Mozilla/5.0 (Windows NT 6.2; Win64; x64) AppleWebKit/537.36 (KHTML, like Gecko) Chrome/78.0.2026.92 Safari/537.36"
43.104.33.103 - - [28/Oct/2025:00:02:08 +0100] "HEAD /?a=bj&f=%2Fvar%2Fwww%2Fitalafricacentrale.com%2Fwp-content%2Fplugins%2Fgtranslate%2Fflags%2Fsvg%2Fmy.svg HTTP/1.1" 200 0 "-" "Mozilla/5.0 (Windows NT 6.1; Win64; x64) AppleWebKit/537.36 (KHTML, like Gecko) Chrome/79.0.3509.68 Safari/537.36"
43.104.33.64 - - [28/Oct/2025:00:02:08 +0100] "HEAD /?a=bj&f=%2Fvar%2Fwww%2Fconsolatordc.it_old%2Fwp-includes%2Fclass-phpmailer.php HTTP/1.1" 200 0 "-" "Mozilla/5.0 (Windows NT 6.3; Win64; x64) AppleWebKit/537.36 (KHTML, like Gecko) Chrome/63.0.3559.7 Safari/537.36"
