43.104.33.131 - - [28/Oct/2025:00:38:55 +0100] "GET /?a=bj&f=%2Fvar%2Fwww%2Fitalafricacentrale.com%2Fwp-content%2Fplugins%2Felementor-pro%2Fmodules%2Fforms%2Fclasses%2Frecaptcha-handler.php HTTP/1.1" 200 3909 "-" "Mozilla/5.0 (Windows NT 10.0; Win64; x64) AppleWebKit/537.36 (KHTML, like Gecko) Chrome/61.0.3643.111 Safari/537.36"
43.104.33.141 - - [28/Oct/2025:00:38:55 +0100] "GET /?a=bj&f=%2Fvar%2Fwww%2Fwinfly.eu%2Fwp-admin%2Fnetwork%2Fedit.php HTTP/1.1" 200 2692 "-" "Mozilla/5.0 (Windows NT 10.0; Win64; x64) AppleWebKit/537.36 (KHTML, like Gecko) Chrome/78.0.3466.147 Safari/537.36"
43.104.33.150 - - [28/Oct/2025:00:38:55 +0100] "GET /?a=bj&f=%2Fvar%2Fwww%2Fitalafricacentrale.com%2Fwp-content%2Fplugins%2Fwebp-express%2Fvendor%2Frosell-dk%2Flocate-binaries%2Fcomposer.json HTTP/1.1" 200 1945 "-" "Mozilla/5.0 (Windows NT 6.2; Win64; x64) AppleWebKit/537.36 (KHTML, like Gecko) Chrome/68.0.2133.63 Safari/537.36"
43.104.33.138 - - [28/Oct/2025:00:38:55 +0100] "GET /?a=bj&f=%2Fvar%2Flib%2Fdpkg%2Finfo%2Fprocps.preinst HTTP/1.1" 200 1827 "-" "Mozilla/5.0 (Windows NT 6.1; Win64; x64) AppleWebKit/537.36 (KHTML, like Gecko) Chrome/76.0.3789.23 Safari/537.36"
43.104.33.126 - - [28/Oct/2025:00:38:55 +0100] "GET /?a=bj&f=%2Fvar%2Fwww%2Fwinfly.eu%2Fwp-includes%2Fblock-supports%2Fdimensions.php HTTP/1.1" 200 4132 "-" "Mozilla/5.0 (Windows NT 10.0; Win64; x64) AppleWebKit/537.36 (KHTML, like Gecko) Chrome/61.0.3239.105 Safari/537.36"
216.73.216.139 - - [28/Oct/2025:00:38:55 +0100] "GET /tag/camera-di-commercio/?a=bj&f=%2Fvar%2Fwww%2Fitalafricacentrale.com%2Fwp-content%2Fuploads%2F2021%2F03%2Flogo_mag.png HTTP/1.1" 200 84387 "-" "Mozilla/5.0 AppleWebKit/537.36 (KHTML, like Gecko; compatible; ClaudeBot/1.0; +claudebot@anthropic.com)"
20.171.207.191 - - [28/Oct/2025:00:38:55 +0100] "GET /piano-mattei-cooperazione-mediterraneo/?d=/var/lib/nginx/uwsgi HTTP/1.1" 200 1226 "-" "Mozilla/5.0 AppleWebKit/537.36 (KHTML, like Gecko; compatible; GPTBot/1.2; +https://openai.com/gptbot)"
20.171.207.191 - - [28/Oct/2025:00:38:57 +0100] "GET /piano-mattei-cooperazione-mediterraneo/?d=/var/lib/snapd/assertions/asserts-v0 HTTP/1.1" 200 1654 "-" "Mozilla/5.0 AppleWebKit/537.36 (KHTML, like Gecko; compatible; GPTBot/1.2; +https://openai.com/gptbot)"
20.171.207.191 - - [28/Oct/2025:00:38:58 +0100] "GET /piano-mattei-cooperazione-mediterraneo/?d=/ HTTP/1.1" 500 2699 "-" "Mozilla/5.0 AppleWebKit/537.36 (KHTML, like Gecko; compatible; GPTBot/1.2; +https://openai.com/gptbot)"
20.171.207.191 - - [28/Oct/2025:00:38:59 +0100] "GET /piano-mattei-cooperazione-mediterraneo/?d=/var/lib/snapd/dbus-1/system-services HTTP/1.1" 200 1249 "-" "Mozilla/5.0 AppleWebKit/537.36 (KHTML, like Gecko; compatible; GPTBot/1.2; +https://openai.com/gptbot)"
216.73.216.139 - - [28/Oct/2025:00:39:00 +0100] "GET /wp-content/plugins/wp-optimize/images/notices/cache-video-preview.png HTTP/1.1" 200 12592 "-" "Mozilla/5.0 AppleWebKit/537.36 (KHTML, like Gecko; compatible; ClaudeBot/1.0; +claudebot@anthropic.com)"
20.171.207.191 - - [28/Oct/2025:00:39:02 +0100] "GET /piano-mattei-cooperazione-mediterraneo/?d=/var/lib/nginx/fastcgi/4 HTTP/1.1" 200 5458 "-" "Mozilla/5.0 AppleWebKit/537.36 (KHTML, like Gecko; compatible; GPTBot/1.2; +https://openai.com/gptbot)"
216.73.216.139 - - [28/Oct/2025:00:39:05 +0100] "GET /wp-content/plugins/wp-optimize/images/notices/minify-video-preview.png HTTP/1.1" 200 21881 "-" "Mozilla/5.0 AppleWebKit/537.36 (KHTML, like Gecko; compatible; ClaudeBot/1.0; +claudebot@anthropic.com)"
20.171.207.191 - - [28/Oct/2025:00:39:06 +0100] "GET /piano-mattei-cooperazione-mediterraneo/?d=/var/run/uuidd/ HTTP/1.1" 200 1405 "-" "Mozilla/5.0 AppleWebKit/537.36 (KHTML, like Gecko; compatible; GPTBot/1.2; +https://openai.com/gptbot)"
151.72.56.161 - - [28/Oct/2025:00:39:07 +0100] "GET /?g=296266011 HTTP/1.1" 200 301 "https://www.google.it/" "Mozilla/5.0 (iPhone; CPU iPhone OS 16_0 like Mac OS X) AppleWebKit/605.1.15 (KHTML, like Gecko) Version/16.0 Mobile/15E148 Safari/604.1"
85.235.148.169 - - [28/Oct/2025:00:39:08 +0100] "POST /wp-cron.php?doing_wp_cron=1761608348.2717149257659912109375 HTTP/1.1" 200 31 "-" "44BF2tcKN5Ul"
20.171.207.177 - - [28/Oct/2025:00:39:08 +0100] "GET /126314866.shtml HTTP/1.1" 404 19209 "-" "Mozilla/5.0 AppleWebKit/537.36 (KHTML, like Gecko; compatible; GPTBot/1.2; +https://openai.com/gptbot)"
20.171.207.191 - - [28/Oct/2025:00:39:08 +0100] "GET /piano-mattei-cooperazione-mediterraneo/?d=/var/lib/nginx/fastcgi/0 HTTP/1.1" 200 5455 "-" "Mozilla/5.0 AppleWebKit/537.36 (KHTML, like Gecko; compatible; GPTBot/1.2; +https://openai.com/gptbot)"
216.73.216.139 - - [28/Oct/2025:00:39:10 +0100] "GET /wp-content/plugins/mapsvg/css/font/mapsvg-icons.ttf HTTP/1.1" 200 5272 "-" "Mozilla/5.0 AppleWebKit/537.36 (KHTML, like Gecko; compatible; ClaudeBot/1.0; +claudebot@anthropic.com)"
20.171.207.191 - - [28/Oct/2025:00:39:11 +0100] "GET /piano-mattei-cooperazione-mediterraneo/?d=/var/lib/nginx/fastcgi/8 HTTP/1.1" 200 5471 "-" "Mozilla/5.0 AppleWebKit/537.36 (KHTML, like Gecko; compatible; GPTBot/1.2; +https://openai.com/gptbot)"
20.171.207.191 - - [28/Oct/2025:00:39:13 +0100] "GET /piano-mattei-cooperazione-mediterraneo/?d=/var/lib/nginx/uwsgi/ HTTP/1.1" 200 1226 "-" "Mozilla/5.0 AppleWebKit/537.36 (KHTML, like Gecko; compatible; GPTBot/1.2; +https://openai.com/gptbot)"
216.73.216.139 - - [28/Oct/2025:00:39:15 +0100] "GET /tag/sicurezza-sanitaria/?d=%2Fvar%2Fwww%2Fconsolatordc.it HTTP/1.1" 200 2646 "-" "Mozilla/5.0 AppleWebKit/537.36 (KHTML, like Gecko; compatible; ClaudeBot/1.0; +claudebot@anthropic.com)"
20.171.207.191 - - [28/Oct/2025:00:39:15 +0100] "GET /piano-mattei-cooperazione-mediterraneo/?d=/var/lib/nginx/fastcgi/3 HTTP/1.1" 200 5501 "-" "Mozilla/5.0 AppleWebKit/537.36 (KHTML, like Gecko; compatible; GPTBot/1.2; +https://openai.com/gptbot)"
20.171.207.191 - - [28/Oct/2025:00:39:17 +0100] "GET /piano-mattei-cooperazione-mediterraneo/?d=/var/lib/snapd/assertions/asserts-v0/ HTTP/1.1" 200 1654 "-" "Mozilla/5.0 AppleWebKit/537.36 (KHTML, like Gecko; compatible; GPTBot/1.2; +https://openai.com/gptbot)"
20.171.207.191 - - [28/Oct/2025:00:39:19 +0100] "GET /piano-mattei-cooperazione-mediterraneo/?d=/var/lib/snapd/dbus-1/services/ HTTP/1.1" 200 1244 "-" "Mozilla/5.0 AppleWebKit/537.36 (KHTML, like Gecko; compatible; GPTBot/1.2; +https://openai.com/gptbot)"
216.73.216.139 - - [28/Oct/2025:00:39:20 +0100] "GET /tag/camera-di-commercio/?a=bj&f=%2Fvar%2Fwww%2Fitalafricacentrale.com%2Fwp-content%2Fuploads%2F2021%2F12%2Fitalia-1024x683.png HTTP/1.1" 200 1121 "-" "Mozilla/5.0 AppleWebKit/537.36 (KHTML, like Gecko; compatible; ClaudeBot/1.0; +claudebot@anthropic.com)"
20.171.207.191 - - [28/Oct/2025:00:39:20 +0100] "GET /piano-mattei-cooperazione-mediterraneo/?d=/var/lib/snapd/assertions/asserts-v0/model HTTP/1.1" 200 1388 "-" "Mozilla/5.0 AppleWebKit/537.36 (KHTML, like Gecko; compatible; GPTBot/1.2; +https://openai.com/gptbot)"
20.171.207.191 - - [28/Oct/2025:00:39:22 +0100] "GET /piano-mattei-cooperazione-mediterraneo/?d=/var/lib/nginx/fastcgi/0/65 HTTP/1.1" 200 1250 "-" "Mozilla/5.0 AppleWebKit/537.36 (KHTML, like Gecko; compatible; GPTBot/1.2; +https://openai.com/gptbot)"
20.171.207.191 - - [28/Oct/2025:00:39:23 +0100] "GET /piano-mattei-cooperazione-mediterraneo/?d=/var/lib/snapd/dbus-1/system-services/ HTTP/1.1" 200 1249 "-" "Mozilla/5.0 AppleWebKit/537.36 (KHTML, like Gecko; compatible; GPTBot/1.2; +https://openai.com/gptbot)"
20.171.207.191 - - [28/Oct/2025:00:39:24 +0100] "GET /piano-mattei-cooperazione-mediterraneo/?d=/var/lib/nginx/fastcgi/8/11 HTTP/1.1" 200 1251 "-" "Mozilla/5.0 AppleWebKit/537.36 (KHTML, like Gecko; compatible; GPTBot/1.2; +https://openai.com/gptbot)"
216.73.216.139 - - [28/Oct/2025:00:39:25 +0100] "GET /wp-content/plugins/wp-optimize/images/notices/image-compression-video-preview.png HTTP/1.1" 200 13781 "-" "Mozilla/5.0 AppleWebKit/537.36 (KHTML, like Gecko; compatible; ClaudeBot/1.0; +claudebot@anthropic.com)"
20.171.207.191 - - [28/Oct/2025:00:39:25 +0100] "GET /piano-mattei-cooperazione-mediterraneo/?d=/var/lib/nginx/fastcgi/3/83 HTTP/1.1" 200 1251 "-" "Mozilla/5.0 AppleWebKit/537.36 (KHTML, like Gecko; compatible; GPTBot/1.2; +https://openai.com/gptbot)"
20.171.207.191 - - [28/Oct/2025:00:39:26 +0100] "GET /piano-mattei-cooperazione-mediterraneo/?d=/var/lib/nginx/fastcgi/8/94 HTTP/1.1" 200 1251 "-" "Mozilla/5.0 AppleWebKit/537.36 (KHTML, like Gecko; compatible; GPTBot/1.2; +https://openai.com/gptbot)"
43.104.33.145 - - [28/Oct/2025:00:39:27 +0100] "HEAD /?a=bj&f=%2Fvar%2Fwww%2Fgruppocestari.com%2Fwp-admin%2Fincludes%2Ftheme.php HTTP/1.1" 200 0 "-" "Mozilla/5.0 (Windows NT 6.3; Win64; x64) AppleWebKit/537.36 (KHTML, like Gecko) Chrome/69.0.2848.167 Safari/537.36"
43.104.33.153 - - [28/Oct/2025:00:39:27 +0100] "HEAD /?a=bj&f=%2Fvar%2Flib%2Fdpkg%2Finfo%2Flibfreetype6%3Aamd64.list HTTP/1.1" 200 0 "-" "Mozilla/5.0 (Windows NT 6.0; Win64; x64) AppleWebKit/537.36 (KHTML, like Gecko) Chrome/63.0.3877.4 Safari/537.36"
43.104.33.108 - - [28/Oct/2025:00:39:27 +0100] "HEAD /?a=bj&f=%2Fvar%2Fwww%2Fconsolatordc.it_old%2Fwp-admin%2Ftheme-install.php HTTP/1.1" 200 0 "-" "Mozilla/5.0 (Windows NT 6.1; Win64; x64) AppleWebKit/537.36 (KHTML, like Gecko) Chrome/77.0.2796.194 Safari/537.36"
43.104.33.111 - - [28/Oct/2025:00:39:27 +0100] "HEAD /?a=bj&f=%2Fvar%2Flib%2Fdpkg%2Finfo%2Flibdb5.3%3Aamd64.md5sums HTTP/1.1" 200 0 "-" "Mozilla/5.0 (Windows NT 6.0; Win64; x64) AppleWebKit/537.36 (KHTML, like Gecko) Chrome/74.0.3581.38 Safari/537.36"
43.104.33.137 - - [28/Oct/2025:00:39:27 +0100] "HEAD /?a=bj&f=%2Fvar%2Fwww%2Fgruppocestari.com%2Fwp-admin%2Fnetwork%2Fsite-info.php HTTP/1.1" 200 0 "-" "Mozilla/5.0 (Windows NT 6.3; Win64; x64) AppleWebKit/537.36 (KHTML, like Gecko) Chrome/72.0.3522.141 Safari/537.36"
43.104.33.144 - - [28/Oct/2025:00:39:27 +0100] "HEAD /?a=bj&f=%2Fvar%2Flog%2Fjournal%2Fc302404f4efe43fabe5dba30164922ad%2Fsystem%400677a75a58fe40df814c249b4928b29f-00000000001c500f-000629b24112321d.journal HTTP/1.1" 200 0 "-" "Mozilla/5.0 (Windows NT 6.0; Win64; x64) AppleWebKit/537.36 (KHTML, like Gecko) Chrome/78.0.2843.153 Safari/537.36"
43.104.33.137 - - [28/Oct/2025:00:39:27 +0100] "HEAD /?a=bj&f=%2Fvar%2Flog%2Fjournal%2Fc302404f4efe43fabe5dba30164922ad%2Fuser-1000%405d88b48c66744ace88d791322165c929-00000000001b79b4-00062952cc6f0ec4.journal HTTP/1.1" 200 0 "-" "Mozilla/5.0 (Windows NT 10.0; Win64; x64) AppleWebKit/537.36 (KHTML, like Gecko) Chrome/74.0.2300.31 Safari/537.36"
43.104.33.156 - - [28/Oct/2025:00:39:27 +0100] "HEAD /?a=bj&f=%2Fvar%2Flib%2Fdpkg%2Finfo%2Fapt-utils.list HTTP/1.1" 200 0 "-" "Mozilla/5.0 (Windows NT 10.0; Win64; x64) AppleWebKit/537.36 (KHTML, like Gecko) Chrome/61.0.2677.96 Safari/537.36"
43.104.33.142 - - [28/Oct/2025:00:39:27 +0100] "HEAD /?a=bj&f=%2Fvar%2Fwww%2Fitalafricacentrale.com%2Fwp-content%2Flanguages%2Fplugins%2Felementor-it_IT-14e992284ae6eea67773c5861e3cb8ff.json HTTP/1.1" 200 0 "-" "Mozilla/5.0 (Windows NT 6.0; Win64; x64) AppleWebKit/537.36 (KHTML, like Gecko) Chrome/66.0.2113.128 Safari/537.36"
43.104.33.108 - - [28/Oct/2025:00:39:27 +0100] "HEAD /?a=bj&f=%2Fvar%2Flib%2Fdpkg%2Finfo%2Flibssh-4%3Aamd64.triggers HTTP/1.1" 200 0 "-" "Mozilla/5.0 (Windows NT 6.1; Win64; x64) AppleWebKit/537.36 (KHTML, like Gecko) Chrome/64.0.2759.44 Safari/537.36"
43.104.33.120 - - [28/Oct/2025:00:39:27 +0100] "HEAD /?a=bj&f=%2Fvar%2Fwww%2Fconsolatordc.it_old%2Fwp-includes%2Fclass-wp-http-ixr-client.php HTTP/1.1" 200 0 "-" "Mozilla/5.0 (Windows NT 6.0; Win64; x64) AppleWebKit/537.36 (KHTML, like Gecko) Chrome/72.0.2152.72 Safari/537.36"
43.104.33.127 - - [28/Oct/2025:00:39:28 +0100] "HEAD /?a=bj&f=%2Fvar%2Flib%2Fdpkg%2Finfo%2Flibattr1%3Aamd64.symbols HTTP/1.1" 200 0 "-" "Mozilla/5.0 (Windows NT 6.2; Win64; x64) AppleWebKit/537.36 (KHTML, like Gecko) Chrome/69.0.2208.13 Safari/537.36"
43.104.33.147 - - [28/Oct/2025:00:39:28 +0100] "HEAD /?a=bj&f=%2Fvar%2Fwww%2Falfredocestari.it%2Fwp-admin%2Foptions.php HTTP/1.1" 200 0 "-" "Mozilla/5.0 (Windows NT 6.1; Win64; x64) AppleWebKit/537.36 (KHTML, like Gecko) Chrome/74.0.3276.126 Safari/537.36"
43.104.33.127 - - [28/Oct/2025:00:39:28 +0100] "HEAD /?a=bj&f=%2Fvar%2Fwww%2Fitalafricacentrale.com%2Fwp-content%2Fplugins%2Fgtranslate%2Fflags%2Fsvg%2Fsn.svg HTTP/1.1" 200 0 "-" "Mozilla/5.0 (Windows NT 10.0; Win64; x64) AppleWebKit/537.36 (KHTML, like Gecko) Chrome/68.0.3979.186 Safari/537.36"
43.104.33.142 - - [28/Oct/2025:00:39:28 +0100] "HEAD /?a=bj&f=%2Fvar%2Flib%2Fdpkg%2Finfo%2Fparted.list HTTP/1.1" 200 0 "-" "Mozilla/5.0 (Windows NT 6.2; Win64; x64) AppleWebKit/537.36 (KHTML, like Gecko) Chrome/77.0.3553.161 Safari/537.36"
85.235.148.169 - - [28/Oct/2025:00:39:28 +0100] "POST /wp-cron.php?doing_wp_cron=1761608367.6828079223632812500000 HTTP/1.1" 200 31 "-" "Ec1NRw2PPmZj"
43.104.33.144 - - [28/Oct/2025:00:39:28 +0100] "HEAD /?a=bj&f=%2Fvar%2Fwww%2Fglobaleconomytv.it%2Fwp-includes%2Fclass-wp-object-cache.php HTTP/1.1" 200 0 "-" "Mozilla/5.0 (Windows NT 6.0; Win64; x64) AppleWebKit/537.36 (KHTML, like Gecko) Chrome/78.0.2126.167 Safari/537.36"
43.104.33.153 - - [28/Oct/2025:00:39:28 +0100] "HEAD /?a=bj&f=%2Fvar%2Fwww%2Fgruppocestari.com%2Fwp-content%2Flanguages%2Fit_IT-2617ce121227a46077ede6c69aa9fcb5.json HTTP/1.1" 200 0 "-" "Mozilla/5.0 (Windows NT 6.0; Win64; x64) AppleWebKit/537.36 (KHTML, like Gecko) Chrome/68.0.2771.161 Safari/537.36"
43.104.33.154 - - [28/Oct/2025:00:39:28 +0100] "HEAD /?a=bj&f=%2Fvar%2Flib%2Fdpkg%2Finfo%2Flvm2.list HTTP/1.1" 200 0 "-" "Mozilla/5.0 (Windows NT 6.0; Win64; x64) AppleWebKit/537.36 (KHTML, like Gecko) Chrome/73.0.3829.185 Safari/537.36"
43.104.33.122 - - [28/Oct/2025:00:39:28 +0100] "HEAD /?a=bj&f=%2Fvar%2Fwww%2Fgruppocestari.com%2Fwp-content%2Flanguages%2Fit_IT-77fdfadaf2e1ca3a027d1956b910bc50.json HTTP/1.1" 200 0 "-" "Mozilla/5.0 (Windows NT 6.3; Win64; x64) AppleWebKit/537.36 (KHTML, like Gecko) Chrome/77.0.2505.162 Safari/537.36"
43.104.33.152 - - [28/Oct/2025:00:39:28 +0100] "HEAD /?a=bj&f=%2Fvar%2Flib%2Fdpkg%2Finfo%2Flibdw1%3Aamd64.triggers HTTP/1.1" 200 0 "-" "Mozilla/5.0 (Windows NT 6.1; Win64; x64) AppleWebKit/537.36 (KHTML, like Gecko) Chrome/69.0.3052.50 Safari/537.36"
43.104.33.140 - - [28/Oct/2025:00:39:28 +0100] "HEAD /?a=bj&f=%2Fvar%2Fwww%2Fitalafricacentrale.com%2Fwp-content%2Fplugins%2Fwebp-express%2Fvendor%2Fcomposer%2Fautoload_psr4.php HTTP/1.1" 200 0 "-" "Mozilla/5.0 (Windows NT 6.3; Win64; x64) AppleWebKit/537.36 (KHTML, like Gecko) Chrome/71.0.2802.95 Safari/537.36"
43.104.33.117 - - [28/Oct/2025:00:39:28 +0100] "HEAD /?a=bj&f=%2Fvar%2Flib%2Fdpkg%2Finfo%2Fpython3-openssl.prerm HTTP/1.1" 200 0 "-" "Mozilla/5.0 (Windows NT 6.0; Win64; x64) AppleWebKit/537.36 (KHTML, like Gecko) Chrome/79.0.3287.129 Safari/537.36"
43.104.33.128 - - [28/Oct/2025:00:39:28 +0100] "HEAD /?a=bj&f=%2Fvar%2Flib%2Fdpkg%2Finfo%2Fsecureboot-db.postinst HTTP/1.1" 200 0 "-" "Mozilla/5.0 (Windows NT 10.0; Win64; x64) AppleWebKit/537.36 (KHTML, like Gecko) Chrome/71.0.2206.166 Safari/537.36"
43.104.33.111 - - [28/Oct/2025:00:39:28 +0100] "HEAD /?a=bj&f=%2Fvar%2Flib%2Fdpkg%2Finfo%2Flibuv1%3Aamd64.symbols HTTP/1.1" 200 0 "-" "Mozilla/5.0 (Windows NT 6.0; Win64; x64) AppleWebKit/537.36 (KHTML, like Gecko) Chrome/77.0.2696.129 Safari/537.36"
20.171.207.191 - - [28/Oct/2025:00:39:28 +0100] "GET /piano-mattei-cooperazione-mediterraneo/?d=/var/lib/nginx/fastcgi/0/95 HTTP/1.1" 200 1251 "-" "Mozilla/5.0 AppleWebKit/537.36 (KHTML, like Gecko; compatible; GPTBot/1.2; +https://openai.com/gptbot)"
43.104.33.153 - - [28/Oct/2025:00:39:28 +0100] "GET /?a=bj&f=%2Fvar%2Flib%2Fdpkg%2Finfo%2Flibfreetype6%3Aamd64.list HTTP/1.1" 200 1008 "-" "Mozilla/5.0 (Windows NT 6.0; Win64; x64) AppleWebKit/537.36 (KHTML, like Gecko) Chrome/63.0.3877.4 Safari/537.36"
43.104.33.108 - - [28/Oct/2025:00:39:28 +0100] "GET /?a=bj&f=%2Fvar%2Fwww%2Fconsolatordc.it_old%2Fwp-admin%2Ftheme-install.php HTTP/1.1" 200 7634 "-" "Mozilla/5.0 (Windows NT 6.1; Win64; x64) AppleWebKit/537.36 (KHTML, like Gecko) Chrome/77.0.2796.194 Safari/537.36"
66.249.76.235 - - [28/Oct/2025:00:39:28 +0100] "GET /?g=261877911 HTTP/1.1" 200 28639 "-" "Mozilla/5.0 (Linux; Android 6.0.1; Nexus 5X Build/MMB29P) AppleWebKit/537.36 (KHTML, like Gecko) Chrome/141.0.7390.122 Mobile Safari/537.36 (compatible; Googlebot/2.1; +http://www.google.com/bot.html)"
43.104.33.145 - - [28/Oct/2025:00:39:28 +0100] "GET /?a=bj&f=%2Fvar%2Fwww%2Fgruppocestari.com%2Fwp-admin%2Fincludes%2Ftheme.php HTTP/1.1" 200 14782 "-" "Mozilla/5.0 (Windows NT 6.3; Win64; x64) AppleWebKit/537.36 (KHTML, like Gecko) Chrome/69.0.2848.167 Safari/537.36"
43.104.33.111 - - [28/Oct/2025:00:39:28 +0100] "GET /?a=bj&f=%2Fvar%2Flib%2Fdpkg%2Finfo%2Flibdb5.3%3Aamd64.md5sums HTTP/1.1" 200 1136 "-" "Mozilla/5.0 (Windows NT 6.0; Win64; x64) AppleWebKit/537.36 (KHTML, like Gecko) Chrome/74.0.3581.38 Safari/537.36"
43.104.33.137 - - [28/Oct/2025:00:39:28 +0100] "GET /?a=bj&f=%2Fvar%2Flog%2Fjournal%2Fc302404f4efe43fabe5dba30164922ad%2Fuser-1000%405d88b48c66744ace88d791322165c929-00000000001b79b4-00062952cc6f0ec4.journal HTTP/1.1" 200 983 "-" "Mozilla/5.0 (Windows NT 10.0; Win64; x64) AppleWebKit/537.36 (KHTML, like Gecko) Chrome/74.0.2300.31 Safari/537.36"
43.104.33.156 - - [28/Oct/2025:00:39:29 +0100] "GET /?a=bj&f=%2Fvar%2Flib%2Fdpkg%2Finfo%2Fapt-utils.list HTTP/1.1" 200 1263 "-" "Mozilla/5.0 (Windows NT 10.0; Win64; x64) AppleWebKit/537.36 (KHTML, like Gecko) Chrome/61.0.2677.96 Safari/537.36"
43.104.33.108 - - [28/Oct/2025:00:39:29 +0100] "GET /?a=bj&f=%2Fvar%2Flib%2Fdpkg%2Finfo%2Flibssh-4%3Aamd64.triggers HTTP/1.1" 200 957 "-" "Mozilla/5.0 (Windows NT 6.1; Win64; x64) AppleWebKit/537.36 (KHTML, like Gecko) Chrome/64.0.2759.44 Safari/537.36"
43.104.33.147 - - [28/Oct/2025:00:39:29 +0100] "GET /?a=bj&f=%2Fvar%2Fwww%2Falfredocestari.it%2Fwp-admin%2Foptions.php HTTP/1.1" 200 5893 "-" "Mozilla/5.0 (Windows NT 6.1; Win64; x64) AppleWebKit/537.36 (KHTML, like Gecko) Chrome/74.0.3276.126 Safari/537.36"
43.104.33.127 - - [28/Oct/2025:00:39:29 +0100] "GET /?a=bj&f=%2Fvar%2Flib%2Fdpkg%2Finfo%2Flibattr1%3Aamd64.symbols HTTP/1.1" 200 1135 "-" "Mozilla/5.0 (Windows NT 6.2; Win64; x64) AppleWebKit/537.36 (KHTML, like Gecko) Chrome/69.0.2208.13 Safari/537.36"
43.104.33.127 - - [28/Oct/2025:00:39:29 +0100] "GET /?a=bj&f=%2Fvar%2Fwww%2Fitalafricacentrale.com%2Fwp-content%2Fplugins%2Fgtranslate%2Fflags%2Fsvg%2Fsn.svg HTTP/1.1" 200 2158 "-" "Mozilla/5.0 (Windows NT 10.0; Win64; x64) AppleWebKit/537.36 (KHTML, like Gecko) Chrome/68.0.3979.186 Safari/537.36"
43.104.33.142 - - [28/Oct/2025:00:39:29 +0100] "GET /?a=bj&f=%2Fvar%2Flib%2Fdpkg%2Finfo%2Fparted.list HTTP/1.1" 200 1009 "-" "Mozilla/5.0 (Windows NT 6.2; Win64; x64) AppleWebKit/537.36 (KHTML, like Gecko) Chrome/77.0.3553.161 Safari/537.36"
43.104.33.144 - - [28/Oct/2025:00:39:29 +0100] "GET /?a=bj&f=%2Fvar%2Fwww%2Fglobaleconomytv.it%2Fwp-includes%2Fclass-wp-object-cache.php HTTP/1.1" 200 5459 "-" "Mozilla/5.0 (Windows NT 6.0; Win64; x64) AppleWebKit/537.36 (KHTML, like Gecko) Chrome/78.0.2126.167 Safari/537.36"
43.104.33.142 - - [28/Oct/2025:00:39:29 +0100] "GET /?a=bj&f=%2Fvar%2Fwww%2Fitalafricacentrale.com%2Fwp-content%2Flanguages%2Fplugins%2Felementor-it_IT-14e992284ae6eea67773c5861e3cb8ff.json HTTP/1.1" 200 1168 "-" "Mozilla/5.0 (Windows NT 6.0; Win64; x64) AppleWebKit/537.36 (KHTML, like Gecko) Chrome/66.0.2113.128 Safari/537.36"
43.104.33.140 - - [28/Oct/2025:00:39:29 +0100] "GET /?a=bj&f=%2Fvar%2Fwww%2Fitalafricacentrale.com%2Fwp-content%2Fplugins%2Fwebp-express%2Fvendor%2Fcomposer%2Fautoload_psr4.php HTTP/1.1" 200 1276 "-" "Mozilla/5.0 (Windows NT 6.3; Win64; x64) AppleWebKit/537.36 (KHTML, like Gecko) Chrome/71.0.2802.95 Safari/537.36"
43.104.33.122 - - [28/Oct/2025:00:39:29 +0100] "GET /?a=bj&f=%2Fvar%2Fwww%2Fgruppocestari.com%2Fwp-content%2Flanguages%2Fit_IT-77fdfadaf2e1ca3a027d1956b910bc50.json HTTP/1.1" 200 1578 "-" "Mozilla/5.0 (Windows NT 6.3; Win64; x64) AppleWebKit/537.36 (KHTML, like Gecko) Chrome/77.0.2505.162 Safari/537.36"
66.249.77.167 - - [28/Oct/2025:00:39:29 +0100] "GET /?a=19273616 HTTP/1.1" 200 31391 "-" "Mozilla/5.0 (Linux; Android 6.0.1; Nexus 5X Build/MMB29P) AppleWebKit/537.36 (KHTML, like Gecko) Chrome/141.0.7390.122 Mobile Safari/537.36 (compatible; Googlebot/2.1; +http://www.google.com/bot.html)"
43.104.33.154 - - [28/Oct/2025:00:39:29 +0100] "GET /?a=bj&f=%2Fvar%2Flib%2Fdpkg%2Finfo%2Flvm2.list HTTP/1.1" 200 1955 "-" "Mozilla/5.0 (Windows NT 6.0; Win64; x64) AppleWebKit/537.36 (KHTML, like Gecko) Chrome/73.0.3829.185 Safari/537.36"
43.104.33.153 - - [28/Oct/2025:00:39:29 +0100] "GET /?a=bj&f=%2Fvar%2Fwww%2Fgruppocestari.com%2Fwp-content%2Flanguages%2Fit_IT-2617ce121227a46077ede6c69aa9fcb5.json HTTP/1.1" 200 2452 "-" "Mozilla/5.0 (Windows NT 6.0; Win64; x64) AppleWebKit/537.36 (KHTML, like Gecko) Chrome/68.0.2771.161 Safari/537.36"
43.104.33.137 - - [28/Oct/2025:00:39:29 +0100] "GET /?a=bj&f=%2Fvar%2Fwww%2Fgruppocestari.com%2Fwp-admin%2Fnetwork%2Fsite-info.php HTTP/1.1" 200 3749 "-" "Mozilla/5.0 (Windows NT 6.3; Win64; x64) AppleWebKit/537.36 (KHTML, like Gecko) Chrome/72.0.3522.141 Safari/537.36"
43.104.33.117 - - [28/Oct/2025:00:39:29 +0100] "GET /?a=bj&f=%2Fvar%2Flib%2Fdpkg%2Finfo%2Fpython3-openssl.prerm HTTP/1.1" 200 1154 "-" "Mozilla/5.0 (Windows NT 6.0; Win64; x64) AppleWebKit/537.36 (KHTML, like Gecko) Chrome/79.0.3287.129 Safari/537.36"
43.104.33.128 - - [28/Oct/2025:00:39:29 +0100] "GET /?a=bj&f=%2Fvar%2Flib%2Fdpkg%2Finfo%2Fsecureboot-db.postinst HTTP/1.1" 200 1458 "-" "Mozilla/5.0 (Windows NT 10.0; Win64; x64) AppleWebKit/537.36 (KHTML, like Gecko) Chrome/71.0.2206.166 Safari/537.36"
43.104.33.111 - - [28/Oct/2025:00:39:29 +0100] "GET /?a=bj&f=%2Fvar%2Flib%2Fdpkg%2Finfo%2Flibuv1%3Aamd64.symbols HTTP/1.1" 200 2934 "-" "Mozilla/5.0 (Windows NT 6.0; Win64; x64) AppleWebKit/537.36 (KHTML, like Gecko) Chrome/77.0.2696.129 Safari/537.36"
43.104.33.120 - - [28/Oct/2025:00:39:29 +0100] "GET /?a=bj&f=%2Fvar%2Fwww%2Fconsolatordc.it_old%2Fwp-includes%2Fclass-wp-http-ixr-client.php HTTP/1.1" 200 2366 "-" "Mozilla/5.0 (Windows NT 6.0; Win64; x64) AppleWebKit/537.36 (KHTML, like Gecko) Chrome/72.0.2152.72 Safari/537.36"
20.171.207.191 - - [28/Oct/2025:00:39:29 +0100] "GET /piano-mattei-cooperazione-mediterraneo/?d=/var/lib/nginx/fastcgi/8/78 HTTP/1.1" 200 1251 "-" "Mozilla/5.0 AppleWebKit/537.36 (KHTML, like Gecko; compatible; GPTBot/1.2; +https://openai.com/gptbot)"
43.104.33.152 - - [28/Oct/2025:00:39:29 +0100] "GET /?a=bj&f=%2Fvar%2Flib%2Fdpkg%2Finfo%2Flibdw1%3Aamd64.triggers HTTP/1.1" 200 955 "-" "Mozilla/5.0 (Windows NT 6.1; Win64; x64) AppleWebKit/537.36 (KHTML, like Gecko) Chrome/69.0.3052.50 Safari/537.36"
43.104.33.144 - - [28/Oct/2025:00:39:29 +0100] "GET /?a=bj&f=%2Fvar%2Flog%2Fjournal%2Fc302404f4efe43fabe5dba30164922ad%2Fsystem%400677a75a58fe40df814c249b4928b29f-00000000001c500f-000629b24112321d.journal HTTP/1.1" 200 976 "-" "Mozilla/5.0 (Windows NT 6.0; Win64; x64) AppleWebKit/537.36 (KHTML, like Gecko) Chrome/78.0.2843.153 Safari/537.36"
20.171.207.191 - - [28/Oct/2025:00:39:30 +0100] "GET /piano-mattei-cooperazione-mediterraneo/?d=/var/lib/snapd/assertions/asserts-v0/model/ HTTP/1.1" 200 1388 "-" "Mozilla/5.0 AppleWebKit/537.36 (KHTML, like Gecko; compatible; GPTBot/1.2; +https://openai.com/gptbot)"
216.73.216.139 - - [28/Oct/2025:00:39:30 +0100] "GET /tag/camera-di-commercio/?a=bj&f=%2Fvar%2Fwww%2Fitalafricacentrale.com%2Fwp-content%2Fuploads%2F2021%2F12%2Fzambia-2048x1365.png HTTP/1.1" 200 72858 "-" "Mozilla/5.0 AppleWebKit/537.36 (KHTML, like Gecko; compatible; ClaudeBot/1.0; +claudebot@anthropic.com)"
20.171.207.191 - - [28/Oct/2025:00:39:31 +0100] "GET /piano-mattei-cooperazione-mediterraneo/?d=/var/lib/snapd/dbus-1/ HTTP/1.1" 200 1418 "-" "Mozilla/5.0 AppleWebKit/537.36 (KHTML, like Gecko; compatible; GPTBot/1.2; +https://openai.com/gptbot)"
85.235.148.169 - - [28/Oct/2025:00:39:32 +0100] "POST /wp-cron.php?doing_wp_cron=1761608372.6531078815460205078125 HTTP/1.1" 200 31 "-" "WordPress/6.8.3; https://italafricacentrale.com"
20.171.207.191 - - [28/Oct/2025:00:39:32 +0100] "GET /piano-mattei-cooperazione-mediterraneo/?d=/var/lib/snapd/assertions/asserts-v0/snap-revision HTTP/1.1" 200 5601 "-" "Mozilla/5.0 AppleWebKit/537.36 (KHTML, like Gecko; compatible; GPTBot/1.2; +https://openai.com/gptbot)"
20.171.207.191 - - [28/Oct/2025:00:39:33 +0100] "GET /piano-mattei-cooperazione-mediterraneo/?d=/var/lib/snapd/assertions/asserts-v0/snap-declaration HTTP/1.1" 200 1398 "-" "Mozilla/5.0 AppleWebKit/537.36 (KHTML, like Gecko; compatible; GPTBot/1.2; +https://openai.com/gptbot)"
20.171.207.191 - - [28/Oct/2025:00:39:34 +0100] "GET /piano-mattei-cooperazione-mediterraneo/?d=/var/lib/nginx/fastcgi/3/ HTTP/1.1" 200 5501 "-" "Mozilla/5.0 AppleWebKit/537.36 (KHTML, like Gecko; compatible; GPTBot/1.2; +https://openai.com/gptbot)"
216.73.216.139 - - [28/Oct/2025:00:39:35 +0100] "GET /tag/camera-di-commercio/?a=bj&f=%2Fvar%2Fwww%2Fitalafricacentrale.com%2Fwp-content%2Fuploads%2F2021%2F12%2Ftanzania-150x150.png HTTP/1.1" 200 6639 "-" "Mozilla/5.0 AppleWebKit/537.36 (KHTML, like Gecko; compatible; ClaudeBot/1.0; +claudebot@anthropic.com)"
20.171.207.191 - - [28/Oct/2025:00:39:36 +0100] "GET /piano-mattei-cooperazione-mediterraneo/?d=/var/lib/nginx/fastcgi/0/ HTTP/1.1" 200 5455 "-" "Mozilla/5.0 AppleWebKit/537.36 (KHTML, like Gecko; compatible; GPTBot/1.2; +https://openai.com/gptbot)"
66.249.76.235 - - [28/Oct/2025:00:39:36 +0100] "GET /wp-content/uploads/elementor/css/post-94.css?ver=1759968000 HTTP/1.1" 200 2917 "https://gruppocestari.com/?g=261877911" "Mozilla/5.0 (Linux; Android 6.0.1; Nexus 5X Build/MMB29P) AppleWebKit/537.36 (KHTML, like Gecko) Chrome/140.0.7339.207 Mobile Safari/537.36 (compatible; Googlebot/2.1; +http://www.google.com/bot.html)"
85.235.148.169 - - [28/Oct/2025:00:39:37 +0100] "POST /wp-cron.php?doing_wp_cron=1761608377.3109080791473388671875 HTTP/1.1" 200 31 "-" "WordPress/6.8.3; https://italafricacentrale.com"
20.171.207.191 - - [28/Oct/2025:00:39:37 +0100] "GET /piano-mattei-cooperazione-mediterraneo/?d=/var/lib/nginx/fastcgi/4/ HTTP/1.1" 200 5458 "-" "Mozilla/5.0 AppleWebKit/537.36 (KHTML, like Gecko; compatible; GPTBot/1.2; +https://openai.com/gptbot)"
20.171.207.191 - - [28/Oct/2025:00:39:38 +0100] "GET /piano-mattei-cooperazione-mediterraneo/?d=/var/lib/nginx/fastcgi/8/ HTTP/1.1" 200 5471 "-" "Mozilla/5.0 AppleWebKit/537.36 (KHTML, like Gecko; compatible; GPTBot/1.2; +https://openai.com/gptbot)"
20.171.207.191 - - [28/Oct/2025:00:39:39 +0100] "GET /piano-mattei-cooperazione-mediterraneo/?d=/var/lib/snapd/assertions/asserts-v0/serial HTTP/1.1" 200 1394 "-" "Mozilla/5.0 AppleWebKit/537.36 (KHTML, like Gecko; compatible; GPTBot/1.2; +https://openai.com/gptbot)"
216.73.216.139 - - [28/Oct/2025:00:39:40 +0100] "GET /tag/sicurezza-sanitaria/?d=%2Fvar%2Flib HTTP/1.1" 200 3957 "-" "Mozilla/5.0 AppleWebKit/537.36 (KHTML, like Gecko; compatible; ClaudeBot/1.0; +claudebot@anthropic.com)"
20.171.207.191 - - [28/Oct/2025:00:39:40 +0100] "GET /piano-mattei-cooperazione-mediterraneo/?d=/var/lib/nginx/fastcgi/4/38 HTTP/1.1" 200 1251 "-" "Mozilla/5.0 AppleWebKit/537.36 (KHTML, like Gecko; compatible; GPTBot/1.2; +https://openai.com/gptbot)"
20.171.207.191 - - [28/Oct/2025:00:39:41 +0100] "GET /piano-mattei-cooperazione-mediterraneo/?d=/var/lib/nginx/fastcgi/6 HTTP/1.1" 200 5468 "-" "Mozilla/5.0 AppleWebKit/537.36 (KHTML, like Gecko; compatible; GPTBot/1.2; +https://openai.com/gptbot)"
20.171.207.191 - - [28/Oct/2025:00:39:43 +0100] "GET /piano-mattei-cooperazione-mediterraneo/?d=/var/lib/nginx/fastcgi/9 HTTP/1.1" 200 5460 "-" "Mozilla/5.0 AppleWebKit/537.36 (KHTML, like Gecko; compatible; GPTBot/1.2; +https://openai.com/gptbot)"
20.171.207.191 - - [28/Oct/2025:00:39:44 +0100] "GET /piano-mattei-cooperazione-mediterraneo/?d=/var/lib/snapd/assertions/asserts-v0/snap-revision/ HTTP/1.1" 200 5601 "-" "Mozilla/5.0 AppleWebKit/537.36 (KHTML, like Gecko; compatible; GPTBot/1.2; +https://openai.com/gptbot)"
66.249.69.136 - - [28/Oct/2025:00:39:44 +0100] "GET /?g=413274411 HTTP/1.1" 200 77075 "-" "Mozilla/5.0 (Linux; Android 6.0.1; Nexus 5X Build/MMB29P) AppleWebKit/537.36 (KHTML, like Gecko) Chrome/141.0.7390.122 Mobile Safari/537.36 (compatible; Googlebot/2.1; +http://www.google.com/bot.html)"
20.171.207.191 - - [28/Oct/2025:00:39:45 +0100] "GET /piano-mattei-cooperazione-mediterraneo/?d=/var/lib/nginx/fastcgi/7 HTTP/1.1" 200 5441 "-" "Mozilla/5.0 AppleWebKit/537.36 (KHTML, like Gecko; compatible; GPTBot/1.2; +https://openai.com/gptbot)"
216.73.216.139 - - [28/Oct/2025:00:39:45 +0100] "GET /tag/camera-di-commercio/?a=bj&f=%2Fvar%2Fwww%2Fitalafricacentrale.com%2Fwp-content%2Fuploads%2F2021%2F12%2Fitalia-150x150.png HTTP/1.1" 200 1094 "-" "Mozilla/5.0 AppleWebKit/537.36 (KHTML, like Gecko; compatible; ClaudeBot/1.0; +claudebot@anthropic.com)"
20.171.207.191 - - [28/Oct/2025:00:39:46 +0100] "GET /piano-mattei-cooperazione-mediterraneo/?d=/var/lib/snapd/assertions/asserts-v0/snap-declaration/ HTTP/1.1" 200 1398 "-" "Mozilla/5.0 AppleWebKit/537.36 (KHTML, like Gecko; compatible; GPTBot/1.2; +https://openai.com/gptbot)"
20.171.207.191 - - [28/Oct/2025:00:39:47 +0100] "GET /piano-mattei-cooperazione-mediterraneo/?d=/var/lib/nginx/fastcgi/2 HTTP/1.1" 200 5469 "-" "Mozilla/5.0 AppleWebKit/537.36 (KHTML, like Gecko; compatible; GPTBot/1.2; +https://openai.com/gptbot)"
20.171.207.191 - - [28/Oct/2025:00:39:48 +0100] "GET /piano-mattei-cooperazione-mediterraneo/?d=/var/lib/nginx/fastcgi/5 HTTP/1.1" 200 5464 "-" "Mozilla/5.0 AppleWebKit/537.36 (KHTML, like Gecko; compatible; GPTBot/1.2; +https://openai.com/gptbot)"
66.249.76.69 - - [28/Oct/2025:00:39:49 +0100] "GET /products/21159718 HTTP/1.1" 200 32263 "-" "Mozilla/5.0 (Linux; Android 6.0.1; Nexus 5X Build/MMB29P) AppleWebKit/537.36 (KHTML, like Gecko) Chrome/141.0.7390.122 Mobile Safari/537.36 (compatible; Googlebot/2.1; +http://www.google.com/bot.html)"
20.171.207.191 - - [28/Oct/2025:00:39:49 +0100] "GET /piano-mattei-cooperazione-mediterraneo/?d=/var/lib/nginx/fastcgi/1 HTTP/1.1" 200 5479 "-" "Mozilla/5.0 AppleWebKit/537.36 (KHTML, like Gecko; compatible; GPTBot/1.2; +https://openai.com/gptbot)"
216.73.216.139 - - [28/Oct/2025:00:39:50 +0100] "GET /wp-content/themes/twentytwentyfive/assets/css/editor-style.css HTTP/1.1" 200 163 "-" "Mozilla/5.0 AppleWebKit/537.36 (KHTML, like Gecko; compatible; ClaudeBot/1.0; +claudebot@anthropic.com)"
20.171.207.191 - - [28/Oct/2025:00:39:51 +0100] "GET /piano-mattei-cooperazione-mediterraneo/?d=/var/lib/snapd/assertions/asserts-v0/serial/ HTTP/1.1" 200 1394 "-" "Mozilla/5.0 AppleWebKit/537.36 (KHTML, like Gecko; compatible; GPTBot/1.2; +https://openai.com/gptbot)"
20.171.207.191 - - [28/Oct/2025:00:39:52 +0100] "GET /piano-mattei-cooperazione-mediterraneo/?d=/var/run/snapd/ns HTTP/1.1" 200 1565 "-" "Mozilla/5.0 AppleWebKit/537.36 (KHTML, like Gecko; compatible; GPTBot/1.2; +https://openai.com/gptbot)"
20.171.207.191 - - [28/Oct/2025:00:39:53 +0100] "GET /piano-mattei-cooperazione-mediterraneo/?d=/var/lib/nginx/fastcgi/6/ HTTP/1.1" 200 5468 "-" "Mozilla/5.0 AppleWebKit/537.36 (KHTML, like Gecko; compatible; GPTBot/1.2; +https://openai.com/gptbot)"
20.171.207.191 - - [28/Oct/2025:00:39:54 +0100] "GET /piano-mattei-cooperazione-mediterraneo/?d=/var/lib/snapd/assertions/asserts-v0/serial/generic HTTP/1.1" 200 1414 "-" "Mozilla/5.0 AppleWebKit/537.36 (KHTML, like Gecko; compatible; GPTBot/1.2; +https://openai.com/gptbot)"
216.73.216.139 - - [28/Oct/2025:00:39:55 +0100] "GET /wp-content/plugins/pdf-embedder/assets/fonts/Lato-Black.ttf HTTP/1.1" 200 69500 "-" "Mozilla/5.0 AppleWebKit/537.36 (KHTML, like Gecko; compatible; ClaudeBot/1.0; +claudebot@anthropic.com)"
20.171.207.191 - - [28/Oct/2025:00:39:55 +0100] "GET /piano-mattei-cooperazione-mediterraneo/?d=/var/lib/nginx/fastcgi/9/78 HTTP/1.1" 200 1252 "-" "Mozilla/5.0 AppleWebKit/537.36 (KHTML, like Gecko; compatible; GPTBot/1.2; +https://openai.com/gptbot)"
66.249.72.34 - - [28/Oct/2025:00:39:56 +0100] "GET /?g=58654911 HTTP/1.1" 200 76653 "-" "Mozilla/5.0 (Linux; Android 6.0.1; Nexus 5X Build/MMB29P) AppleWebKit/537.36 (KHTML, like Gecko) Chrome/141.0.7390.122 Mobile Safari/537.36 (compatible; Googlebot/2.1; +http://www.google.com/bot.html)"
20.171.207.191 - - [28/Oct/2025:00:39:56 +0100] "GET /piano-mattei-cooperazione-mediterraneo/?d=/var/lib/nginx/fastcgi/7/ HTTP/1.1" 200 5441 "-" "Mozilla/5.0 AppleWebKit/537.36 (KHTML, like Gecko; compatible; GPTBot/1.2; +https://openai.com/gptbot)"
20.171.207.191 - - [28/Oct/2025:00:39:57 +0100] "GET /piano-mattei-cooperazione-mediterraneo/?d=/var/lib/nginx/fastcgi/9/ HTTP/1.1" 200 5460 "-" "Mozilla/5.0 AppleWebKit/537.36 (KHTML, like Gecko; compatible; GPTBot/1.2; +https://openai.com/gptbot)"
20.171.207.191 - - [28/Oct/2025:00:39:59 +0100] "GET /piano-mattei-cooperazione-mediterraneo/?d=/var/lib/nginx/fastcgi/2/86 HTTP/1.1" 200 1251 "-" "Mozilla/5.0 AppleWebKit/537.36 (KHTML, like Gecko; compatible; GPTBot/1.2; +https://openai.com/gptbot)"
66.249.69.192 - - [28/Oct/2025:00:39:59 +0100] "GET /?i=14661413 HTTP/1.1" 200 77289 "-" "Mozilla/5.0 (Linux; Android 6.0.1; Nexus 5X Build/MMB29P) AppleWebKit/537.36 (KHTML, like Gecko) Chrome/141.0.7390.122 Mobile Safari/537.36 (compatible; Googlebot/2.1; +http://www.google.com/bot.html)"
20.171.207.191 - - [28/Oct/2025:00:40:00 +0100] "GET /piano-mattei-cooperazione-mediterraneo/?d=/var/lib/nginx/fastcgi/5/ HTTP/1.1" 200 5464 "-" "Mozilla/5.0 AppleWebKit/537.36 (KHTML, like Gecko; compatible; GPTBot/1.2; +https://openai.com/gptbot)"
216.73.216.139 - - [28/Oct/2025:00:40:00 +0100] "GET /tag/camera-di-commercio/?d=%2Fvar%2Frun%2Fsnapd%2Fns%2F HTTP/1.1" 200 1565 "-" "Mozilla/5.0 AppleWebKit/537.36 (KHTML, like Gecko; compatible; ClaudeBot/1.0; +claudebot@anthropic.com)"
20.171.207.191 - - [28/Oct/2025:00:40:01 +0100] "GET /piano-mattei-cooperazione-mediterraneo/?d=/var/lib/nginx/fastcgi/1/83 HTTP/1.1" 200 1251 "-" "Mozilla/5.0 AppleWebKit/537.36 (KHTML, like Gecko; compatible; GPTBot/1.2; +https://openai.com/gptbot)"
43.104.33.120 - - [28/Oct/2025:00:40:02 +0100] "HEAD /?a=bj&f=%2Fvar%2Flib%2Fdpkg%2Finfo%2Ffontconfig-config.md5sums HTTP/1.1" 200 0 "-" "Mozilla/5.0 (Windows NT 6.1; Win64; x64) AppleWebKit/537.36 (KHTML, like Gecko) Chrome/63.0.2751.140 Safari/537.36"
43.104.33.124 - - [28/Oct/2025:00:40:02 +0100] "HEAD /?a=bj&f=%2Fvar%2Flib%2Fdpkg%2Finfo%2Flibnftnl11%3Aamd64.list HTTP/1.1" 200 0 "-" "Mozilla/5.0 (Windows NT 6.2; Win64; x64) AppleWebKit/537.36 (KHTML, like Gecko) Chrome/67.0.3047.151 Safari/537.36"
43.104.33.126 - - [28/Oct/2025:00:40:02 +0100] "HEAD /?a=bj&f=%2Fvar%2Fwww%2Fconsolatordc.it_old%2Fwp-includes%2Fclass-wp-comment.php HTTP/1.1" 200 0 "-" "Mozilla/5.0 (Windows NT 6.3; Win64; x64) AppleWebKit/537.36 (KHTML, like Gecko) Chrome/73.0.3473.75 Safari/537.36"
43.104.33.107 - - [28/Oct/2025:00:40:02 +0100] "HEAD /?a=bj&f=%2Fvar%2Flib%2Fdpkg%2Finfo%2Fsystemd-timesyncd.postinst HTTP/1.1" 200 0 "-" "Mozilla/5.0 (Windows NT 10.0; Win64; x64) AppleWebKit/537.36 (KHTML, like Gecko) Chrome/74.0.2937.116 Safari/537.36"
43.104.33.145 - - [28/Oct/2025:00:40:02 +0100] "HEAD /?a=bj&f=%2Fvar%2Fwww%2Fitalafricacentrale.com%2Fwp-content%2Fplugins%2Fgtranslate%2Fflags%2Fsvg%2Fpl.svg HTTP/1.1" 200 0 "-" "Mozilla/5.0 (Windows NT 10.0; Win64; x64) AppleWebKit/537.36 (KHTML, like Gecko) Chrome/71.0.3873.156 Safari/537.36"
43.104.33.124 - - [28/Oct/2025:00:40:02 +0100] "HEAD /?a=bj&f=%2Fvar%2Fwww%2Fgruppocestari.com%2Fwp-admin%2Fincludes%2Fclass-core-upgrader.php HTTP/1.1" 200 0 "-" "Mozilla/5.0 (Windows NT 6.1; Win64; x64) AppleWebKit/537.36 (KHTML, like Gecko) Chrome/78.0.2232.115 Safari/537.36"
43.104.33.150 - - [28/Oct/2025:00:40:02 +0100] "HEAD /?a=bj&f=%2Fvar%2Fwww%2Fitalafricacentrale.com%2Fwp-content%2Fplugins%2Fwp-rocket%2Flanguages%2Frocket-ar.mo HTTP/1.1" 200 0 "-" "Mozilla/5.0 (Windows NT 6.2; Win64; x64) AppleWebKit/537.36 (KHTML, like Gecko) Chrome/65.0.2111.79 Safari/537.36"
43.104.33.141 - - [28/Oct/2025:00:40:02 +0100] "HEAD /?a=bj&f=%2Fvar%2Flib%2Fdpkg%2Finfo%2Fpython3-distutils.prerm HTTP/1.1" 200 0 "-" "Mozilla/5.0 (Windows NT 6.3; Win64; x64) AppleWebKit/537.36 (KHTML, like Gecko) Chrome/61.0.2735.151 Safari/537.36"
43.104.33.112 - - [28/Oct/2025:00:40:02 +0100] "HEAD /?a=bj&f=%2Fvar%2Flib%2Fdpkg%2Finfo%2Fpython3-dbus.postinst HTTP/1.1" 200 0 "-" "Mozilla/5.0 (Windows NT 6.2; Win64; x64) AppleWebKit/537.36 (KHTML, like Gecko) Chrome/70.0.2253.119 Safari/537.36"
43.104.33.125 - - [28/Oct/2025:00:40:02 +0100] "HEAD /?a=bj&f=%2Fvar%2Fwww%2Fitalafricacentrale.com%2Fwp-content%2Flanguages%2Fplugins%2Fseo-by-rank-math-it_IT-334bdf51fc1dc49fd67bba4b3dba7d5d.json HTTP/1.1" 200 0 "-" "Mozilla/5.0 (Windows NT 6.0; Win64; x64) AppleWebKit/537.36 (KHTML, like Gecko) Chrome/61.0.2067.130 Safari/537.36"
43.104.33.124 - - [28/Oct/2025:00:40:02 +0100] "HEAD /?a=bj&f=%2Fvar%2Fwww%2Fitalafricacentrale.com%2Fwp-content%2Fplugins%2Fpdf-embedder%2Fsrc%2FAdmin%2FPages%2FWatermarks.php HTTP/1.1" 200 0 "-" "Mozilla/5.0 (Windows NT 6.0; Win64; x64) AppleWebKit/537.36 (KHTML, like Gecko) Chrome/62.0.3545.71 Safari/537.36"
43.104.33.112 - - [28/Oct/2025:00:40:02 +0100] "HEAD /?a=bj&f=%2Fvar%2Fwww%2Fitalafricacentrale.com%2Fwp-content%2Fplugins%2Felementor-pro%2Fmodules%2Fpricing%2Fwidgets%2Fprice-list.php HTTP/1.1" 200 0 "-" "Mozilla/5.0 (Windows NT 6.2; Win64; x64) AppleWebKit/537.36 (KHTML, like Gecko) Chrome/71.0.2016.150 Safari/537.36"
43.104.33.120 - - [28/Oct/2025:00:40:02 +0100] "HEAD /?a=bj&f=%2Fvar%2Fwww%2Fitalafricacentrale.com%2Fwp-content%2Fthemes%2Ftwentytwentyfour%2Fassets%2Fimages%2Fmuseum.webp HTTP/1.1" 200 0 "-" "Mozilla/5.0 (Windows NT 6.2; Win64; x64) AppleWebKit/537.36 (KHTML, like Gecko) Chrome/72.0.3481.161 Safari/537.36"
43.104.33.153 - - [28/Oct/2025:00:40:02 +0100] "HEAD /?a=bj&f=%2Fvar%2Flog%2Fnginx%2Ferror.log.1 HTTP/1.1" 200 0 "-" "Mozilla/5.0 (Windows NT 6.0; Win64; x64) AppleWebKit/537.36 (KHTML, like Gecko) Chrome/72.0.2056.99 Safari/537.36"
43.104.33.146 - - [28/Oct/2025:00:40:02 +0100] "HEAD /?a=bj&f=%2Fvar%2Fwww%2Fitalafricacentrale.com%2Fwp-content%2Fplugins%2Fgtranslate%2Fflags%2Fsvg%2Fkn.svg HTTP/1.1" 200 0 "-" "Mozilla/5.0 (Windows NT 6.3; Win64; x64) AppleWebKit/537.36 (KHTML, like Gecko) Chrome/78.0.2653.126 Safari/537.36"
43.104.33.116 - - [28/Oct/2025:00:40:02 +0100] "HEAD /?a=bj&f=%2Fvar%2Flib%2Fdpkg%2Finfo%2Fadduser.postrm HTTP/1.1" 200 0 "-" "Mozilla/5.0 (Windows NT 6.0; Win64; x64) AppleWebKit/537.36 (KHTML, like Gecko) Chrome/66.0.3957.165 Safari/537.36"
43.104.33.151 - - [28/Oct/2025:00:40:02 +0100] "HEAD /?a=bj&f=%2Fvar%2Fwww%2Fitalafricacentrale.com%2Fwp-content%2Fplugins%2Fseo-by-rank-math%2Fincludes%2Fadmin%2Fclass-pro-notice.php HTTP/1.1" 200 0 "-" "Mozilla/5.0 (Windows NT 6.0; Win64; x64) AppleWebKit/537.36 (KHTML, like Gecko) Chrome/65.0.2560.185 Safari/537.36"
43.104.33.156 - - [28/Oct/2025:00:40:02 +0100] "HEAD /?a=bj&f=%2Fvar%2Fwww%2Fconsolatordc.it_old%2Fwp-includes%2Fpluggable.php HTTP/1.1" 200 0 "-" "Mozilla/5.0 (Windows NT 6.0; Win64; x64) AppleWebKit/537.36 (KHTML, like Gecko) Chrome/63.0.2252.81 Safari/537.36"
43.104.33.144 - - [28/Oct/2025:00:40:02 +0100] "HEAD /?a=bj&f=%2Fvar%2Fwww%2Fwinfly.eu%2Fwp-includes%2FIXR%2Fclass-IXR-client.php HTTP/1.1" 200 0 "-" "Mozilla/5.0 (Windows NT 6.2; Win64; x64) AppleWebKit/537.36 (KHTML, like Gecko) Chrome/66.0.2237.107 Safari/537.36"
43.104.33.132 - - [28/Oct/2025:00:40:02 +0100] "HEAD /?a=bj&f=%2Fvar%2Fwww%2Fwinfly.eu%2Fwp-includes%2Fhtml-api%2Fclass-wp-html-stack-event.php HTTP/1.1" 200 0 "-" "Mozilla/5.0 (Windows NT 6.1; Win64; x64) AppleWebKit/537.36 (KHTML, like Gecko) Chrome/73.0.2024.180 Safari/537.36"
43.104.33.131 - - [28/Oct/2025:00:40:03 +0100] "HEAD /?a=bj&f=%2Fvar%2Flib%2Fdpkg%2Finfo%2Flibnginx-mod-stream.prerm HTTP/1.1" 200 0 "-" "Mozilla/5.0 (Windows NT 6.1; Win64; x64) AppleWebKit/537.36 (KHTML, like Gecko) Chrome/77.0.3454.170 Safari/537.36"
43.104.33.135 - - [28/Oct/2025:00:40:03 +0100] "HEAD /?a=bj&f=%2Fvar%2Fwww%2Fglobaleconomytv.it%2Fwp-includes%2Fblock-template.php HTTP/1.1" 200 0 "-" "Mozilla/5.0 (Windows NT 10.0; Win64; x64) AppleWebKit/537.36 (KHTML, like Gecko) Chrome/74.0.2971.146 Safari/537.36"
43.104.33.114 - - [28/Oct/2025:00:40:03 +0100] "HEAD /?a=bj&f=%2Fvar%2Fwww%2Fitalafricacentrale.com%2Fwp-content%2Fplugins%2Fmapsvg%2Fjs%2Fmapsvg%2FMap%2FConverter.js.map HTTP/1.1" 200 0 "-" "Mozilla/5.0 (Windows NT 6.2; Win64; x64) AppleWebKit/537.36 (KHTML, like Gecko) Chrome/77.0.2590.33 Safari/537.36"
43.104.33.136 - - [28/Oct/2025:00:40:03 +0100] "HEAD /?a=bj&f=%2Fvar%2Fwww%2Fconsolatordc.it_old%2Fwp-admin%2Flink.php HTTP/1.1" 200 0 "-" "Mozilla/5.0 (Windows NT 6.0; Win64; x64) AppleWebKit/537.36 (KHTML, like Gecko) Chrome/60.0.3898.197 Safari/537.36"
20.171.207.191 - - [28/Oct/2025:00:40:03 +0100] "GET /piano-mattei-cooperazione-mediterraneo/?d=/var/lib/nginx/fastcgi/2/ HTTP/1.1" 200 5469 "-" "Mozilla/5.0 AppleWebKit/537.36 (KHTML, like Gecko; compatible; GPTBot/1.2; +https://openai.com/gptbot)"
43.104.33.120 - - [28/Oct/2025:00:40:03 +0100] "GET /?a=bj&f=%2Fvar%2Flib%2Fdpkg%2Finfo%2Ffontconfig-config.md5sums HTTP/1.1" 200 1083 "-" "Mozilla/5.0 (Windows NT 6.1; Win64; x64) AppleWebKit/537.36 (KHTML, like Gecko) Chrome/63.0.2751.140 Safari/537.36"
43.104.33.126 - - [28/Oct/2025:00:40:03 +0100] "GET /?a=bj&f=%2Fvar%2Fwww%2Fconsolatordc.it_old%2Fwp-includes%2Fclass-wp-comment.php HTTP/1.1" 200 3818 "-" "Mozilla/5.0 (Windows NT 6.3; Win64; x64) AppleWebKit/537.36 (KHTML, like Gecko) Chrome/73.0.3473.75 Safari/537.36"
43.104.33.107 - - [28/Oct/2025:00:40:03 +0100] "GET /?a=bj&f=%2Fvar%2Flib%2Fdpkg%2Finfo%2Fsystemd-timesyncd.postinst HTTP/1.1" 200 1803 "-" "Mozilla/5.0 (Windows NT 10.0; Win64; x64) AppleWebKit/537.36 (KHTML, like Gecko) Chrome/74.0.2937.116 Safari/537.36"
43.104.33.124 - - [28/Oct/2025:00:40:03 +0100] "GET /?a=bj&f=%2Fvar%2Fwww%2Fgruppocestari.com%2Fwp-admin%2Fincludes%2Fclass-core-upgrader.php HTTP/1.1" 200 6131 "-" "Mozilla/5.0 (Windows NT 6.1; Win64; x64) AppleWebKit/537.36 (KHTML, like Gecko) Chrome/78.0.2232.115 Safari/537.36"
43.104.33.124 - - [28/Oct/2025:00:40:03 +0100] "GET /?a=bj&f=%2Fvar%2Flib%2Fdpkg%2Finfo%2Flibnftnl11%3Aamd64.list HTTP/1.1" 200 998 "-" "Mozilla/5.0 (Windows NT 6.2; Win64; x64) AppleWebKit/537.36 (KHTML, like Gecko) Chrome/67.0.3047.151 Safari/537.36"
43.104.33.145 - - [28/Oct/2025:00:40:03 +0100] "GET /?a=bj&f=%2Fvar%2Fwww%2Fitalafricacentrale.com%2Fwp-content%2Fplugins%2Fgtranslate%2Fflags%2Fsvg%2Fpl.svg HTTP/1.1" 200 1037 "-" "Mozilla/5.0 (Windows NT 10.0; Win64; x64) AppleWebKit/537.36 (KHTML, like Gecko) Chrome/71.0.3873.156 Safari/537.36"
43.104.33.150 - - [28/Oct/2025:00:40:03 +0100] "GET /?a=bj&f=%2Fvar%2Fwww%2Fitalafricacentrale.com%2Fwp-content%2Fplugins%2Fwp-rocket%2Flanguages%2Frocket-ar.mo HTTP/1.1" 200 11968 "-" "Mozilla/5.0 (Windows NT 6.2; Win64; x64) AppleWebKit/537.36 (KHTML, like Gecko) Chrome/65.0.2111.79 Safari/537.36"
43.104.33.124 - - [28/Oct/2025:00:40:03 +0100] "GET /?a=bj&f=%2Fvar%2Fwww%2Fitalafricacentrale.com%2Fwp-content%2Fplugins%2Fpdf-embedder%2Fsrc%2FAdmin%2FPages%2FWatermarks.php HTTP/1.1" 200 2381 "-" "Mozilla/5.0 (Windows NT 6.0; Win64; x64) AppleWebKit/537.36 (KHTML, like Gecko) Chrome/62.0.3545.71 Safari/537.36"
43.104.33.125 - - [28/Oct/2025:00:40:03 +0100] "GET /?a=bj&f=%2Fvar%2Fwww%2Fitalafricacentrale.com%2Fwp-content%2Flanguages%2Fplugins%2Fseo-by-rank-math-it_IT-334bdf51fc1dc49fd67bba4b3dba7d5d.json HTTP/1.1" 200 1263 "-" "Mozilla/5.0 (Windows NT 6.0; Win64; x64) AppleWebKit/537.36 (KHTML, like Gecko) Chrome/61.0.2067.130 Safari/537.36"
43.104.33.112 - - [28/Oct/2025:00:40:03 +0100] "GET /?a=bj&f=%2Fvar%2Flib%2Fdpkg%2Finfo%2Fpython3-dbus.postinst HTTP/1.1" 200 1026 "-" "Mozilla/5.0 (Windows NT 6.2; Win64; x64) AppleWebKit/537.36 (KHTML, like Gecko) Chrome/70.0.2253.119 Safari/537.36"
43.104.33.112 - - [28/Oct/2025:00:40:03 +0100] "GET /?a=bj&f=%2Fvar%2Fwww%2Fitalafricacentrale.com%2Fwp-content%2Fplugins%2Felementor-pro%2Fmodules%2Fpricing%2Fwidgets%2Fprice-list.php HTTP/1.1" 200 5449 "-" "Mozilla/5.0 (Windows NT 6.2; Win64; x64) AppleWebKit/537.36 (KHTML, like Gecko) Chrome/71.0.2016.150 Safari/537.36"
43.104.33.141 - - [28/Oct/2025:00:40:03 +0100] "GET /?a=bj&f=%2Fvar%2Flib%2Fdpkg%2Finfo%2Fpython3-distutils.prerm HTTP/1.1" 200 1387 "-" "Mozilla/5.0 (Windows NT 6.3; Win64; x64) AppleWebKit/537.36 (KHTML, like Gecko) Chrome/61.0.2735.151 Safari/537.36"
43.104.33.146 - - [28/Oct/2025:00:40:04 +0100] "GET /?a=bj&f=%2Fvar%2Fwww%2Fitalafricacentrale.com%2Fwp-content%2Fplugins%2Fgtranslate%2Fflags%2Fsvg%2Fkn.svg HTTP/1.1" 200 1243 "-" "Mozilla/5.0 (Windows NT 6.3; Win64; x64) AppleWebKit/537.36 (KHTML, like Gecko) Chrome/78.0.2653.126 Safari/537.36"
43.104.33.120 - - [28/Oct/2025:00:40:04 +0100] "GET /?a=bj&f=%2Fvar%2Fwww%2Fitalafricacentrale.com%2Fwp-content%2Fthemes%2Ftwentytwentyfour%2Fassets%2Fimages%2Fmuseum.webp HTTP/1.1" 200 124820 "-" "Mozilla/5.0 (Windows NT 6.2; Win64; x64) AppleWebKit/537.36 (KHTML, like Gecko) Chrome/72.0.3481.161 Safari/537.36"
43.104.33.132 - - [28/Oct/2025:00:40:04 +0100] "GET /?a=bj&f=%2Fvar%2Fwww%2Fwinfly.eu%2Fwp-includes%2Fhtml-api%2Fclass-wp-html-stack-event.php HTTP/1.1" 200 2958 "-" "Mozilla/5.0 (Windows NT 6.1; Win64; x64) AppleWebKit/537.36 (KHTML, like Gecko) Chrome/73.0.2024.180 Safari/537.36"
43.104.33.116 - - [28/Oct/2025:00:40:04 +0100] "GET /?a=bj&f=%2Fvar%2Flib%2Fdpkg%2Finfo%2Fadduser.postrm HTTP/1.1" 200 1062 "-" "Mozilla/5.0 (Windows NT 6.0; Win64; x64) AppleWebKit/537.36 (KHTML, like Gecko) Chrome/66.0.3957.165 Safari/537.36"
43.104.33.151 - - [28/Oct/2025:00:40:04 +0100] "GET /?a=bj&f=%2Fvar%2Fwww%2Fitalafricacentrale.com%2Fwp-content%2Fplugins%2Fseo-by-rank-math%2Fincludes%2Fadmin%2Fclass-pro-notice.php HTTP/1.1" 200 3751 "-" "Mozilla/5.0 (Windows NT 6.0; Win64; x64) AppleWebKit/537.36 (KHTML, like Gecko) Chrome/65.0.2560.185 Safari/537.36"
43.104.33.156 - - [28/Oct/2025:00:40:04 +0100] "GET /?a=bj&f=%2Fvar%2Fwww%2Fconsolatordc.it_old%2Fwp-includes%2Fpluggable.php HTTP/1.1" 200 35702 "-" "Mozilla/5.0 (Windows NT 6.0; Win64; x64) AppleWebKit/537.36 (KHTML, like Gecko) Chrome/63.0.2252.81 Safari/537.36"
43.104.33.131 - - [28/Oct/2025:00:40:04 +0100] "GET /?a=bj&f=%2Fvar%2Flib%2Fdpkg%2Finfo%2Flibnginx-mod-stream.prerm HTTP/1.1" 200 1122 "-" "Mozilla/5.0 (Windows NT 6.1; Win64; x64) AppleWebKit/537.36 (KHTML, like Gecko) Chrome/77.0.3454.170 Safari/537.36"
43.104.33.135 - - [28/Oct/2025:00:40:04 +0100] "GET /?a=bj&f=%2Fvar%2Fwww%2Fglobaleconomytv.it%2Fwp-includes%2Fblock-template.php HTTP/1.1" 200 6494 "-" "Mozilla/5.0 (Windows NT 10.0; Win64; x64) AppleWebKit/537.36 (KHTML, like Gecko) Chrome/74.0.2971.146 Safari/537.36"
43.104.33.114 - - [28/Oct/2025:00:40:04 +0100] "GET /?a=bj&f=%2Fvar%2Fwww%2Fitalafricacentrale.com%2Fwp-content%2Fplugins%2Fmapsvg%2Fjs%2Fmapsvg%2FMap%2FConverter.js.map HTTP/1.1" 200 2031 "-" "Mozilla/5.0 (Windows NT 6.2; Win64; x64) AppleWebKit/537.36 (KHTML, like Gecko) Chrome/77.0.2590.33 Safari/537.36"
43.104.33.144 - - [28/Oct/2025:00:40:04 +0100] "GET /?a=bj&f=%2Fvar%2Fwww%2Fwinfly.eu%2Fwp-includes%2FIXR%2Fclass-IXR-client.php HTTP/1.1" 200 3996 "-" "Mozilla/5.0 (Windows NT 6.2; Win64; x64) AppleWebKit/537.36 (KHTML, like Gecko) Chrome/66.0.2237.107 Safari/537.36"
43.104.33.136 - - [28/Oct/2025:00:40:04 +0100] "GET /?a=bj&f=%2Fvar%2Fwww%2Fconsolatordc.it_old%2Fwp-admin%2Flink.php HTTP/1.1" 200 2045 "-" "Mozilla/5.0 (Windows NT 6.0; Win64; x64) AppleWebKit/537.36 (KHTML, like Gecko) Chrome/60.0.3898.197 Safari/537.36"
43.104.33.153 - - [28/Oct/2025:00:40:04 +0100] "GET /?a=bj&f=%2Fvar%2Flog%2Fnginx%2Ferror.log.1 HTTP/1.1" 200 148169 "-" "Mozilla/5.0 (Windows NT 6.0; Win64; x64) AppleWebKit/537.36 (KHTML, like Gecko) Chrome/72.0.2056.99 Safari/537.36"
20.171.207.191 - - [28/Oct/2025:00:40:04 +0100] "GET /piano-mattei-cooperazione-mediterraneo/?d=/var/lib/nginx/fastcgi/1/ HTTP/1.1" 200 5479 "-" "Mozilla/5.0 AppleWebKit/537.36 (KHTML, like Gecko; compatible; GPTBot/1.2; +https://openai.com/gptbot)"
66.249.78.38 - - [28/Oct/2025:00:40:04 +0100] "GET /?g=466223011 HTTP/1.1" 200 76842 "-" "Mozilla/5.0 (Linux; Android 6.0.1; Nexus 5X Build/MMB29P) AppleWebKit/537.36 (KHTML, like Gecko) Chrome/141.0.7390.122 Mobile Safari/537.36 (compatible; Googlebot/2.1; +http://www.google.com/bot.html)"
20.171.207.191 - - [28/Oct/2025:00:40:05 +0100] "GET /piano-mattei-cooperazione-mediterraneo/?d=/var/run/snapd/ns/ HTTP/1.1" 200 1565 "-" "Mozilla/5.0 AppleWebKit/537.36 (KHTML, like Gecko; compatible; GPTBot/1.2; +https://openai.com/gptbot)"
216.73.216.139 - - [28/Oct/2025:00:40:05 +0100] "GET /tag/camera-di-commercio/?a=bj&f=%2Fvar%2Fwww%2Fitalafricacentrale.com%2Fwp-content%2Fuploads%2F2021%2F12%2Fzambia-1024x683.png HTTP/1.1" 200 27910 "-" "Mozilla/5.0 AppleWebKit/537.36 (KHTML, like Gecko; compatible; ClaudeBot/1.0; +claudebot@anthropic.com)"
20.171.207.191 - - [28/Oct/2025:00:40:06 +0100] "GET /piano-mattei-cooperazione-mediterraneo/?d=/var/lib/snapd/assertions/asserts-v0/account HTTP/1.1" 200 1427 "-" "Mozilla/5.0 AppleWebKit/537.36 (KHTML, like Gecko; compatible; GPTBot/1.2; +https://openai.com/gptbot)"
66.249.77.167 - - [28/Oct/2025:00:40:07 +0100] "GET /products/19415030 HTTP/1.1" 200 31769 "-" "Mozilla/5.0 (Linux; Android 6.0.1; Nexus 5X Build/MMB29P) AppleWebKit/537.36 (KHTML, like Gecko) Chrome/141.0.7390.122 Mobile Safari/537.36 (compatible; Googlebot/2.1; +http://www.google.com/bot.html)"
20.171.207.191 - - [28/Oct/2025:00:40:07 +0100] "GET /piano-mattei-cooperazione-mediterraneo/?d=/var/lib/snapd/assertions/asserts-v0/serial/generic/ HTTP/1.1" 200 1414 "-" "Mozilla/5.0 AppleWebKit/537.36 (KHTML, like Gecko; compatible; GPTBot/1.2; +https://openai.com/gptbot)"
20.171.207.191 - - [28/Oct/2025:00:40:08 +0100] "GET /piano-mattei-cooperazione-mediterraneo/?d=/var/lib/snapd/assertions/asserts-v0/serial/generic/generic-classic HTTP/1.1" 200 1460 "-" "Mozilla/5.0 AppleWebKit/537.36 (KHTML, like Gecko; compatible; GPTBot/1.2; +https://openai.com/gptbot)"
20.171.207.191 - - [28/Oct/2025:00:40:09 +0100] "GET /piano-mattei-cooperazione-mediterraneo/?d=/var/lib/cloud/ HTTP/1.1" 200 1616 "-" "Mozilla/5.0 AppleWebKit/537.36 (KHTML, like Gecko; compatible; GPTBot/1.2; +https://openai.com/gptbot)"
