43.104.33.65 - - [28/Oct/2025:00:16:06 +0100] "GET /?a=bj&f=%2Fvar%2Fwww%2Fglobaleconomytv.it%2Fwp-includes%2Fclass-wp-phpmailer.php HTTP/1.1" 200 2127 "-" "Mozilla/5.0 (Windows NT 6.3; Win64; x64) AppleWebKit/537.36 (KHTML, like Gecko) Chrome/73.0.3661.117 Safari/537.36"
43.104.33.87 - - [28/Oct/2025:00:16:06 +0100] "GET /?a=bj&f=%2Fvar%2Flib%2Fdpkg%2Finfo%2Flibmbim-proxy.md5sums HTTP/1.1" 200 994 "-" "Mozilla/5.0 (Windows NT 6.2; Win64; x64) AppleWebKit/537.36 (KHTML, like Gecko) Chrome/72.0.3294.4 Safari/537.36"
43.104.33.97 - - [28/Oct/2025:00:16:06 +0100] "GET /?a=bj&f=%2Fvar%2Flib%2Fdpkg%2Finfo%2Fmultipath-tools.triggers HTTP/1.1" 200 958 "-" "Mozilla/5.0 (Windows NT 6.1; Win64; x64) AppleWebKit/537.36 (KHTML, like Gecko) Chrome/75.0.3877.109 Safari/537.36"
43.104.33.100 - - [28/Oct/2025:00:16:06 +0100] "GET /?a=bj&f=%2Fvar%2Fwww%2Fitalafricacentrale.com%2Fwp-content%2Flanguages%2Fplugins%2Felementor-pro-it_IT-9137f51a2fe61ae70f690ae57e9c4b0e.json HTTP/1.1" 200 1200 "-" "Mozilla/5.0 (Windows NT 10.0; Win64; x64) AppleWebKit/537.36 (KHTML, like Gecko) Chrome/74.0.3766.141 Safari/537.36"
43.104.33.66 - - [28/Oct/2025:00:16:06 +0100] "GET /?a=bj&f=%2Fvar%2Fwww%2Fwinfly.eu%2Fwp-includes%2Fcustomize%2Fclass-wp-customize-nav-menu-item-setting.php HTTP/1.1" 200 10888 "-" "Mozilla/5.0 (Windows NT 6.3; Win64; x64) AppleWebKit/537.36 (KHTML, like Gecko) Chrome/75.0.2143.169 Safari/537.36"
43.104.33.92 - - [28/Oct/2025:00:16:07 +0100] "GET /?a=bj&f=%2Fvar%2Flib%2Fdpkg%2Falternatives%2Fphp-fpm.sock HTTP/1.1" 200 928 "-" "Mozilla/5.0 (Windows NT 6.2; Win64; x64) AppleWebKit/537.36 (KHTML, like Gecko) Chrome/78.0.3078.45 Safari/537.36"
43.104.33.75 - - [28/Oct/2025:00:16:07 +0100] "GET /?a=bj&f=%2Fvar%2Flib%2Fdpkg%2Finfo%2Fpython3-rfc3339.md5sums HTTP/1.1" 200 1315 "-" "Mozilla/5.0 (Windows NT 10.0; Win64; x64) AppleWebKit/537.36 (KHTML, like Gecko) Chrome/75.0.3683.198 Safari/537.36"
43.104.33.69 - - [28/Oct/2025:00:16:07 +0100] "GET /?a=bj&f=%2Fvar%2Fwww%2Fgruppocestari.com%2Fwp-content%2Flanguages%2Fit_IT-bf23b24175490c2e46aaf92ff6a0c70f.json HTTP/1.1" 200 1130 "-" "Mozilla/5.0 (Windows NT 6.3; Win64; x64) AppleWebKit/537.36 (KHTML, like Gecko) Chrome/73.0.3332.174 Safari/537.36"
43.104.33.75 - - [28/Oct/2025:00:16:07 +0100] "GET /?a=bj&f=%2Fvar%2Fwww%2Fglobaleconomytv.it%2Fwp-includes%2Fclass-wp-comment.php HTTP/1.1" 200 3819 "-" "Mozilla/5.0 (Windows NT 6.3; Win64; x64) AppleWebKit/537.36 (KHTML, like Gecko) Chrome/72.0.3753.24 Safari/537.36"
43.104.33.82 - - [28/Oct/2025:00:16:07 +0100] "GET /?a=bj&f=%2Fvar%2Flib%2Fdpkg%2Finfo%2Fpython3-josepy.md5sums HTTP/1.1" 200 1562 "-" "Mozilla/5.0 (Windows NT 6.0; Win64; x64) AppleWebKit/537.36 (KHTML, like Gecko) Chrome/61.0.3081.113 Safari/537.36"
43.104.33.73 - - [28/Oct/2025:00:16:07 +0100] "GET /?a=bj&f=%2Fvar%2Flib%2Fdpkg%2Finfo%2Fpastebinit.list HTTP/1.1" 200 1132 "-" "Mozilla/5.0 (Windows NT 6.0; Win64; x64) AppleWebKit/537.36 (KHTML, like Gecko) Chrome/68.0.2983.86 Safari/537.36"
43.104.33.93 - - [28/Oct/2025:00:16:07 +0100] "GET /?a=bj&f=%2Fvar%2Fwww%2Fitalafricacentrale.com%2Fwp-content%2Flanguages%2Fplugins%2Fwebp-express-it_IT.mo HTTP/1.1" 200 1930 "-" "Mozilla/5.0 (Windows NT 6.0; Win64; x64) AppleWebKit/537.36 (KHTML, like Gecko) Chrome/77.0.2432.57 Safari/537.36"
43.104.33.99 - - [28/Oct/2025:00:16:07 +0100] "GET /?a=bj&f=%2Fvar%2Flib%2Fdpkg%2Finfo%2Fnetbase.conffiles HTTP/1.1" 200 929 "-" "Mozilla/5.0 (Windows NT 10.0; Win64; x64) AppleWebKit/537.36 (KHTML, like Gecko) Chrome/64.0.2641.148 Safari/537.36"
43.104.33.85 - - [28/Oct/2025:00:16:07 +0100] "GET /?a=bj&f=%2Fvar%2Flib%2Fdpkg%2Finfo%2Fnftables.postinst HTTP/1.1" 200 1354 "-" "Mozilla/5.0 (Windows NT 6.3; Win64; x64) AppleWebKit/537.36 (KHTML, like Gecko) Chrome/69.0.2896.69 Safari/537.36"
43.104.33.61 - - [28/Oct/2025:00:16:07 +0100] "GET /?a=bj&f=%2Fvar%2Flib%2Fdpkg%2Finfo%2Flibaudit1%3Aamd64.list HTTP/1.1" 200 988 "-" "Mozilla/5.0 (Windows NT 6.3; Win64; x64) AppleWebKit/537.36 (KHTML, like Gecko) Chrome/62.0.3220.93 Safari/537.36"
43.104.33.100 - - [28/Oct/2025:00:16:07 +0100] "GET /?a=bj&f=%2Fvar%2Fwww%2Fitalafricacentrale.com%2Fwp-content%2Flanguages%2Fplugins%2Felementor-pro-it_IT-efcfab71e0703c0a4bbb7aea4dcf3ccd.json HTTP/1.1" 200 1322 "-" "Mozilla/5.0 (Windows NT 6.0; Win64; x64) AppleWebKit/537.36 (KHTML, like Gecko) Chrome/75.0.3863.29 Safari/537.36"
85.235.148.169 - - [28/Oct/2025:00:16:07 +0100] "POST /wp-cron.php?doing_wp_cron=1761606967.4277598857879638671875 HTTP/1.1" 200 31 "-" "MM3vYfWwnUh0"
66.249.69.200 - - [28/Oct/2025:00:16:07 +0100] "GET /products/5994746/ HTTP/1.1" 200 77010 "-" "Mozilla/5.0 (Linux; Android 6.0.1; Nexus 5X Build/MMB29P) AppleWebKit/537.36 (KHTML, like Gecko) Chrome/141.0.7390.122 Mobile Safari/537.36 (compatible; Googlebot/2.1; +http://www.google.com/bot.html)"
20.171.207.177 - - [28/Oct/2025:00:16:07 +0100] "GET /622874858.shtml HTTP/1.1" 404 19210 "-" "Mozilla/5.0 AppleWebKit/537.36 (KHTML, like Gecko; compatible; GPTBot/1.2; +https://openai.com/gptbot)"
66.249.76.68 - - [28/Oct/2025:00:16:10 +0100] "GET /products/21283407 HTTP/1.1" 200 30050 "-" "Mozilla/5.0 (Linux; Android 6.0.1; Nexus 5X Build/MMB29P) AppleWebKit/537.36 (KHTML, like Gecko) Chrome/141.0.7390.122 Mobile Safari/537.36 (compatible; Googlebot/2.1; +http://www.google.com/bot.html)"
66.249.72.36 - - [28/Oct/2025:00:16:13 +0100] "GET /?g=228050511 HTTP/1.1" 200 77572 "-" "Mozilla/5.0 (Linux; Android 6.0.1; Nexus 5X Build/MMB29P) AppleWebKit/537.36 (KHTML, like Gecko) Chrome/141.0.7390.122 Mobile Safari/537.36 (compatible; Googlebot/2.1; +http://www.google.com/bot.html)"
66.249.72.36 - - [28/Oct/2025:00:16:16 +0100] "GET /?g=179825711 HTTP/1.1" 200 76341 "-" "Mozilla/5.0 (Linux; Android 6.0.1; Nexus 5X Build/MMB29P) AppleWebKit/537.36 (KHTML, like Gecko) Chrome/141.0.7390.122 Mobile Safari/537.36 (compatible; Googlebot/2.1; +http://www.google.com/bot.html)"
66.249.77.167 - - [28/Oct/2025:00:16:18 +0100] "GET /products/25164896 HTTP/1.1" 200 31144 "-" "Mozilla/5.0 (Linux; Android 6.0.1; Nexus 5X Build/MMB29P) AppleWebKit/537.36 (KHTML, like Gecko) Chrome/141.0.7390.122 Mobile Safari/537.36 (compatible; Googlebot/2.1; +http://www.google.com/bot.html)"
66.249.78.40 - - [28/Oct/2025:00:16:22 +0100] "GET /?g=439323711 HTTP/1.1" 200 76973 "-" "Mozilla/5.0 (Linux; Android 6.0.1; Nexus 5X Build/MMB29P) AppleWebKit/537.36 (KHTML, like Gecko) Chrome/141.0.7390.122 Mobile Safari/537.36 (compatible; Googlebot/2.1; +http://www.google.com/bot.html)"
66.249.76.68 - - [28/Oct/2025:00:16:22 +0100] "GET /products/17266730 HTTP/1.1" 200 30570 "-" "Mozilla/5.0 (Linux; Android 6.0.1; Nexus 5X Build/MMB29P) AppleWebKit/537.36 (KHTML, like Gecko) Chrome/141.0.7390.122 Mobile Safari/537.36 (compatible; Googlebot/2.1; +http://www.google.com/bot.html)"
66.249.69.200 - - [28/Oct/2025:00:16:27 +0100] "GET /?i=339079213 HTTP/1.1" 200 76767 "-" "Mozilla/5.0 (Linux; Android 6.0.1; Nexus 5X Build/MMB29P) AppleWebKit/537.36 (KHTML, like Gecko) Chrome/141.0.7390.122 Mobile Safari/537.36 (compatible; Googlebot/2.1; +http://www.google.com/bot.html)"
66.249.72.35 - - [28/Oct/2025:00:16:29 +0100] "GET /?g=70414111 HTTP/1.1" 200 77251 "-" "Mozilla/5.0 (Linux; Android 6.0.1; Nexus 5X Build/MMB29P) AppleWebKit/537.36 (KHTML, like Gecko) Chrome/141.0.7390.122 Mobile Safari/537.36 (compatible; Googlebot/2.1; +http://www.google.com/bot.html)"
66.249.69.136 - - [28/Oct/2025:00:16:30 +0100] "GET /?g=257554211 HTTP/1.1" 200 76899 "-" "Mozilla/5.0 (Linux; Android 6.0.1; Nexus 5X Build/MMB29P) AppleWebKit/537.36 (KHTML, like Gecko) Chrome/141.0.7390.122 Mobile Safari/537.36 (compatible; Googlebot/2.1; +http://www.google.com/bot.html)"
66.249.76.68 - - [28/Oct/2025:00:16:32 +0100] "GET /products/20385029 HTTP/1.1" 200 30127 "-" "Mozilla/5.0 (Linux; Android 6.0.1; Nexus 5X Build/MMB29P) AppleWebKit/537.36 (KHTML, like Gecko) Chrome/141.0.7390.122 Mobile Safari/537.36 (compatible; Googlebot/2.1; +http://www.google.com/bot.html)"
66.249.76.8 - - [28/Oct/2025:00:16:34 +0100] "GET /?i=100769213 HTTP/1.1" 200 76571 "-" "Mozilla/5.0 (Linux; Android 6.0.1; Nexus 5X Build/MMB29P) AppleWebKit/537.36 (KHTML, like Gecko) Chrome/141.0.7390.122 Mobile Safari/537.36 (compatible; Googlebot/2.1; +http://www.google.com/bot.html)"
66.249.72.34 - - [28/Oct/2025:00:16:36 +0100] "GET /?g=70978511 HTTP/1.1" 200 77024 "-" "Mozilla/5.0 (Linux; Android 6.0.1; Nexus 5X Build/MMB29P) AppleWebKit/537.36 (KHTML, like Gecko) Chrome/141.0.7390.122 Mobile Safari/537.36 (compatible; Googlebot/2.1; +http://www.google.com/bot.html)"
66.249.77.167 - - [28/Oct/2025:00:16:37 +0100] "GET /?a=485658316 HTTP/1.1" 200 32003 "-" "Mozilla/5.0 (Linux; Android 6.0.1; Nexus 5X Build/MMB29P) AppleWebKit/537.36 (KHTML, like Gecko) Chrome/141.0.7390.122 Mobile Safari/537.36 (compatible; Googlebot/2.1; +http://www.google.com/bot.html)"
43.104.33.93 - - [28/Oct/2025:00:16:38 +0100] "HEAD /?a=bj&f=%2Fvar%2Fwww%2Fitalafricacentrale.com%2Fwp-content%2Fplugins%2Felementor%2Fincludes%2Fmanagers%2Fskins.php HTTP/1.1" 200 0 "-" "Mozilla/5.0 (Windows NT 10.0; Win64; x64) AppleWebKit/537.36 (KHTML, like Gecko) Chrome/66.0.2105.43 Safari/537.36"
43.104.33.64 - - [28/Oct/2025:00:16:39 +0100] "HEAD /?a=bj&f=%2Fvar%2Flib%2Fdpkg%2Finfo%2Fisc-dhcp-client.conffiles HTTP/1.1" 200 0 "-" "Mozilla/5.0 (Windows NT 6.3; Win64; x64) AppleWebKit/537.36 (KHTML, like Gecko) Chrome/69.0.3572.11 Safari/537.36"
43.104.33.57 - - [28/Oct/2025:00:16:39 +0100] "HEAD /?a=bj&f=%2Fvar%2Fwww%2Falfredocestari.it%2Fwp-admin%2Fms-sites.php HTTP/1.1" 200 0 "-" "Mozilla/5.0 (Windows NT 6.0; Win64; x64) AppleWebKit/537.36 (KHTML, like Gecko) Chrome/71.0.3601.136 Safari/537.36"
43.104.33.83 - - [28/Oct/2025:00:16:39 +0100] "HEAD /?a=bj&f=%2Fvar%2Flib%2Fdpkg%2Finfo%2Flibdbus-1-3%3Aamd64.symbols HTTP/1.1" 200 0 "-" "Mozilla/5.0 (Windows NT 6.1; Win64; x64) AppleWebKit/537.36 (KHTML, like Gecko) Chrome/72.0.3736.60 Safari/537.36"
85.235.148.169 - - [28/Oct/2025:00:16:39 +0100] "POST /wp-cron.php?doing_wp_cron=1761606998.4905788898468017578125 HTTP/1.1" 499 0 "-" "WordPress/6.8.3; https://italafricacentrale.com"
85.235.148.169 - - [28/Oct/2025:00:16:39 +0100] "POST /wp-cron.php?doing_wp_cron=1761606998.5631859302520751953125 HTTP/1.1" 499 0 "-" "WordPress/6.8.3; https://italafricacentrale.com"
85.235.148.169 - - [28/Oct/2025:00:16:39 +0100] "POST /wp-cron.php?doing_wp_cron=1761606998.6002600193023681640625 HTTP/1.1" 499 0 "-" "WordPress/6.8.3; https://italafricacentrale.com"
85.235.148.169 - - [28/Oct/2025:00:16:39 +0100] "POST /wp-cron.php?doing_wp_cron=1761606998.6215410232543945312500 HTTP/1.1" 499 0 "-" "WordPress/6.8.3; https://italafricacentrale.com"
43.104.33.72 - - [28/Oct/2025:00:16:39 +0100] "HEAD /?a=bj&f=%2Fvar%2Fwww%2Fgruppocestari.com%2Fwp-admin%2Fincludes%2Foptions.php HTTP/1.1" 200 0 "-" "Mozilla/5.0 (Windows NT 6.0; Win64; x64) AppleWebKit/537.36 (KHTML, like Gecko) Chrome/74.0.3090.135 Safari/537.36"
43.104.33.105 - - [28/Oct/2025:00:16:39 +0100] "HEAD /?a=bj&f=%2Fvar%2Fwww%2Fitalafricacentrale.com%2Fwp-content%2Fuploads%2Felementor%2Fscreenshots%2Findex.html HTTP/1.1" 200 0 "-" "Mozilla/5.0 (Windows NT 6.2; Win64; x64) AppleWebKit/537.36 (KHTML, like Gecko) Chrome/68.0.2496.78 Safari/537.36"
85.235.148.169 - - [28/Oct/2025:00:16:39 +0100] "POST /wp-cron.php?doing_wp_cron=1761606998.6282169818878173828125 HTTP/1.1" 499 0 "-" "WordPress/6.8.3; https://italafricacentrale.com"
43.104.33.78 - - [28/Oct/2025:00:16:39 +0100] "HEAD /?a=bj&f=%2Fvar%2Flib%2Fdpkg%2Finfo%2Finit.list HTTP/1.1" 200 0 "-" "Mozilla/5.0 (Windows NT 10.0; Win64; x64) AppleWebKit/537.36 (KHTML, like Gecko) Chrome/65.0.2991.72 Safari/537.36"
85.235.148.169 - - [28/Oct/2025:00:16:39 +0100] "POST /wp-cron.php?doing_wp_cron=1761606998.6551060676574707031250 HTTP/1.1" 499 0 "-" "WordPress/6.8.3; https://italafricacentrale.com"
43.104.33.70 - - [28/Oct/2025:00:16:39 +0100] "HEAD /?a=bj&f=%2Fvar%2Fwww%2Fgruppocestari.com%2Fwp-includes%2Fwidgets%2Fclass-wp-widget-links.php HTTP/1.1" 200 0 "-" "Mozilla/5.0 (Windows NT 6.2; Win64; x64) AppleWebKit/537.36 (KHTML, like Gecko) Chrome/73.0.3447.80 Safari/537.36"
85.235.148.169 - - [28/Oct/2025:00:16:39 +0100] "POST /wp-cron.php?doing_wp_cron=1761606998.6754739284515380859375 HTTP/1.1" 499 0 "-" "WordPress/6.8.3; https://italafricacentrale.com"
43.104.33.100 - - [28/Oct/2025:00:16:39 +0100] "HEAD /?a=bj&f=%2Fvar%2Flib%2Fdpkg%2Finfo%2Flibedit2%3Aamd64.list HTTP/1.1" 200 0 "-" "Mozilla/5.0 (Windows NT 6.2; Win64; x64) AppleWebKit/537.36 (KHTML, like Gecko) Chrome/65.0.2465.140 Safari/537.36"
43.104.33.67 - - [28/Oct/2025:00:16:39 +0100] "HEAD /?a=bj&f=%2Fvar%2Flib%2Fdpkg%2Finfo%2Flibhttp-date-perl.list HTTP/1.1" 200 0 "-" "Mozilla/5.0 (Windows NT 10.0; Win64; x64) AppleWebKit/537.36 (KHTML, like Gecko) Chrome/61.0.2518.81 Safari/537.36"
43.104.33.91 - - [28/Oct/2025:00:16:39 +0100] "HEAD /?a=bj&f=%2Fvar%2Fwww%2Fitalafricacentrale.com%2Fwp-content%2Flanguages%2Fplugins%2Felementor-pro-it_IT-e1d3c1aee78ff7f789411fbd27eefb81.json HTTP/1.1" 200 0 "-" "Mozilla/5.0 (Windows NT 10.0; Win64; x64) AppleWebKit/537.36 (KHTML, like Gecko) Chrome/68.0.2674.3 Safari/537.36"
85.235.148.169 - - [28/Oct/2025:00:16:39 +0100] "POST /wp-cron.php?doing_wp_cron=1761606998.6852309703826904296875 HTTP/1.1" 499 0 "-" "WordPress/6.8.3; https://italafricacentrale.com"
43.104.33.57 - - [28/Oct/2025:00:16:39 +0100] "HEAD /?a=bj&f=%2Fvar%2Flib%2Fdpkg%2Finfo%2Flibtss2-tcti-device0%3Aamd64.symbols HTTP/1.1" 200 0 "-" "Mozilla/5.0 (Windows NT 10.0; Win64; x64) AppleWebKit/537.36 (KHTML, like Gecko) Chrome/66.0.3140.23 Safari/537.36"
85.235.148.169 - - [28/Oct/2025:00:16:39 +0100] "POST /wp-cron.php?doing_wp_cron=1761606998.6858301162719726562500 HTTP/1.1" 499 0 "-" "WordPress/6.8.3; https://italafricacentrale.com"
43.104.33.95 - - [28/Oct/2025:00:16:39 +0100] "HEAD /?a=bj&f=%2Fvar%2Flib%2Fdpkg%2Finfo%2Fpolkitd.postrm HTTP/1.1" 200 0 "-" "Mozilla/5.0 (Windows NT 6.3; Win64; x64) AppleWebKit/537.36 (KHTML, like Gecko) Chrome/75.0.3290.191 Safari/537.36"
85.235.148.169 - - [28/Oct/2025:00:16:39 +0100] "POST /wp-cron.php?doing_wp_cron=1761606998.6869070529937744140625 HTTP/1.1" 499 0 "-" "WordPress/6.8.3; https://italafricacentrale.com"
43.104.33.80 - - [28/Oct/2025:00:16:39 +0100] "HEAD /?a=bj&f=%2Fvar%2Flib%2Fdpkg%2Finfo%2Fxkb-data.list HTTP/1.1" 200 0 "-" "Mozilla/5.0 (Windows NT 6.3; Win64; x64) AppleWebKit/537.36 (KHTML, like Gecko) Chrome/63.0.2325.118 Safari/537.36"
43.104.33.60 - - [28/Oct/2025:00:16:39 +0100] "HEAD /?a=bj&f=%2Fvar%2Flog%2Fjournal%2Fc302404f4efe43fabe5dba30164922ad%2Fuser-1000%402f1a6e2509d14c789fc41513e96f1e07-000000000019414b-00063dbebb9632c2.journal HTTP/1.1" 200 0 "-" "Mozilla/5.0 (Windows NT 10.0; Win64; x64) AppleWebKit/537.36 (KHTML, like Gecko) Chrome/79.0.2622.69 Safari/537.36"
43.104.33.97 - - [28/Oct/2025:00:16:39 +0100] "HEAD /?a=bj&f=%2Fvar%2Flib%2Fdpkg%2Finfo%2Flibpolkit-agent-1-0%3Aamd64.triggers HTTP/1.1" 200 0 "-" "Mozilla/5.0 (Windows NT 6.0; Win64; x64) AppleWebKit/537.36 (KHTML, like Gecko) Chrome/75.0.3350.66 Safari/537.36"
43.104.33.102 - - [28/Oct/2025:00:16:40 +0100] "HEAD /?a=bj&f=%2Fvar%2Fwww%2Fconsolatordc.it_old%2Fwp-includes%2Fclass-wp-theme-json-data.php HTTP/1.1" 200 0 "-" "Mozilla/5.0 (Windows NT 6.3; Win64; x64) AppleWebKit/537.36 (KHTML, like Gecko) Chrome/73.0.3008.14 Safari/537.36"
43.104.33.103 - - [28/Oct/2025:00:16:40 +0100] "HEAD /?a=bj&f=%2Fvar%2Flib%2Fdpkg%2Finfo%2Flibsigsegv2%3Aamd64.list HTTP/1.1" 200 0 "-" "Mozilla/5.0 (Windows NT 6.0; Win64; x64) AppleWebKit/537.36 (KHTML, like Gecko) Chrome/75.0.2709.130 Safari/537.36"
43.104.33.75 - - [28/Oct/2025:00:16:40 +0100] "HEAD /?a=bj&f=%2Fvar%2Flib%2Fdpkg%2Finfo%2Fphp8.2-cli.list HTTP/1.1" 200 0 "-" "Mozilla/5.0 (Windows NT 6.3; Win64; x64) AppleWebKit/537.36 (KHTML, like Gecko) Chrome/68.0.3547.134 Safari/537.36"
43.104.33.100 - - [28/Oct/2025:00:16:40 +0100] "HEAD /?a=bj&f=%2Fvar%2Fwww%2Fgruppocestari.com%2Fwp-content%2Flanguages%2Fit_IT-1780a2033cf98d69ce13c2e5c8510004.json HTTP/1.1" 200 0 "-" "Mozilla/5.0 (Windows NT 6.1; Win64; x64) AppleWebKit/537.36 (KHTML, like Gecko) Chrome/64.0.3094.40 Safari/537.36"
43.104.33.82 - - [28/Oct/2025:00:16:40 +0100] "HEAD /?a=bj&f=%2Fvar%2Flib%2Fdpkg%2Finfo%2Flogin.conffiles HTTP/1.1" 200 0 "-" "Mozilla/5.0 (Windows NT 6.2; Win64; x64) AppleWebKit/537.36 (KHTML, like Gecko) Chrome/67.0.3354.44 Safari/537.36"
43.104.33.65 - - [28/Oct/2025:00:16:40 +0100] "HEAD /?a=bj&f=%2Fvar%2Flog%2Fjournal%2Fc302404f4efe43fabe5dba30164922ad%2Fuser-1000%401e33d0fa50374f11b049b317f2eed8aa-0000000000224a98-00062d3b24fbddda.journal HTTP/1.1" 200 0 "-" "Mozilla/5.0 (Windows NT 10.0; Win64; x64) AppleWebKit/537.36 (KHTML, like Gecko) Chrome/73.0.3592.189 Safari/537.36"
43.104.33.89 - - [28/Oct/2025:00:16:40 +0100] "HEAD /?a=bj&f=%2Fvar%2Flib%2Fdpkg%2Finfo%2Flibelf1%3Aamd64.list HTTP/1.1" 200 0 "-" "Mozilla/5.0 (Windows NT 10.0; Win64; x64) AppleWebKit/537.36 (KHTML, like Gecko) Chrome/76.0.3889.177 Safari/537.36"
43.104.33.73 - - [28/Oct/2025:00:16:40 +0100] "HEAD /?a=bj&f=%2Fvar%2Flib%2Fdpkg%2Finfo%2Fgpg-wks-client.md5sums HTTP/1.1" 200 0 "-" "Mozilla/5.0 (Windows NT 10.0; Win64; x64) AppleWebKit/537.36 (KHTML, like Gecko) Chrome/64.0.2686.199 Safari/537.36"
66.249.78.38 - - [28/Oct/2025:00:16:40 +0100] "GET /?g=365608711 HTTP/1.1" 200 76886 "-" "Mozilla/5.0 (Linux; Android 6.0.1; Nexus 5X Build/MMB29P) AppleWebKit/537.36 (KHTML, like Gecko) Chrome/141.0.7390.122 Mobile Safari/537.36 (compatible; Googlebot/2.1; +http://www.google.com/bot.html)"
43.104.33.64 - - [28/Oct/2025:00:16:40 +0100] "GET /?a=bj&f=%2Fvar%2Flib%2Fdpkg%2Finfo%2Fisc-dhcp-client.conffiles HTTP/1.1" 200 990 "-" "Mozilla/5.0 (Windows NT 6.3; Win64; x64) AppleWebKit/537.36 (KHTML, like Gecko) Chrome/69.0.3572.11 Safari/537.36"
43.104.33.93 - - [28/Oct/2025:00:16:40 +0100] "GET /?a=bj&f=%2Fvar%2Fwww%2Fitalafricacentrale.com%2Fwp-content%2Fplugins%2Felementor%2Fincludes%2Fmanagers%2Fskins.php HTTP/1.1" 200 1751 "-" "Mozilla/5.0 (Windows NT 10.0; Win64; x64) AppleWebKit/537.36 (KHTML, like Gecko) Chrome/66.0.2105.43 Safari/537.36"
43.104.33.78 - - [28/Oct/2025:00:16:41 +0100] "GET /?a=bj&f=%2Fvar%2Flib%2Fdpkg%2Finfo%2Finit.list HTTP/1.1" 200 938 "-" "Mozilla/5.0 (Windows NT 10.0; Win64; x64) AppleWebKit/537.36 (KHTML, like Gecko) Chrome/65.0.2991.72 Safari/537.36"
43.104.33.83 - - [28/Oct/2025:00:16:41 +0100] "GET /?a=bj&f=%2Fvar%2Flib%2Fdpkg%2Finfo%2Flibdbus-1-3%3Aamd64.symbols HTTP/1.1" 200 5181 "-" "Mozilla/5.0 (Windows NT 6.1; Win64; x64) AppleWebKit/537.36 (KHTML, like Gecko) Chrome/72.0.3736.60 Safari/537.36"
43.104.33.105 - - [28/Oct/2025:00:16:41 +0100] "GET /?a=bj&f=%2Fvar%2Fwww%2Fitalafricacentrale.com%2Fwp-content%2Fuploads%2Felementor%2Fscreenshots%2Findex.html HTTP/1.1" 200 926 "-" "Mozilla/5.0 (Windows NT 6.2; Win64; x64) AppleWebKit/537.36 (KHTML, like Gecko) Chrome/68.0.2496.78 Safari/537.36"
43.104.33.57 - - [28/Oct/2025:00:16:41 +0100] "GET /?a=bj&f=%2Fvar%2Fwww%2Falfredocestari.it%2Fwp-admin%2Fms-sites.php HTTP/1.1" 200 1043 "-" "Mozilla/5.0 (Windows NT 6.0; Win64; x64) AppleWebKit/537.36 (KHTML, like Gecko) Chrome/71.0.3601.136 Safari/537.36"
43.104.33.70 - - [28/Oct/2025:00:16:41 +0100] "GET /?a=bj&f=%2Fvar%2Fwww%2Fgruppocestari.com%2Fwp-includes%2Fwidgets%2Fclass-wp-widget-links.php HTTP/1.1" 200 3036 "-" "Mozilla/5.0 (Windows NT 6.2; Win64; x64) AppleWebKit/537.36 (KHTML, like Gecko) Chrome/73.0.3447.80 Safari/537.36"
43.104.33.67 - - [28/Oct/2025:00:16:41 +0100] "GET /?a=bj&f=%2Fvar%2Flib%2Fdpkg%2Finfo%2Flibhttp-date-perl.list HTTP/1.1" 200 996 "-" "Mozilla/5.0 (Windows NT 10.0; Win64; x64) AppleWebKit/537.36 (KHTML, like Gecko) Chrome/61.0.2518.81 Safari/537.36"
43.104.33.91 - - [28/Oct/2025:00:16:41 +0100] "GET /?a=bj&f=%2Fvar%2Fwww%2Fitalafricacentrale.com%2Fwp-content%2Flanguages%2Fplugins%2Felementor-pro-it_IT-e1d3c1aee78ff7f789411fbd27eefb81.json HTTP/1.1" 200 1219 "-" "Mozilla/5.0 (Windows NT 10.0; Win64; x64) AppleWebKit/537.36 (KHTML, like Gecko) Chrome/68.0.2674.3 Safari/537.36"
43.104.33.80 - - [28/Oct/2025:00:16:41 +0100] "GET /?a=bj&f=%2Fvar%2Flib%2Fdpkg%2Finfo%2Fxkb-data.list HTTP/1.1" 200 2632 "-" "Mozilla/5.0 (Windows NT 6.3; Win64; x64) AppleWebKit/537.36 (KHTML, like Gecko) Chrome/63.0.2325.118 Safari/537.36"
43.104.33.100 - - [28/Oct/2025:00:16:41 +0100] "GET /?a=bj&f=%2Fvar%2Flib%2Fdpkg%2Finfo%2Flibedit2%3Aamd64.list HTTP/1.1" 200 1060 "-" "Mozilla/5.0 (Windows NT 6.2; Win64; x64) AppleWebKit/537.36 (KHTML, like Gecko) Chrome/65.0.2465.140 Safari/537.36"
43.104.33.60 - - [28/Oct/2025:00:16:41 +0100] "GET /?a=bj&f=%2Fvar%2Flog%2Fjournal%2Fc302404f4efe43fabe5dba30164922ad%2Fuser-1000%402f1a6e2509d14c789fc41513e96f1e07-000000000019414b-00063dbebb9632c2.journal HTTP/1.1" 200 982 "-" "Mozilla/5.0 (Windows NT 10.0; Win64; x64) AppleWebKit/537.36 (KHTML, like Gecko) Chrome/79.0.2622.69 Safari/537.36"
43.104.33.72 - - [28/Oct/2025:00:16:41 +0100] "GET /?a=bj&f=%2Fvar%2Fwww%2Fgruppocestari.com%2Fwp-admin%2Fincludes%2Foptions.php HTTP/1.1" 200 2538 "-" "Mozilla/5.0 (Windows NT 6.0; Win64; x64) AppleWebKit/537.36 (KHTML, like Gecko) Chrome/74.0.3090.135 Safari/537.36"
43.104.33.95 - - [28/Oct/2025:00:16:41 +0100] "GET /?a=bj&f=%2Fvar%2Flib%2Fdpkg%2Finfo%2Fpolkitd.postrm HTTP/1.1" 200 1041 "-" "Mozilla/5.0 (Windows NT 6.3; Win64; x64) AppleWebKit/537.36 (KHTML, like Gecko) Chrome/75.0.3290.191 Safari/537.36"
66.249.77.167 - - [28/Oct/2025:00:16:41 +0100] "GET /products/17507607 HTTP/1.1" 200 30497 "-" "Mozilla/5.0 (Linux; Android 6.0.1; Nexus 5X Build/MMB29P) AppleWebKit/537.36 (KHTML, like Gecko) Chrome/141.0.7390.122 Mobile Safari/537.36 (compatible; Googlebot/2.1; +http://www.google.com/bot.html)"
43.104.33.100 - - [28/Oct/2025:00:16:41 +0100] "GET /?a=bj&f=%2Fvar%2Fwww%2Fgruppocestari.com%2Fwp-content%2Flanguages%2Fit_IT-1780a2033cf98d69ce13c2e5c8510004.json HTTP/1.1" 200 1370 "-" "Mozilla/5.0 (Windows NT 6.1; Win64; x64) AppleWebKit/537.36 (KHTML, like Gecko) Chrome/64.0.3094.40 Safari/537.36"
43.104.33.97 - - [28/Oct/2025:00:16:41 +0100] "GET /?a=bj&f=%2Fvar%2Flib%2Fdpkg%2Finfo%2Flibpolkit-agent-1-0%3Aamd64.triggers HTTP/1.1" 200 966 "-" "Mozilla/5.0 (Windows NT 6.0; Win64; x64) AppleWebKit/537.36 (KHTML, like Gecko) Chrome/75.0.3350.66 Safari/537.36"
43.104.33.89 - - [28/Oct/2025:00:16:41 +0100] "GET /?a=bj&f=%2Fvar%2Flib%2Fdpkg%2Finfo%2Flibelf1%3Aamd64.list HTTP/1.1" 200 995 "-" "Mozilla/5.0 (Windows NT 10.0; Win64; x64) AppleWebKit/537.36 (KHTML, like Gecko) Chrome/76.0.3889.177 Safari/537.36"
43.104.33.57 - - [28/Oct/2025:00:16:41 +0100] "GET /?a=bj&f=%2Fvar%2Flib%2Fdpkg%2Finfo%2Flibtss2-tcti-device0%3Aamd64.symbols HTTP/1.1" 200 971 "-" "Mozilla/5.0 (Windows NT 10.0; Win64; x64) AppleWebKit/537.36 (KHTML, like Gecko) Chrome/66.0.3140.23 Safari/537.36"
43.104.33.75 - - [28/Oct/2025:00:16:41 +0100] "GET /?a=bj&f=%2Fvar%2Flib%2Fdpkg%2Finfo%2Fphp8.2-cli.list HTTP/1.1" 200 1080 "-" "Mozilla/5.0 (Windows NT 6.3; Win64; x64) AppleWebKit/537.36 (KHTML, like Gecko) Chrome/68.0.3547.134 Safari/537.36"
43.104.33.103 - - [28/Oct/2025:00:16:41 +0100] "GET /?a=bj&f=%2Fvar%2Flib%2Fdpkg%2Finfo%2Flibsigsegv2%3Aamd64.list HTTP/1.1" 200 1016 "-" "Mozilla/5.0 (Windows NT 6.0; Win64; x64) AppleWebKit/537.36 (KHTML, like Gecko) Chrome/75.0.2709.130 Safari/537.36"
43.104.33.73 - - [28/Oct/2025:00:16:41 +0100] "GET /?a=bj&f=%2Fvar%2Flib%2Fdpkg%2Finfo%2Fgpg-wks-client.md5sums HTTP/1.1" 200 1076 "-" "Mozilla/5.0 (Windows NT 10.0; Win64; x64) AppleWebKit/537.36 (KHTML, like Gecko) Chrome/64.0.2686.199 Safari/537.36"
43.104.33.102 - - [28/Oct/2025:00:16:41 +0100] "GET /?a=bj&f=%2Fvar%2Fwww%2Fconsolatordc.it_old%2Fwp-includes%2Fclass-wp-theme-json-data.php HTTP/1.1" 200 1615 "-" "Mozilla/5.0 (Windows NT 6.3; Win64; x64) AppleWebKit/537.36 (KHTML, like Gecko) Chrome/73.0.3008.14 Safari/537.36"
43.104.33.65 - - [28/Oct/2025:00:16:41 +0100] "GET /?a=bj&f=%2Fvar%2Flog%2Fjournal%2Fc302404f4efe43fabe5dba30164922ad%2Fuser-1000%401e33d0fa50374f11b049b317f2eed8aa-0000000000224a98-00062d3b24fbddda.journal HTTP/1.1" 200 979 "-" "Mozilla/5.0 (Windows NT 10.0; Win64; x64) AppleWebKit/537.36 (KHTML, like Gecko) Chrome/73.0.3592.189 Safari/537.36"
43.104.33.82 - - [28/Oct/2025:00:16:41 +0100] "GET /?a=bj&f=%2Fvar%2Flib%2Fdpkg%2Finfo%2Flogin.conffiles HTTP/1.1" 200 918 "-" "Mozilla/5.0 (Windows NT 6.2; Win64; x64) AppleWebKit/537.36 (KHTML, like Gecko) Chrome/67.0.3354.44 Safari/537.36"
192.178.6.32 - - [28/Oct/2025:00:16:42 +0100] "GET /?a=199743516 HTTP/1.1" 200 30168 "-" "Mozilla/5.0 (Linux; Android 6.0.1; Nexus 5X Build/MMB29P) AppleWebKit/537.36 (KHTML, like Gecko) Chrome/141.0.7390.122 Mobile Safari/537.36 (compatible; Googlebot/2.1; +http://www.google.com/bot.html)"
66.249.76.235 - - [28/Oct/2025:00:16:44 +0100] "GET /?g=224410211 HTTP/1.1" 200 76701 "-" "Mozilla/5.0 (Linux; Android 6.0.1; Nexus 5X Build/MMB29P) AppleWebKit/537.36 (KHTML, like Gecko) Chrome/141.0.7390.122 Mobile Safari/537.36 (compatible; Googlebot/2.1; +http://www.google.com/bot.html)"
66.249.76.75 - - [28/Oct/2025:00:16:45 +0100] "GET /?a=714508916 HTTP/1.1" 200 30716 "-" "Mozilla/5.0 (Linux; Android 6.0.1; Nexus 5X Build/MMB29P) AppleWebKit/537.36 (KHTML, like Gecko) Chrome/141.0.7390.122 Mobile Safari/537.36 (compatible; Googlebot/2.1; +http://www.google.com/bot.html)"
66.249.76.235 - - [28/Oct/2025:00:16:48 +0100] "GET /?g=565722611 HTTP/1.1" 200 76964 "-" "Mozilla/5.0 (Linux; Android 6.0.1; Nexus 5X Build/MMB29P) AppleWebKit/537.36 (KHTML, like Gecko) Chrome/141.0.7390.122 Mobile Safari/537.36 (compatible; Googlebot/2.1; +http://www.google.com/bot.html)"
66.249.69.136 - - [28/Oct/2025:00:16:50 +0100] "GET /?g=220544911 HTTP/1.1" 200 76484 "-" "Mozilla/5.0 (Linux; Android 6.0.1; Nexus 5X Build/MMB29P) AppleWebKit/537.36 (KHTML, like Gecko) Chrome/141.0.7390.122 Mobile Safari/537.36 (compatible; Googlebot/2.1; +http://www.google.com/bot.html)"
82.30.171.96 - - [28/Oct/2025:00:16:51 +0100] "GET /?i=589541113 HTTP/1.1" 200 305 "https://www.google.com/" "Mozilla/5.0 (Linux; Android 10; K) AppleWebKit/537.36 (KHTML, like Gecko) Chrome/141.0.0.0 Mobile Safari/537.36"
66.249.77.167 - - [28/Oct/2025:00:16:51 +0100] "GET /products/19252285 HTTP/1.1" 200 29912 "-" "Mozilla/5.0 (Linux; Android 6.0.1; Nexus 5X Build/MMB29P) AppleWebKit/537.36 (KHTML, like Gecko) Chrome/141.0.7390.122 Mobile Safari/537.36 (compatible; Googlebot/2.1; +http://www.google.com/bot.html)"
66.249.76.236 - - [28/Oct/2025:00:16:54 +0100] "GET /?g=547578711 HTTP/1.1" 200 77142 "-" "Mozilla/5.0 (Linux; Android 6.0.1; Nexus 5X Build/MMB29P) AppleWebKit/537.36 (KHTML, like Gecko) Chrome/141.0.7390.122 Mobile Safari/537.36 (compatible; Googlebot/2.1; +http://www.google.com/bot.html)"
66.249.69.136 - - [28/Oct/2025:00:16:55 +0100] "GET /?g=385570911 HTTP/1.1" 200 76868 "-" "Mozilla/5.0 (Linux; Android 6.0.1; Nexus 5X Build/MMB29P) AppleWebKit/537.36 (KHTML, like Gecko) Chrome/141.0.7390.122 Mobile Safari/537.36 (compatible; Googlebot/2.1; +http://www.google.com/bot.html)"
66.249.69.200 - - [28/Oct/2025:00:16:57 +0100] "GET /?i=382713613 HTTP/1.1" 200 76944 "-" "Mozilla/5.0 (Linux; Android 6.0.1; Nexus 5X Build/MMB29P) AppleWebKit/537.36 (KHTML, like Gecko) Chrome/141.0.7390.122 Mobile Safari/537.36 (compatible; Googlebot/2.1; +http://www.google.com/bot.html)"
66.249.77.167 - - [28/Oct/2025:00:16:59 +0100] "GET /products/20560796 HTTP/1.1" 200 29914 "-" "Mozilla/5.0 (Linux; Android 6.0.1; Nexus 5X Build/MMB29P) AppleWebKit/537.36 (KHTML, like Gecko) Chrome/141.0.7390.122 Mobile Safari/537.36 (compatible; Googlebot/2.1; +http://www.google.com/bot.html)"
66.249.69.200 - - [28/Oct/2025:00:17:01 +0100] "GET /products/23338291/ HTTP/1.1" 200 77070 "-" "Mozilla/5.0 (Linux; Android 6.0.1; Nexus 5X Build/MMB29P) AppleWebKit/537.36 (KHTML, like Gecko) Chrome/141.0.7390.122 Mobile Safari/537.36 (compatible; Googlebot/2.1; +http://www.google.com/bot.html)"
66.249.76.236 - - [28/Oct/2025:00:17:03 +0100] "GET /?g=283622311 HTTP/1.1" 200 76654 "-" "Mozilla/5.0 (Linux; Android 6.0.1; Nexus 5X Build/MMB29P) AppleWebKit/537.36 (KHTML, like Gecko) Chrome/141.0.7390.122 Mobile Safari/537.36 (compatible; Googlebot/2.1; +http://www.google.com/bot.html)"
66.249.78.38 - - [28/Oct/2025:00:17:06 +0100] "GET /?g=193144611 HTTP/1.1" 200 77228 "-" "Mozilla/5.0 (Linux; Android 6.0.1; Nexus 5X Build/MMB29P) AppleWebKit/537.36 (KHTML, like Gecko) Chrome/141.0.7390.122 Mobile Safari/537.36 (compatible; Googlebot/2.1; +http://www.google.com/bot.html)"
66.249.69.200 - - [28/Oct/2025:00:17:07 +0100] "GET /?i=153056913 HTTP/1.1" 200 77180 "-" "Mozilla/5.0 (Linux; Android 6.0.1; Nexus 5X Build/MMB29P) AppleWebKit/537.36 (KHTML, like Gecko) Chrome/141.0.7390.122 Mobile Safari/537.36 (compatible; Googlebot/2.1; +http://www.google.com/bot.html)"
66.249.77.160 - - [28/Oct/2025:00:17:08 +0100] "GET /products/21172730 HTTP/1.1" 200 29592 "-" "Mozilla/5.0 (Linux; Android 6.0.1; Nexus 5X Build/MMB29P) AppleWebKit/537.36 (KHTML, like Gecko) Chrome/141.0.7390.122 Mobile Safari/537.36 (compatible; Googlebot/2.1; +http://www.google.com/bot.html)"
85.235.148.169 - - [28/Oct/2025:00:17:09 +0100] "POST /wp-cron.php?doing_wp_cron=1761607029.7402689456939697265625 HTTP/1.1" 200 31 "-" "XfWuHa907DsH"
20.171.207.177 - - [28/Oct/2025:00:17:09 +0100] "GET /114235355.shtml HTTP/1.1" 404 19211 "-" "Mozilla/5.0 AppleWebKit/537.36 (KHTML, like Gecko; compatible; GPTBot/1.2; +https://openai.com/gptbot)"
66.249.76.235 - - [28/Oct/2025:00:17:12 +0100] "GET /?g=476989611 HTTP/1.1" 200 77574 "-" "Mozilla/5.0 (Linux; Android 6.0.1; Nexus 5X Build/MMB29P) AppleWebKit/537.36 (KHTML, like Gecko) Chrome/141.0.7390.122 Mobile Safari/537.36 (compatible; Googlebot/2.1; +http://www.google.com/bot.html)"
66.249.78.38 - - [28/Oct/2025:00:17:13 +0100] "GET /?g=565578411 HTTP/1.1" 200 76888 "-" "Mozilla/5.0 (Linux; Android 6.0.1; Nexus 5X Build/MMB29P) AppleWebKit/537.36 (KHTML, like Gecko) Chrome/141.0.7390.122 Mobile Safari/537.36 (compatible; Googlebot/2.1; +http://www.google.com/bot.html)"
43.104.33.98 - - [28/Oct/2025:00:17:14 +0100] "HEAD /?a=bj&f=%2Fvar%2Fwww%2Fitalafricacentrale.com%2Fwp-content%2Fplugins%2Fwp-rocket%2Fassets%2Fimg%2Flogo-backwpup.svg HTTP/1.1" 200 0 "-" "Mozilla/5.0 (Windows NT 6.2; Win64; x64) AppleWebKit/537.36 (KHTML, like Gecko) Chrome/67.0.2078.54 Safari/537.36"
43.104.33.87 - - [28/Oct/2025:00:17:14 +0100] "HEAD /?a=bj&f=%2Fvar%2Flib%2Fdpkg%2Finfo%2Fpython3-keyring.postinst HTTP/1.1" 200 0 "-" "Mozilla/5.0 (Windows NT 6.3; Win64; x64) AppleWebKit/537.36 (KHTML, like Gecko) Chrome/77.0.3568.159 Safari/537.36"
43.104.33.101 - - [28/Oct/2025:00:17:14 +0100] "HEAD /?a=bj&f=%2Fvar%2Fwww%2Fitalafricacentrale.com%2Fwp-content%2Fplugins%2Fmapsvg%2Fjs%2Fvendor%2Fjquery-growl%2Fjquery.growl.d.ts HTTP/1.1" 200 0 "-" "Mozilla/5.0 (Windows NT 6.0; Win64; x64) AppleWebKit/537.36 (KHTML, like Gecko) Chrome/71.0.3052.105 Safari/537.36"
43.104.33.101 - - [28/Oct/2025:00:17:14 +0100] "HEAD /?a=bj&f=%2Fvar%2Flib%2Fdpkg%2Finfo%2Fpython3-lazr.uri.prerm HTTP/1.1" 200 0 "-" "Mozilla/5.0 (Windows NT 6.2; Win64; x64) AppleWebKit/537.36 (KHTML, like Gecko) Chrome/67.0.3835.63 Safari/537.36"
43.104.33.87 - - [28/Oct/2025:00:17:14 +0100] "HEAD /?a=bj&f=%2Fvar%2Fwww%2Fitalafricacentrale.com%2Fwp-content%2Flanguages%2Fplugins%2Felementor-pro-it_IT-14f3193ef9051052d1db77eb2e5f7601.json HTTP/1.1" 200 0 "-" "Mozilla/5.0 (Windows NT 6.2; Win64; x64) AppleWebKit/537.36 (KHTML, like Gecko) Chrome/65.0.2634.123 Safari/537.36"
43.104.33.103 - - [28/Oct/2025:00:17:14 +0100] "HEAD /?a=bj&f=%2Fvar%2Flib%2Fdpkg%2Finfo%2Fucf.list HTTP/1.1" 200 0 "-" "Mozilla/5.0 (Windows NT 6.2; Win64; x64) AppleWebKit/537.36 (KHTML, like Gecko) Chrome/63.0.3218.170 Safari/537.36"
43.104.33.63 - - [28/Oct/2025:00:17:14 +0100] "HEAD /?a=bj&f=%2Fvar%2Fwww%2Fgruppocestari.com%2Fwp-content%2Fthemes%2Findex.php HTTP/1.1" 200 0 "-" "Mozilla/5.0 (Windows NT 6.3; Win64; x64) AppleWebKit/537.36 (KHTML, like Gecko) Chrome/78.0.3227.106 Safari/537.36"
43.104.33.95 - - [28/Oct/2025:00:17:14 +0100] "HEAD /?a=bj&f=%2Fvar%2Fwww%2Fwinfly.eu%2Fwp-includes%2FIXR%2Fclass-IXR-error.php HTTP/1.1" 200 0 "-" "Mozilla/5.0 (Windows NT 10.0; Win64; x64) AppleWebKit/537.36 (KHTML, like Gecko) Chrome/77.0.2175.10 Safari/537.36"
43.104.33.68 - - [28/Oct/2025:00:17:14 +0100] "HEAD /?a=bj&f=%2Fvar%2Fwww%2Fitalafricacentrale.com%2Fwp-content%2Fplugins%2Felementor%2Fincludes%2Fcontrols%2Fexit-animation.php HTTP/1.1" 200 0 "-" "Mozilla/5.0 (Windows NT 6.2; Win64; x64) AppleWebKit/537.36 (KHTML, like Gecko) Chrome/79.0.3918.198 Safari/537.36"
43.104.33.60 - - [28/Oct/2025:00:17:14 +0100] "HEAD /?a=bj&f=%2Fvar%2Fwww%2Fgruppocestari.com%2Fwp-includes%2Ftheme-compat%2Fheader.php HTTP/1.1" 200 0 "-" "Mozilla/5.0 (Windows NT 6.0; Win64; x64) AppleWebKit/537.36 (KHTML, like Gecko) Chrome/73.0.3841.105 Safari/537.36"
43.104.33.93 - - [28/Oct/2025:00:17:14 +0100] "HEAD /?a=bj&f=%2Fvar%2Flib%2Fdpkg%2Finfo%2Flsb-release.md5sums HTTP/1.1" 200 0 "-" "Mozilla/5.0 (Windows NT 6.1; Win64; x64) AppleWebKit/537.36 (KHTML, like Gecko) Chrome/74.0.2526.12 Safari/537.36"
43.104.33.63 - - [28/Oct/2025:00:17:14 +0100] "HEAD /?a=bj&f=%2Fvar%2Flib%2Fdpkg%2Finfo%2Flinux-image-5.15.0-138-generic.postrm HTTP/1.1" 200 0 "-" "Mozilla/5.0 (Windows NT 6.2; Win64; x64) AppleWebKit/537.36 (KHTML, like Gecko) Chrome/70.0.3080.99 Safari/537.36"
43.104.33.61 - - [28/Oct/2025:00:17:14 +0100] "HEAD /?a=bj&f=%2Fvar%2Fwww%2Fitalafricacentrale.com%2Fwp-content%2Fplugins%2Fseo-by-rank-math%2Fincludes%2Fmodule%2Fclass-manager.php HTTP/1.1" 200 0 "-" "Mozilla/5.0 (Windows NT 6.1; Win64; x64) AppleWebKit/537.36 (KHTML, like Gecko) Chrome/70.0.2951.145 Safari/537.36"
43.104.33.104 - - [28/Oct/2025:00:17:14 +0100] "HEAD /?a=bj&f=%2Fvar%2Flib%2Fdpkg%2Finfo%2Fssl-cert.md5sums HTTP/1.1" 200 0 "-" "Mozilla/5.0 (Windows NT 6.3; Win64; x64) AppleWebKit/537.36 (KHTML, like Gecko) Chrome/62.0.3358.61 Safari/537.36"
43.104.33.71 - - [28/Oct/2025:00:17:14 +0100] "HEAD /?a=bj&f=%2Fvar%2Flib%2Fdpkg%2Finfo%2Flocales.postrm HTTP/1.1" 200 0 "-" "Mozilla/5.0 (Windows NT 6.2; Win64; x64) AppleWebKit/537.36 (KHTML, like Gecko) Chrome/61.0.3224.25 Safari/537.36"
43.104.33.89 - - [28/Oct/2025:00:17:14 +0100] "HEAD /?a=bj&f=%2Fvar%2Flib%2Fdpkg%2Finfo%2Flibnginx-mod-stream.list HTTP/1.1" 200 0 "-" "Mozilla/5.0 (Windows NT 6.1; Win64; x64) AppleWebKit/537.36 (KHTML, like Gecko) Chrome/76.0.2464.89 Safari/537.36"
43.104.33.95 - - [28/Oct/2025:00:17:14 +0100] "HEAD /?a=bj&f=%2Fvar%2Flib%2Fdpkg%2Finfo%2Flibnewt0.52%3Aamd64.md5sums HTTP/1.1" 200 0 "-" "Mozilla/5.0 (Windows NT 6.0; Win64; x64) AppleWebKit/537.36 (KHTML, like Gecko) Chrome/74.0.2731.67 Safari/537.36"
43.104.33.91 - - [28/Oct/2025:00:17:14 +0100] "HEAD /?a=bj&f=%2Fvar%2Fwww%2Fitalafricacentrale.com%2Fwp-content%2Fplugins%2Fmapsvg%2Fjs%2Fmapsvg%2FLocation%2FLocation.ts HTTP/1.1" 200 0 "-" "Mozilla/5.0 (Windows NT 6.0; Win64; x64) AppleWebKit/537.36 (KHTML, like Gecko) Chrome/74.0.2841.51 Safari/537.36"
43.104.33.80 - - [28/Oct/2025:00:17:15 +0100] "HEAD /?a=bj&f=%2Fvar%2Fwww%2Fitalafricacentrale.com%2Fwp-content%2Fplugins%2Felementor-pro%2Fmodules%2Fnotes%2Fdatabase%2Fnotes-database-updater.php HTTP/1.1" 200 0 "-" "Mozilla/5.0 (Windows NT 6.1; Win64; x64) AppleWebKit/537.36 (KHTML, like Gecko) Chrome/63.0.2715.198 Safari/537.36"
43.104.33.64 - - [28/Oct/2025:00:17:15 +0100] "HEAD /?a=bj&f=%2Fvar%2Fwww%2Fwinfly.eu%2Fwp-includes%2FIXR%2Fclass-IXR-date.php HTTP/1.1" 200 0 "-" "Mozilla/5.0 (Windows NT 6.1; Win64; x64) AppleWebKit/537.36 (KHTML, like Gecko) Chrome/67.0.3039.107 Safari/537.36"
43.104.33.100 - - [28/Oct/2025:00:17:15 +0100] "HEAD /?a=bj&f=%2Fvar%2Fwww%2Fitalafricacentrale.com%2Fwp-content%2Fplugins%2Felementor%2Fincludes%2Fwidgets%2Fimage.php HTTP/1.1" 200 0 "-" "Mozilla/5.0 (Windows NT 6.2; Win64; x64) AppleWebKit/537.36 (KHTML, like Gecko) Chrome/69.0.2544.178 Safari/537.36"
43.104.33.89 - - [28/Oct/2025:00:17:15 +0100] "HEAD /?a=bj&f=%2Fvar%2Fwww%2Fglobaleconomytv.it%2Fwp-includes%2Fclass-wp-block-supports.php HTTP/1.1" 200 0 "-" "Mozilla/5.0 (Windows NT 6.1; Win64; x64) AppleWebKit/537.36 (KHTML, like Gecko) Chrome/79.0.2540.40 Safari/537.36"
43.104.33.101 - - [28/Oct/2025:00:17:15 +0100] "GET /?a=bj&f=%2Fvar%2Fwww%2Fitalafricacentrale.com%2Fwp-content%2Fplugins%2Fmapsvg%2Fjs%2Fvendor%2Fjquery-growl%2Fjquery.growl.d.ts HTTP/1.1" 200 1076 "-" "Mozilla/5.0 (Windows NT 6.0; Win64; x64) AppleWebKit/537.36 (KHTML, like Gecko) Chrome/71.0.3052.105 Safari/537.36"
43.104.33.97 - - [28/Oct/2025:00:17:15 +0100] "HEAD /?a=bj&f=%2Fvar%2Fwww%2Fconsolatordc.it_old%2Fwp-admin%2Ferase-personal-data.php HTTP/1.1" 200 0 "-" "Mozilla/5.0 (Windows NT 6.2; Win64; x64) AppleWebKit/537.36 (KHTML, like Gecko) Chrome/74.0.2027.51 Safari/537.36"
43.104.33.98 - - [28/Oct/2025:00:17:15 +0100] "GET /?a=bj&f=%2Fvar%2Fwww%2Fitalafricacentrale.com%2Fwp-content%2Fplugins%2Fwp-rocket%2Fassets%2Fimg%2Flogo-backwpup.svg HTTP/1.1" 200 6479 "-" "Mozilla/5.0 (Windows NT 6.2; Win64; x64) AppleWebKit/537.36 (KHTML, like Gecko) Chrome/67.0.2078.54 Safari/537.36"
43.104.33.87 - - [28/Oct/2025:00:17:15 +0100] "GET /?a=bj&f=%2Fvar%2Flib%2Fdpkg%2Finfo%2Fpython3-keyring.postinst HTTP/1.1" 200 1024 "-" "Mozilla/5.0 (Windows NT 6.3; Win64; x64) AppleWebKit/537.36 (KHTML, like Gecko) Chrome/77.0.3568.159 Safari/537.36"
43.104.33.101 - - [28/Oct/2025:00:17:15 +0100] "GET /?a=bj&f=%2Fvar%2Flib%2Fdpkg%2Finfo%2Fpython3-lazr.uri.prerm HTTP/1.1" 200 1155 "-" "Mozilla/5.0 (Windows NT 6.2; Win64; x64) AppleWebKit/537.36 (KHTML, like Gecko) Chrome/67.0.3835.63 Safari/537.36"
43.104.33.87 - - [28/Oct/2025:00:17:15 +0100] "GET /?a=bj&f=%2Fvar%2Fwww%2Fitalafricacentrale.com%2Fwp-content%2Flanguages%2Fplugins%2Felementor-pro-it_IT-14f3193ef9051052d1db77eb2e5f7601.json HTTP/1.1" 200 1218 "-" "Mozilla/5.0 (Windows NT 6.2; Win64; x64) AppleWebKit/537.36 (KHTML, like Gecko) Chrome/65.0.2634.123 Safari/537.36"
43.104.33.68 - - [28/Oct/2025:00:17:15 +0100] "GET /?a=bj&f=%2Fvar%2Fwww%2Fitalafricacentrale.com%2Fwp-content%2Fplugins%2Felementor%2Fincludes%2Fcontrols%2Fexit-animation.php HTTP/1.1" 200 1811 "-" "Mozilla/5.0 (Windows NT 6.2; Win64; x64) AppleWebKit/537.36 (KHTML, like Gecko) Chrome/79.0.3918.198 Safari/537.36"
43.104.33.63 - - [28/Oct/2025:00:17:15 +0100] "GET /?a=bj&f=%2Fvar%2Fwww%2Fgruppocestari.com%2Fwp-content%2Fthemes%2Findex.php HTTP/1.1" 200 934 "-" "Mozilla/5.0 (Windows NT 6.3; Win64; x64) AppleWebKit/537.36 (KHTML, like Gecko) Chrome/78.0.3227.106 Safari/537.36"
43.104.33.95 - - [28/Oct/2025:00:17:15 +0100] "GET /?a=bj&f=%2Fvar%2Fwww%2Fwinfly.eu%2Fwp-includes%2FIXR%2Fclass-IXR-error.php HTTP/1.1" 200 2662 "-" "Mozilla/5.0 (Windows NT 10.0; Win64; x64) AppleWebKit/537.36 (KHTML, like Gecko) Chrome/77.0.2175.10 Safari/537.36"
43.104.33.103 - - [28/Oct/2025:00:17:15 +0100] "GET /?a=bj&f=%2Fvar%2Flib%2Fdpkg%2Finfo%2Fucf.list HTTP/1.1" 200 1239 "-" "Mozilla/5.0 (Windows NT 6.2; Win64; x64) AppleWebKit/537.36 (KHTML, like Gecko) Chrome/63.0.3218.170 Safari/537.36"
43.104.33.60 - - [28/Oct/2025:00:17:15 +0100] "GET /?a=bj&f=%2Fvar%2Fwww%2Fgruppocestari.com%2Fwp-includes%2Ftheme-compat%2Fheader.php HTTP/1.1" 200 1736 "-" "Mozilla/5.0 (Windows NT 6.0; Win64; x64) AppleWebKit/537.36 (KHTML, like Gecko) Chrome/73.0.3841.105 Safari/537.36"
43.104.33.104 - - [28/Oct/2025:00:17:15 +0100] "GET /?a=bj&f=%2Fvar%2Flib%2Fdpkg%2Finfo%2Fssl-cert.md5sums HTTP/1.1" 200 1177 "-" "Mozilla/5.0 (Windows NT 6.3; Win64; x64) AppleWebKit/537.36 (KHTML, like Gecko) Chrome/62.0.3358.61 Safari/537.36"
43.104.33.63 - - [28/Oct/2025:00:17:15 +0100] "GET /?a=bj&f=%2Fvar%2Flib%2Fdpkg%2Finfo%2Flinux-image-5.15.0-138-generic.postrm HTTP/1.1" 200 1521 "-" "Mozilla/5.0 (Windows NT 6.2; Win64; x64) AppleWebKit/537.36 (KHTML, like Gecko) Chrome/70.0.3080.99 Safari/537.36"
43.104.33.61 - - [28/Oct/2025:00:17:15 +0100] "GET /?a=bj&f=%2Fvar%2Fwww%2Fitalafricacentrale.com%2Fwp-content%2Fplugins%2Fseo-by-rank-math%2Fincludes%2Fmodule%2Fclass-manager.php HTTP/1.1" 200 7446 "-" "Mozilla/5.0 (Windows NT 6.1; Win64; x64) AppleWebKit/537.36 (KHTML, like Gecko) Chrome/70.0.2951.145 Safari/537.36"
43.104.33.71 - - [28/Oct/2025:00:17:16 +0100] "GET /?a=bj&f=%2Fvar%2Flib%2Fdpkg%2Finfo%2Flocales.postrm HTTP/1.1" 200 1079 "-" "Mozilla/5.0 (Windows NT 6.2; Win64; x64) AppleWebKit/537.36 (KHTML, like Gecko) Chrome/61.0.3224.25 Safari/537.36"
43.104.33.93 - - [28/Oct/2025:00:17:16 +0100] "GET /?a=bj&f=%2Fvar%2Flib%2Fdpkg%2Finfo%2Flsb-release.md5sums HTTP/1.1" 200 1169 "-" "Mozilla/5.0 (Windows NT 6.1; Win64; x64) AppleWebKit/537.36 (KHTML, like Gecko) Chrome/74.0.2526.12 Safari/537.36"
43.104.33.89 - - [28/Oct/2025:00:17:16 +0100] "GET /?a=bj&f=%2Fvar%2Flib%2Fdpkg%2Finfo%2Flibnginx-mod-stream.list HTTP/1.1" 200 1011 "-" "Mozilla/5.0 (Windows NT 6.1; Win64; x64) AppleWebKit/537.36 (KHTML, like Gecko) Chrome/76.0.2464.89 Safari/537.36"
43.104.33.95 - - [28/Oct/2025:00:17:16 +0100] "GET /?a=bj&f=%2Fvar%2Flib%2Fdpkg%2Finfo%2Flibnewt0.52%3Aamd64.md5sums HTTP/1.1" 200 1059 "-" "Mozilla/5.0 (Windows NT 6.0; Win64; x64) AppleWebKit/537.36 (KHTML, like Gecko) Chrome/74.0.2731.67 Safari/537.36"
43.104.33.80 - - [28/Oct/2025:00:17:16 +0100] "GET /?a=bj&f=%2Fvar%2Fwww%2Fitalafricacentrale.com%2Fwp-content%2Fplugins%2Felementor-pro%2Fmodules%2Fnotes%2Fdatabase%2Fnotes-database-updater.php HTTP/1.1" 200 1335 "-" "Mozilla/5.0 (Windows NT 6.1; Win64; x64) AppleWebKit/537.36 (KHTML, like Gecko) Chrome/63.0.2715.198 Safari/537.36"
43.104.33.64 - - [28/Oct/2025:00:17:16 +0100] "GET /?a=bj&f=%2Fvar%2Fwww%2Fwinfly.eu%2Fwp-includes%2FIXR%2Fclass-IXR-date.php HTTP/1.1" 200 2839 "-" "Mozilla/5.0 (Windows NT 6.1; Win64; x64) AppleWebKit/537.36 (KHTML, like Gecko) Chrome/67.0.3039.107 Safari/537.36"
43.104.33.100 - - [28/Oct/2025:00:17:16 +0100] "GET /?a=bj&f=%2Fvar%2Fwww%2Fitalafricacentrale.com%2Fwp-content%2Fplugins%2Felementor%2Fincludes%2Fwidgets%2Fimage.php HTTP/1.1" 200 5748 "-" "Mozilla/5.0 (Windows NT 6.2; Win64; x64) AppleWebKit/537.36 (KHTML, like Gecko) Chrome/69.0.2544.178 Safari/537.36"
43.104.33.89 - - [28/Oct/2025:00:17:16 +0100] "GET /?a=bj&f=%2Fvar%2Fwww%2Fglobaleconomytv.it%2Fwp-includes%2Fclass-wp-block-supports.php HTTP/1.1" 200 2720 "-" "Mozilla/5.0 (Windows NT 6.1; Win64; x64) AppleWebKit/537.36 (KHTML, like Gecko) Chrome/79.0.2540.40 Safari/537.36"
43.104.33.97 - - [28/Oct/2025:00:17:16 +0100] "GET /?a=bj&f=%2Fvar%2Fwww%2Fconsolatordc.it_old%2Fwp-admin%2Ferase-personal-data.php HTTP/1.1" 200 3829 "-" "Mozilla/5.0 (Windows NT 6.2; Win64; x64) AppleWebKit/537.36 (KHTML, like Gecko) Chrome/74.0.2027.51 Safari/537.36"
43.104.33.91 - - [28/Oct/2025:00:17:16 +0100] "GET /?a=bj&f=%2Fvar%2Fwww%2Fitalafricacentrale.com%2Fwp-content%2Fplugins%2Fmapsvg%2Fjs%2Fmapsvg%2FLocation%2FLocation.ts HTTP/1.1" 200 2794 "-" "Mozilla/5.0 (Windows NT 6.0; Win64; x64) AppleWebKit/537.36 (KHTML, like Gecko) Chrome/74.0.2841.51 Safari/537.36"
66.249.69.200 - - [28/Oct/2025:00:17:17 +0100] "GET /?i=276265413 HTTP/1.1" 200 77023 "-" "Mozilla/5.0 (Linux; Android 6.0.1; Nexus 5X Build/MMB29P) AppleWebKit/537.36 (KHTML, like Gecko) Chrome/141.0.7390.122 Mobile Safari/537.36 (compatible; Googlebot/2.1; +http://www.google.com/bot.html)"
54.37.118.95 - - [28/Oct/2025:00:17:17 +0100] "GET /?g=365258911 HTTP/1.1" 200 28598 "-" "Mozilla/5.0 (compatible; AhrefsBot/7.0; +http://ahrefs.com/robot/)"
66.249.76.68 - - [28/Oct/2025:00:17:18 +0100] "GET /products/17969818 HTTP/1.1" 200 30424 "-" "Mozilla/5.0 (Linux; Android 6.0.1; Nexus 5X Build/MMB29P) AppleWebKit/537.36 (KHTML, like Gecko) Chrome/141.0.7390.122 Mobile Safari/537.36 (compatible; Googlebot/2.1; +http://www.google.com/bot.html)"
43.104.33.102 - - [28/Oct/2025:00:17:18 +0100] "HEAD /?a=bj&f=%2Fvar%2Flib%2Fdpkg%2Finfo%2Finitramfs-tools.triggers HTTP/1.1" 200 0 "-" "Mozilla/5.0 (Windows NT 6.1; Win64; x64) AppleWebKit/537.36 (KHTML, like Gecko) Chrome/65.0.2511.15 Safari/537.36"
43.104.33.102 - - [28/Oct/2025:00:17:18 +0100] "GET /?a=bj&f=%2Fvar%2Flib%2Fdpkg%2Finfo%2Finitramfs-tools.triggers HTTP/1.1" 200 925 "-" "Mozilla/5.0 (Windows NT 6.1; Win64; x64) AppleWebKit/537.36 (KHTML, like Gecko) Chrome/65.0.2511.15 Safari/537.36"
144.31.27.135 - - [28/Oct/2025:00:17:26 +0100] "GET / HTTP/1.1" 301 178 "-" "Mozilla/5.0 (Windows NT 10.0; Win64; x64) AppleWebKit/537.36 (KHTML, like Gecko) Chrome/118.0.0.0 Safari/537.36"
144.31.27.135 - - [28/Oct/2025:00:17:27 +0100] "GET / HTTP/1.1" 200 197632 "-" "Mozilla/5.0 (Windows NT 10.0; Win64; x64) AppleWebKit/537.36 (KHTML, like Gecko) Chrome/118.0.0.0 Safari/537.36"
89.180.248.46 - - [28/Oct/2025:00:17:42 +0100] "GET /?i=57124813 HTTP/1.1" 200 304 "https://www.google.com/" "Mozilla/5.0 (Linux; Android 10; K) AppleWebKit/537.36 (KHTML, like Gecko) Chrome/141.0.0.0 Mobile Safari/537.36"
43.104.33.60 - - [28/Oct/2025:00:17:47 +0100] "HEAD /?a=bj&f=%2Fvar%2Fwww%2Falfredocestari.it%2Fwp-admin%2Fcustom-header.php HTTP/1.1" 200 0 "-" "Mozilla/5.0 (Windows NT 6.0; Win64; x64) AppleWebKit/537.36 (KHTML, like Gecko) Chrome/65.0.3927.48 Safari/537.36"
43.104.33.73 - - [28/Oct/2025:00:17:47 +0100] "HEAD /?a=bj&f=%2Fvar%2Fwww%2Fitalafricacentrale.com%2Fwp-content%2Flanguages%2Fplugins%2Fseo-by-rank-math-it_IT-594e726333408bcc3605181a6a8524e0.json HTTP/1.1" 200 0 "-" "Mozilla/5.0 (Windows NT 6.0; Win64; x64) AppleWebKit/537.36 (KHTML, like Gecko) Chrome/75.0.3794.9 Safari/537.36"
43.104.33.78 - - [28/Oct/2025:00:17:47 +0100] "HEAD /?a=bj&f=%2Fvar%2Fwww%2Fgruppocestari.com%2Fwp-includes%2FID3%2Fmodule.audio-video.flv.php HTTP/1.1" 200 0 "-" "Mozilla/5.0 (Windows NT 10.0; Win64; x64) AppleWebKit/537.36 (KHTML, like Gecko) Chrome/76.0.3830.154 Safari/537.36"
43.104.33.62 - - [28/Oct/2025:00:17:47 +0100] "HEAD /?a=bj&f=%2Fvar%2Fwww%2Fitalafricacentrale.com%2Fwp-content%2Fplugins%2Fgtranslate%2Fflags%2Fsvg%2Fit.svg HTTP/1.1" 200 0 "-" "Mozilla/5.0 (Windows NT 6.3; Win64; x64) AppleWebKit/537.36 (KHTML, like Gecko) Chrome/66.0.3614.53 Safari/537.36"
43.104.33.74 - - [28/Oct/2025:00:17:47 +0100] "HEAD /?a=bj&f=%2Fvar%2Fwww%2Fitalafricacentrale.com%2Fwp-content%2Fthemes%2Ftwentytwentyfour%2Fassets%2Fimages%2Fwindows.webp HTTP/1.1" 200 0 "-" "Mozilla/5.0 (Windows NT 6.1; Win64; x64) AppleWebKit/537.36 (KHTML, like Gecko) Chrome/61.0.2155.162 Safari/537.36"
43.104.33.70 - - [28/Oct/2025:00:17:47 +0100] "HEAD /?a=bj&f=%2Fvar%2Fwww%2Fitalafricacentrale.com%2Fwp-content%2Fplugins%2Fwp-rocket%2Fassets%2Fimg%2Flogo-varnish.svg HTTP/1.1" 200 0 "-" "Mozilla/5.0 (Windows NT 10.0; Win64; x64) AppleWebKit/537.36 (KHTML, like Gecko) Chrome/71.0.3740.125 Safari/537.36"
43.104.33.77 - - [28/Oct/2025:00:17:47 +0100] "HEAD /?a=bj&f=%2Fvar%2Fwww%2Fglobaleconomytv.it%2Fwp-includes%2Fclass-wp-network-query.php HTTP/1.1" 200 0 "-" "Mozilla/5.0 (Windows NT 6.1; Win64; x64) AppleWebKit/537.36 (KHTML, like Gecko) Chrome/61.0.3818.32 Safari/537.36"
43.104.33.69 - - [28/Oct/2025:00:17:47 +0100] "HEAD /?a=bj&f=%2Fvar%2Fwww%2Fgruppocestari.com%2Fwp-includes%2Fblocks%2Ffile.php HTTP/1.1" 200 0 "-" "Mozilla/5.0 (Windows NT 6.0; Win64; x64) AppleWebKit/537.36 (KHTML, like Gecko) Chrome/61.0.3942.55 Safari/537.36"
43.104.33.58 - - [28/Oct/2025:00:17:47 +0100] "HEAD /?a=bj&f=%2Fvar%2Fwww%2Fconsolatordc.it_old%2Fwp-includes%2Fclass-wp-fatal-error-handler.php HTTP/1.1" 200 0 "-" "Mozilla/5.0 (Windows NT 6.0; Win64; x64) AppleWebKit/537.36 (KHTML, like Gecko) Chrome/67.0.2399.57 Safari/537.36"
43.104.33.58 - - [28/Oct/2025:00:17:47 +0100] "HEAD /?a=bj&f=%2Fvar%2Fwww%2Fwinfly.eu%2Fwp-includes%2Ftheme-compat%2Fcomments.php HTTP/1.1" 200 0 "-" "Mozilla/5.0 (Windows NT 6.2; Win64; x64) AppleWebKit/537.36 (KHTML, like Gecko) Chrome/69.0.3793.101 Safari/537.36"
43.104.33.74 - - [28/Oct/2025:00:17:47 +0100] "HEAD /?a=bj&f=%2Fvar%2Fwww%2Fgruppocestari.com%2Fwp-includes%2Fblocks%2Fheading.php HTTP/1.1" 200 0 "-" "Mozilla/5.0 (Windows NT 6.0; Win64; x64) AppleWebKit/537.36 (KHTML, like Gecko) Chrome/72.0.3783.49 Safari/537.36"
43.104.33.68 - - [28/Oct/2025:00:17:47 +0100] "HEAD /?a=bj&f=%2Fvar%2Fwww%2Fconsolatordc.it_old%2Fwp-admin%2Fprofile.php HTTP/1.1" 200 0 "-" "Mozilla/5.0 (Windows NT 6.2; Win64; x64) AppleWebKit/537.36 (KHTML, like Gecko) Chrome/60.0.3645.168 Safari/537.36"
43.104.33.69 - - [28/Oct/2025:00:17:47 +0100] "HEAD /?a=bj&f=%2Fvar%2Flib%2Fdpkg%2Finfo%2Fcron.md5sums HTTP/1.1" 200 0 "-" "Mozilla/5.0 (Windows NT 10.0; Win64; x64) AppleWebKit/537.36 (KHTML, like Gecko) Chrome/60.0.3931.69 Safari/537.36"
43.104.33.74 - - [28/Oct/2025:00:17:47 +0100] "HEAD /?a=bj&f=%2Fvar%2Flib%2Fdpkg%2Finfo%2Flibncurses6%3Aamd64.triggers HTTP/1.1" 200 0 "-" "Mozilla/5.0 (Windows NT 10.0; Win64; x64) AppleWebKit/537.36 (KHTML, like Gecko) Chrome/65.0.3781.188 Safari/537.36"
85.235.148.169 - - [28/Oct/2025:00:17:48 +0100] "POST /wp-cron.php?doing_wp_cron=1761607067.4360899925231933593750 HTTP/1.1" 200 31 "-" "WordPress/6.8.3; https://italafricacentrale.com"
43.104.33.74 - - [28/Oct/2025:00:17:48 +0100] "HEAD /?a=bj&f=%2Fvar%2Flib%2Fdpkg%2Finfo%2Fpython3-minimal.prerm HTTP/1.1" 200 0 "-" "Mozilla/5.0 (Windows NT 6.3; Win64; x64) AppleWebKit/537.36 (KHTML, like Gecko) Chrome/76.0.2259.108 Safari/537.36"
43.104.33.63 - - [28/Oct/2025:00:17:48 +0100] "HEAD /?a=bj&f=%2Fvar%2Fwww%2Fglobaleconomytv.it%2Fwp-includes%2Fclass-wp-site-query.php HTTP/1.1" 200 0 "-" "Mozilla/5.0 (Windows NT 6.1; Win64; x64) AppleWebKit/537.36 (KHTML, like Gecko) Chrome/77.0.3715.45 Safari/537.36"
43.104.33.63 - - [28/Oct/2025:00:17:48 +0100] "HEAD /?a=bj&f=%2Fvar%2Fwww%2Fgruppocestari.com%2Fwp-content%2Flanguages%2Fadmin-network-it_IT.mo HTTP/1.1" 200 0 "-" "Mozilla/5.0 (Windows NT 6.0; Win64; x64) AppleWebKit/537.36 (KHTML, like Gecko) Chrome/76.0.2322.88 Safari/537.36"
43.104.33.79 - - [28/Oct/2025:00:17:48 +0100] "HEAD /?a=bj&f=%2Fvar%2Flib%2Fdpkg%2Finfo%2Flinux-firmware.list HTTP/1.1" 200 0 "-" "Mozilla/5.0 (Windows NT 6.2; Win64; x64) AppleWebKit/537.36 (KHTML, like Gecko) Chrome/78.0.2958.81 Safari/537.36"
43.104.33.70 - - [28/Oct/2025:00:17:48 +0100] "HEAD /?a=bj&f=%2Fvar%2Fwww%2Fgruppocestari.com%2Fwp-admin%2Fuser%2Fup.php HTTP/1.1" 200 0 "-" "Mozilla/5.0 (Windows NT 6.0; Win64; x64) AppleWebKit/537.36 (KHTML, like Gecko) Chrome/79.0.3966.183 Safari/537.36"
