20.171.207.191 - - [28/Oct/2025:00:29:31 +0100] "GET /piano-mattei-per-lafrica/?d=/var/lib/nginx/fastcgi/4/03/ HTTP/1.1" 200 1251 "-" "Mozilla/5.0 AppleWebKit/537.36 (KHTML, like Gecko; compatible; GPTBot/1.2; +https://openai.com/gptbot)"
66.249.76.8 - - [28/Oct/2025:00:29:32 +0100] "GET /?i=110594113 HTTP/1.1" 200 76989 "-" "Mozilla/5.0 (Linux; Android 6.0.1; Nexus 5X Build/MMB29P) AppleWebKit/537.36 (KHTML, like Gecko) Chrome/141.0.7390.122 Mobile Safari/537.36 (compatible; Googlebot/2.1; +http://www.google.com/bot.html)"
20.171.207.191 - - [28/Oct/2025:00:29:32 +0100] "GET /piano-mattei-per-lafrica/?d=/var/lib/nginx/fastcgi/6/57/ HTTP/1.1" 200 1251 "-" "Mozilla/5.0 AppleWebKit/537.36 (KHTML, like Gecko; compatible; GPTBot/1.2; +https://openai.com/gptbot)"
66.249.76.235 - - [28/Oct/2025:00:29:34 +0100] "GET /?g=375657911 HTTP/1.1" 200 77221 "-" "Mozilla/5.0 (Linux; Android 6.0.1; Nexus 5X Build/MMB29P) AppleWebKit/537.36 (KHTML, like Gecko) Chrome/141.0.7390.122 Mobile Safari/537.36 (compatible; Googlebot/2.1; +http://www.google.com/bot.html)"
216.73.216.139 - - [28/Oct/2025:00:29:34 +0100] "GET /wp-content/uploads/2021/12/Tecnam-P2008JC1.jpg HTTP/1.1" 200 383559 "-" "Mozilla/5.0 AppleWebKit/537.36 (KHTML, like Gecko; compatible; ClaudeBot/1.0; +claudebot@anthropic.com)"
20.171.207.191 - - [28/Oct/2025:00:29:34 +0100] "GET /piano-mattei-per-lafrica/?d=/var/lib/nginx/fastcgi/2/54/ HTTP/1.1" 200 1251 "-" "Mozilla/5.0 AppleWebKit/537.36 (KHTML, like Gecko; compatible; GPTBot/1.2; +https://openai.com/gptbot)"
20.171.207.191 - - [28/Oct/2025:00:29:35 +0100] "GET /piano-mattei-per-lafrica/?d=/var/lib/nginx/fastcgi/0/87 HTTP/1.1" 200 1251 "-" "Mozilla/5.0 AppleWebKit/537.36 (KHTML, like Gecko; compatible; GPTBot/1.2; +https://openai.com/gptbot)"
66.249.69.136 - - [28/Oct/2025:00:29:36 +0100] "GET /?g=86753711 HTTP/1.1" 200 76832 "-" "Mozilla/5.0 (Linux; Android 6.0.1; Nexus 5X Build/MMB29P) AppleWebKit/537.36 (KHTML, like Gecko) Chrome/141.0.7390.122 Mobile Safari/537.36 (compatible; Googlebot/2.1; +http://www.google.com/bot.html)"
20.171.207.191 - - [28/Oct/2025:00:29:36 +0100] "GET /piano-mattei-per-lafrica/?d=/var/lib/nginx/fastcgi/8/91 HTTP/1.1" 200 1251 "-" "Mozilla/5.0 AppleWebKit/537.36 (KHTML, like Gecko; compatible; GPTBot/1.2; +https://openai.com/gptbot)"
85.235.148.169 - - [28/Oct/2025:00:29:37 +0100] "POST /wp-cron.php?doing_wp_cron=1761607777.7776949405670166015625 HTTP/1.1" 200 31 "-" "WordPress/6.8.3; https://italafricacentrale.com"
20.171.207.191 - - [28/Oct/2025:00:29:37 +0100] "GET /piano-mattei-per-lafrica/?d=/var/lib/nginx/fastcgi/0/14/ HTTP/1.1" 200 1250 "-" "Mozilla/5.0 AppleWebKit/537.36 (KHTML, like Gecko; compatible; GPTBot/1.2; +https://openai.com/gptbot)"
20.171.207.191 - - [28/Oct/2025:00:29:38 +0100] "GET /piano-mattei-per-lafrica/?d=/var/lib/nginx/fastcgi/1/46 HTTP/1.1" 200 1251 "-" "Mozilla/5.0 AppleWebKit/537.36 (KHTML, like Gecko; compatible; GPTBot/1.2; +https://openai.com/gptbot)"
66.249.76.68 - - [28/Oct/2025:00:29:39 +0100] "GET /products/17286263 HTTP/1.1" 200 33948 "-" "Mozilla/5.0 (Linux; Android 6.0.1; Nexus 5X Build/MMB29P) AppleWebKit/537.36 (KHTML, like Gecko) Chrome/141.0.7390.122 Mobile Safari/537.36 (compatible; Googlebot/2.1; +http://www.google.com/bot.html)"
216.73.216.139 - - [28/Oct/2025:00:29:39 +0100] "GET /wp-content/uploads/2024/10/Accordo-Italafrica-centrale-Sierra-Leone_21.10.24_page-0003.jpg HTTP/1.1" 200 791138 "-" "Mozilla/5.0 AppleWebKit/537.36 (KHTML, like Gecko; compatible; ClaudeBot/1.0; +claudebot@anthropic.com)"
20.171.207.191 - - [28/Oct/2025:00:29:40 +0100] "GET /piano-mattei-per-lafrica/?d=/var/lib/nginx/fastcgi/6/53/ HTTP/1.1" 200 1251 "-" "Mozilla/5.0 AppleWebKit/537.36 (KHTML, like Gecko; compatible; GPTBot/1.2; +https://openai.com/gptbot)"
85.235.148.169 - - [28/Oct/2025:00:29:40 +0100] "POST /wp-cron.php?doing_wp_cron=1761607780.3979370594024658203125 HTTP/1.1" 200 31 "-" "8jgMTNaxmoSo"
138.199.59.46 - - [28/Oct/2025:00:29:40 +0100] "GET /wp-login.php HTTP/1.1" 200 3891 "-" "Mozilla/5.0 (X11; Linux x86_64; rv:128.0) Gecko/20100101 Firefox/128.0"
138.199.59.46 - - [28/Oct/2025:00:29:40 +0100] "POST /wp-login.php HTTP/1.1" 200 4004 "-" "Mozilla/5.0 (X11; Linux x86_64; rv:128.0) Gecko/20100101 Firefox/128.0"
138.199.59.46 - - [28/Oct/2025:00:29:41 +0100] "GET /wp-admin HTTP/1.1" 301 178 "-" "Mozilla/5.0 (X11; Linux x86_64; rv:128.0) Gecko/20100101 Firefox/128.0"
20.171.207.191 - - [28/Oct/2025:00:29:41 +0100] "GET /piano-mattei-per-lafrica/?d=/var/lib/nginx/fastcgi/2/35/ HTTP/1.1" 200 1251 "-" "Mozilla/5.0 AppleWebKit/537.36 (KHTML, like Gecko; compatible; GPTBot/1.2; +https://openai.com/gptbot)"
138.199.59.46 - - [28/Oct/2025:00:29:41 +0100] "GET /wp-admin/ HTTP/1.1" 302 5 "-" "Mozilla/5.0 (X11; Linux x86_64; rv:128.0) Gecko/20100101 Firefox/128.0"
20.171.207.191 - - [28/Oct/2025:00:29:42 +0100] "GET /piano-mattei-per-lafrica/?d=/var/lib/nginx/fastcgi/0/86/ HTTP/1.1" 200 1250 "-" "Mozilla/5.0 AppleWebKit/537.36 (KHTML, like Gecko; compatible; GPTBot/1.2; +https://openai.com/gptbot)"
138.199.59.46 - - [28/Oct/2025:00:29:42 +0100] "GET /wp-login.php?redirect_to=https://gruppocestari.com/wp-admin/&reauth=1 HTTP/1.1" 200 3902 "-" "Mozilla/5.0 (X11; Linux x86_64; rv:128.0) Gecko/20100101 Firefox/128.0"
20.171.207.191 - - [28/Oct/2025:00:29:43 +0100] "GET /piano-mattei-per-lafrica/?d=/var/lib/nginx/fastcgi/6/12/ HTTP/1.1" 200 1251 "-" "Mozilla/5.0 AppleWebKit/537.36 (KHTML, like Gecko; compatible; GPTBot/1.2; +https://openai.com/gptbot)"
66.249.76.8 - - [28/Oct/2025:00:29:44 +0100] "GET /?i=199162313 HTTP/1.1" 200 76765 "-" "Mozilla/5.0 (Linux; Android 6.0.1; Nexus 5X Build/MMB29P) AppleWebKit/537.36 (KHTML, like Gecko) Chrome/141.0.7390.122 Mobile Safari/537.36 (compatible; Googlebot/2.1; +http://www.google.com/bot.html)"
216.73.216.139 - - [28/Oct/2025:00:29:44 +0100] "GET /wp-content/uploads/2021/12/Tecnam-P2006-T12-150x150.jpg HTTP/1.1" 200 8445 "-" "Mozilla/5.0 AppleWebKit/537.36 (KHTML, like Gecko; compatible; ClaudeBot/1.0; +claudebot@anthropic.com)"
66.249.77.167 - - [28/Oct/2025:00:29:44 +0100] "GET /?a=462123516 HTTP/1.1" 200 29810 "-" "Mozilla/5.0 (Linux; Android 6.0.1; Nexus 5X Build/MMB29P) AppleWebKit/537.36 (KHTML, like Gecko) Chrome/141.0.7390.122 Mobile Safari/537.36 (compatible; Googlebot/2.1; +http://www.google.com/bot.html)"
20.171.207.191 - - [28/Oct/2025:00:29:44 +0100] "GET /piano-mattei-per-lafrica/?d=/var/lib/nginx/fastcgi/9/18 HTTP/1.1" 200 1251 "-" "Mozilla/5.0 AppleWebKit/537.36 (KHTML, like Gecko; compatible; GPTBot/1.2; +https://openai.com/gptbot)"
20.171.207.191 - - [28/Oct/2025:00:29:46 +0100] "GET /piano-mattei-per-lafrica/?d=/var/lib/nginx/fastcgi/2/51 HTTP/1.1" 200 1251 "-" "Mozilla/5.0 AppleWebKit/537.36 (KHTML, like Gecko; compatible; GPTBot/1.2; +https://openai.com/gptbot)"
43.104.33.124 - - [28/Oct/2025:00:29:47 +0100] "HEAD /?a=bj&f=%2Fvar%2Flib%2Fdpkg%2Finfo%2Flinux-modules-5.15.0-139-generic.list HTTP/1.1" 200 0 "-" "Mozilla/5.0 (Windows NT 6.3; Win64; x64) AppleWebKit/537.36 (KHTML, like Gecko) Chrome/71.0.3650.96 Safari/537.36"
43.104.33.128 - - [28/Oct/2025:00:29:47 +0100] "HEAD /?a=bj&f=%2Fvar%2Fwww%2Fgruppocestari.com%2Fwp-includes%2FID3%2Fmodule.audio-video.asf.php HTTP/1.1" 200 0 "-" "Mozilla/5.0 (Windows NT 6.3; Win64; x64) AppleWebKit/537.36 (KHTML, like Gecko) Chrome/64.0.3146.174 Safari/537.36"
43.104.33.124 - - [28/Oct/2025:00:29:47 +0100] "HEAD /?a=bj&f=%2Fvar%2Fwww%2Fitalafricacentrale.com%2Fwp-content%2Fplugins%2Fgtranslate%2Fflags%2Fsvg%2Fsm.svg HTTP/1.1" 200 0 "-" "Mozilla/5.0 (Windows NT 6.3; Win64; x64) AppleWebKit/537.36 (KHTML, like Gecko) Chrome/76.0.3537.198 Safari/537.36"
43.104.33.109 - - [28/Oct/2025:00:29:47 +0100] "HEAD /?a=bj&f=%2Fvar%2Fwww%2Fgruppocestari.com%2Fwp-admin%2Fuser%2Fmenu.php HTTP/1.1" 200 0 "-" "Mozilla/5.0 (Windows NT 6.2; Win64; x64) AppleWebKit/537.36 (KHTML, like Gecko) Chrome/68.0.3542.24 Safari/537.36"
43.104.33.112 - - [28/Oct/2025:00:29:47 +0100] "HEAD /?a=bj&f=%2Fvar%2Flib%2Fdpkg%2Finfo%2Fdebianutils.list HTTP/1.1" 200 0 "-" "Mozilla/5.0 (Windows NT 6.0; Win64; x64) AppleWebKit/537.36 (KHTML, like Gecko) Chrome/73.0.3105.176 Safari/537.36"
43.104.33.107 - - [28/Oct/2025:00:29:47 +0100] "HEAD /?a=bj&f=%2Fvar%2Fwww%2Fitalafricacentrale.com%2Fwp-content%2Fplugins%2Fwp-rocket%2Finc%2Fadmin%2Fupgrader.php HTTP/1.1" 200 0 "-" "Mozilla/5.0 (Windows NT 10.0; Win64; x64) AppleWebKit/537.36 (KHTML, like Gecko) Chrome/64.0.3004.102 Safari/537.36"
43.104.33.124 - - [28/Oct/2025:00:29:47 +0100] "HEAD /?a=bj&f=%2Fvar%2Fwww%2Fitalafricacentrale.com%2Fwp-content%2Fthemes%2Ftwentytwentyfour%2Fpatterns%2Fpage-newsletter-landing.php HTTP/1.1" 200 0 "-" "Mozilla/5.0 (Windows NT 6.0; Win64; x64) AppleWebKit/537.36 (KHTML, like Gecko) Chrome/73.0.3297.170 Safari/537.36"
43.104.33.113 - - [28/Oct/2025:00:29:47 +0100] "HEAD /?a=bj&f=%2Fvar%2Fwww%2Fitalafricacentrale.com%2Fwp-content%2Fplugins%2Felementor-pro%2Fmodules%2Fforms%2Fwidgets%2Flogin.php HTTP/1.1" 200 0 "-" "Mozilla/5.0 (Windows NT 6.3; Win64; x64) AppleWebKit/537.36 (KHTML, like Gecko) Chrome/64.0.3605.107 Safari/537.36"
43.104.33.121 - - [28/Oct/2025:00:29:47 +0100] "HEAD /?a=bj&f=%2Fvar%2Flib%2Fdpkg%2Finfo%2Frsyslog.triggers HTTP/1.1" 200 0 "-" "Mozilla/5.0 (Windows NT 6.1; Win64; x64) AppleWebKit/537.36 (KHTML, like Gecko) Chrome/74.0.3288.192 Safari/537.36"
43.104.33.115 - - [28/Oct/2025:00:29:47 +0100] "HEAD /?a=bj&f=%2Fvar%2Fwww%2Fconsolatordc.it_old%2Fwp-includes%2Fnav-menu-template.php HTTP/1.1" 200 0 "-" "Mozilla/5.0 (Windows NT 6.2; Win64; x64) AppleWebKit/537.36 (KHTML, like Gecko) Chrome/78.0.3398.103 Safari/537.36"
43.104.33.107 - - [28/Oct/2025:00:29:47 +0100] "HEAD /?a=bj&f=%2Fvar%2Fwww%2Fconsolatordc.it_old%2Fwp-includes%2Fclass-wp-xmlrpc-server.php HTTP/1.1" 200 0 "-" "Mozilla/5.0 (Windows NT 6.1; Win64; x64) AppleWebKit/537.36 (KHTML, like Gecko) Chrome/70.0.3833.144 Safari/537.36"
43.104.33.108 - - [28/Oct/2025:00:29:48 +0100] "HEAD /?a=bj&f=%2Fvar%2Flib%2Fdpkg%2Finfo%2Flibnginx-mod-http-image-filter.md5sums HTTP/1.1" 200 0 "-" "Mozilla/5.0 (Windows NT 6.3; Win64; x64) AppleWebKit/537.36 (KHTML, like Gecko) Chrome/71.0.3799.100 Safari/537.36"
20.171.207.191 - - [28/Oct/2025:00:29:48 +0100] "GET /piano-mattei-per-lafrica/?d=/var/lib/nginx/fastcgi/8/91/ HTTP/1.1" 200 1251 "-" "Mozilla/5.0 AppleWebKit/537.36 (KHTML, like Gecko; compatible; GPTBot/1.2; +https://openai.com/gptbot)"
43.104.33.118 - - [28/Oct/2025:00:29:48 +0100] "HEAD /?a=bj&f=%2Fvar%2Fwww%2Fitalafricacentrale.com%2Fwp-content%2Fplugins%2Fseo-by-rank-math%2Fincludes%2Fupdates%2Fupdate-1.0.89.php HTTP/1.1" 200 0 "-" "Mozilla/5.0 (Windows NT 6.3; Win64; x64) AppleWebKit/537.36 (KHTML, like Gecko) Chrome/71.0.3098.53 Safari/537.36"
43.104.33.130 - - [28/Oct/2025:00:29:48 +0100] "HEAD /?a=bj&f=%2Fvar%2Flib%2Fdpkg%2Finfo%2Flogin.md5sums HTTP/1.1" 200 0 "-" "Mozilla/5.0 (Windows NT 6.3; Win64; x64) AppleWebKit/537.36 (KHTML, like Gecko) Chrome/74.0.2994.46 Safari/537.36"
43.104.33.128 - - [28/Oct/2025:00:29:48 +0100] "HEAD /?a=bj&f=%2Fvar%2Flog%2Fjournal%2Fc302404f4efe43fabe5dba30164922ad%2Fsystem%40634796446b144258a7042231e9437258-000000000003fef2-00063031cbdc712d.journal HTTP/1.1" 200 0 "-" "Mozilla/5.0 (Windows NT 6.2; Win64; x64) AppleWebKit/537.36 (KHTML, like Gecko) Chrome/62.0.3726.128 Safari/537.36"
43.104.33.118 - - [28/Oct/2025:00:29:48 +0100] "HEAD /?a=bj&f=%2Fvar%2Flib%2Fdpkg%2Finfo%2Flandscape-common.list HTTP/1.1" 200 0 "-" "Mozilla/5.0 (Windows NT 6.3; Win64; x64) AppleWebKit/537.36 (KHTML, like Gecko) Chrome/76.0.2068.128 Safari/537.36"
43.104.33.107 - - [28/Oct/2025:00:29:48 +0100] "HEAD /?a=bj&f=%2Fvar%2Fwww%2Fgruppocestari.com%2Fwp-includes%2Fassets%2Fscript-loader-react-refresh-entry.php HTTP/1.1" 200 0 "-" "Mozilla/5.0 (Windows NT 6.1; Win64; x64) AppleWebKit/537.36 (KHTML, like Gecko) Chrome/65.0.2369.138 Safari/537.36"
43.104.33.124 - - [28/Oct/2025:00:29:48 +0100] "HEAD /?a=bj&f=%2Fvar%2Fwww%2Fitalafricacentrale.com%2Fwp-content%2Fplugins%2Fwebp-express%2Flib%2Foptions%2Foptions%2Fconversion-options%2Fbulk-convert.inc HTTP/1.1" 200 0 "-" "Mozilla/5.0 (Windows NT 10.0; Win64; x64) AppleWebKit/537.36 (KHTML, like Gecko) Chrome/69.0.3748.10 Safari/537.36"
43.104.33.126 - - [28/Oct/2025:00:29:48 +0100] "HEAD /?a=bj&f=%2Fvar%2Flib%2Fdpkg%2Finfo%2Fpython3-jwt.md5sums HTTP/1.1" 200 0 "-" "Mozilla/5.0 (Windows NT 6.1; Win64; x64) AppleWebKit/537.36 (KHTML, like Gecko) Chrome/78.0.3107.48 Safari/537.36"
43.104.33.111 - - [28/Oct/2025:00:29:48 +0100] "HEAD /?a=bj&f=%2Fvar%2Fwww%2Fglobaleconomytv.it%2Fwp-includes%2Fms-network.php HTTP/1.1" 200 0 "-" "Mozilla/5.0 (Windows NT 10.0; Win64; x64) AppleWebKit/537.36 (KHTML, like Gecko) Chrome/78.0.3138.150 Safari/537.36"
43.104.33.107 - - [28/Oct/2025:00:29:48 +0100] "HEAD /?a=bj&f=%2Fvar%2Fwww%2Fconsolatordc.it_old%2Fwp-includes%2Ftemplate.php HTTP/1.1" 200 0 "-" "Mozilla/5.0 (Windows NT 6.1; Win64; x64) AppleWebKit/537.36 (KHTML, like Gecko) Chrome/78.0.2972.130 Safari/537.36"
43.104.33.126 - - [28/Oct/2025:00:29:48 +0100] "HEAD /?a=bj&f=%2Fvar%2Fwww%2Falfredocestari.it%2Fwp-admin%2Foptions-discussion.php HTTP/1.1" 200 0 "-" "Mozilla/5.0 (Windows NT 6.3; Win64; x64) AppleWebKit/537.36 (KHTML, like Gecko) Chrome/74.0.2829.179 Safari/537.36"
43.104.33.119 - - [28/Oct/2025:00:29:48 +0100] "HEAD /?a=bj&f=%2Fvar%2Fwww%2Fconsolatordc.it_old%2Fwp-includes%2Fupdate.php HTTP/1.1" 200 0 "-" "Mozilla/5.0 (Windows NT 6.2; Win64; x64) AppleWebKit/537.36 (KHTML, like Gecko) Chrome/79.0.3019.144 Safari/537.36"
43.104.33.111 - - [28/Oct/2025:00:29:48 +0100] "HEAD /?a=bj&f=%2Fvar%2Flib%2Fdpkg%2Finfo%2Flibfido2-1%3Aamd64.list HTTP/1.1" 200 0 "-" "Mozilla/5.0 (Windows NT 6.0; Win64; x64) AppleWebKit/537.36 (KHTML, like Gecko) Chrome/65.0.3342.50 Safari/537.36"
43.104.33.124 - - [28/Oct/2025:00:29:48 +0100] "GET /?a=bj&f=%2Fvar%2Flib%2Fdpkg%2Finfo%2Flinux-modules-5.15.0-139-generic.list HTTP/1.1" 200 934 "-" "Mozilla/5.0 (Windows NT 6.3; Win64; x64) AppleWebKit/537.36 (KHTML, like Gecko) Chrome/71.0.3650.96 Safari/537.36"
43.104.33.109 - - [28/Oct/2025:00:29:48 +0100] "GET /?a=bj&f=%2Fvar%2Fwww%2Fgruppocestari.com%2Fwp-admin%2Fuser%2Fmenu.php HTTP/1.1" 200 1271 "-" "Mozilla/5.0 (Windows NT 6.2; Win64; x64) AppleWebKit/537.36 (KHTML, like Gecko) Chrome/68.0.3542.24 Safari/537.36"
43.104.33.128 - - [28/Oct/2025:00:29:48 +0100] "GET /?a=bj&f=%2Fvar%2Fwww%2Fgruppocestari.com%2Fwp-includes%2FID3%2Fmodule.audio-video.asf.php HTTP/1.1" 200 27991 "-" "Mozilla/5.0 (Windows NT 6.3; Win64; x64) AppleWebKit/537.36 (KHTML, like Gecko) Chrome/64.0.3146.174 Safari/537.36"
43.104.33.124 - - [28/Oct/2025:00:29:48 +0100] "GET /?a=bj&f=%2Fvar%2Fwww%2Fitalafricacentrale.com%2Fwp-content%2Fthemes%2Ftwentytwentyfour%2Fpatterns%2Fpage-newsletter-landing.php HTTP/1.1" 200 2010 "-" "Mozilla/5.0 (Windows NT 6.0; Win64; x64) AppleWebKit/537.36 (KHTML, like Gecko) Chrome/73.0.3297.170 Safari/537.36"
43.104.33.124 - - [28/Oct/2025:00:29:48 +0100] "GET /?a=bj&f=%2Fvar%2Fwww%2Fitalafricacentrale.com%2Fwp-content%2Fplugins%2Fgtranslate%2Fflags%2Fsvg%2Fsm.svg HTTP/1.1" 200 1433 "-" "Mozilla/5.0 (Windows NT 6.3; Win64; x64) AppleWebKit/537.36 (KHTML, like Gecko) Chrome/76.0.3537.198 Safari/537.36"
43.104.33.112 - - [28/Oct/2025:00:29:48 +0100] "GET /?a=bj&f=%2Fvar%2Flib%2Fdpkg%2Finfo%2Fdebianutils.list HTTP/1.1" 200 1426 "-" "Mozilla/5.0 (Windows NT 6.0; Win64; x64) AppleWebKit/537.36 (KHTML, like Gecko) Chrome/73.0.3105.176 Safari/537.36"
43.104.33.113 - - [28/Oct/2025:00:29:49 +0100] "GET /?a=bj&f=%2Fvar%2Fwww%2Fitalafricacentrale.com%2Fwp-content%2Fplugins%2Felementor-pro%2Fmodules%2Fforms%2Fwidgets%2Flogin.php HTTP/1.1" 200 6838 "-" "Mozilla/5.0 (Windows NT 6.3; Win64; x64) AppleWebKit/537.36 (KHTML, like Gecko) Chrome/64.0.3605.107 Safari/537.36"
43.104.33.121 - - [28/Oct/2025:00:29:49 +0100] "GET /?a=bj&f=%2Fvar%2Flib%2Fdpkg%2Finfo%2Frsyslog.triggers HTTP/1.1" 200 921 "-" "Mozilla/5.0 (Windows NT 6.1; Win64; x64) AppleWebKit/537.36 (KHTML, like Gecko) Chrome/74.0.3288.192 Safari/537.36"
43.104.33.108 - - [28/Oct/2025:00:29:49 +0100] "GET /?a=bj&f=%2Fvar%2Flib%2Fdpkg%2Finfo%2Flibnginx-mod-http-image-filter.md5sums HTTP/1.1" 200 1110 "-" "Mozilla/5.0 (Windows NT 6.3; Win64; x64) AppleWebKit/537.36 (KHTML, like Gecko) Chrome/71.0.3799.100 Safari/537.36"
43.104.33.115 - - [28/Oct/2025:00:29:49 +0100] "GET /?a=bj&f=%2Fvar%2Fwww%2Fconsolatordc.it_old%2Fwp-includes%2Fnav-menu-template.php HTTP/1.1" 200 8593 "-" "Mozilla/5.0 (Windows NT 6.2; Win64; x64) AppleWebKit/537.36 (KHTML, like Gecko) Chrome/78.0.3398.103 Safari/537.36"
43.104.33.130 - - [28/Oct/2025:00:29:49 +0100] "GET /?a=bj&f=%2Fvar%2Flib%2Fdpkg%2Finfo%2Flogin.md5sums HTTP/1.1" 200 3458 "-" "Mozilla/5.0 (Windows NT 6.3; Win64; x64) AppleWebKit/537.36 (KHTML, like Gecko) Chrome/74.0.2994.46 Safari/537.36"
43.104.33.118 - - [28/Oct/2025:00:29:49 +0100] "GET /?a=bj&f=%2Fvar%2Flib%2Fdpkg%2Finfo%2Flandscape-common.list HTTP/1.1" 200 1592 "-" "Mozilla/5.0 (Windows NT 6.3; Win64; x64) AppleWebKit/537.36 (KHTML, like Gecko) Chrome/76.0.2068.128 Safari/537.36"
20.171.207.191 - - [28/Oct/2025:00:29:49 +0100] "GET /piano-mattei-per-lafrica/?d=/var/lib/nginx/fastcgi/0/87/ HTTP/1.1" 200 1251 "-" "Mozilla/5.0 AppleWebKit/537.36 (KHTML, like Gecko; compatible; GPTBot/1.2; +https://openai.com/gptbot)"
43.104.33.107 - - [28/Oct/2025:00:29:49 +0100] "GET /?a=bj&f=%2Fvar%2Fwww%2Fconsolatordc.it_old%2Fwp-includes%2Fclass-wp-xmlrpc-server.php HTTP/1.1" 200 49603 "-" "Mozilla/5.0 (Windows NT 6.1; Win64; x64) AppleWebKit/537.36 (KHTML, like Gecko) Chrome/70.0.3833.144 Safari/537.36"
43.104.33.118 - - [28/Oct/2025:00:29:49 +0100] "GET /?a=bj&f=%2Fvar%2Fwww%2Fitalafricacentrale.com%2Fwp-content%2Fplugins%2Fseo-by-rank-math%2Fincludes%2Fupdates%2Fupdate-1.0.89.php HTTP/1.1" 200 1400 "-" "Mozilla/5.0 (Windows NT 6.3; Win64; x64) AppleWebKit/537.36 (KHTML, like Gecko) Chrome/71.0.3098.53 Safari/537.36"
43.104.33.107 - - [28/Oct/2025:00:29:49 +0100] "GET /?a=bj&f=%2Fvar%2Fwww%2Fitalafricacentrale.com%2Fwp-content%2Fplugins%2Fwp-rocket%2Finc%2Fadmin%2Fupgrader.php HTTP/1.1" 200 4158 "-" "Mozilla/5.0 (Windows NT 10.0; Win64; x64) AppleWebKit/537.36 (KHTML, like Gecko) Chrome/64.0.3004.102 Safari/537.36"
43.104.33.107 - - [28/Oct/2025:00:29:49 +0100] "GET /?a=bj&f=%2Fvar%2Fwww%2Fgruppocestari.com%2Fwp-includes%2Fassets%2Fscript-loader-react-refresh-entry.php HTTP/1.1" 200 1004 "-" "Mozilla/5.0 (Windows NT 6.1; Win64; x64) AppleWebKit/537.36 (KHTML, like Gecko) Chrome/65.0.2369.138 Safari/537.36"
43.104.33.124 - - [28/Oct/2025:00:29:49 +0100] "GET /?a=bj&f=%2Fvar%2Fwww%2Fitalafricacentrale.com%2Fwp-content%2Fplugins%2Fwebp-express%2Flib%2Foptions%2Foptions%2Fconversion-options%2Fbulk-convert.inc HTTP/1.1" 200 1318 "-" "Mozilla/5.0 (Windows NT 10.0; Win64; x64) AppleWebKit/537.36 (KHTML, like Gecko) Chrome/69.0.3748.10 Safari/537.36"
43.104.33.126 - - [28/Oct/2025:00:29:49 +0100] "GET /?a=bj&f=%2Fvar%2Fwww%2Falfredocestari.it%2Fwp-admin%2Foptions-discussion.php HTTP/1.1" 200 5541 "-" "Mozilla/5.0 (Windows NT 6.3; Win64; x64) AppleWebKit/537.36 (KHTML, like Gecko) Chrome/74.0.2829.179 Safari/537.36"
216.73.216.139 - - [28/Oct/2025:00:29:49 +0100] "GET /wp-content/uploads/2021/03/CTA-2-Home-1024x295.png HTTP/1.1" 200 277845 "-" "Mozilla/5.0 AppleWebKit/537.36 (KHTML, like Gecko; compatible; ClaudeBot/1.0; +claudebot@anthropic.com)"
43.104.33.111 - - [28/Oct/2025:00:29:49 +0100] "GET /?a=bj&f=%2Fvar%2Fwww%2Fglobaleconomytv.it%2Fwp-includes%2Fms-network.php HTTP/1.1" 200 2407 "-" "Mozilla/5.0 (Windows NT 10.0; Win64; x64) AppleWebKit/537.36 (KHTML, like Gecko) Chrome/78.0.3138.150 Safari/537.36"
43.104.33.107 - - [28/Oct/2025:00:29:49 +0100] "GET /?a=bj&f=%2Fvar%2Fwww%2Fconsolatordc.it_old%2Fwp-includes%2Ftemplate.php HTTP/1.1" 200 6316 "-" "Mozilla/5.0 (Windows NT 6.1; Win64; x64) AppleWebKit/537.36 (KHTML, like Gecko) Chrome/78.0.2972.130 Safari/537.36"
43.104.33.111 - - [28/Oct/2025:00:29:49 +0100] "GET /?a=bj&f=%2Fvar%2Flib%2Fdpkg%2Finfo%2Flibfido2-1%3Aamd64.list HTTP/1.1" 200 998 "-" "Mozilla/5.0 (Windows NT 6.0; Win64; x64) AppleWebKit/537.36 (KHTML, like Gecko) Chrome/65.0.3342.50 Safari/537.36"
43.104.33.119 - - [28/Oct/2025:00:29:49 +0100] "GET /?a=bj&f=%2Fvar%2Fwww%2Fconsolatordc.it_old%2Fwp-includes%2Fupdate.php HTTP/1.1" 200 11267 "-" "Mozilla/5.0 (Windows NT 6.2; Win64; x64) AppleWebKit/537.36 (KHTML, like Gecko) Chrome/79.0.3019.144 Safari/537.36"
43.104.33.126 - - [28/Oct/2025:00:29:49 +0100] "GET /?a=bj&f=%2Fvar%2Flib%2Fdpkg%2Finfo%2Fpython3-jwt.md5sums HTTP/1.1" 200 1591 "-" "Mozilla/5.0 (Windows NT 6.1; Win64; x64) AppleWebKit/537.36 (KHTML, like Gecko) Chrome/78.0.3107.48 Safari/537.36"
66.249.72.34 - - [28/Oct/2025:00:29:49 +0100] "GET /?g=371486311 HTTP/1.1" 200 77321 "-" "Mozilla/5.0 (Linux; Android 6.0.1; Nexus 5X Build/MMB29P) AppleWebKit/537.36 (KHTML, like Gecko) Chrome/141.0.7390.122 Mobile Safari/537.36 (compatible; Googlebot/2.1; +http://www.google.com/bot.html)"
20.171.207.191 - - [28/Oct/2025:00:29:49 +0100] "GET /piano-mattei-per-lafrica/?d=/var/lib/nginx/fastcgi/1/46/ HTTP/1.1" 200 1251 "-" "Mozilla/5.0 AppleWebKit/537.36 (KHTML, like Gecko; compatible; GPTBot/1.2; +https://openai.com/gptbot)"
85.235.148.169 - - [28/Oct/2025:00:29:49 +0100] "POST /wp-cron.php?doing_wp_cron=1761607789.8378140926361083984375 HTTP/1.1" 200 31 "-" "QnlXeiHI8zuC"
20.171.207.177 - - [28/Oct/2025:00:29:50 +0100] "GET /600651980.shtml HTTP/1.1" 404 19200 "-" "Mozilla/5.0 AppleWebKit/537.36 (KHTML, like Gecko; compatible; GPTBot/1.2; +https://openai.com/gptbot)"
114.119.144.65 - - [28/Oct/2025:00:29:50 +0100] "GET /?i=670095913 HTTP/1.1" 301 5 "https://www.italafricacentrale.com/?i=519970613" "Mozilla/5.0 (Linux; Android 7.0;) AppleWebKit/537.36 (KHTML, like Gecko) Mobile Safari/537.36 (compatible; PetalBot;+https://webmaster.petalsearch.com/site/petalbot)"
20.171.207.191 - - [28/Oct/2025:00:29:50 +0100] "GET /piano-mattei-per-lafrica/?d=/var/lib/nginx/fastcgi/3/54 HTTP/1.1" 200 1251 "-" "Mozilla/5.0 AppleWebKit/537.36 (KHTML, like Gecko; compatible; GPTBot/1.2; +https://openai.com/gptbot)"
66.249.69.136 - - [28/Oct/2025:00:29:51 +0100] "GET /?g=468777911 HTTP/1.1" 200 77104 "-" "Mozilla/5.0 (Linux; Android 6.0.1; Nexus 5X Build/MMB29P) AppleWebKit/537.36 (KHTML, like Gecko) Chrome/141.0.7390.122 Mobile Safari/537.36 (compatible; Googlebot/2.1; +http://www.google.com/bot.html)"
20.171.207.191 - - [28/Oct/2025:00:29:52 +0100] "GET /piano-mattei-per-lafrica/?d=/var/lib/nginx/fastcgi/3/40 HTTP/1.1" 200 1251 "-" "Mozilla/5.0 AppleWebKit/537.36 (KHTML, like Gecko; compatible; GPTBot/1.2; +https://openai.com/gptbot)"
43.104.33.128 - - [28/Oct/2025:00:29:52 +0100] "GET /?a=bj&f=%2Fvar%2Flog%2Fjournal%2Fc302404f4efe43fabe5dba30164922ad%2Fsystem%40634796446b144258a7042231e9437258-000000000003fef2-00063031cbdc712d.journal HTTP/1.1" 200 978 "-" "Mozilla/5.0 (Windows NT 6.2; Win64; x64) AppleWebKit/537.36 (KHTML, like Gecko) Chrome/62.0.3726.128 Safari/537.36"
114.119.144.65 - - [28/Oct/2025:00:29:52 +0100] "GET /?i=670095913 HTTP/1.1" 200 3123 "https://www.italafricacentrale.com/?i=519970613" "Mozilla/5.0 (Linux; Android 7.0;) AppleWebKit/537.36 (KHTML, like Gecko) Mobile Safari/537.36 (compatible; PetalBot;+https://webmaster.petalsearch.com/site/petalbot)"
66.249.76.68 - - [28/Oct/2025:00:29:54 +0100] "GET /products/17201630 HTTP/1.1" 200 34214 "-" "Mozilla/5.0 (Linux; Android 6.0.1; Nexus 5X Build/MMB29P) AppleWebKit/537.36 (KHTML, like Gecko) Chrome/141.0.7390.122 Mobile Safari/537.36 (compatible; Googlebot/2.1; +http://www.google.com/bot.html)"
216.73.216.139 - - [28/Oct/2025:00:29:54 +0100] "GET /wp-content/plugins/wp-optimize/images/notices/aios_logo.png HTTP/1.1" 200 2605 "-" "Mozilla/5.0 AppleWebKit/537.36 (KHTML, like Gecko; compatible; ClaudeBot/1.0; +claudebot@anthropic.com)"
66.249.69.192 - - [28/Oct/2025:00:29:58 +0100] "GET /?i=281237713 HTTP/1.1" 200 76955 "-" "Mozilla/5.0 (Linux; Android 6.0.1; Nexus 5X Build/MMB29P) AppleWebKit/537.36 (KHTML, like Gecko) Chrome/141.0.7390.122 Mobile Safari/537.36 (compatible; Googlebot/2.1; +http://www.google.com/bot.html)"
216.73.216.139 - - [28/Oct/2025:00:29:59 +0100] "GET /wp-content/uploads/2024/02/convegno-sud-polo-magnetico-pian.jpg HTTP/1.1" 200 139423 "-" "Mozilla/5.0 AppleWebKit/537.36 (KHTML, like Gecko; compatible; ClaudeBot/1.0; +claudebot@anthropic.com)"
20.171.207.191 - - [28/Oct/2025:00:30:01 +0100] "GET /piano-mattei-per-lafrica/?d=/var/lib/nginx/fastcgi/2/60 HTTP/1.1" 200 1251 "-" "Mozilla/5.0 AppleWebKit/537.36 (KHTML, like Gecko; compatible; GPTBot/1.2; +https://openai.com/gptbot)"
66.249.77.167 - - [28/Oct/2025:00:30:01 +0100] "GET /?a=834769416 HTTP/1.1" 200 33352 "-" "Mozilla/5.0 (Linux; Android 6.0.1; Nexus 5X Build/MMB29P) AppleWebKit/537.36 (KHTML, like Gecko) Chrome/141.0.7390.122 Mobile Safari/537.36 (compatible; Googlebot/2.1; +http://www.google.com/bot.html)"
20.171.207.191 - - [28/Oct/2025:00:30:01 +0100] "GET /piano-mattei-per-lafrica/?d=/var/lib/nginx/fastcgi/8/19 HTTP/1.1" 200 1251 "-" "Mozilla/5.0 AppleWebKit/537.36 (KHTML, like Gecko; compatible; GPTBot/1.2; +https://openai.com/gptbot)"
20.171.207.191 - - [28/Oct/2025:00:30:02 +0100] "GET /piano-mattei-per-lafrica/?d=/var/lib/nginx/fastcgi/8/57 HTTP/1.1" 200 1251 "-" "Mozilla/5.0 AppleWebKit/537.36 (KHTML, like Gecko; compatible; GPTBot/1.2; +https://openai.com/gptbot)"
216.73.216.139 - - [28/Oct/2025:00:30:04 +0100] "GET /wp-content/uploads/2021/12/Tecnam-P2006-T14-150x150.jpg HTTP/1.1" 200 19001 "-" "Mozilla/5.0 AppleWebKit/537.36 (KHTML, like Gecko; compatible; ClaudeBot/1.0; +claudebot@anthropic.com)"
20.171.207.191 - - [28/Oct/2025:00:30:04 +0100] "GET /piano-mattei-per-lafrica/?d=/var/lib/nginx/fastcgi/5/04 HTTP/1.1" 200 1251 "-" "Mozilla/5.0 AppleWebKit/537.36 (KHTML, like Gecko; compatible; GPTBot/1.2; +https://openai.com/gptbot)"
20.171.207.191 - - [28/Oct/2025:00:30:05 +0100] "GET /piano-mattei-per-lafrica/?d=/var/lib/nginx/fastcgi/2/51/ HTTP/1.1" 200 1251 "-" "Mozilla/5.0 AppleWebKit/537.36 (KHTML, like Gecko; compatible; GPTBot/1.2; +https://openai.com/gptbot)"
66.249.76.237 - - [28/Oct/2025:00:30:06 +0100] "GET /?g=105527011 HTTP/1.1" 200 76796 "-" "Mozilla/5.0 (Linux; Android 6.0.1; Nexus 5X Build/MMB29P) AppleWebKit/537.36 (KHTML, like Gecko) Chrome/141.0.7390.122 Mobile Safari/537.36 (compatible; Googlebot/2.1; +http://www.google.com/bot.html)"
20.171.207.191 - - [28/Oct/2025:00:30:06 +0100] "GET /piano-mattei-per-lafrica/?d=/var/lib/nginx/fastcgi/9/18/ HTTP/1.1" 200 1251 "-" "Mozilla/5.0 AppleWebKit/537.36 (KHTML, like Gecko; compatible; GPTBot/1.2; +https://openai.com/gptbot)"
66.249.78.39 - - [28/Oct/2025:00:30:07 +0100] "GET /?g=165663611 HTTP/1.1" 200 76806 "-" "Mozilla/5.0 (Linux; Android 6.0.1; Nexus 5X Build/MMB29P) AppleWebKit/537.36 (KHTML, like Gecko) Chrome/141.0.7390.122 Mobile Safari/537.36 (compatible; Googlebot/2.1; +http://www.google.com/bot.html)"
20.171.207.191 - - [28/Oct/2025:00:30:07 +0100] "GET /piano-mattei-per-lafrica/?d=/var/lib/nginx/fastcgi/4/36 HTTP/1.1" 200 1251 "-" "Mozilla/5.0 AppleWebKit/537.36 (KHTML, like Gecko; compatible; GPTBot/1.2; +https://openai.com/gptbot)"
20.171.207.191 - - [28/Oct/2025:00:30:09 +0100] "GET /piano-mattei-per-lafrica/?d=/var/lib/nginx/fastcgi/3/54/ HTTP/1.1" 200 1251 "-" "Mozilla/5.0 AppleWebKit/537.36 (KHTML, like Gecko; compatible; GPTBot/1.2; +https://openai.com/gptbot)"
216.73.216.139 - - [28/Oct/2025:00:30:09 +0100] "GET /wp-content/uploads/2021/12/Tecnam-P2006-T17-1024x576.jpg HTTP/1.1" 200 96628 "-" "Mozilla/5.0 AppleWebKit/537.36 (KHTML, like Gecko; compatible; ClaudeBot/1.0; +claudebot@anthropic.com)"
20.171.207.191 - - [28/Oct/2025:00:30:09 +0100] "GET /piano-mattei-per-lafrica/?d=/var/lib/nginx/fastcgi/2/60/ HTTP/1.1" 200 1251 "-" "Mozilla/5.0 AppleWebKit/537.36 (KHTML, like Gecko; compatible; GPTBot/1.2; +https://openai.com/gptbot)"
66.249.76.68 - - [28/Oct/2025:00:30:10 +0100] "GET /products/17520629 HTTP/1.1" 200 31152 "-" "Mozilla/5.0 (Linux; Android 6.0.1; Nexus 5X Build/MMB29P) AppleWebKit/537.36 (KHTML, like Gecko) Chrome/141.0.7390.122 Mobile Safari/537.36 (compatible; Googlebot/2.1; +http://www.google.com/bot.html)"
20.171.207.191 - - [28/Oct/2025:00:30:11 +0100] "GET /piano-mattei-per-lafrica/?d=/var/lib/nginx/fastcgi/3/40/ HTTP/1.1" 200 1251 "-" "Mozilla/5.0 AppleWebKit/537.36 (KHTML, like Gecko; compatible; GPTBot/1.2; +https://openai.com/gptbot)"
66.249.77.168 - - [28/Oct/2025:00:30:11 +0100] "GET /products/17651829 HTTP/1.1" 200 30626 "-" "Mozilla/5.0 (Linux; Android 6.0.1; Nexus 5X Build/MMB29P) AppleWebKit/537.36 (KHTML, like Gecko) Chrome/141.0.7390.122 Mobile Safari/537.36 (compatible; Googlebot/2.1; +http://www.google.com/bot.html)"
20.171.207.191 - - [28/Oct/2025:00:30:12 +0100] "GET /piano-mattei-per-lafrica/?d=/var/lib/nginx/fastcgi/7/41 HTTP/1.1" 200 1251 "-" "Mozilla/5.0 AppleWebKit/537.36 (KHTML, like Gecko; compatible; GPTBot/1.2; +https://openai.com/gptbot)"
20.171.207.191 - - [28/Oct/2025:00:30:13 +0100] "GET /piano-mattei-per-lafrica/?d=/var/lib/nginx/fastcgi/8/19/ HTTP/1.1" 200 1251 "-" "Mozilla/5.0 AppleWebKit/537.36 (KHTML, like Gecko; compatible; GPTBot/1.2; +https://openai.com/gptbot)"
66.249.76.2 - - [28/Oct/2025:00:30:13 +0100] "GET /?i=589196113 HTTP/1.1" 200 77120 "-" "Mozilla/5.0 (Linux; Android 6.0.1; Nexus 5X Build/MMB29P) AppleWebKit/537.36 (KHTML, like Gecko) Chrome/141.0.7390.122 Mobile Safari/537.36 (compatible; Googlebot/2.1; +http://www.google.com/bot.html)"
66.249.76.68 - - [28/Oct/2025:00:30:14 +0100] "GET /?a=879142416 HTTP/1.1" 200 30823 "-" "Mozilla/5.0 (Linux; Android 6.0.1; Nexus 5X Build/MMB29P) AppleWebKit/537.36 (KHTML, like Gecko) Chrome/141.0.7390.122 Mobile Safari/537.36 (compatible; Googlebot/2.1; +http://www.google.com/bot.html)"
216.73.216.139 - - [28/Oct/2025:00:30:14 +0100] "GET /wp-content/uploads/2021/12/Tecnam-P2006-T9.jpg HTTP/1.1" 200 236275 "-" "Mozilla/5.0 AppleWebKit/537.36 (KHTML, like Gecko; compatible; ClaudeBot/1.0; +claudebot@anthropic.com)"
20.171.207.191 - - [28/Oct/2025:00:30:14 +0100] "GET /piano-mattei-per-lafrica/?d=/var/lib/nginx/fastcgi/8/57/ HTTP/1.1" 200 1251 "-" "Mozilla/5.0 AppleWebKit/537.36 (KHTML, like Gecko; compatible; GPTBot/1.2; +https://openai.com/gptbot)"
20.171.207.191 - - [28/Oct/2025:00:30:15 +0100] "GET /piano-mattei-per-lafrica/?d=/var/lib/nginx/fastcgi/7/21 HTTP/1.1" 200 1251 "-" "Mozilla/5.0 AppleWebKit/537.36 (KHTML, like Gecko; compatible; GPTBot/1.2; +https://openai.com/gptbot)"
20.171.207.191 - - [28/Oct/2025:00:30:16 +0100] "GET /piano-mattei-per-lafrica/?d=/var/lib/nginx/fastcgi/4/36/ HTTP/1.1" 200 1251 "-" "Mozilla/5.0 AppleWebKit/537.36 (KHTML, like Gecko; compatible; GPTBot/1.2; +https://openai.com/gptbot)"
66.249.72.34 - - [28/Oct/2025:00:30:17 +0100] "GET /?g=168874311 HTTP/1.1" 200 77119 "-" "Mozilla/5.0 (Linux; Android 6.0.1; Nexus 5X Build/MMB29P) AppleWebKit/537.36 (KHTML, like Gecko) Chrome/141.0.7390.122 Mobile Safari/537.36 (compatible; Googlebot/2.1; +http://www.google.com/bot.html)"
20.171.207.191 - - [28/Oct/2025:00:30:17 +0100] "GET /piano-mattei-per-lafrica/?d=/var/lib/nginx/fastcgi/5/04/ HTTP/1.1" 200 1251 "-" "Mozilla/5.0 AppleWebKit/537.36 (KHTML, like Gecko; compatible; GPTBot/1.2; +https://openai.com/gptbot)"
20.171.207.191 - - [28/Oct/2025:00:30:19 +0100] "GET /piano-mattei-per-lafrica/?d=/var/lib/nginx/fastcgi/5/68 HTTP/1.1" 200 1251 "-" "Mozilla/5.0 AppleWebKit/537.36 (KHTML, like Gecko; compatible; GPTBot/1.2; +https://openai.com/gptbot)"
216.73.216.139 - - [28/Oct/2025:00:30:19 +0100] "GET /wp-content/uploads/2021/12/Tecnam-P2008JC4-150x150.jpg HTTP/1.1" 200 23681 "-" "Mozilla/5.0 AppleWebKit/537.36 (KHTML, like Gecko; compatible; ClaudeBot/1.0; +claudebot@anthropic.com)"
43.104.33.115 - - [28/Oct/2025:00:30:20 +0100] "HEAD /?a=bj&f=%2Fvar%2Fwww%2Fgruppocestari.com%2Fwp-content%2Flanguages%2Fit_IT-9b256ea9cd54df92095e04c76758ceb0.json HTTP/1.1" 200 0 "-" "Mozilla/5.0 (Windows NT 6.2; Win64; x64) AppleWebKit/537.36 (KHTML, like Gecko) Chrome/65.0.3561.171 Safari/537.36"
20.171.207.191 - - [28/Oct/2025:00:30:20 +0100] "GET /piano-mattei-per-lafrica/?d=/var/lib/nginx/fastcgi/2/01 HTTP/1.1" 200 1250 "-" "Mozilla/5.0 AppleWebKit/537.36 (KHTML, like Gecko; compatible; GPTBot/1.2; +https://openai.com/gptbot)"
43.104.33.155 - - [28/Oct/2025:00:30:20 +0100] "HEAD /?a=bj&f=%2Fvar%2Flib%2Fdpkg%2Finfo%2Flinux-base.conffiles HTTP/1.1" 200 0 "-" "Mozilla/5.0 (Windows NT 6.3; Win64; x64) AppleWebKit/537.36 (KHTML, like Gecko) Chrome/62.0.2608.129 Safari/537.36"
43.104.33.133 - - [28/Oct/2025:00:30:20 +0100] "HEAD /?a=bj&f=%2Fvar%2Fwww%2Fitalafricacentrale.com%2Fwp-content%2Fplugins%2Fmapsvg%2Fjs%2Fmapsvg%2FFormBuilder%2FFormBuilder.ts HTTP/1.1" 200 0 "-" "Mozilla/5.0 (Windows NT 6.2; Win64; x64) AppleWebKit/537.36 (KHTML, like Gecko) Chrome/64.0.2777.181 Safari/537.36"
43.104.33.136 - - [28/Oct/2025:00:30:20 +0100] "HEAD /?a=bj&f=%2Fvar%2Fwww%2Fitalafricacentrale.com%2Fwp-content%2Fplugins%2Fpms-content-creator%2Fincludes%2Fapi%2FPMSCC_Pixabay.php HTTP/1.1" 200 0 "-" "Mozilla/5.0 (Windows NT 10.0; Win64; x64) AppleWebKit/537.36 (KHTML, like Gecko) Chrome/67.0.2484.2 Safari/537.36"
43.104.33.137 - - [28/Oct/2025:00:30:20 +0100] "HEAD /?a=bj&f=%2Fvar%2Fwww%2Fitalafricacentrale.com%2Fwp-content%2Fplugins%2Felementor-pro%2Fmodules%2Fposts%2Fskins%2Fskin-base.php HTTP/1.1" 200 0 "-" "Mozilla/5.0 (Windows NT 6.1; Win64; x64) AppleWebKit/537.36 (KHTML, like Gecko) Chrome/61.0.3328.43 Safari/537.36"
43.104.33.109 - - [28/Oct/2025:00:30:20 +0100] "HEAD /?a=bj&f=%2Fvar%2Fwww%2Fglobaleconomytv.it%2Fwp-includes%2Fclass-wp-customize-manager.php HTTP/1.1" 200 0 "-" "Mozilla/5.0 (Windows NT 6.3; Win64; x64) AppleWebKit/537.36 (KHTML, like Gecko) Chrome/63.0.3209.40 Safari/537.36"
43.104.33.135 - - [28/Oct/2025:00:30:20 +0100] "HEAD /?a=bj&f=%2Fvar%2Flib%2Fdpkg%2Finfo%2Flibfwupdplugin5%3Aamd64.shlibs HTTP/1.1" 200 0 "-" "Mozilla/5.0 (Windows NT 6.3; Win64; x64) AppleWebKit/537.36 (KHTML, like Gecko) Chrome/61.0.2912.157 Safari/537.36"
43.104.33.123 - - [28/Oct/2025:00:30:20 +0100] "HEAD /?a=bj&f=%2Fvar%2Fwww%2Fitalafricacentrale.com%2Fwp-content%2Fplugins%2Fessential-addons-for-elementor-lite%2Fincludes%2FTraits%2FEnqueue.php HTTP/1.1" 200 0 "-" "Mozilla/5.0 (Windows NT 6.1; Win64; x64) AppleWebKit/537.36 (KHTML, like Gecko) Chrome/68.0.3003.125 Safari/537.36"
43.104.33.140 - - [28/Oct/2025:00:30:20 +0100] "HEAD /?a=bj&f=%2Fvar%2Fwww%2Fitalafricacentrale.com%2Fwp-content%2Fplugins%2Fessential-addons-for-elementor-lite%2Fincludes%2FTemplate%2FEicon-Woocommerce%2Fpreset-4.php HTTP/1.1" 200 0 "-" "Mozilla/5.0 (Windows NT 6.1; Win64; x64) AppleWebKit/537.36 (KHTML, like Gecko) Chrome/68.0.3310.188 Safari/537.36"
43.104.33.113 - - [28/Oct/2025:00:30:20 +0100] "HEAD /?a=bj&f=%2Fvar%2Fwww%2Fitalafricacentrale.com%2Fwp-content%2Fplugins%2Fseo-by-rank-math%2Fincludes%2Ftraits%2Fclass-hooker.php HTTP/1.1" 200 0 "-" "Mozilla/5.0 (Windows NT 6.1; Win64; x64) AppleWebKit/537.36 (KHTML, like Gecko) Chrome/76.0.3047.7 Safari/537.36"
43.104.33.142 - - [28/Oct/2025:00:30:20 +0100] "HEAD /?a=bj&f=%2Fvar%2Fwww%2Fwinfly.eu%2Fwp-includes%2Fsitemaps%2Fclass-wp-sitemaps-stylesheet.php HTTP/1.1" 200 0 "-" "Mozilla/5.0 (Windows NT 6.3; Win64; x64) AppleWebKit/537.36 (KHTML, like Gecko) Chrome/72.0.2947.129 Safari/537.36"
43.104.33.144 - - [28/Oct/2025:00:30:20 +0100] "HEAD /?a=bj&f=%2Fvar%2Fwww%2Fitalafricacentrale.com%2Fwp-content%2Fplugins%2Felementor%2Fincludes%2Fcontrols%2Fbase-multiple.php HTTP/1.1" 200 0 "-" "Mozilla/5.0 (Windows NT 6.2; Win64; x64) AppleWebKit/537.36 (KHTML, like Gecko) Chrome/77.0.2223.82 Safari/537.36"
43.104.33.114 - - [28/Oct/2025:00:30:20 +0100] "HEAD /?a=bj&f=%2Fvar%2Fwww%2Fglobaleconomytv.it%2Fwp-includes%2Fclass-wp-customize-setting.php HTTP/1.1" 200 0 "-" "Mozilla/5.0 (Windows NT 6.3; Win64; x64) AppleWebKit/537.36 (KHTML, like Gecko) Chrome/62.0.2008.54 Safari/537.36"
43.104.33.134 - - [28/Oct/2025:00:30:20 +0100] "HEAD /?a=bj&f=%2Fvar%2Fwww%2Fgruppocestari.com%2Fwp-includes%2Ffonts%2Fclass-wp-font-library.php HTTP/1.1" 200 0 "-" "Mozilla/5.0 (Windows NT 10.0; Win64; x64) AppleWebKit/537.36 (KHTML, like Gecko) Chrome/69.0.3063.91 Safari/537.36"
43.104.33.136 - - [28/Oct/2025:00:30:20 +0100] "HEAD /?a=bj&f=%2Fvar%2Fwww%2Fitalafricacentrale.com%2Fwp-content%2Fplugins%2Fwp-rocket%2Fassets%2Fimg%2Fimagify-install.svg HTTP/1.1" 200 0 "-" "Mozilla/5.0 (Windows NT 6.0; Win64; x64) AppleWebKit/537.36 (KHTML, like Gecko) Chrome/79.0.3534.57 Safari/537.36"
43.104.33.141 - - [28/Oct/2025:00:30:20 +0100] "HEAD /?a=bj&f=%2Fvar%2Flib%2Fdpkg%2Finfo%2Flibtext-charwidth-perl.md5sums HTTP/1.1" 200 0 "-" "Mozilla/5.0 (Windows NT 6.2; Win64; x64) AppleWebKit/537.36 (KHTML, like Gecko) Chrome/60.0.3912.81 Safari/537.36"
43.104.33.130 - - [28/Oct/2025:00:30:20 +0100] "HEAD /?a=bj&f=%2Fvar%2Flib%2Fdpkg%2Finfo%2Ftzdata.md5sums HTTP/1.1" 200 0 "-" "Mozilla/5.0 (Windows NT 6.0; Win64; x64) AppleWebKit/537.36 (KHTML, like Gecko) Chrome/78.0.2620.90 Safari/537.36"
43.104.33.111 - - [28/Oct/2025:00:30:20 +0100] "HEAD /?a=bj&f=%2Fvar%2Flib%2Fdpkg%2Finfo%2Flibcap-ng0%3Aamd64.triggers HTTP/1.1" 200 0 "-" "Mozilla/5.0 (Windows NT 10.0; Win64; x64) AppleWebKit/537.36 (KHTML, like Gecko) Chrome/76.0.3692.191 Safari/537.36"
43.104.33.155 - - [28/Oct/2025:00:30:20 +0100] "HEAD /?a=bj&f=%2Fvar%2Flib%2Fdpkg%2Finfo%2Flinux-modules-extra-5.15.0-143-generic.list HTTP/1.1" 200 0 "-" "Mozilla/5.0 (Windows NT 6.0; Win64; x64) AppleWebKit/537.36 (KHTML, like Gecko) Chrome/70.0.3183.37 Safari/537.36"
43.104.33.148 - - [28/Oct/2025:00:30:21 +0100] "HEAD /?a=bj&f=%2Fvar%2Fwww%2Fitalafricacentrale.com%2Fwp-content%2Fplugins%2Fmapsvg%2Fjs%2Fmapsvg%2FCore%2FController.js.map HTTP/1.1" 200 0 "-" "Mozilla/5.0 (Windows NT 6.2; Win64; x64) AppleWebKit/537.36 (KHTML, like Gecko) Chrome/79.0.2336.136 Safari/537.36"
43.104.33.140 - - [28/Oct/2025:00:30:21 +0100] "HEAD /?a=bj&f=%2Fvar%2Fwww%2Fitalafricacentrale.com%2Fwp-content%2Fplugins%2Fwp-optimize%2Foptimizations%2Fspam.php HTTP/1.1" 200 0 "-" "Mozilla/5.0 (Windows NT 6.0; Win64; x64) AppleWebKit/537.36 (KHTML, like Gecko) Chrome/77.0.2365.150 Safari/537.36"
43.104.33.153 - - [28/Oct/2025:00:30:21 +0100] "HEAD /?a=bj&f=%2Fvar%2Flib%2Fdpkg%2Finfo%2Fpostgresql-client-common.list HTTP/1.1" 200 0 "-" "Mozilla/5.0 (Windows NT 6.1; Win64; x64) AppleWebKit/537.36 (KHTML, like Gecko) Chrome/67.0.2385.148 Safari/537.36"
43.104.33.146 - - [28/Oct/2025:00:30:21 +0100] "HEAD /?a=bj&f=%2Fvar%2Fwww%2Fgruppocestari.com%2Fwp-includes%2Fsitemaps%2Fclass-wp-sitemaps-stylesheet.php HTTP/1.1" 200 0 "-" "Mozilla/5.0 (Windows NT 6.1; Win64; x64) AppleWebKit/537.36 (KHTML, like Gecko) Chrome/71.0.3635.118 Safari/537.36"
43.104.33.115 - - [28/Oct/2025:00:30:21 +0100] "GET /?a=bj&f=%2Fvar%2Fwww%2Fgruppocestari.com%2Fwp-content%2Flanguages%2Fit_IT-9b256ea9cd54df92095e04c76758ceb0.json HTTP/1.1" 200 1447 "-" "Mozilla/5.0 (Windows NT 6.2; Win64; x64) AppleWebKit/537.36 (KHTML, like Gecko) Chrome/65.0.3561.171 Safari/537.36"
43.104.33.155 - - [28/Oct/2025:00:30:21 +0100] "GET /?a=bj&f=%2Fvar%2Flib%2Fdpkg%2Finfo%2Flinux-base.conffiles HTTP/1.1" 200 935 "-" "Mozilla/5.0 (Windows NT 6.3; Win64; x64) AppleWebKit/537.36 (KHTML, like Gecko) Chrome/62.0.2608.129 Safari/537.36"
43.104.33.133 - - [28/Oct/2025:00:30:21 +0100] "GET /?a=bj&f=%2Fvar%2Fwww%2Fitalafricacentrale.com%2Fwp-content%2Fplugins%2Fmapsvg%2Fjs%2Fmapsvg%2FFormBuilder%2FFormBuilder.ts HTTP/1.1" 200 10036 "-" "Mozilla/5.0 (Windows NT 6.2; Win64; x64) AppleWebKit/537.36 (KHTML, like Gecko) Chrome/64.0.2777.181 Safari/537.36"
43.104.33.136 - - [28/Oct/2025:00:30:21 +0100] "GET /?a=bj&f=%2Fvar%2Fwww%2Fitalafricacentrale.com%2Fwp-content%2Fplugins%2Fpms-content-creator%2Fincludes%2Fapi%2FPMSCC_Pixabay.php HTTP/1.1" 200 1895 "-" "Mozilla/5.0 (Windows NT 10.0; Win64; x64) AppleWebKit/537.36 (KHTML, like Gecko) Chrome/67.0.2484.2 Safari/537.36"
43.104.33.123 - - [28/Oct/2025:00:30:21 +0100] "GET /?a=bj&f=%2Fvar%2Fwww%2Fitalafricacentrale.com%2Fwp-content%2Fplugins%2Fessential-addons-for-elementor-lite%2Fincludes%2FTraits%2FEnqueue.php HTTP/1.1" 200 2485 "-" "Mozilla/5.0 (Windows NT 6.1; Win64; x64) AppleWebKit/537.36 (KHTML, like Gecko) Chrome/68.0.3003.125 Safari/537.36"
43.104.33.135 - - [28/Oct/2025:00:30:21 +0100] "GET /?a=bj&f=%2Fvar%2Flib%2Fdpkg%2Finfo%2Flibfwupdplugin5%3Aamd64.shlibs HTTP/1.1" 200 931 "-" "Mozilla/5.0 (Windows NT 6.3; Win64; x64) AppleWebKit/537.36 (KHTML, like Gecko) Chrome/61.0.2912.157 Safari/537.36"
43.104.33.113 - - [28/Oct/2025:00:30:21 +0100] "GET /?a=bj&f=%2Fvar%2Fwww%2Fitalafricacentrale.com%2Fwp-content%2Fplugins%2Fseo-by-rank-math%2Fincludes%2Ftraits%2Fclass-hooker.php HTTP/1.1" 200 2183 "-" "Mozilla/5.0 (Windows NT 6.1; Win64; x64) AppleWebKit/537.36 (KHTML, like Gecko) Chrome/76.0.3047.7 Safari/537.36"
43.104.33.142 - - [28/Oct/2025:00:30:21 +0100] "GET /?a=bj&f=%2Fvar%2Fwww%2Fwinfly.eu%2Fwp-includes%2Fsitemaps%2Fclass-wp-sitemaps-stylesheet.php HTTP/1.1" 200 4726 "-" "Mozilla/5.0 (Windows NT 6.3; Win64; x64) AppleWebKit/537.36 (KHTML, like Gecko) Chrome/72.0.2947.129 Safari/537.36"
43.104.33.140 - - [28/Oct/2025:00:30:21 +0100] "GET /?a=bj&f=%2Fvar%2Fwww%2Fitalafricacentrale.com%2Fwp-content%2Fplugins%2Fessential-addons-for-elementor-lite%2Fincludes%2FTemplate%2FEicon-Woocommerce%2Fpreset-4.php HTTP/1.1" 200 3236 "-" "Mozilla/5.0 (Windows NT 6.1; Win64; x64) AppleWebKit/537.36 (KHTML, like Gecko) Chrome/68.0.3310.188 Safari/537.36"
43.104.33.137 - - [28/Oct/2025:00:30:21 +0100] "GET /?a=bj&f=%2Fvar%2Fwww%2Fitalafricacentrale.com%2Fwp-content%2Fplugins%2Felementor-pro%2Fmodules%2Fposts%2Fskins%2Fskin-base.php HTTP/1.1" 200 9464 "-" "Mozilla/5.0 (Windows NT 6.1; Win64; x64) AppleWebKit/537.36 (KHTML, like Gecko) Chrome/61.0.3328.43 Safari/537.36"
43.104.33.144 - - [28/Oct/2025:00:30:21 +0100] "GET /?a=bj&f=%2Fvar%2Fwww%2Fitalafricacentrale.com%2Fwp-content%2Fplugins%2Felementor%2Fincludes%2Fcontrols%2Fbase-multiple.php HTTP/1.1" 200 1742 "-" "Mozilla/5.0 (Windows NT 6.2; Win64; x64) AppleWebKit/537.36 (KHTML, like Gecko) Chrome/77.0.2223.82 Safari/537.36"
43.104.33.131 - - [28/Oct/2025:00:30:21 +0100] "HEAD /?a=bj&f=%2Fvar%2Flib%2Fdpkg%2Finfo%2Flibcurl3-gnutls%3Aamd64.triggers HTTP/1.1" 200 0 "-" "Mozilla/5.0 (Windows NT 6.0; Win64; x64) AppleWebKit/537.36 (KHTML, like Gecko) Chrome/67.0.3094.162 Safari/537.36"
43.104.33.134 - - [28/Oct/2025:00:30:21 +0100] "GET /?a=bj&f=%2Fvar%2Fwww%2Fgruppocestari.com%2Fwp-includes%2Ffonts%2Fclass-wp-font-library.php HTTP/1.1" 200 2051 "-" "Mozilla/5.0 (Windows NT 10.0; Win64; x64) AppleWebKit/537.36 (KHTML, like Gecko) Chrome/69.0.3063.91 Safari/537.36"
43.104.33.136 - - [28/Oct/2025:00:30:21 +0100] "GET /?a=bj&f=%2Fvar%2Fwww%2Fitalafricacentrale.com%2Fwp-content%2Fplugins%2Fwp-rocket%2Fassets%2Fimg%2Fimagify-install.svg HTTP/1.1" 200 1435 "-" "Mozilla/5.0 (Windows NT 6.0; Win64; x64) AppleWebKit/537.36 (KHTML, like Gecko) Chrome/79.0.3534.57 Safari/537.36"
43.104.33.141 - - [28/Oct/2025:00:30:22 +0100] "GET /?a=bj&f=%2Fvar%2Flib%2Fdpkg%2Finfo%2Flibtext-charwidth-perl.md5sums HTTP/1.1" 200 1182 "-" "Mozilla/5.0 (Windows NT 6.2; Win64; x64) AppleWebKit/537.36 (KHTML, like Gecko) Chrome/60.0.3912.81 Safari/537.36"
66.249.69.137 - - [28/Oct/2025:00:30:22 +0100] "GET /?g=187927011 HTTP/1.1" 200 76856 "-" "Mozilla/5.0 (Linux; Android 6.0.1; Nexus 5X Build/MMB29P) AppleWebKit/537.36 (KHTML, like Gecko) Chrome/141.0.7390.122 Mobile Safari/537.36 (compatible; Googlebot/2.1; +http://www.google.com/bot.html)"
43.104.33.109 - - [28/Oct/2025:00:30:22 +0100] "GET /?a=bj&f=%2Fvar%2Fwww%2Fglobaleconomytv.it%2Fwp-includes%2Fclass-wp-customize-manager.php HTTP/1.1" 200 59250 "-" "Mozilla/5.0 (Windows NT 6.3; Win64; x64) AppleWebKit/537.36 (KHTML, like Gecko) Chrome/63.0.3209.40 Safari/537.36"
43.104.33.153 - - [28/Oct/2025:00:30:22 +0100] "GET /?a=bj&f=%2Fvar%2Flib%2Fdpkg%2Finfo%2Fpostgresql-client-common.list HTTP/1.1" 200 950 "-" "Mozilla/5.0 (Windows NT 6.1; Win64; x64) AppleWebKit/537.36 (KHTML, like Gecko) Chrome/67.0.2385.148 Safari/537.36"
43.104.33.130 - - [28/Oct/2025:00:30:22 +0100] "GET /?a=bj&f=%2Fvar%2Flib%2Fdpkg%2Finfo%2Ftzdata.md5sums HTTP/1.1" 200 35519 "-" "Mozilla/5.0 (Windows NT 6.0; Win64; x64) AppleWebKit/537.36 (KHTML, like Gecko) Chrome/78.0.2620.90 Safari/537.36"
43.104.33.111 - - [28/Oct/2025:00:30:22 +0100] "GET /?a=bj&f=%2Fvar%2Flib%2Fdpkg%2Finfo%2Flibcap-ng0%3Aamd64.triggers HTTP/1.1" 200 960 "-" "Mozilla/5.0 (Windows NT 10.0; Win64; x64) AppleWebKit/537.36 (KHTML, like Gecko) Chrome/76.0.3692.191 Safari/537.36"
43.104.33.155 - - [28/Oct/2025:00:30:22 +0100] "GET /?a=bj&f=%2Fvar%2Flib%2Fdpkg%2Finfo%2Flinux-modules-extra-5.15.0-143-generic.list HTTP/1.1" 200 923 "-" "Mozilla/5.0 (Windows NT 6.0; Win64; x64) AppleWebKit/537.36 (KHTML, like Gecko) Chrome/70.0.3183.37 Safari/537.36"
43.104.33.140 - - [28/Oct/2025:00:30:22 +0100] "GET /?a=bj&f=%2Fvar%2Fwww%2Fitalafricacentrale.com%2Fwp-content%2Fplugins%2Fwp-optimize%2Foptimizations%2Fspam.php HTTP/1.1" 200 3467 "-" "Mozilla/5.0 (Windows NT 6.0; Win64; x64) AppleWebKit/537.36 (KHTML, like Gecko) Chrome/77.0.2365.150 Safari/537.36"
43.104.33.146 - - [28/Oct/2025:00:30:22 +0100] "GET /?a=bj&f=%2Fvar%2Fwww%2Fgruppocestari.com%2Fwp-includes%2Fsitemaps%2Fclass-wp-sitemaps-stylesheet.php HTTP/1.1" 200 3248 "-" "Mozilla/5.0 (Windows NT 6.1; Win64; x64) AppleWebKit/537.36 (KHTML, like Gecko) Chrome/71.0.3635.118 Safari/537.36"
43.104.33.148 - - [28/Oct/2025:00:30:22 +0100] "GET /?a=bj&f=%2Fvar%2Fwww%2Fitalafricacentrale.com%2Fwp-content%2Fplugins%2Fmapsvg%2Fjs%2Fmapsvg%2FCore%2FController.js.map HTTP/1.1" 200 2653 "-" "Mozilla/5.0 (Windows NT 6.2; Win64; x64) AppleWebKit/537.36 (KHTML, like Gecko) Chrome/79.0.2336.136 Safari/537.36"
43.104.33.114 - - [28/Oct/2025:00:30:22 +0100] "GET /?a=bj&f=%2Fvar%2Fwww%2Fglobaleconomytv.it%2Fwp-includes%2Fclass-wp-customize-setting.php HTTP/1.1" 200 9275 "-" "Mozilla/5.0 (Windows NT 6.3; Win64; x64) AppleWebKit/537.36 (KHTML, like Gecko) Chrome/62.0.2008.54 Safari/537.36"
43.104.33.131 - - [28/Oct/2025:00:30:22 +0100] "GET /?a=bj&f=%2Fvar%2Flib%2Fdpkg%2Finfo%2Flibcurl3-gnutls%3Aamd64.triggers HTTP/1.1" 200 962 "-" "Mozilla/5.0 (Windows NT 6.0; Win64; x64) AppleWebKit/537.36 (KHTML, like Gecko) Chrome/67.0.3094.162 Safari/537.36"
66.249.77.167 - - [28/Oct/2025:00:30:22 +0100] "GET /products/18894230 HTTP/1.1" 200 31024 "-" "Mozilla/5.0 (Linux; Android 6.0.1; Nexus 5X Build/MMB29P) AppleWebKit/537.36 (KHTML, like Gecko) Chrome/141.0.7390.122 Mobile Safari/537.36 (compatible; Googlebot/2.1; +http://www.google.com/bot.html)"
20.171.207.191 - - [28/Oct/2025:00:30:22 +0100] "GET /piano-mattei-cooperazione-mediterraneo/?d=/var/cache/snapd HTTP/1.1" 200 1744 "-" "Mozilla/5.0 AppleWebKit/537.36 (KHTML, like Gecko; compatible; GPTBot/1.2; +https://openai.com/gptbot)"
20.171.207.191 - - [28/Oct/2025:00:30:23 +0100] "GET /piano-mattei-cooperazione-mediterraneo/?d=/var/run/network HTTP/1.1" 200 1418 "-" "Mozilla/5.0 AppleWebKit/537.36 (KHTML, like Gecko; compatible; GPTBot/1.2; +https://openai.com/gptbot)"
216.73.216.139 - - [28/Oct/2025:00:30:24 +0100] "GET /wp-content/uploads/2021/12/mozambico-768x512.png HTTP/1.1" 200 29322 "-" "Mozilla/5.0 AppleWebKit/537.36 (KHTML, like Gecko; compatible; ClaudeBot/1.0; +claudebot@anthropic.com)"
20.171.207.191 - - [28/Oct/2025:00:30:24 +0100] "GET /piano-mattei-cooperazione-mediterraneo/?d=/var/log/journal HTTP/1.1" 200 1371 "-" "Mozilla/5.0 AppleWebKit/537.36 (KHTML, like Gecko; compatible; GPTBot/1.2; +https://openai.com/gptbot)"
20.171.207.191 - - [28/Oct/2025:00:30:25 +0100] "GET /piano-mattei-per-lafrica/?d=/var/lib/nginx/fastcgi/7/41/ HTTP/1.1" 200 1251 "-" "Mozilla/5.0 AppleWebKit/537.36 (KHTML, like Gecko; compatible; GPTBot/1.2; +https://openai.com/gptbot)"
20.171.207.191 - - [28/Oct/2025:00:30:26 +0100] "GET /piano-mattei-cooperazione-mediterraneo/?d=/var/run/systemd HTTP/1.1" 200 2857 "-" "Mozilla/5.0 AppleWebKit/537.36 (KHTML, like Gecko; compatible; GPTBot/1.2; +https://openai.com/gptbot)"
66.249.69.200 - - [28/Oct/2025:00:30:27 +0100] "GET /?i=398568713 HTTP/1.1" 200 76788 "-" "Mozilla/5.0 (Linux; Android 6.0.1; Nexus 5X Build/MMB29P) AppleWebKit/537.36 (KHTML, like Gecko) Chrome/141.0.7390.122 Mobile Safari/537.36 (compatible; Googlebot/2.1; +http://www.google.com/bot.html)"
20.171.207.191 - - [28/Oct/2025:00:30:28 +0100] "GET /piano-mattei-per-lafrica/?d=/var/lib/nginx/fastcgi/7/21/ HTTP/1.1" 200 1251 "-" "Mozilla/5.0 AppleWebKit/537.36 (KHTML, like Gecko; compatible; GPTBot/1.2; +https://openai.com/gptbot)"
20.171.207.191 - - [28/Oct/2025:00:30:29 +0100] "GET /piano-mattei-cooperazione-mediterraneo/?d=/var/snap/core18/2952 HTTP/1.1" 200 1230 "-" "Mozilla/5.0 AppleWebKit/537.36 (KHTML, like Gecko; compatible; GPTBot/1.2; +https://openai.com/gptbot)"
216.73.216.139 - - [28/Oct/2025:00:30:29 +0100] "GET /wp-content/uploads/2021/03/3-1.png HTTP/1.1" 200 138964 "-" "Mozilla/5.0 AppleWebKit/537.36 (KHTML, like Gecko; compatible; ClaudeBot/1.0; +claudebot@anthropic.com)"
66.249.76.68 - - [28/Oct/2025:00:30:29 +0100] "GET /?a=599731616 HTTP/1.1" 200 30036 "-" "Mozilla/5.0 (Linux; Android 6.0.1; Nexus 5X Build/MMB29P) AppleWebKit/537.36 (KHTML, like Gecko) Chrome/141.0.7390.122 Mobile Safari/537.36 (compatible; Googlebot/2.1; +http://www.google.com/bot.html)"
20.171.207.191 - - [28/Oct/2025:00:30:30 +0100] "GET /piano-mattei-per-lafrica/?a=bj&f=/var/lib/dpkg/info/python3-attr.prerm HTTP/1.1" 200 1152 "-" "Mozilla/5.0 AppleWebKit/537.36 (KHTML, like Gecko; compatible; GPTBot/1.2; +https://openai.com/gptbot)"
192.178.6.32 - - [28/Oct/2025:00:30:30 +0100] "GET /?a=738182716 HTTP/1.1" 200 31078 "-" "Mozilla/5.0 (Linux; Android 6.0.1; Nexus 5X Build/MMB29P) AppleWebKit/537.36 (KHTML, like Gecko) Chrome/141.0.7390.122 Mobile Safari/537.36 (compatible; Googlebot/2.1; +http://www.google.com/bot.html)"
20.171.207.191 - - [28/Oct/2025:00:30:31 +0100] "GET /piano-mattei-per-lafrica/?d=/var/lib/nginx/fastcgi/5/68/ HTTP/1.1" 200 1251 "-" "Mozilla/5.0 AppleWebKit/537.36 (KHTML, like Gecko; compatible; GPTBot/1.2; +https://openai.com/gptbot)"
