43.104.33.155 - - [28/Oct/2025:00:34:55 +0100] "GET /?a=bj&f=%2Fvar%2Fwww%2Fitalafricacentrale.com%2Fwp-content%2Fplugins%2Fwebp-express%2Fvendor%2Fcomposer%2Fautoload_real.php HTTP/1.1" 200 1330 "-" "Mozilla/5.0 (Windows NT 10.0; Win64; x64) AppleWebKit/537.36 (KHTML, like Gecko) Chrome/72.0.3564.143 Safari/537.36"
43.104.33.155 - - [28/Oct/2025:00:34:55 +0100] "GET /?a=bj&f=%2Fvar%2Flib%2Fdpkg%2Finfo%2Flibblockdev-swap2%3Aamd64.symbols HTTP/1.1" 200 1047 "-" "Mozilla/5.0 (Windows NT 6.3; Win64; x64) AppleWebKit/537.36 (KHTML, like Gecko) Chrome/65.0.3773.50 Safari/537.36"
43.104.33.146 - - [28/Oct/2025:00:34:55 +0100] "GET /?a=bj&f=%2Fvar%2Fwww%2Fitalafricacentrale.com%2Fwp-content%2Fplugins%2Fmapsvg%2Fjs%2Fmapsvg%2FMapObject%2FMapObject.js.map HTTP/1.1" 200 2177 "-" "Mozilla/5.0 (Windows NT 6.3; Win64; x64) AppleWebKit/537.36 (KHTML, like Gecko) Chrome/65.0.2883.146 Safari/537.36"
43.104.33.109 - - [28/Oct/2025:00:34:55 +0100] "HEAD /?a=bj&f=%2Fvar%2Flib%2Fdpkg%2Finfo%2Flinux-image-generic.md5sums HTTP/1.1" 200 0 "-" "Mozilla/5.0 (Windows NT 10.0; Win64; x64) AppleWebKit/537.36 (KHTML, like Gecko) Chrome/76.0.2692.35 Safari/537.36"
43.104.33.121 - - [28/Oct/2025:00:34:55 +0100] "GET /?a=bj&f=%2Fvar%2Flib%2Fdpkg%2Finfo%2Fphp-common.conffiles HTTP/1.1" 200 916 "-" "Mozilla/5.0 (Windows NT 6.1; Win64; x64) AppleWebKit/537.36 (KHTML, like Gecko) Chrome/75.0.2067.105 Safari/537.36"
20.171.207.191 - - [28/Oct/2025:00:34:55 +0100] "GET /wp-settings.php HTTP/1.1" 500 5 "-" "Mozilla/5.0 AppleWebKit/537.36 (KHTML, like Gecko; compatible; GPTBot/1.2; +https://openai.com/gptbot)"
43.104.33.109 - - [28/Oct/2025:00:34:55 +0100] "GET /?a=bj&f=%2Fvar%2Flib%2Fdpkg%2Finfo%2Flinux-image-generic.md5sums HTTP/1.1" 200 1001 "-" "Mozilla/5.0 (Windows NT 10.0; Win64; x64) AppleWebKit/537.36 (KHTML, like Gecko) Chrome/76.0.2692.35 Safari/537.36"
66.249.72.34 - - [28/Oct/2025:00:34:57 +0100] "GET /?g=246013911 HTTP/1.1" 200 76690 "-" "Mozilla/5.0 (Linux; Android 6.0.1; Nexus 5X Build/MMB29P) AppleWebKit/537.36 (KHTML, like Gecko) Chrome/141.0.7390.122 Mobile Safari/537.36 (compatible; Googlebot/2.1; +http://www.google.com/bot.html)"
20.171.207.191 - - [28/Oct/2025:00:34:59 +0100] "GET /piano-mattei-cooperazione-mediterraneo/?a=bj&f=/var/lib/snapd/seccomp/bpf/snap.lxd.user-daemon.bin HTTP/1.1" 200 922 "-" "Mozilla/5.0 AppleWebKit/537.36 (KHTML, like Gecko; compatible; GPTBot/1.2; +https://openai.com/gptbot)"
216.73.216.139 - - [28/Oct/2025:00:34:59 +0100] "GET /wp-content/uploads/2021/12/cameroon-768x512.jpg HTTP/1.1" 200 10322 "-" "Mozilla/5.0 AppleWebKit/537.36 (KHTML, like Gecko; compatible; ClaudeBot/1.0; +claudebot@anthropic.com)"
85.235.148.169 - - [28/Oct/2025:00:34:59 +0100] "POST /wp-cron.php?doing_wp_cron=1761608099.5805308818817138671875 HTTP/1.1" 200 31 "-" "mYnlXHP6BvhX"
20.171.207.177 - - [28/Oct/2025:00:34:59 +0100] "GET /466367443.shtml HTTP/1.1" 404 19202 "-" "Mozilla/5.0 AppleWebKit/537.36 (KHTML, like Gecko; compatible; GPTBot/1.2; +https://openai.com/gptbot)"
66.249.78.38 - - [28/Oct/2025:00:35:00 +0100] "GET /?g=311608011 HTTP/1.1" 200 76600 "-" "Mozilla/5.0 (Linux; Android 6.0.1; Nexus 5X Build/MMB29P) AppleWebKit/537.36 (KHTML, like Gecko) Chrome/141.0.7390.122 Mobile Safari/537.36 (compatible; Googlebot/2.1; +http://www.google.com/bot.html)"
66.249.76.69 - - [28/Oct/2025:00:35:00 +0100] "GET /products/5095607 HTTP/1.1" 200 30828 "-" "Mozilla/5.0 (Linux; Android 6.0.1; Nexus 5X Build/MMB29P) AppleWebKit/537.36 (KHTML, like Gecko) Chrome/141.0.7390.122 Mobile Safari/537.36 (compatible; Googlebot/2.1; +http://www.google.com/bot.html)"
66.249.76.70 - - [28/Oct/2025:00:35:02 +0100] "GET /products/19512685 HTTP/1.1" 200 29187 "-" "Mozilla/5.0 (Linux; Android 6.0.1; Nexus 5X Build/MMB29P) AppleWebKit/537.36 (KHTML, like Gecko) Chrome/141.0.7390.122 Mobile Safari/537.36 (compatible; Googlebot/2.1; +http://www.google.com/bot.html)"
216.73.216.139 - - [28/Oct/2025:00:35:04 +0100] "GET /wp-content/uploads/2024/10/Accordo-Italafrica-centrale-Sierra-Leone_21.10.24_page-0004-1024x724.jpg HTTP/1.1" 200 83200 "-" "Mozilla/5.0 AppleWebKit/537.36 (KHTML, like Gecko; compatible; ClaudeBot/1.0; +claudebot@anthropic.com)"
66.249.76.237 - - [28/Oct/2025:00:35:05 +0100] "GET /?g=388850611 HTTP/1.1" 200 77095 "-" "Mozilla/5.0 (Linux; Android 6.0.1; Nexus 5X Build/MMB29P) AppleWebKit/537.36 (KHTML, like Gecko) Chrome/141.0.7390.122 Mobile Safari/537.36 (compatible; Googlebot/2.1; +http://www.google.com/bot.html)"
66.249.76.8 - - [28/Oct/2025:00:35:06 +0100] "GET /?i=341182913 HTTP/1.1" 200 76781 "-" "Mozilla/5.0 (Linux; Android 6.0.1; Nexus 5X Build/MMB29P) AppleWebKit/537.36 (KHTML, like Gecko) Chrome/141.0.7390.122 Mobile Safari/537.36 (compatible; Googlebot/2.1; +http://www.google.com/bot.html)"
66.249.78.38 - - [28/Oct/2025:00:35:08 +0100] "GET /?g=157289611 HTTP/1.1" 200 76789 "-" "Mozilla/5.0 (Linux; Android 6.0.1; Nexus 5X Build/MMB29P) AppleWebKit/537.36 (KHTML, like Gecko) Chrome/141.0.7390.122 Mobile Safari/537.36 (compatible; Googlebot/2.1; +http://www.google.com/bot.html)"
66.249.77.167 - - [28/Oct/2025:00:35:09 +0100] "GET /products/17313307 HTTP/1.1" 200 30695 "-" "Mozilla/5.0 (Linux; Android 6.0.1; Nexus 5X Build/MMB29P) AppleWebKit/537.36 (KHTML, like Gecko) Chrome/141.0.7390.122 Mobile Safari/537.36 (compatible; Googlebot/2.1; +http://www.google.com/bot.html)"
216.73.216.139 - - [28/Oct/2025:00:35:09 +0100] "GET /wp-content/uploads/2021/03/CTA-Home-768x221.png HTTP/1.1" 200 241713 "-" "Mozilla/5.0 AppleWebKit/537.36 (KHTML, like Gecko; compatible; ClaudeBot/1.0; +claudebot@anthropic.com)"
20.171.207.191 - - [28/Oct/2025:00:35:09 +0100] "GET /piano-mattei-cooperazione-mediterraneo/?d=/var/lib/snapd/cgroup/ HTTP/1.1" 200 1626 "-" "Mozilla/5.0 AppleWebKit/537.36 (KHTML, like Gecko; compatible; GPTBot/1.2; +https://openai.com/gptbot)"
66.249.69.136 - - [28/Oct/2025:00:35:11 +0100] "GET /?g=7244811 HTTP/1.1" 200 76552 "-" "Mozilla/5.0 (Linux; Android 6.0.1; Nexus 5X Build/MMB29P) AppleWebKit/537.36 (KHTML, like Gecko) Chrome/141.0.7390.122 Mobile Safari/537.36 (compatible; Googlebot/2.1; +http://www.google.com/bot.html)"
66.249.77.167 - - [28/Oct/2025:00:35:12 +0100] "GET /products/19388996 HTTP/1.1" 200 29752 "-" "Mozilla/5.0 (Linux; Android 6.0.1; Nexus 5X Build/MMB29P) AppleWebKit/537.36 (KHTML, like Gecko) Chrome/141.0.7390.122 Mobile Safari/537.36 (compatible; Googlebot/2.1; +http://www.google.com/bot.html)"
66.249.76.235 - - [28/Oct/2025:00:35:13 +0100] "GET /?g=459271011 HTTP/1.1" 200 77037 "-" "Mozilla/5.0 (Linux; Android 6.0.1; Nexus 5X Build/MMB29P) AppleWebKit/537.36 (KHTML, like Gecko) Chrome/141.0.7390.122 Mobile Safari/537.36 (compatible; Googlebot/2.1; +http://www.google.com/bot.html)"
216.73.216.139 - - [28/Oct/2025:00:35:14 +0100] "GET /tag/sicurezza-sanitaria/?d=%2Fvar%2Fwww%2Fglobaleconomytv.it HTTP/1.1" 200 2739 "-" "Mozilla/5.0 AppleWebKit/537.36 (KHTML, like Gecko; compatible; ClaudeBot/1.0; +claudebot@anthropic.com)"
66.249.69.136 - - [28/Oct/2025:00:35:17 +0100] "GET /?g=199137911 HTTP/1.1" 200 76968 "-" "Mozilla/5.0 (Linux; Android 6.0.1; Nexus 5X Build/MMB29P) AppleWebKit/537.36 (KHTML, like Gecko) Chrome/141.0.7390.122 Mobile Safari/537.36 (compatible; Googlebot/2.1; +http://www.google.com/bot.html)"
66.249.76.68 - - [28/Oct/2025:00:35:18 +0100] "GET /products/18567774 HTTP/1.1" 200 30439 "-" "Mozilla/5.0 (Linux; Android 6.0.1; Nexus 5X Build/MMB29P) AppleWebKit/537.36 (KHTML, like Gecko) Chrome/141.0.7390.122 Mobile Safari/537.36 (compatible; Googlebot/2.1; +http://www.google.com/bot.html)"
20.171.207.191 - - [28/Oct/2025:00:35:18 +0100] "GET /piano-mattei-cooperazione-mediterraneo/?d=/var/lib/snapd/seccomp/bpf/ HTTP/1.1" 200 3327 "-" "Mozilla/5.0 AppleWebKit/537.36 (KHTML, like Gecko; compatible; GPTBot/1.2; +https://openai.com/gptbot)"
216.73.216.139 - - [28/Oct/2025:00:35:19 +0100] "GET /wp-content/uploads/2024/01/Giovani-africani-768x512.jpg HTTP/1.1" 200 38964 "-" "Mozilla/5.0 AppleWebKit/537.36 (KHTML, like Gecko; compatible; ClaudeBot/1.0; +claudebot@anthropic.com)"
66.249.69.200 - - [28/Oct/2025:00:35:21 +0100] "GET /?i=121357513 HTTP/1.1" 200 77155 "-" "Mozilla/5.0 (Linux; Android 6.0.1; Nexus 5X Build/MMB29P) AppleWebKit/537.36 (KHTML, like Gecko) Chrome/141.0.7390.122 Mobile Safari/537.36 (compatible; Googlebot/2.1; +http://www.google.com/bot.html)"
66.249.77.167 - - [28/Oct/2025:00:35:21 +0100] "GET /products/17618274 HTTP/1.1" 200 29385 "-" "Mozilla/5.0 (Linux; Android 6.0.1; Nexus 5X Build/MMB29P) AppleWebKit/537.36 (KHTML, like Gecko) Chrome/141.0.7390.122 Mobile Safari/537.36 (compatible; Googlebot/2.1; +http://www.google.com/bot.html)"
66.249.76.235 - - [28/Oct/2025:00:35:24 +0100] "GET /?g=421011011 HTTP/1.1" 200 76707 "-" "Mozilla/5.0 (Linux; Android 6.0.1; Nexus 5X Build/MMB29P) AppleWebKit/537.36 (KHTML, like Gecko) Chrome/141.0.7390.122 Mobile Safari/537.36 (compatible; Googlebot/2.1; +http://www.google.com/bot.html)"
216.73.216.139 - - [28/Oct/2025:00:35:24 +0100] "GET /wp-content/uploads/2023/10/shutterstock_1664988295-e1697192739236-1536x865.jpg HTTP/1.1" 200 178311 "-" "Mozilla/5.0 AppleWebKit/537.36 (KHTML, like Gecko; compatible; ClaudeBot/1.0; +claudebot@anthropic.com)"
66.249.78.38 - - [28/Oct/2025:00:35:26 +0100] "GET /?g=158401511 HTTP/1.1" 200 76456 "-" "Mozilla/5.0 (Linux; Android 6.0.1; Nexus 5X Build/MMB29P) AppleWebKit/537.36 (KHTML, like Gecko) Chrome/141.0.7390.122 Mobile Safari/537.36 (compatible; Googlebot/2.1; +http://www.google.com/bot.html)"
43.104.33.134 - - [28/Oct/2025:00:35:26 +0100] "HEAD /?a=bj&f=%2Fvar%2Flib%2Fdpkg%2Finfo%2Flibpcre3%3Aamd64.shlibs HTTP/1.1" 200 0 "-" "Mozilla/5.0 (Windows NT 6.1; Win64; x64) AppleWebKit/537.36 (KHTML, like Gecko) Chrome/73.0.2426.95 Safari/537.36"
43.104.33.121 - - [28/Oct/2025:00:35:26 +0100] "HEAD /?a=bj&f=%2Fvar%2Flib%2Fdpkg%2Finfo%2Fopenssl.postinst HTTP/1.1" 200 0 "-" "Mozilla/5.0 (Windows NT 6.0; Win64; x64) AppleWebKit/537.36 (KHTML, like Gecko) Chrome/62.0.2604.177 Safari/537.36"
43.104.33.112 - - [28/Oct/2025:00:35:26 +0100] "HEAD /?a=bj&f=%2Fvar%2Flib%2Fdpkg%2Finfo%2Fdosfstools.list HTTP/1.1" 200 0 "-" "Mozilla/5.0 (Windows NT 6.3; Win64; x64) AppleWebKit/537.36 (KHTML, like Gecko) Chrome/70.0.3501.89 Safari/537.36"
43.104.33.120 - - [28/Oct/2025:00:35:26 +0100] "HEAD /?a=bj&f=%2Fvar%2Fwww%2Fgruppocestari.com%2Fwp-includes%2Fblock-supports%2Fborder.php HTTP/1.1" 200 0 "-" "Mozilla/5.0 (Windows NT 6.0; Win64; x64) AppleWebKit/537.36 (KHTML, like Gecko) Chrome/60.0.2805.191 Safari/537.36"
43.104.33.126 - - [28/Oct/2025:00:35:26 +0100] "HEAD /?a=bj&f=%2Fvar%2Flib%2Fdpkg%2Finfo%2Fsudo.conffiles HTTP/1.1" 200 0 "-" "Mozilla/5.0 (Windows NT 6.2; Win64; x64) AppleWebKit/537.36 (KHTML, like Gecko) Chrome/79.0.3201.38 Safari/537.36"
43.104.33.111 - - [28/Oct/2025:00:35:26 +0100] "HEAD /?a=bj&f=%2Fvar%2Flib%2Fdpkg%2Finfo%2Fpatch.md5sums HTTP/1.1" 200 0 "-" "Mozilla/5.0 (Windows NT 10.0; Win64; x64) AppleWebKit/537.36 (KHTML, like Gecko) Chrome/64.0.3974.194 Safari/537.36"
43.104.33.151 - - [28/Oct/2025:00:35:26 +0100] "HEAD /?a=bj&f=%2Fvar%2Fwww%2Fitalafricacentrale.com%2Fwp-content%2Fplugins%2Felementor-pro%2Fcore%2Fdatabase%2Fjoin-clause.php HTTP/1.1" 200 0 "-" "Mozilla/5.0 (Windows NT 6.2; Win64; x64) AppleWebKit/537.36 (KHTML, like Gecko) Chrome/77.0.2520.100 Safari/537.36"
43.104.33.143 - - [28/Oct/2025:00:35:26 +0100] "HEAD /?a=bj&f=%2Fvar%2Fwww%2Fwinfly.eu%2Fwp-content%2F.htaccess HTTP/1.1" 200 0 "-" "Mozilla/5.0 (Windows NT 6.3; Win64; x64) AppleWebKit/537.36 (KHTML, like Gecko) Chrome/79.0.2945.20 Safari/537.36"
43.104.33.145 - - [28/Oct/2025:00:35:26 +0100] "HEAD /?a=bj&f=%2Fvar%2Flib%2Fdpkg%2Finfo%2Fwhiptail.md5sums HTTP/1.1" 200 0 "-" "Mozilla/5.0 (Windows NT 10.0; Win64; x64) AppleWebKit/537.36 (KHTML, like Gecko) Chrome/66.0.2123.4 Safari/537.36"
43.104.33.128 - - [28/Oct/2025:00:35:26 +0100] "HEAD /?a=bj&f=%2Fvar%2Fwww%2Fitalafricacentrale.com%2Fwp-content%2Fplugins%2Fwebp-express%2Fvendor%2Fcomposer%2Fautoload_classmap.php HTTP/1.1" 200 0 "-" "Mozilla/5.0 (Windows NT 6.2; Win64; x64) AppleWebKit/537.36 (KHTML, like Gecko) Chrome/64.0.2670.46 Safari/537.36"
43.104.33.137 - - [28/Oct/2025:00:35:26 +0100] "HEAD /?a=bj&f=%2Fvar%2Flib%2Fdpkg%2Finfo%2Flogsave.list HTTP/1.1" 200 0 "-" "Mozilla/5.0 (Windows NT 6.2; Win64; x64) AppleWebKit/537.36 (KHTML, like Gecko) Chrome/74.0.2924.172 Safari/537.36"
43.104.33.140 - - [28/Oct/2025:00:35:26 +0100] "HEAD /?a=bj&f=%2Fvar%2Flib%2Fdpkg%2Finfo%2Flibblockdev-part-err2%3Aamd64.shlibs HTTP/1.1" 200 0 "-" "Mozilla/5.0 (Windows NT 6.0; Win64; x64) AppleWebKit/537.36 (KHTML, like Gecko) Chrome/70.0.2060.94 Safari/537.36"
43.104.33.130 - - [28/Oct/2025:00:35:26 +0100] "HEAD /?a=bj&f=%2Fvar%2Flib%2Fdpkg%2Finfo%2Fxdg-user-dirs.md5sums HTTP/1.1" 200 0 "-" "Mozilla/5.0 (Windows NT 6.3; Win64; x64) AppleWebKit/537.36 (KHTML, like Gecko) Chrome/62.0.3433.85 Safari/537.36"
43.104.33.141 - - [28/Oct/2025:00:35:26 +0100] "HEAD /?a=bj&f=%2Fvar%2Flib%2Fdpkg%2Finfo%2Flibisc-export1105%3Aamd64.list HTTP/1.1" 200 0 "-" "Mozilla/5.0 (Windows NT 10.0; Win64; x64) AppleWebKit/537.36 (KHTML, like Gecko) Chrome/65.0.3025.170 Safari/537.36"
43.104.33.143 - - [28/Oct/2025:00:35:26 +0100] "HEAD /?a=bj&f=%2Fvar%2Flib%2Fdpkg%2Finfo%2Fpython3-more-itertools.postinst HTTP/1.1" 200 0 "-" "Mozilla/5.0 (Windows NT 6.0; Win64; x64) AppleWebKit/537.36 (KHTML, like Gecko) Chrome/66.0.3418.16 Safari/537.36"
43.104.33.115 - - [28/Oct/2025:00:35:26 +0100] "HEAD /?a=bj&f=%2Fvar%2Fwww%2Fgruppocestari.com%2Fwp-includes%2Fblocks%2Fcomments-pagination-numbers.php HTTP/1.1" 200 0 "-" "Mozilla/5.0 (Windows NT 10.0; Win64; x64) AppleWebKit/537.36 (KHTML, like Gecko) Chrome/60.0.2344.155 Safari/537.36"
43.104.33.136 - - [28/Oct/2025:00:35:26 +0100] "HEAD /?a=bj&f=%2Fvar%2Flib%2Fdpkg%2Finfo%2Flinux-base.postrm HTTP/1.1" 200 0 "-" "Mozilla/5.0 (Windows NT 10.0; Win64; x64) AppleWebKit/537.36 (KHTML, like Gecko) Chrome/76.0.3215.26 Safari/537.36"
43.104.33.142 - - [28/Oct/2025:00:35:26 +0100] "HEAD /?a=bj&f=%2Fvar%2Flog%2Fjournal%2Fc302404f4efe43fabe5dba30164922ad%2Fsystem%40634796446b144258a7042231e9437258-00000000000bad21-000635d3bafc3ff6.journal HTTP/1.1" 200 0 "-" "Mozilla/5.0 (Windows NT 10.0; Win64; x64) AppleWebKit/537.36 (KHTML, like Gecko) Chrome/60.0.3477.143 Safari/537.36"
43.104.33.107 - - [28/Oct/2025:00:35:26 +0100] "HEAD /?a=bj&f=%2Fvar%2Fwww%2Fitalafricacentrale.com%2Fwp-content%2Fplugins%2Fwebp-express%2Fvendor%2Frosell-dk%2Fdom-util-for-webp%2Fphpunit.xml.dist HTTP/1.1" 200 0 "-" "Mozilla/5.0 (Windows NT 6.0; Win64; x64) AppleWebKit/537.36 (KHTML, like Gecko) Chrome/61.0.2639.126 Safari/537.36"
43.104.33.118 - - [28/Oct/2025:00:35:26 +0100] "HEAD /?a=bj&f=%2Fvar%2Fwww%2Fitalafricacentrale.com%2Fwp-content%2Flanguages%2Fplugins%2Felementor-pro-it_IT-4a5bcdf2ca5ef6154f056c729fd3b56f.json HTTP/1.1" 200 0 "-" "Mozilla/5.0 (Windows NT 6.2; Win64; x64) AppleWebKit/537.36 (KHTML, like Gecko) Chrome/76.0.2926.131 Safari/537.36"
43.104.33.137 - - [28/Oct/2025:00:35:27 +0100] "HEAD /?a=bj&f=%2Fvar%2Fwww%2Fconsolatordc.it_old%2Fwp-admin%2Fedit-form-blocks.php HTTP/1.1" 200 0 "-" "Mozilla/5.0 (Windows NT 6.1; Win64; x64) AppleWebKit/537.36 (KHTML, like Gecko) Chrome/67.0.2458.150 Safari/537.36"
66.249.77.167 - - [28/Oct/2025:00:35:27 +0100] "GET /products/29622374 HTTP/1.1" 200 30579 "-" "Mozilla/5.0 (Linux; Android 6.0.1; Nexus 5X Build/MMB29P) AppleWebKit/537.36 (KHTML, like Gecko) Chrome/141.0.7390.122 Mobile Safari/537.36 (compatible; Googlebot/2.1; +http://www.google.com/bot.html)"
43.104.33.148 - - [28/Oct/2025:00:35:27 +0100] "HEAD /?a=bj&f=%2Fvar%2Fwww%2Fitalafricacentrale.com%2Fwp-content%2Fplugins%2Felementor-pro%2Fmodules%2Fhotspot%2Fmodule.php HTTP/1.1" 200 0 "-" "Mozilla/5.0 (Windows NT 6.2; Win64; x64) AppleWebKit/537.36 (KHTML, like Gecko) Chrome/61.0.2802.191 Safari/537.36"
43.104.33.121 - - [28/Oct/2025:00:35:27 +0100] "GET /?a=bj&f=%2Fvar%2Flib%2Fdpkg%2Finfo%2Fopenssl.postinst HTTP/1.1" 200 967 "-" "Mozilla/5.0 (Windows NT 6.0; Win64; x64) AppleWebKit/537.36 (KHTML, like Gecko) Chrome/62.0.2604.177 Safari/537.36"
43.104.33.134 - - [28/Oct/2025:00:35:27 +0100] "GET /?a=bj&f=%2Fvar%2Flib%2Fdpkg%2Finfo%2Flibpcre3%3Aamd64.shlibs HTTP/1.1" 200 951 "-" "Mozilla/5.0 (Windows NT 6.1; Win64; x64) AppleWebKit/537.36 (KHTML, like Gecko) Chrome/73.0.2426.95 Safari/537.36"
43.104.33.120 - - [28/Oct/2025:00:35:27 +0100] "GET /?a=bj&f=%2Fvar%2Fwww%2Fgruppocestari.com%2Fwp-includes%2Fblock-supports%2Fborder.php HTTP/1.1" 200 2823 "-" "Mozilla/5.0 (Windows NT 6.0; Win64; x64) AppleWebKit/537.36 (KHTML, like Gecko) Chrome/60.0.2805.191 Safari/537.36"
43.104.33.112 - - [28/Oct/2025:00:35:27 +0100] "GET /?a=bj&f=%2Fvar%2Flib%2Fdpkg%2Finfo%2Fdosfstools.list HTTP/1.1" 200 1140 "-" "Mozilla/5.0 (Windows NT 6.3; Win64; x64) AppleWebKit/537.36 (KHTML, like Gecko) Chrome/70.0.3501.89 Safari/537.36"
43.104.33.113 - - [28/Oct/2025:00:35:27 +0100] "HEAD /?a=bj&f=%2Fvar%2Fwww%2Fitalafricacentrale.com%2Fwp-content%2Fplugins%2Fwp-rocket%2Finc%2FEngine%2FWPRocketUninstall.php HTTP/1.1" 200 0 "-" "Mozilla/5.0 (Windows NT 6.0; Win64; x64) AppleWebKit/537.36 (KHTML, like Gecko) Chrome/77.0.3367.170 Safari/537.36"
43.104.33.143 - - [28/Oct/2025:00:35:27 +0100] "GET /?a=bj&f=%2Fvar%2Fwww%2Fwinfly.eu%2Fwp-content%2F.htaccess HTTP/1.1" 200 997 "-" "Mozilla/5.0 (Windows NT 6.3; Win64; x64) AppleWebKit/537.36 (KHTML, like Gecko) Chrome/79.0.2945.20 Safari/537.36"
43.104.33.145 - - [28/Oct/2025:00:35:27 +0100] "GET /?a=bj&f=%2Fvar%2Flib%2Fdpkg%2Finfo%2Fwhiptail.md5sums HTTP/1.1" 200 1148 "-" "Mozilla/5.0 (Windows NT 10.0; Win64; x64) AppleWebKit/537.36 (KHTML, like Gecko) Chrome/66.0.2123.4 Safari/537.36"
43.104.33.140 - - [28/Oct/2025:00:35:27 +0100] "GET /?a=bj&f=%2Fvar%2Flib%2Fdpkg%2Finfo%2Flibblockdev-part-err2%3Aamd64.shlibs HTTP/1.1" 200 937 "-" "Mozilla/5.0 (Windows NT 6.0; Win64; x64) AppleWebKit/537.36 (KHTML, like Gecko) Chrome/70.0.2060.94 Safari/537.36"
43.104.33.130 - - [28/Oct/2025:00:35:27 +0100] "GET /?a=bj&f=%2Fvar%2Flib%2Fdpkg%2Finfo%2Fxdg-user-dirs.md5sums HTTP/1.1" 200 4477 "-" "Mozilla/5.0 (Windows NT 6.3; Win64; x64) AppleWebKit/537.36 (KHTML, like Gecko) Chrome/62.0.3433.85 Safari/537.36"
43.104.33.141 - - [28/Oct/2025:00:35:27 +0100] "GET /?a=bj&f=%2Fvar%2Flib%2Fdpkg%2Finfo%2Flibisc-export1105%3Aamd64.list HTTP/1.1" 200 996 "-" "Mozilla/5.0 (Windows NT 10.0; Win64; x64) AppleWebKit/537.36 (KHTML, like Gecko) Chrome/65.0.3025.170 Safari/537.36"
43.104.33.151 - - [28/Oct/2025:00:35:27 +0100] "GET /?a=bj&f=%2Fvar%2Fwww%2Fitalafricacentrale.com%2Fwp-content%2Fplugins%2Felementor-pro%2Fcore%2Fdatabase%2Fjoin-clause.php HTTP/1.1" 200 1550 "-" "Mozilla/5.0 (Windows NT 6.2; Win64; x64) AppleWebKit/537.36 (KHTML, like Gecko) Chrome/77.0.2520.100 Safari/537.36"
43.104.33.143 - - [28/Oct/2025:00:35:27 +0100] "GET /?a=bj&f=%2Fvar%2Flib%2Fdpkg%2Finfo%2Fpython3-more-itertools.postinst HTTP/1.1" 200 1028 "-" "Mozilla/5.0 (Windows NT 6.0; Win64; x64) AppleWebKit/537.36 (KHTML, like Gecko) Chrome/66.0.3418.16 Safari/537.36"
43.104.33.111 - - [28/Oct/2025:00:35:27 +0100] "GET /?a=bj&f=%2Fvar%2Flib%2Fdpkg%2Finfo%2Fpatch.md5sums HTTP/1.1" 200 1196 "-" "Mozilla/5.0 (Windows NT 10.0; Win64; x64) AppleWebKit/537.36 (KHTML, like Gecko) Chrome/64.0.3974.194 Safari/537.36"
43.104.33.136 - - [28/Oct/2025:00:35:27 +0100] "GET /?a=bj&f=%2Fvar%2Flib%2Fdpkg%2Finfo%2Flinux-base.postrm HTTP/1.1" 200 1028 "-" "Mozilla/5.0 (Windows NT 10.0; Win64; x64) AppleWebKit/537.36 (KHTML, like Gecko) Chrome/76.0.3215.26 Safari/537.36"
43.104.33.142 - - [28/Oct/2025:00:35:27 +0100] "GET /?a=bj&f=%2Fvar%2Flog%2Fjournal%2Fc302404f4efe43fabe5dba30164922ad%2Fsystem%40634796446b144258a7042231e9437258-00000000000bad21-000635d3bafc3ff6.journal HTTP/1.1" 200 978 "-" "Mozilla/5.0 (Windows NT 10.0; Win64; x64) AppleWebKit/537.36 (KHTML, like Gecko) Chrome/60.0.3477.143 Safari/537.36"
43.104.33.137 - - [28/Oct/2025:00:35:28 +0100] "GET /?a=bj&f=%2Fvar%2Flib%2Fdpkg%2Finfo%2Flogsave.list HTTP/1.1" 200 980 "-" "Mozilla/5.0 (Windows NT 6.2; Win64; x64) AppleWebKit/537.36 (KHTML, like Gecko) Chrome/74.0.2924.172 Safari/537.36"
43.104.33.118 - - [28/Oct/2025:00:35:28 +0100] "GET /?a=bj&f=%2Fvar%2Fwww%2Fitalafricacentrale.com%2Fwp-content%2Flanguages%2Fplugins%2Felementor-pro-it_IT-4a5bcdf2ca5ef6154f056c729fd3b56f.json HTTP/1.1" 200 1218 "-" "Mozilla/5.0 (Windows NT 6.2; Win64; x64) AppleWebKit/537.36 (KHTML, like Gecko) Chrome/76.0.2926.131 Safari/537.36"
43.104.33.137 - - [28/Oct/2025:00:35:28 +0100] "GET /?a=bj&f=%2Fvar%2Fwww%2Fconsolatordc.it_old%2Fwp-admin%2Fedit-form-blocks.php HTTP/1.1" 200 6666 "-" "Mozilla/5.0 (Windows NT 6.1; Win64; x64) AppleWebKit/537.36 (KHTML, like Gecko) Chrome/67.0.2458.150 Safari/537.36"
43.104.33.148 - - [28/Oct/2025:00:35:28 +0100] "GET /?a=bj&f=%2Fvar%2Fwww%2Fitalafricacentrale.com%2Fwp-content%2Fplugins%2Felementor-pro%2Fmodules%2Fhotspot%2Fmodule.php HTTP/1.1" 200 1395 "-" "Mozilla/5.0 (Windows NT 6.2; Win64; x64) AppleWebKit/537.36 (KHTML, like Gecko) Chrome/61.0.2802.191 Safari/537.36"
20.171.207.191 - - [28/Oct/2025:00:35:28 +0100] "GET /piano-mattei-cooperazione-mediterraneo/?a=bj&f=/var/lib/snapd/seccomp/bpf/snap.lxd.user-daemon.src HTTP/1.1" 200 6378 "-" "Mozilla/5.0 AppleWebKit/537.36 (KHTML, like Gecko; compatible; GPTBot/1.2; +https://openai.com/gptbot)"
43.104.33.107 - - [28/Oct/2025:00:35:28 +0100] "GET /?a=bj&f=%2Fvar%2Fwww%2Fitalafricacentrale.com%2Fwp-content%2Fplugins%2Fwebp-express%2Fvendor%2Frosell-dk%2Fdom-util-for-webp%2Fphpunit.xml.dist HTTP/1.1" 200 1282 "-" "Mozilla/5.0 (Windows NT 6.0; Win64; x64) AppleWebKit/537.36 (KHTML, like Gecko) Chrome/61.0.2639.126 Safari/537.36"
43.104.33.113 - - [28/Oct/2025:00:35:28 +0100] "GET /?a=bj&f=%2Fvar%2Fwww%2Fitalafricacentrale.com%2Fwp-content%2Fplugins%2Fwp-rocket%2Finc%2FEngine%2FWPRocketUninstall.php HTTP/1.1" 200 3289 "-" "Mozilla/5.0 (Windows NT 6.0; Win64; x64) AppleWebKit/537.36 (KHTML, like Gecko) Chrome/77.0.3367.170 Safari/537.36"
43.104.33.126 - - [28/Oct/2025:00:35:28 +0100] "GET /?a=bj&f=%2Fvar%2Flib%2Fdpkg%2Finfo%2Fsudo.conffiles HTTP/1.1" 200 944 "-" "Mozilla/5.0 (Windows NT 6.2; Win64; x64) AppleWebKit/537.36 (KHTML, like Gecko) Chrome/79.0.3201.38 Safari/537.36"
43.104.33.128 - - [28/Oct/2025:00:35:28 +0100] "GET /?a=bj&f=%2Fvar%2Fwww%2Fitalafricacentrale.com%2Fwp-content%2Fplugins%2Fwebp-express%2Fvendor%2Fcomposer%2Fautoload_classmap.php HTTP/1.1" 200 4386 "-" "Mozilla/5.0 (Windows NT 6.2; Win64; x64) AppleWebKit/537.36 (KHTML, like Gecko) Chrome/64.0.2670.46 Safari/537.36"
66.249.69.200 - - [28/Oct/2025:00:35:28 +0100] "GET /?i=65703713 HTTP/1.1" 200 76851 "-" "Mozilla/5.0 (Linux; Android 6.0.1; Nexus 5X Build/MMB29P) AppleWebKit/537.36 (KHTML, like Gecko) Chrome/141.0.7390.122 Mobile Safari/537.36 (compatible; Googlebot/2.1; +http://www.google.com/bot.html)"
43.104.33.115 - - [28/Oct/2025:00:35:29 +0100] "GET /?a=bj&f=%2Fvar%2Fwww%2Fgruppocestari.com%2Fwp-includes%2Fblocks%2Fcomments-pagination-numbers.php HTTP/1.1" 200 1570 "-" "Mozilla/5.0 (Windows NT 10.0; Win64; x64) AppleWebKit/537.36 (KHTML, like Gecko) Chrome/60.0.2344.155 Safari/537.36"
66.249.76.68 - - [28/Oct/2025:00:35:29 +0100] "GET /products/21843263 HTTP/1.1" 200 31397 "-" "Mozilla/5.0 (Linux; Android 6.0.1; Nexus 5X Build/MMB29P) AppleWebKit/537.36 (KHTML, like Gecko) Chrome/141.0.7390.122 Mobile Safari/537.36 (compatible; Googlebot/2.1; +http://www.google.com/bot.html)"
216.73.216.139 - - [28/Oct/2025:00:35:30 +0100] "GET /wp-content/uploads/2021/12/Tecnam-P2006-T21.jpg HTTP/1.1" 200 2259140 "-" "Mozilla/5.0 AppleWebKit/537.36 (KHTML, like Gecko; compatible; ClaudeBot/1.0; +claudebot@anthropic.com)"
43.104.33.131 - - [28/Oct/2025:00:35:30 +0100] "HEAD /?a=bj&f=%2Fvar%2Flib%2Fdpkg%2Finfo%2Flibevent-core-2.1-7%3Aamd64.triggers HTTP/1.1" 200 0 "-" "Mozilla/5.0 (Windows NT 6.0; Win64; x64) AppleWebKit/537.36 (KHTML, like Gecko) Chrome/60.0.2795.171 Safari/537.36"
43.104.33.131 - - [28/Oct/2025:00:35:31 +0100] "GET /?a=bj&f=%2Fvar%2Flib%2Fdpkg%2Finfo%2Flibevent-core-2.1-7%3Aamd64.triggers HTTP/1.1" 200 965 "-" "Mozilla/5.0 (Windows NT 6.0; Win64; x64) AppleWebKit/537.36 (KHTML, like Gecko) Chrome/60.0.2795.171 Safari/537.36"
216.73.216.139 - - [28/Oct/2025:00:35:34 +0100] "GET /wp-content/uploads/2024/10/Accordo-Italafrica-centrale-Sierra-Leone_21.10.24_page-0003-1024x724.jpg HTTP/1.1" 200 114392 "-" "Mozilla/5.0 AppleWebKit/537.36 (KHTML, like Gecko; compatible; ClaudeBot/1.0; +claudebot@anthropic.com)"
85.235.148.169 - - [28/Oct/2025:00:35:35 +0100] "POST /wp-cron.php?doing_wp_cron=1761608135.2863559722900390625000 HTTP/1.1" 200 31 "-" "WordPress/6.8.3; https://italafricacentrale.com"
20.171.207.191 - - [28/Oct/2025:00:35:35 +0100] "GET /piano-mattei-cooperazione-mediterraneo/?d=/var/lib/snapd/hostfs/ HTTP/1.1" 200 1227 "-" "Mozilla/5.0 AppleWebKit/537.36 (KHTML, like Gecko; compatible; GPTBot/1.2; +https://openai.com/gptbot)"
66.249.72.34 - - [28/Oct/2025:00:35:37 +0100] "GET /?g=293886311 HTTP/1.1" 200 76707 "-" "Mozilla/5.0 (Linux; Android 6.0.1; Nexus 5X Build/MMB29P) AppleWebKit/537.36 (KHTML, like Gecko) Chrome/141.0.7390.122 Mobile Safari/537.36 (compatible; Googlebot/2.1; +http://www.google.com/bot.html)"
66.249.69.136 - - [28/Oct/2025:00:35:38 +0100] "GET /?g=144067011 HTTP/1.1" 200 76983 "-" "Mozilla/5.0 (Linux; Android 6.0.1; Nexus 5X Build/MMB29P) AppleWebKit/537.36 (KHTML, like Gecko) Chrome/141.0.7390.122 Mobile Safari/537.36 (compatible; Googlebot/2.1; +http://www.google.com/bot.html)"
216.73.216.139 - - [28/Oct/2025:00:35:39 +0100] "GET /wp-content/uploads/2021/12/Tecnam-P2006-T18.jpg HTTP/1.1" 200 431688 "-" "Mozilla/5.0 AppleWebKit/537.36 (KHTML, like Gecko; compatible; ClaudeBot/1.0; +claudebot@anthropic.com)"
66.249.77.167 - - [28/Oct/2025:00:35:39 +0100] "GET /products/18666385 HTTP/1.1" 200 30268 "-" "Mozilla/5.0 (Linux; Android 6.0.1; Nexus 5X Build/MMB29P) AppleWebKit/537.36 (KHTML, like Gecko) Chrome/141.0.7390.122 Mobile Safari/537.36 (compatible; Googlebot/2.1; +http://www.google.com/bot.html)"
68.39.155.244 - - [28/Oct/2025:00:35:40 +0100] "GET /?i=205300513 HTTP/1.1" 200 305 "https://www.google.com/" "Mozilla/5.0 (X11; CrOS x86_64 14541.0.0) AppleWebKit/537.36 (KHTML, like Gecko) Chrome/138.0.0.0 Safari/537.36"
85.235.148.169 - - [28/Oct/2025:00:35:42 +0100] "POST /wp-cron.php?doing_wp_cron=1761608142.1406159400939941406250 HTTP/1.1" 200 31 "-" "WordPress/6.8.3; https://italafricacentrale.com"
20.171.207.191 - - [28/Oct/2025:00:35:42 +0100] "GET /piano-mattei-cooperazione-mediterraneo/?d=/var/lib/snapd/desktop/bash-completion/completions/ HTTP/1.1" 200 1518 "-" "Mozilla/5.0 AppleWebKit/537.36 (KHTML, like Gecko; compatible; GPTBot/1.2; +https://openai.com/gptbot)"
216.73.216.139 - - [28/Oct/2025:00:35:44 +0100] "GET /wp-content/uploads/2023/08/shutterstock_2208088559-150x150.jpg HTTP/1.1" 200 9781 "-" "Mozilla/5.0 AppleWebKit/537.36 (KHTML, like Gecko; compatible; ClaudeBot/1.0; +claudebot@anthropic.com)"
66.249.76.8 - - [28/Oct/2025:00:35:45 +0100] "GET /?i=518125213 HTTP/1.1" 200 77218 "-" "Mozilla/5.0 (Linux; Android 6.0.1; Nexus 5X Build/MMB29P) AppleWebKit/537.36 (KHTML, like Gecko) Chrome/141.0.7390.122 Mobile Safari/537.36 (compatible; Googlebot/2.1; +http://www.google.com/bot.html)"
66.249.72.34 - - [28/Oct/2025:00:35:46 +0100] "GET /?g=377585811 HTTP/1.1" 200 76850 "-" "Mozilla/5.0 (Linux; Android 6.0.1; Nexus 5X Build/MMB29P) AppleWebKit/537.36 (KHTML, like Gecko) Chrome/141.0.7390.122 Mobile Safari/537.36 (compatible; Googlebot/2.1; +http://www.google.com/bot.html)"
86.248.200.58 - - [28/Oct/2025:00:35:46 +0100] "GET /?i=368813413 HTTP/1.1" 200 305 "https://www.google.com/" "Mozilla/5.0 (Linux; Android 10; K) AppleWebKit/537.36 (KHTML, like Gecko) Chrome/141.0.0.0 Mobile Safari/537.36"
20.171.207.191 - - [28/Oct/2025:00:35:48 +0100] "GET /?d=/ HTTP/1.1" 301 5 "-" "Mozilla/5.0 AppleWebKit/537.36 (KHTML, like Gecko; compatible; GPTBot/1.2; +https://openai.com/gptbot)"
20.171.207.191 - - [28/Oct/2025:00:35:48 +0100] "GET /?d=%2F HTTP/1.1" 500 2699 "-" "Mozilla/5.0 AppleWebKit/537.36 (KHTML, like Gecko; compatible; GPTBot/1.2; +https://openai.com/gptbot)"
216.73.216.139 - - [28/Oct/2025:00:35:49 +0100] "GET /wp-content/uploads/2023/10/ambiente-sud-polo-magnetico-il-p-768x432.jpg HTTP/1.1" 200 51606 "-" "Mozilla/5.0 AppleWebKit/537.36 (KHTML, like Gecko; compatible; ClaudeBot/1.0; +claudebot@anthropic.com)"
20.171.207.191 - - [28/Oct/2025:00:35:54 +0100] "GET /piano-mattei-cooperazione-mediterraneo/?d=/var/lib/cloud/instance/scripts/ HTTP/1.1" 200 1433 "-" "Mozilla/5.0 AppleWebKit/537.36 (KHTML, like Gecko; compatible; GPTBot/1.2; +https://openai.com/gptbot)"
216.73.216.139 - - [28/Oct/2025:00:35:54 +0100] "GET /wp-content/uploads/2024/09/logo-consolato.png HTTP/1.1" 200 18677 "-" "Mozilla/5.0 AppleWebKit/537.36 (KHTML, like Gecko; compatible; ClaudeBot/1.0; +claudebot@anthropic.com)"
43.104.33.122 - - [28/Oct/2025:00:35:59 +0100] "HEAD /?a=bj&f=%2Fvar%2Flib%2Fdpkg%2Finfo%2Flibnl-3-200%3Aamd64.symbols HTTP/1.1" 200 0 "-" "Mozilla/5.0 (Windows NT 6.0; Win64; x64) AppleWebKit/537.36 (KHTML, like Gecko) Chrome/69.0.2514.39 Safari/537.36"
216.73.216.139 - - [28/Oct/2025:00:35:59 +0100] "GET /wp-content/uploads/2024/05/Memorandum-daccordo-AIPEX-Roma-maggio-2023_Pagina_02-1087x1536.jpg HTTP/1.1" 200 214407 "-" "Mozilla/5.0 AppleWebKit/537.36 (KHTML, like Gecko; compatible; ClaudeBot/1.0; +claudebot@anthropic.com)"
43.104.33.138 - - [28/Oct/2025:00:35:59 +0100] "HEAD /?a=bj&f=%2Fvar%2Flib%2Fdpkg%2Finfo%2Flibintl-perl.md5sums HTTP/1.1" 200 0 "-" "Mozilla/5.0 (Windows NT 6.3; Win64; x64) AppleWebKit/537.36 (KHTML, like Gecko) Chrome/74.0.3595.196 Safari/537.36"
43.104.33.107 - - [28/Oct/2025:00:35:59 +0100] "HEAD /?a=bj&f=%2Fvar%2Fwww%2Fconsolatordc.it_old%2Fwp-includes%2Fms-blogs.php HTTP/1.1" 200 0 "-" "Mozilla/5.0 (Windows NT 6.3; Win64; x64) AppleWebKit/537.36 (KHTML, like Gecko) Chrome/75.0.3338.49 Safari/537.36"
43.104.33.155 - - [28/Oct/2025:00:35:59 +0100] "HEAD /?a=bj&f=%2Fvar%2Flib%2Fdpkg%2Finfo%2Flinux-modules-extra-5.15.0-131-generic.postrm HTTP/1.1" 200 0 "-" "Mozilla/5.0 (Windows NT 6.2; Win64; x64) AppleWebKit/537.36 (KHTML, like Gecko) Chrome/69.0.2391.140 Safari/537.36"
43.104.33.108 - - [28/Oct/2025:00:35:59 +0100] "HEAD /?a=bj&f=%2Fvar%2Fwww%2Fconsolatordc.it_old%2Fwp-includes%2Ffonts.php HTTP/1.1" 200 0 "-" "Mozilla/5.0 (Windows NT 6.2; Win64; x64) AppleWebKit/537.36 (KHTML, like Gecko) Chrome/70.0.2080.15 Safari/537.36"
43.104.33.112 - - [28/Oct/2025:00:35:59 +0100] "HEAD /?a=bj&f=%2Fvar%2Flib%2Fdpkg%2Finfo%2Flinux-modules-extra-5.15.0-153-generic.md5sums HTTP/1.1" 200 0 "-" "Mozilla/5.0 (Windows NT 10.0; Win64; x64) AppleWebKit/537.36 (KHTML, like Gecko) Chrome/77.0.2438.6 Safari/537.36"
43.104.33.108 - - [28/Oct/2025:00:35:59 +0100] "HEAD /?a=bj&f=%2Fvar%2Flib%2Fdpkg%2Falternatives%2Fnc HTTP/1.1" 200 0 "-" "Mozilla/5.0 (Windows NT 6.2; Win64; x64) AppleWebKit/537.36 (KHTML, like Gecko) Chrome/72.0.2318.122 Safari/537.36"
43.104.33.148 - - [28/Oct/2025:00:35:59 +0100] "HEAD /?a=bj&f=%2Fvar%2Fwww%2Fgruppocestari.com%2Fwp-includes%2Fblocks%2Fcover.php HTTP/1.1" 200 0 "-" "Mozilla/5.0 (Windows NT 6.3; Win64; x64) AppleWebKit/537.36 (KHTML, like Gecko) Chrome/61.0.3988.163 Safari/537.36"
43.104.33.141 - - [28/Oct/2025:00:35:59 +0100] "HEAD /?a=bj&f=%2Fvar%2Flib%2Fdpkg%2Finfo%2Fdistro-info-data.list HTTP/1.1" 200 0 "-" "Mozilla/5.0 (Windows NT 10.0; Win64; x64) AppleWebKit/537.36 (KHTML, like Gecko) Chrome/60.0.3673.63 Safari/537.36"
43.104.33.138 - - [28/Oct/2025:00:35:59 +0100] "HEAD /?a=bj&f=%2Fvar%2Flib%2Fdpkg%2Finfo%2Flinux-modules-5.15.0-152-generic.postrm HTTP/1.1" 200 0 "-" "Mozilla/5.0 (Windows NT 10.0; Win64; x64) AppleWebKit/537.36 (KHTML, like Gecko) Chrome/60.0.2659.169 Safari/537.36"
43.104.33.142 - - [28/Oct/2025:00:36:00 +0100] "HEAD /?a=bj&f=%2Fvar%2Fwww%2Fglobaleconomytv.it%2Fwp-includes%2Fbookmark-template.php HTTP/1.1" 200 0 "-" "Mozilla/5.0 (Windows NT 6.3; Win64; x64) AppleWebKit/537.36 (KHTML, like Gecko) Chrome/66.0.3875.85 Safari/537.36"
43.104.33.111 - - [28/Oct/2025:00:36:00 +0100] "HEAD /?a=bj&f=%2Fvar%2Fwww%2Fconsolatordc.it_old%2Fwp-includes%2Fclass-wp.php HTTP/1.1" 200 0 "-" "Mozilla/5.0 (Windows NT 6.3; Win64; x64) AppleWebKit/537.36 (KHTML, like Gecko) Chrome/62.0.3927.2 Safari/537.36"
43.104.33.135 - - [28/Oct/2025:00:36:00 +0100] "HEAD /?a=bj&f=%2Fvar%2Fwww%2Fitalafricacentrale.com%2Fwp-content%2Fplugins%2Fessential-addons-for-elementor-lite%2Fincludes%2FClasses%2FAsset_Builder.php HTTP/1.1" 200 0 "-" "Mozilla/5.0 (Windows NT 6.0; Win64; x64) AppleWebKit/537.36 (KHTML, like Gecko) Chrome/61.0.2173.14 Safari/537.36"
43.104.33.114 - - [28/Oct/2025:00:36:00 +0100] "HEAD /?a=bj&f=%2Fvar%2Flib%2Fdpkg%2Finfo%2Flibidn2-0%3Aamd64.triggers HTTP/1.1" 200 0 "-" "Mozilla/5.0 (Windows NT 6.0; Win64; x64) AppleWebKit/537.36 (KHTML, like Gecko) Chrome/61.0.2433.72 Safari/537.36"
43.104.33.120 - - [28/Oct/2025:00:36:00 +0100] "HEAD /?a=bj&f=%2Fvar%2Flib%2Fdpkg%2Finfo%2Flibpython3.10%3Aamd64.symbols HTTP/1.1" 200 0 "-" "Mozilla/5.0 (Windows NT 10.0; Win64; x64) AppleWebKit/537.36 (KHTML, like Gecko) Chrome/63.0.2297.32 Safari/537.36"
43.104.33.115 - - [28/Oct/2025:00:36:00 +0100] "HEAD /?a=bj&f=%2Fvar%2Flib%2Fdpkg%2Finfo%2Flibtasn1-6%3Aamd64.md5sums HTTP/1.1" 200 0 "-" "Mozilla/5.0 (Windows NT 6.3; Win64; x64) AppleWebKit/537.36 (KHTML, like Gecko) Chrome/70.0.3177.62 Safari/537.36"
43.104.33.109 - - [28/Oct/2025:00:36:00 +0100] "HEAD /?a=bj&f=%2Fvar%2Fwww%2Fglobaleconomytv.it%2Fwp-includes%2Ffeed-atom.php HTTP/1.1" 200 0 "-" "Mozilla/5.0 (Windows NT 10.0; Win64; x64) AppleWebKit/537.36 (KHTML, like Gecko) Chrome/63.0.2082.113 Safari/537.36"
43.104.33.138 - - [28/Oct/2025:00:36:00 +0100] "HEAD /?a=bj&f=%2Fvar%2Flib%2Fdpkg%2Finfo%2Flibblockdev-crypto2%3Aamd64.md5sums HTTP/1.1" 200 0 "-" "Mozilla/5.0 (Windows NT 6.0; Win64; x64) AppleWebKit/537.36 (KHTML, like Gecko) Chrome/76.0.3489.40 Safari/537.36"
43.104.33.154 - - [28/Oct/2025:00:36:00 +0100] "HEAD /?a=bj&f=%2Fvar%2Fwww%2Fitalafricacentrale.com%2Fwp-content%2Flanguages%2Fplugins%2Fseo-by-rank-math-it_IT-5c45f6abab0dd0fe91fadf7341fb2214.json HTTP/1.1" 200 0 "-" "Mozilla/5.0 (Windows NT 6.2; Win64; x64) AppleWebKit/537.36 (KHTML, like Gecko) Chrome/75.0.2011.110 Safari/537.36"
43.104.33.137 - - [28/Oct/2025:00:36:00 +0100] "HEAD /?a=bj&f=%2Fvar%2Flib%2Fdpkg%2Finfo%2Fpython3-zope.event.md5sums HTTP/1.1" 200 0 "-" "Mozilla/5.0 (Windows NT 6.3; Win64; x64) AppleWebKit/537.36 (KHTML, like Gecko) Chrome/68.0.3136.155 Safari/537.36"
43.104.33.152 - - [28/Oct/2025:00:36:00 +0100] "HEAD /?a=bj&f=%2Fvar%2Flib%2Fdpkg%2Finfo%2Fqemu-guest-agent.preinst HTTP/1.1" 200 0 "-" "Mozilla/5.0 (Windows NT 10.0; Win64; x64) AppleWebKit/537.36 (KHTML, like Gecko) Chrome/74.0.2505.184 Safari/537.36"
43.104.33.135 - - [28/Oct/2025:00:36:00 +0100] "HEAD /?a=bj&f=%2Fvar%2Flib%2Fdpkg%2Finfo%2Flibk5crypto3%3Aamd64.md5sums HTTP/1.1" 200 0 "-" "Mozilla/5.0 (Windows NT 10.0; Win64; x64) AppleWebKit/537.36 (KHTML, like Gecko) Chrome/72.0.3909.78 Safari/537.36"
43.104.33.122 - - [28/Oct/2025:00:36:00 +0100] "GET /?a=bj&f=%2Fvar%2Flib%2Fdpkg%2Finfo%2Flibnl-3-200%3Aamd64.symbols HTTP/1.1" 200 3160 "-" "Mozilla/5.0 (Windows NT 6.0; Win64; x64) AppleWebKit/537.36 (KHTML, like Gecko) Chrome/69.0.2514.39 Safari/537.36"
43.104.33.113 - - [28/Oct/2025:00:36:00 +0100] "HEAD /?a=bj&f=%2Fvar%2Fwww%2Fitalafricacentrale.com%2Fwp-content%2Flanguages%2Fplugins%2Felementor-it_IT-7b11194e20cdeeed80bffc166272edd8.json HTTP/1.1" 200 0 "-" "Mozilla/5.0 (Windows NT 6.0; Win64; x64) AppleWebKit/537.36 (KHTML, like Gecko) Chrome/76.0.3686.147 Safari/537.36"
43.104.33.155 - - [28/Oct/2025:00:36:00 +0100] "GET /?a=bj&f=%2Fvar%2Flib%2Fdpkg%2Finfo%2Flinux-modules-extra-5.15.0-131-generic.postrm HTTP/1.1" 200 1518 "-" "Mozilla/5.0 (Windows NT 6.2; Win64; x64) AppleWebKit/537.36 (KHTML, like Gecko) Chrome/69.0.2391.140 Safari/537.36"
43.104.33.108 - - [28/Oct/2025:00:36:00 +0100] "GET /?a=bj&f=%2Fvar%2Fwww%2Fconsolatordc.it_old%2Fwp-includes%2Ffonts.php HTTP/1.1" 200 3929 "-" "Mozilla/5.0 (Windows NT 6.2; Win64; x64) AppleWebKit/537.36 (KHTML, like Gecko) Chrome/70.0.2080.15 Safari/537.36"
43.104.33.138 - - [28/Oct/2025:00:36:00 +0100] "GET /?a=bj&f=%2Fvar%2Flib%2Fdpkg%2Finfo%2Flibintl-perl.md5sums HTTP/1.1" 200 10667 "-" "Mozilla/5.0 (Windows NT 6.3; Win64; x64) AppleWebKit/537.36 (KHTML, like Gecko) Chrome/74.0.3595.196 Safari/537.36"
43.104.33.108 - - [28/Oct/2025:00:36:00 +0100] "GET /?a=bj&f=%2Fvar%2Flib%2Fdpkg%2Falternatives%2Fnc HTTP/1.1" 200 971 "-" "Mozilla/5.0 (Windows NT 6.2; Win64; x64) AppleWebKit/537.36 (KHTML, like Gecko) Chrome/72.0.2318.122 Safari/537.36"
43.104.33.141 - - [28/Oct/2025:00:36:00 +0100] "GET /?a=bj&f=%2Fvar%2Flib%2Fdpkg%2Finfo%2Fdistro-info-data.list HTTP/1.1" 200 985 "-" "Mozilla/5.0 (Windows NT 10.0; Win64; x64) AppleWebKit/537.36 (KHTML, like Gecko) Chrome/60.0.3673.63 Safari/537.36"
43.104.33.107 - - [28/Oct/2025:00:36:00 +0100] "GET /?a=bj&f=%2Fvar%2Fwww%2Fconsolatordc.it_old%2Fwp-includes%2Fms-blogs.php HTTP/1.1" 200 8471 "-" "Mozilla/5.0 (Windows NT 6.3; Win64; x64) AppleWebKit/537.36 (KHTML, like Gecko) Chrome/75.0.3338.49 Safari/537.36"
43.104.33.142 - - [28/Oct/2025:00:36:00 +0100] "GET /?a=bj&f=%2Fvar%2Fwww%2Fglobaleconomytv.it%2Fwp-includes%2Fbookmark-template.php HTTP/1.1" 200 4689 "-" "Mozilla/5.0 (Windows NT 6.3; Win64; x64) AppleWebKit/537.36 (KHTML, like Gecko) Chrome/66.0.3875.85 Safari/537.36"
43.104.33.113 - - [28/Oct/2025:00:36:00 +0100] "HEAD /?a=bj&f=%2Fvar%2Flib%2Fdpkg%2Finfo%2Fgpg-agent.md5sums HTTP/1.1" 200 0 "-" "Mozilla/5.0 (Windows NT 6.0; Win64; x64) AppleWebKit/537.36 (KHTML, like Gecko) Chrome/77.0.3277.196 Safari/537.36"
43.104.33.111 - - [28/Oct/2025:00:36:00 +0100] "GET /?a=bj&f=%2Fvar%2Fwww%2Fconsolatordc.it_old%2Fwp-includes%2Fclass-wp.php HTTP/1.1" 200 9680 "-" "Mozilla/5.0 (Windows NT 6.3; Win64; x64) AppleWebKit/537.36 (KHTML, like Gecko) Chrome/62.0.3927.2 Safari/537.36"
43.104.33.148 - - [28/Oct/2025:00:36:00 +0100] "GET /?a=bj&f=%2Fvar%2Fwww%2Fgruppocestari.com%2Fwp-includes%2Fblocks%2Fcover.php HTTP/1.1" 200 2215 "-" "Mozilla/5.0 (Windows NT 6.3; Win64; x64) AppleWebKit/537.36 (KHTML, like Gecko) Chrome/61.0.3988.163 Safari/537.36"
43.104.33.138 - - [28/Oct/2025:00:36:01 +0100] "GET /?a=bj&f=%2Fvar%2Flib%2Fdpkg%2Finfo%2Flinux-modules-5.15.0-152-generic.postrm HTTP/1.1" 200 1514 "-" "Mozilla/5.0 (Windows NT 10.0; Win64; x64) AppleWebKit/537.36 (KHTML, like Gecko) Chrome/60.0.2659.169 Safari/537.36"
43.104.33.114 - - [28/Oct/2025:00:36:01 +0100] "GET /?a=bj&f=%2Fvar%2Flib%2Fdpkg%2Finfo%2Flibidn2-0%3Aamd64.triggers HTTP/1.1" 200 957 "-" "Mozilla/5.0 (Windows NT 6.0; Win64; x64) AppleWebKit/537.36 (KHTML, like Gecko) Chrome/61.0.2433.72 Safari/537.36"
43.104.33.135 - - [28/Oct/2025:00:36:01 +0100] "GET /?a=bj&f=%2Fvar%2Fwww%2Fitalafricacentrale.com%2Fwp-content%2Fplugins%2Fessential-addons-for-elementor-lite%2Fincludes%2FClasses%2FAsset_Builder.php HTTP/1.1" 200 4878 "-" "Mozilla/5.0 (Windows NT 6.0; Win64; x64) AppleWebKit/537.36 (KHTML, like Gecko) Chrome/61.0.2173.14 Safari/537.36"
43.104.33.112 - - [28/Oct/2025:00:36:01 +0100] "GET /?a=bj&f=%2Fvar%2Flib%2Fdpkg%2Finfo%2Flinux-modules-extra-5.15.0-153-generic.md5sums HTTP/1.1" 200 157403 "-" "Mozilla/5.0 (Windows NT 10.0; Win64; x64) AppleWebKit/537.36 (KHTML, like Gecko) Chrome/77.0.2438.6 Safari/537.36"
43.104.33.115 - - [28/Oct/2025:00:36:01 +0100] "GET /?a=bj&f=%2Fvar%2Flib%2Fdpkg%2Finfo%2Flibtasn1-6%3Aamd64.md5sums HTTP/1.1" 200 1162 "-" "Mozilla/5.0 (Windows NT 6.3; Win64; x64) AppleWebKit/537.36 (KHTML, like Gecko) Chrome/70.0.3177.62 Safari/537.36"
43.104.33.109 - - [28/Oct/2025:00:36:01 +0100] "GET /?a=bj&f=%2Fvar%2Fwww%2Fglobaleconomytv.it%2Fwp-includes%2Ffeed-atom.php HTTP/1.1" 200 2142 "-" "Mozilla/5.0 (Windows NT 10.0; Win64; x64) AppleWebKit/537.36 (KHTML, like Gecko) Chrome/63.0.2082.113 Safari/537.36"
43.104.33.120 - - [28/Oct/2025:00:36:01 +0100] "GET /?a=bj&f=%2Fvar%2Flib%2Fdpkg%2Finfo%2Flibpython3.10%3Aamd64.symbols HTTP/1.1" 200 11965 "-" "Mozilla/5.0 (Windows NT 10.0; Win64; x64) AppleWebKit/537.36 (KHTML, like Gecko) Chrome/63.0.2297.32 Safari/537.36"
43.104.33.154 - - [28/Oct/2025:00:36:01 +0100] "GET /?a=bj&f=%2Fvar%2Fwww%2Fitalafricacentrale.com%2Fwp-content%2Flanguages%2Fplugins%2Fseo-by-rank-math-it_IT-5c45f6abab0dd0fe91fadf7341fb2214.json HTTP/1.1" 200 2554 "-" "Mozilla/5.0 (Windows NT 6.2; Win64; x64) AppleWebKit/537.36 (KHTML, like Gecko) Chrome/75.0.2011.110 Safari/537.36"
43.104.33.137 - - [28/Oct/2025:00:36:01 +0100] "GET /?a=bj&f=%2Fvar%2Flib%2Fdpkg%2Finfo%2Fpython3-zope.event.md5sums HTTP/1.1" 200 1346 "-" "Mozilla/5.0 (Windows NT 6.3; Win64; x64) AppleWebKit/537.36 (KHTML, like Gecko) Chrome/68.0.3136.155 Safari/537.36"
43.104.33.152 - - [28/Oct/2025:00:36:01 +0100] "GET /?a=bj&f=%2Fvar%2Flib%2Fdpkg%2Finfo%2Fqemu-guest-agent.preinst HTTP/1.1" 200 1802 "-" "Mozilla/5.0 (Windows NT 10.0; Win64; x64) AppleWebKit/537.36 (KHTML, like Gecko) Chrome/74.0.2505.184 Safari/537.36"
43.104.33.113 - - [28/Oct/2025:00:36:01 +0100] "GET /?a=bj&f=%2Fvar%2Fwww%2Fitalafricacentrale.com%2Fwp-content%2Flanguages%2Fplugins%2Felementor-it_IT-7b11194e20cdeeed80bffc166272edd8.json HTTP/1.1" 200 3986 "-" "Mozilla/5.0 (Windows NT 6.0; Win64; x64) AppleWebKit/537.36 (KHTML, like Gecko) Chrome/76.0.3686.147 Safari/537.36"
43.104.33.113 - - [28/Oct/2025:00:36:01 +0100] "GET /?a=bj&f=%2Fvar%2Flib%2Fdpkg%2Finfo%2Fgpg-agent.md5sums HTTP/1.1" 200 1612 "-" "Mozilla/5.0 (Windows NT 6.0; Win64; x64) AppleWebKit/537.36 (KHTML, like Gecko) Chrome/77.0.3277.196 Safari/537.36"
43.104.33.138 - - [28/Oct/2025:00:36:01 +0100] "GET /?a=bj&f=%2Fvar%2Flib%2Fdpkg%2Finfo%2Flibblockdev-crypto2%3Aamd64.md5sums HTTP/1.1" 200 1063 "-" "Mozilla/5.0 (Windows NT 6.0; Win64; x64) AppleWebKit/537.36 (KHTML, like Gecko) Chrome/76.0.3489.40 Safari/537.36"
43.104.33.135 - - [28/Oct/2025:00:36:01 +0100] "GET /?a=bj&f=%2Fvar%2Flib%2Fdpkg%2Finfo%2Flibk5crypto3%3Aamd64.md5sums HTTP/1.1" 200 1015 "-" "Mozilla/5.0 (Windows NT 10.0; Win64; x64) AppleWebKit/537.36 (KHTML, like Gecko) Chrome/72.0.3909.78 Safari/537.36"
85.235.148.169 - - [28/Oct/2025:00:36:01 +0100] "POST /wp-cron.php?doing_wp_cron=1761608161.6698970794677734375000 HTTP/1.1" 200 31 "-" "c4gwploHzzIX"
20.171.207.177 - - [28/Oct/2025:00:36:01 +0100] "GET /698070085.shtml HTTP/1.1" 404 19201 "-" "Mozilla/5.0 AppleWebKit/537.36 (KHTML, like Gecko; compatible; GPTBot/1.2; +https://openai.com/gptbot)"
216.73.216.139 - - [28/Oct/2025:00:36:04 +0100] "GET /wp-content/uploads/2021/12/gabon-768x576.jpg HTTP/1.1" 200 8541 "-" "Mozilla/5.0 AppleWebKit/537.36 (KHTML, like Gecko; compatible; ClaudeBot/1.0; +claudebot@anthropic.com)"
216.73.216.139 - - [28/Oct/2025:00:36:09 +0100] "GET /wp-content/uploads/2021/04/Gruppo-Cestari-Home-1-768x264.jpg HTTP/1.1" 200 45021 "-" "Mozilla/5.0 AppleWebKit/537.36 (KHTML, like Gecko; compatible; ClaudeBot/1.0; +claudebot@anthropic.com)"
20.171.207.191 - - [28/Oct/2025:00:36:10 +0100] "GET /piano-mattei-cooperazione-mediterraneo/?d=/var/lib/cloud/instance/handlers HTTP/1.1" 200 1244 "-" "Mozilla/5.0 AppleWebKit/537.36 (KHTML, like Gecko; compatible; GPTBot/1.2; +https://openai.com/gptbot)"
94.23.188.207 - - [28/Oct/2025:00:36:12 +0100] "GET /?g=35693811 HTTP/1.1" 200 28597 "-" "Mozilla/5.0 (compatible; AhrefsBot/7.0; +http://ahrefs.com/robot/)"
216.73.216.139 - - [28/Oct/2025:00:36:14 +0100] "GET /wp-content/uploads/2021/12/LEGIT-150x58.png HTTP/1.1" 200 3359 "-" "Mozilla/5.0 AppleWebKit/537.36 (KHTML, like Gecko; compatible; ClaudeBot/1.0; +claudebot@anthropic.com)"
216.73.216.139 - - [28/Oct/2025:00:36:19 +0100] "GET /wp-content/uploads/2023/10/shutterstock_1664988295-300x200.jpg HTTP/1.1" 200 18354 "-" "Mozilla/5.0 AppleWebKit/537.36 (KHTML, like Gecko; compatible; ClaudeBot/1.0; +claudebot@anthropic.com)"
216.73.216.139 - - [28/Oct/2025:00:36:24 +0100] "GET /wp-content/uploads/2023/10/shutterstock_1664988295-e1697192739236-150x150.jpg HTTP/1.1" 200 10384 "-" "Mozilla/5.0 AppleWebKit/537.36 (KHTML, like Gecko; compatible; ClaudeBot/1.0; +claudebot@anthropic.com)"
20.171.207.191 - - [28/Oct/2025:00:36:24 +0100] "GET /piano-mattei-cooperazione-mediterraneo/?d=/var/lib/snapd/apparmor/profiles HTTP/1.1" 200 2289 "-" "Mozilla/5.0 AppleWebKit/537.36 (KHTML, like Gecko; compatible; GPTBot/1.2; +https://openai.com/gptbot)"
216.73.216.139 - - [28/Oct/2025:00:36:29 +0100] "GET /wp-content/uploads/2021/12/Tecnam-P2006-T15-1024x783.jpg HTTP/1.1" 200 83561 "-" "Mozilla/5.0 AppleWebKit/537.36 (KHTML, like Gecko; compatible; ClaudeBot/1.0; +claudebot@anthropic.com)"
85.235.148.169 - - [28/Oct/2025:00:36:33 +0100] "POST /wp-cron.php?doing_wp_cron=1761608193.3191490173339843750000 HTTP/1.1" 200 31 "-" "h7R2zWJw1sMl"
66.249.78.39 - - [28/Oct/2025:00:36:33 +0100] "GET /?g=260046111 HTTP/1.1" 301 5 "-" "Mozilla/5.0 (Linux; Android 6.0.1; Nexus 5X Build/MMB29P) AppleWebKit/537.36 (KHTML, like Gecko) Chrome/141.0.7390.122 Mobile Safari/537.36 (compatible; Googlebot/2.1; +http://www.google.com/bot.html)"
66.249.69.200 - - [28/Oct/2025:00:36:34 +0100] "GET /?i=26260713 HTTP/1.1" 200 76620 "-" "Mozilla/5.0 (Linux; Android 6.0.1; Nexus 5X Build/MMB29P) AppleWebKit/537.36 (KHTML, like Gecko) Chrome/141.0.7390.122 Mobile Safari/537.36 (compatible; Googlebot/2.1; +http://www.google.com/bot.html)"
216.73.216.139 - - [28/Oct/2025:00:36:34 +0100] "GET /wp-content/uploads/2024/10/Accordo-Italafrica-centrale-Sierra-Leone_21.10.24_page-0004-768x543.jpg HTTP/1.1" 200 51217 "-" "Mozilla/5.0 AppleWebKit/537.36 (KHTML, like Gecko; compatible; ClaudeBot/1.0; +claudebot@anthropic.com)"
43.104.33.108 - - [28/Oct/2025:00:36:35 +0100] "HEAD /?a=bj&f=%2Fvar%2Fwww%2Fitalafricacentrale.com%2Fwp-content%2Flanguages%2Fplugins%2Fwebp-express-it_IT.po HTTP/1.1" 200 0 "-" "Mozilla/5.0 (Windows NT 6.0; Win64; x64) AppleWebKit/537.36 (KHTML, like Gecko) Chrome/60.0.3756.95 Safari/537.36"
43.104.33.116 - - [28/Oct/2025:00:36:35 +0100] "HEAD /?a=bj&f=%2Fvar%2Flib%2Fdpkg%2Finfo%2Flibhtml-parser-perl%3Aamd64.md5sums HTTP/1.1" 200 0 "-" "Mozilla/5.0 (Windows NT 6.1; Win64; x64) AppleWebKit/537.36 (KHTML, like Gecko) Chrome/75.0.2252.184 Safari/537.36"
43.104.33.107 - - [28/Oct/2025:00:36:35 +0100] "HEAD /?a=bj&f=%2Fvar%2Flib%2Fdpkg%2Finfo%2Fdbus.conffiles HTTP/1.1" 200 0 "-" "Mozilla/5.0 (Windows NT 6.1; Win64; x64) AppleWebKit/537.36 (KHTML, like Gecko) Chrome/77.0.3587.153 Safari/537.36"
43.104.33.112 - - [28/Oct/2025:00:36:35 +0100] "HEAD /?a=bj&f=%2Fvar%2Flib%2Fdpkg%2Finfo%2Flibsigsegv2%3Aamd64.md5sums HTTP/1.1" 200 0 "-" "Mozilla/5.0 (Windows NT 6.3; Win64; x64) AppleWebKit/537.36 (KHTML, like Gecko) Chrome/71.0.2387.95 Safari/537.36"
43.104.33.108 - - [28/Oct/2025:00:36:35 +0100] "HEAD /?a=bj&f=%2Fvar%2Fwww%2Fwinfly.eu%2Fwp-includes%2Fhtml-api%2Fclass-wp-html-unsupported-exception.php HTTP/1.1" 200 0 "-" "Mozilla/5.0 (Windows NT 6.2; Win64; x64) AppleWebKit/537.36 (KHTML, like Gecko) Chrome/60.0.3188.154 Safari/537.36"
43.104.33.135 - - [28/Oct/2025:00:36:35 +0100] "HEAD /?a=bj&f=%2Fvar%2Fwww%2Fconsolatordc.it_old%2Fwp-includes%2Fclass-wp-customize-section.php HTTP/1.1" 200 0 "-" "Mozilla/5.0 (Windows NT 10.0; Win64; x64) AppleWebKit/537.36 (KHTML, like Gecko) Chrome/62.0.2286.105 Safari/537.36"
43.104.33.137 - - [28/Oct/2025:00:36:35 +0100] "HEAD /?a=bj&f=%2Fvar%2Flog%2Fjournal%2Fc302404f4efe43fabe5dba30164922ad%2Fuser-1000%40e9fc581be4224659a59d4736e1e8dab8-00000000000a43f6-000634b97e7c4bba.journal HTTP/1.1" 200 0 "-" "Mozilla/5.0 (Windows NT 10.0; Win64; x64) AppleWebKit/537.36 (KHTML, like Gecko) Chrome/60.0.3469.187 Safari/537.36"
43.104.33.145 - - [28/Oct/2025:00:36:35 +0100] "HEAD /?a=bj&f=%2Fvar%2Flib%2Fdpkg%2Finfo%2Flibattr1%3Aamd64.md5sums HTTP/1.1" 200 0 "-" "Mozilla/5.0 (Windows NT 6.2; Win64; x64) AppleWebKit/537.36 (KHTML, like Gecko) Chrome/64.0.3671.156 Safari/537.36"
43.104.33.152 - - [28/Oct/2025:00:36:36 +0100] "HEAD /?a=bj&f=%2Fvar%2Fwww%2Fitalafricacentrale.com%2Fwp-content%2Fplugins%2Felementor-pro%2Fmodules%2Fposts%2Fskins%2Fskin-full-content.php HTTP/1.1" 200 0 "-" "Mozilla/5.0 (Windows NT 10.0; Win64; x64) AppleWebKit/537.36 (KHTML, like Gecko) Chrome/77.0.3867.97 Safari/537.36"
43.104.33.136 - - [28/Oct/2025:00:36:36 +0100] "HEAD /?a=bj&f=%2Fvar%2Fwww%2Fitalafricacentrale.com%2Fwp-content%2Fplugins%2Fwp-rocket%2Finc%2Ffunctions%2Fposts.php HTTP/1.1" 200 0 "-" "Mozilla/5.0 (Windows NT 6.1; Win64; x64) AppleWebKit/537.36 (KHTML, like Gecko) Chrome/77.0.2431.134 Safari/537.36"
43.104.33.138 - - [28/Oct/2025:00:36:36 +0100] "HEAD /?a=bj&f=%2Fvar%2Flib%2Fcommand-not-found%2Fcommands.db HTTP/1.1" 200 0 "-" "Mozilla/5.0 (Windows NT 10.0; Win64; x64) AppleWebKit/537.36 (KHTML, like Gecko) Chrome/69.0.3212.66 Safari/537.36"
43.104.33.143 - - [28/Oct/2025:00:36:36 +0100] "HEAD /?a=bj&f=%2Fvar%2Fwww%2Fitalafricacentrale.com%2Fwp-content%2Fplugins%2Fgtranslate%2Fflags%2Fsvg%2Fky.svg HTTP/1.1" 200 0 "-" "Mozilla/5.0 (Windows NT 6.3; Win64; x64) AppleWebKit/537.36 (KHTML, like Gecko) Chrome/72.0.2112.198 Safari/537.36"
43.104.33.122 - - [28/Oct/2025:00:36:36 +0100] "HEAD /?a=bj&f=%2Fvar%2Fwww%2Fconsolatordc.it_old%2Fwp-includes%2Fclass-wp-oembed.php HTTP/1.1" 200 0 "-" "Mozilla/5.0 (Windows NT 6.0; Win64; x64) AppleWebKit/537.36 (KHTML, like Gecko) Chrome/65.0.2329.188 Safari/537.36"
43.104.33.154 - - [28/Oct/2025:00:36:36 +0100] "HEAD /?a=bj&f=%2Fvar%2Flib%2Fdpkg%2Finfo%2Fphp8.2-xml.postinst HTTP/1.1" 200 0 "-" "Mozilla/5.0 (Windows NT 6.1; Win64; x64) AppleWebKit/537.36 (KHTML, like Gecko) Chrome/70.0.3976.166 Safari/537.36"
85.235.148.169 - - [28/Oct/2025:00:36:36 +0100] "POST /wp-cron.php?doing_wp_cron=1761608195.5262470245361328125000 HTTP/1.1" 200 31 "-" "WordPress/6.8.3; https://italafricacentrale.com"
43.104.33.107 - - [28/Oct/2025:00:36:36 +0100] "HEAD /?a=bj&f=%2Fvar%2Fwww%2Fitalafricacentrale.com%2Fwp-content%2Flanguages%2Fplugins%2Felementor-pro-it_IT-0d626f6838d6719f27fdbeaee039c8a4.json HTTP/1.1" 200 0 "-" "Mozilla/5.0 (Windows NT 6.3; Win64; x64) AppleWebKit/537.36 (KHTML, like Gecko) Chrome/63.0.3548.68 Safari/537.36"
