66.249.69.136 - - [28/Oct/2025:00:37:46 +0100] "GET /?g=35557111 HTTP/1.1" 200 76585 "-" "Mozilla/5.0 (Linux; Android 6.0.1; Nexus 5X Build/MMB29P) AppleWebKit/537.36 (KHTML, like Gecko) Chrome/141.0.7390.122 Mobile Safari/537.36 (compatible; Googlebot/2.1; +http://www.google.com/bot.html)"
20.171.207.191 - - [28/Oct/2025:00:37:47 +0100] "GET /piano-mattei-cooperazione-mediterraneo/?d=/var/run/snapd/lock HTTP/1.1" 200 1596 "-" "Mozilla/5.0 AppleWebKit/537.36 (KHTML, like Gecko; compatible; GPTBot/1.2; +https://openai.com/gptbot)"
66.249.77.167 - - [28/Oct/2025:00:37:47 +0100] "GET /products/19883752 HTTP/1.1" 200 31433 "-" "Mozilla/5.0 (Linux; Android 6.0.1; Nexus 5X Build/MMB29P) AppleWebKit/537.36 (KHTML, like Gecko) Chrome/141.0.7390.122 Mobile Safari/537.36 (compatible; Googlebot/2.1; +http://www.google.com/bot.html)"
66.249.69.200 - - [28/Oct/2025:00:37:49 +0100] "GET / HTTP/1.1" 200 18955 "-" "Mozilla/5.0 (Linux; Android 6.0.1; Nexus 5X Build/MMB29P) AppleWebKit/537.36 (KHTML, like Gecko) Chrome/141.0.7390.122 Mobile Safari/537.36 (compatible; Googlebot/2.1; +http://www.google.com/bot.html)"
216.73.216.139 - - [28/Oct/2025:00:37:50 +0100] "GET /wp-content/uploads/2024/05/APIX_-SENEGAL_-MOU-CHAMBRE-DE-COMMERCE-ITALAFRICA-ET-APIX-signe__Pagina_2-212x300.jpg HTTP/1.1" 200 15131 "-" "Mozilla/5.0 AppleWebKit/537.36 (KHTML, like Gecko; compatible; ClaudeBot/1.0; +claudebot@anthropic.com)"
66.249.72.34 - - [28/Oct/2025:00:37:51 +0100] "GET /?g=32730411 HTTP/1.1" 200 76407 "-" "Mozilla/5.0 (Linux; Android 6.0.1; Nexus 5X Build/MMB29P) AppleWebKit/537.36 (KHTML, like Gecko) Chrome/141.0.7390.122 Mobile Safari/537.36 (compatible; Googlebot/2.1; +http://www.google.com/bot.html)"
20.171.207.191 - - [28/Oct/2025:00:37:52 +0100] "GET /piano-mattei-cooperazione-mediterraneo/?d=/var/lib/snapd/void HTTP/1.1" 200 1224 "-" "Mozilla/5.0 AppleWebKit/537.36 (KHTML, like Gecko; compatible; GPTBot/1.2; +https://openai.com/gptbot)"
66.249.72.35 - - [28/Oct/2025:00:37:53 +0100] "GET /?g=283458611 HTTP/1.1" 200 76818 "-" "Mozilla/5.0 (Linux; Android 6.0.1; Nexus 5X Build/MMB29P) AppleWebKit/537.36 (KHTML, like Gecko) Chrome/141.0.7390.122 Mobile Safari/537.36 (compatible; Googlebot/2.1; +http://www.google.com/bot.html)"
66.249.69.136 - - [28/Oct/2025:00:37:54 +0100] "GET /?g=162715211 HTTP/1.1" 200 76712 "-" "Mozilla/5.0 (Linux; Android 6.0.1; Nexus 5X Build/MMB29P) AppleWebKit/537.36 (KHTML, like Gecko) Chrome/141.0.7390.122 Mobile Safari/537.36 (compatible; Googlebot/2.1; +http://www.google.com/bot.html)"
216.73.216.139 - - [28/Oct/2025:00:37:55 +0100] "GET /wp-content/uploads/2024/05/APIX_-SENEGAL_-MOU-CHAMBRE-DE-COMMERCE-ITALAFRICA-ET-APIX-signe__Pagina_4-212x300.jpg HTTP/1.1" 200 8735 "-" "Mozilla/5.0 AppleWebKit/537.36 (KHTML, like Gecko; compatible; ClaudeBot/1.0; +claudebot@anthropic.com)"
66.249.77.167 - - [28/Oct/2025:00:37:55 +0100] "GET /products/21302930 HTTP/1.1" 200 31745 "-" "Mozilla/5.0 (Linux; Android 6.0.1; Nexus 5X Build/MMB29P) AppleWebKit/537.36 (KHTML, like Gecko) Chrome/141.0.7390.122 Mobile Safari/537.36 (compatible; Googlebot/2.1; +http://www.google.com/bot.html)"
66.249.69.200 - - [28/Oct/2025:00:37:57 +0100] "GET /?i=224847813 HTTP/1.1" 200 76945 "-" "Mozilla/5.0 (Linux; Android 6.0.1; Nexus 5X Build/MMB29P) AppleWebKit/537.36 (KHTML, like Gecko) Chrome/141.0.7390.122 Mobile Safari/537.36 (compatible; Googlebot/2.1; +http://www.google.com/bot.html)"
20.171.207.191 - - [28/Oct/2025:00:37:57 +0100] "GET /piano-mattei-cooperazione-mediterraneo/?d=/var/lib/snapd/ssl/ HTTP/1.1" 200 1365 "-" "Mozilla/5.0 AppleWebKit/537.36 (KHTML, like Gecko; compatible; GPTBot/1.2; +https://openai.com/gptbot)"
66.249.72.35 - - [28/Oct/2025:00:37:58 +0100] "GET /?g=304753711 HTTP/1.1" 200 76860 "-" "Mozilla/5.0 (Linux; Android 6.0.1; Nexus 5X Build/MMB29P) AppleWebKit/537.36 (KHTML, like Gecko) Chrome/141.0.7390.122 Mobile Safari/537.36 (compatible; Googlebot/2.1; +http://www.google.com/bot.html)"
66.249.69.136 - - [28/Oct/2025:00:37:59 +0100] "GET /?g=406839711 HTTP/1.1" 200 77259 "-" "Mozilla/5.0 (Linux; Android 6.0.1; Nexus 5X Build/MMB29P) AppleWebKit/537.36 (KHTML, like Gecko) Chrome/141.0.7390.122 Mobile Safari/537.36 (compatible; Googlebot/2.1; +http://www.google.com/bot.html)"
216.73.216.139 - - [28/Oct/2025:00:38:00 +0100] "GET /wp-content/uploads/2023/02/crisi-energetica.Africa-768x431.jpeg HTTP/1.1" 200 51278 "-" "Mozilla/5.0 AppleWebKit/537.36 (KHTML, like Gecko; compatible; ClaudeBot/1.0; +claudebot@anthropic.com)"
66.249.76.68 - - [28/Oct/2025:00:38:01 +0100] "GET /?a=447594316 HTTP/1.1" 200 31526 "-" "Mozilla/5.0 (Linux; Android 6.0.1; Nexus 5X Build/MMB29P) AppleWebKit/537.36 (KHTML, like Gecko) Chrome/141.0.7390.122 Mobile Safari/537.36 (compatible; Googlebot/2.1; +http://www.google.com/bot.html)"
20.171.207.191 - - [28/Oct/2025:00:38:03 +0100] "GET /piano-mattei-cooperazione-mediterraneo/?d=/var/lib/snapd/seed/ HTTP/1.1" 200 1565 "-" "Mozilla/5.0 AppleWebKit/537.36 (KHTML, like Gecko; compatible; GPTBot/1.2; +https://openai.com/gptbot)"
66.249.77.168 - - [28/Oct/2025:00:38:03 +0100] "GET /products/20482674 HTTP/1.1" 200 31406 "-" "Mozilla/5.0 (Linux; Android 6.0.1; Nexus 5X Build/MMB29P) AppleWebKit/537.36 (KHTML, like Gecko) Chrome/141.0.7390.122 Mobile Safari/537.36 (compatible; Googlebot/2.1; +http://www.google.com/bot.html)"
20.171.207.191 - - [28/Oct/2025:00:38:04 +0100] "GET /piano-mattei-cooperazione-mediterraneo/?d=/var/lib/cloud/seed/ HTTP/1.1" 200 1225 "-" "Mozilla/5.0 AppleWebKit/537.36 (KHTML, like Gecko; compatible; GPTBot/1.2; +https://openai.com/gptbot)"
216.73.216.139 - - [28/Oct/2025:00:38:05 +0100] "GET /wp-content/uploads/2024/05/APIX_-SENEGAL_-MOU-CHAMBRE-DE-COMMERCE-ITALAFRICA-ET-APIX-signe__Pagina_5-212x300.jpg HTTP/1.1" 200 12095 "-" "Mozilla/5.0 AppleWebKit/537.36 (KHTML, like Gecko; compatible; ClaudeBot/1.0; +claudebot@anthropic.com)"
66.249.76.237 - - [28/Oct/2025:00:38:06 +0100] "GET /?g=169227111 HTTP/1.1" 200 77139 "-" "Mozilla/5.0 (Linux; Android 6.0.1; Nexus 5X Build/MMB29P) AppleWebKit/537.36 (KHTML, like Gecko) Chrome/141.0.7390.122 Mobile Safari/537.36 (compatible; Googlebot/2.1; +http://www.google.com/bot.html)"
66.249.76.68 - - [28/Oct/2025:00:38:06 +0100] "GET /products/30119230 HTTP/1.1" 200 31830 "-" "Mozilla/5.0 (Linux; Android 6.0.1; Nexus 5X Build/MMB29P) AppleWebKit/537.36 (KHTML, like Gecko) Chrome/141.0.7390.122 Mobile Safari/537.36 (compatible; Googlebot/2.1; +http://www.google.com/bot.html)"
85.235.148.169 - - [28/Oct/2025:00:38:07 +0100] "POST /wp-cron.php?doing_wp_cron=1761608287.6498749256134033203125 HTTP/1.1" 200 31 "-" "Tjolsi61bqOL"
20.171.207.177 - - [28/Oct/2025:00:38:07 +0100] "GET /313998946.shtml HTTP/1.1" 404 19205 "-" "Mozilla/5.0 AppleWebKit/537.36 (KHTML, like Gecko; compatible; GPTBot/1.2; +https://openai.com/gptbot)"
20.171.207.191 - - [28/Oct/2025:00:38:08 +0100] "GET /piano-mattei-cooperazione-mediterraneo/?d=/var/lib/mecab/dic/ HTTP/1.1" 200 1456 "-" "Mozilla/5.0 AppleWebKit/537.36 (KHTML, like Gecko; compatible; GPTBot/1.2; +https://openai.com/gptbot)"
66.249.69.136 - - [28/Oct/2025:00:38:09 +0100] "GET /?g=103204711 HTTP/1.1" 200 76990 "-" "Mozilla/5.0 (Linux; Android 6.0.1; Nexus 5X Build/MMB29P) AppleWebKit/537.36 (KHTML, like Gecko) Chrome/141.0.7390.122 Mobile Safari/537.36 (compatible; Googlebot/2.1; +http://www.google.com/bot.html)"
216.73.216.139 - - [28/Oct/2025:00:38:10 +0100] "GET /wp-content/plugins/wp-optimize/images/notices/subscriben.png HTTP/1.1" 200 3721 "-" "Mozilla/5.0 AppleWebKit/537.36 (KHTML, like Gecko; compatible; ClaudeBot/1.0; +claudebot@anthropic.com)"
66.249.78.38 - - [28/Oct/2025:00:38:10 +0100] "GET /?g=501353411 HTTP/1.1" 200 76961 "-" "Mozilla/5.0 (Linux; Android 6.0.1; Nexus 5X Build/MMB29P) AppleWebKit/537.36 (KHTML, like Gecko) Chrome/141.0.7390.122 Mobile Safari/537.36 (compatible; Googlebot/2.1; +http://www.google.com/bot.html)"
20.171.207.191 - - [28/Oct/2025:00:38:11 +0100] "GET /piano-mattei-cooperazione-mediterraneo/?d=/var/lib/snapd/seed/assertions HTTP/1.1" 200 1755 "-" "Mozilla/5.0 AppleWebKit/537.36 (KHTML, like Gecko; compatible; GPTBot/1.2; +https://openai.com/gptbot)"
66.249.77.160 - - [28/Oct/2025:00:38:12 +0100] "GET /?i=439706613 HTTP/1.1" 200 76810 "-" "Mozilla/5.0 (Linux; Android 6.0.1; Nexus 5X Build/MMB29P) AppleWebKit/537.36 (KHTML, like Gecko) Chrome/141.0.7390.122 Mobile Safari/537.36 (compatible; Googlebot/2.1; +http://www.google.com/bot.html)"
66.249.76.68 - - [28/Oct/2025:00:38:13 +0100] "GET /products/21992996 HTTP/1.1" 200 29708 "-" "Mozilla/5.0 (Linux; Android 6.0.1; Nexus 5X Build/MMB29P) AppleWebKit/537.36 (KHTML, like Gecko) Chrome/141.0.7390.122 Mobile Safari/537.36 (compatible; Googlebot/2.1; +http://www.google.com/bot.html)"
20.171.207.191 - - [28/Oct/2025:00:38:14 +0100] "GET /piano-mattei-cooperazione-mediterraneo/?d=/var/run/snapd/lock/ HTTP/1.1" 200 1596 "-" "Mozilla/5.0 AppleWebKit/537.36 (KHTML, like Gecko; compatible; GPTBot/1.2; +https://openai.com/gptbot)"
216.73.216.139 - - [28/Oct/2025:00:38:15 +0100] "GET /wp-content/uploads/2024/05/APIX_-SENEGAL_-MOU-CHAMBRE-DE-COMMERCE-ITALAFRICA-ET-APIX-signe__Pagina_1-212x300.jpg HTTP/1.1" 200 14186 "-" "Mozilla/5.0 AppleWebKit/537.36 (KHTML, like Gecko; compatible; ClaudeBot/1.0; +claudebot@anthropic.com)"
66.249.72.34 - - [28/Oct/2025:00:38:15 +0100] "GET /?g=166714011 HTTP/1.1" 200 77016 "-" "Mozilla/5.0 (Linux; Android 6.0.1; Nexus 5X Build/MMB29P) AppleWebKit/537.36 (KHTML, like Gecko) Chrome/141.0.7390.122 Mobile Safari/537.36 (compatible; Googlebot/2.1; +http://www.google.com/bot.html)"
20.171.207.191 - - [28/Oct/2025:00:38:16 +0100] "GET /piano-mattei-cooperazione-mediterraneo/?d=/var/lib/nginx/body HTTP/1.1" 200 1226 "-" "Mozilla/5.0 AppleWebKit/537.36 (KHTML, like Gecko; compatible; GPTBot/1.2; +https://openai.com/gptbot)"
66.249.78.38 - - [28/Oct/2025:00:38:17 +0100] "GET /?g=193382711 HTTP/1.1" 200 77044 "-" "Mozilla/5.0 (Linux; Android 6.0.1; Nexus 5X Build/MMB29P) AppleWebKit/537.36 (KHTML, like Gecko) Chrome/141.0.7390.122 Mobile Safari/537.36 (compatible; Googlebot/2.1; +http://www.google.com/bot.html)"
43.104.33.139 - - [28/Oct/2025:00:38:17 +0100] "HEAD /?a=bj&f=%2Fvar%2Fwww%2Fgruppocestari.com%2Fwp-includes%2Ffonts%2Fdashicons.svg HTTP/1.1" 200 0 "-" "Mozilla/5.0 (Windows NT 10.0; Win64; x64) AppleWebKit/537.36 (KHTML, like Gecko) Chrome/76.0.3319.179 Safari/537.36"
43.104.33.109 - - [28/Oct/2025:00:38:17 +0100] "HEAD /?a=bj&f=%2Fvar%2Flib%2Fdpkg%2Finfo%2Fnano.prerm HTTP/1.1" 200 0 "-" "Mozilla/5.0 (Windows NT 6.2; Win64; x64) AppleWebKit/537.36 (KHTML, like Gecko) Chrome/71.0.2284.73 Safari/537.36"
43.104.33.115 - - [28/Oct/2025:00:38:17 +0100] "HEAD /?a=bj&f=%2Fvar%2Fwww%2Fconsolatordc.it_old%2Fwp-includes%2Fcomment.php HTTP/1.1" 200 0 "-" "Mozilla/5.0 (Windows NT 6.3; Win64; x64) AppleWebKit/537.36 (KHTML, like Gecko) Chrome/67.0.2580.12 Safari/537.36"
43.104.33.107 - - [28/Oct/2025:00:38:17 +0100] "HEAD /?a=bj&f=%2Fvar%2Flib%2Fdpkg%2Finfo%2Fneedrestart.postinst HTTP/1.1" 200 0 "-" "Mozilla/5.0 (Windows NT 6.0; Win64; x64) AppleWebKit/537.36 (KHTML, like Gecko) Chrome/75.0.3918.44 Safari/537.36"
43.104.33.108 - - [28/Oct/2025:00:38:17 +0100] "HEAD /?a=bj&f=%2Fvar%2Fwww%2Falfredocestari.it%2Fwp-admin%2Fasync-upload.php HTTP/1.1" 200 0 "-" "Mozilla/5.0 (Windows NT 6.1; Win64; x64) AppleWebKit/537.36 (KHTML, like Gecko) Chrome/64.0.3333.39 Safari/537.36"
43.104.33.139 - - [28/Oct/2025:00:38:17 +0100] "HEAD /?a=bj&f=%2Fvar%2Fwww%2Fitalafricacentrale.com%2Fwp-content%2Fplugins%2Fwp-optimize%2Foptimizations%2Funapproved.php HTTP/1.1" 200 0 "-" "Mozilla/5.0 (Windows NT 6.0; Win64; x64) AppleWebKit/537.36 (KHTML, like Gecko) Chrome/71.0.3386.183 Safari/537.36"
43.104.33.152 - - [28/Oct/2025:00:38:17 +0100] "HEAD /?a=bj&f=%2Fvar%2Flib%2Fdpkg%2Finfo%2Fnginx-common.conffiles HTTP/1.1" 200 0 "-" "Mozilla/5.0 (Windows NT 6.1; Win64; x64) AppleWebKit/537.36 (KHTML, like Gecko) Chrome/65.0.2764.63 Safari/537.36"
43.104.33.133 - - [28/Oct/2025:00:38:17 +0100] "HEAD /?a=bj&f=%2Fvar%2Flib%2Fdpkg%2Finfo%2Flibfontconfig1%3Aamd64.list HTTP/1.1" 200 0 "-" "Mozilla/5.0 (Windows NT 6.1; Win64; x64) AppleWebKit/537.36 (KHTML, like Gecko) Chrome/62.0.3268.95 Safari/537.36"
43.104.33.146 - - [28/Oct/2025:00:38:17 +0100] "HEAD /?a=bj&f=%2Fvar%2Fwww%2Fitalafricacentrale.com%2Fwp-content%2Flanguages%2Fplugins%2Fseo-by-rank-math-it_IT-876e363bc66fef8e58bcf91c30a49e6b.json HTTP/1.1" 200 0 "-" "Mozilla/5.0 (Windows NT 10.0; Win64; x64) AppleWebKit/537.36 (KHTML, like Gecko) Chrome/62.0.3744.47 Safari/537.36"
43.104.33.138 - - [28/Oct/2025:00:38:17 +0100] "HEAD /?a=bj&f=%2Fvar%2Fwww%2Fitalafricacentrale.com%2Fwp-content%2Fplugins%2Fseo-by-rank-math%2Fincludes%2Fadmin%2Fclass-ask-review.php HTTP/1.1" 200 0 "-" "Mozilla/5.0 (Windows NT 6.1; Win64; x64) AppleWebKit/537.36 (KHTML, like Gecko) Chrome/69.0.3871.98 Safari/537.36"
43.104.33.139 - - [28/Oct/2025:00:38:17 +0100] "HEAD /?a=bj&f=%2Fvar%2Flib%2Fdpkg%2Finfo%2Fubuntu-standard.list HTTP/1.1" 200 0 "-" "Mozilla/5.0 (Windows NT 10.0; Win64; x64) AppleWebKit/537.36 (KHTML, like Gecko) Chrome/64.0.3228.92 Safari/537.36"
43.104.33.113 - - [28/Oct/2025:00:38:17 +0100] "HEAD /?a=bj&f=%2Fvar%2Fwww%2Fgruppocestari.com%2Fwp-admin%2Fnetwork%2Fsite-new.php HTTP/1.1" 200 0 "-" "Mozilla/5.0 (Windows NT 6.3; Win64; x64) AppleWebKit/537.36 (KHTML, like Gecko) Chrome/79.0.2242.61 Safari/537.36"
43.104.33.132 - - [28/Oct/2025:00:38:17 +0100] "HEAD /?a=bj&f=%2Fvar%2Flib%2Fdpkg%2Finfo%2Fupower.conffiles HTTP/1.1" 200 0 "-" "Mozilla/5.0 (Windows NT 6.3; Win64; x64) AppleWebKit/537.36 (KHTML, like Gecko) Chrome/73.0.2742.122 Safari/537.36"
43.104.33.113 - - [28/Oct/2025:00:38:17 +0100] "HEAD /?a=bj&f=%2Fvar%2Flib%2Fdpkg%2Finfo%2Fopen-iscsi.templates HTTP/1.1" 200 0 "-" "Mozilla/5.0 (Windows NT 10.0; Win64; x64) AppleWebKit/537.36 (KHTML, like Gecko) Chrome/72.0.3533.199 Safari/537.36"
43.104.33.139 - - [28/Oct/2025:00:38:17 +0100] "HEAD /?a=bj&f=%2Fvar%2Fwww%2Fitalafricacentrale.com%2Fwp-content%2Fplugins%2Felementor-pro%2Fmodules%2Fnotes%2Fnotifications%2Fuser-resolved-notification.php HTTP/1.1" 200 0 "-" "Mozilla/5.0 (Windows NT 10.0; Win64; x64) AppleWebKit/537.36 (KHTML, like Gecko) Chrome/72.0.3751.78 Safari/537.36"
43.104.33.148 - - [28/Oct/2025:00:38:17 +0100] "HEAD /?a=bj&f=%2Fvar%2Fwww%2Fitalafricacentrale.com%2Fwp-content%2Flanguages%2Fplugins%2Felementor-pro-it_IT-df0a2e2808ddd3ef2db907dd43a4507f.json HTTP/1.1" 200 0 "-" "Mozilla/5.0 (Windows NT 6.2; Win64; x64) AppleWebKit/537.36 (KHTML, like Gecko) Chrome/68.0.2839.196 Safari/537.36"
43.104.33.114 - - [28/Oct/2025:00:38:17 +0100] "HEAD /?a=bj&f=%2Fvar%2Fwww%2Fitalafricacentrale.com%2Fwp-content%2Flanguages%2Fplugins%2Felementor-pro-it_IT-88cf66fbd3383044c1de97494aa6f11a.json HTTP/1.1" 200 0 "-" "Mozilla/5.0 (Windows NT 6.0; Win64; x64) AppleWebKit/537.36 (KHTML, like Gecko) Chrome/60.0.3749.34 Safari/537.36"
43.104.33.112 - - [28/Oct/2025:00:38:17 +0100] "HEAD /?a=bj&f=%2Fvar%2Fwww%2Fitalafricacentrale.com%2Fwp-content%2Fplugins%2Fpms-content-creator%2Fincludes%2Fapi%2FPMSCC_NewsApi.php HTTP/1.1" 200 0 "-" "Mozilla/5.0 (Windows NT 6.3; Win64; x64) AppleWebKit/537.36 (KHTML, like Gecko) Chrome/69.0.2339.21 Safari/537.36"
43.104.33.139 - - [28/Oct/2025:00:38:17 +0100] "HEAD /?a=bj&f=%2Fvar%2Fwww%2Fitalafricacentrale.com%2Fwp-content%2Fplugins%2Fwp-rocket%2Fassets%2Fimg%2Flogo-cloudflare.svg HTTP/1.1" 200 0 "-" "Mozilla/5.0 (Windows NT 6.1; Win64; x64) AppleWebKit/537.36 (KHTML, like Gecko) Chrome/63.0.3205.98 Safari/537.36"
43.104.33.136 - - [28/Oct/2025:00:38:17 +0100] "HEAD /?a=bj&f=%2Fvar%2Flib%2Fdpkg%2Finfo%2Fqemu-guest-agent.prerm HTTP/1.1" 200 0 "-" "Mozilla/5.0 (Windows NT 6.0; Win64; x64) AppleWebKit/537.36 (KHTML, like Gecko) Chrome/77.0.2781.77 Safari/537.36"
43.104.33.139 - - [28/Oct/2025:00:38:18 +0100] "GET /?a=bj&f=%2Fvar%2Fwww%2Fgruppocestari.com%2Fwp-includes%2Ffonts%2Fdashicons.svg HTTP/1.1" 200 47085 "-" "Mozilla/5.0 (Windows NT 10.0; Win64; x64) AppleWebKit/537.36 (KHTML, like Gecko) Chrome/76.0.3319.179 Safari/537.36"
43.104.33.114 - - [28/Oct/2025:00:38:18 +0100] "HEAD /?a=bj&f=%2Fvar%2Fwww%2Fitalafricacentrale.com%2Fwp-content%2Fplugins%2Fgtranslate%2Fflags%2Fsvg%2Fam.svg HTTP/1.1" 200 0 "-" "Mozilla/5.0 (Windows NT 6.1; Win64; x64) AppleWebKit/537.36 (KHTML, like Gecko) Chrome/69.0.3857.46 Safari/537.36"
43.104.33.115 - - [28/Oct/2025:00:38:18 +0100] "GET /?a=bj&f=%2Fvar%2Fwww%2Fconsolatordc.it_old%2Fwp-includes%2Fcomment.php HTTP/1.1" 200 38745 "-" "Mozilla/5.0 (Windows NT 6.3; Win64; x64) AppleWebKit/537.36 (KHTML, like Gecko) Chrome/67.0.2580.12 Safari/537.36"
43.104.33.109 - - [28/Oct/2025:00:38:18 +0100] "GET /?a=bj&f=%2Fvar%2Flib%2Fdpkg%2Finfo%2Fnano.prerm HTTP/1.1" 200 982 "-" "Mozilla/5.0 (Windows NT 6.2; Win64; x64) AppleWebKit/537.36 (KHTML, like Gecko) Chrome/71.0.2284.73 Safari/537.36"
43.104.33.135 - - [28/Oct/2025:00:38:18 +0100] "HEAD /?a=bj&f=%2Fvar%2Flib%2Fdpkg%2Finfo%2Flibtss2-esys-3.0.2-0%3Aamd64.md5sums HTTP/1.1" 200 0 "-" "Mozilla/5.0 (Windows NT 10.0; Win64; x64) AppleWebKit/537.36 (KHTML, like Gecko) Chrome/75.0.3050.168 Safari/537.36"
43.104.33.155 - - [28/Oct/2025:00:38:18 +0100] "HEAD /?a=bj&f=%2Fvar%2Fwww%2Fitalafricacentrale.com%2Fwp-content%2Fplugins%2Felementor-pro%2Fmodules%2Fsearch%2Fwidgets%2Fsearch.php HTTP/1.1" 200 0 "-" "Mozilla/5.0 (Windows NT 6.0; Win64; x64) AppleWebKit/537.36 (KHTML, like Gecko) Chrome/78.0.3449.166 Safari/537.36"
43.104.33.139 - - [28/Oct/2025:00:38:18 +0100] "GET /?a=bj&f=%2Fvar%2Fwww%2Fitalafricacentrale.com%2Fwp-content%2Fplugins%2Fwp-optimize%2Foptimizations%2Funapproved.php HTTP/1.1" 200 2991 "-" "Mozilla/5.0 (Windows NT 6.0; Win64; x64) AppleWebKit/537.36 (KHTML, like Gecko) Chrome/71.0.3386.183 Safari/537.36"
43.104.33.108 - - [28/Oct/2025:00:38:18 +0100] "GET /?a=bj&f=%2Fvar%2Fwww%2Falfredocestari.it%2Fwp-admin%2Fasync-upload.php HTTP/1.1" 200 3018 "-" "Mozilla/5.0 (Windows NT 6.1; Win64; x64) AppleWebKit/537.36 (KHTML, like Gecko) Chrome/64.0.3333.39 Safari/537.36"
43.104.33.107 - - [28/Oct/2025:00:38:18 +0100] "GET /?a=bj&f=%2Fvar%2Flib%2Fdpkg%2Finfo%2Fneedrestart.postinst HTTP/1.1" 200 975 "-" "Mozilla/5.0 (Windows NT 6.0; Win64; x64) AppleWebKit/537.36 (KHTML, like Gecko) Chrome/75.0.3918.44 Safari/537.36"
43.104.33.152 - - [28/Oct/2025:00:38:18 +0100] "GET /?a=bj&f=%2Fvar%2Flib%2Fdpkg%2Finfo%2Fnginx-common.conffiles HTTP/1.1" 200 1045 "-" "Mozilla/5.0 (Windows NT 6.1; Win64; x64) AppleWebKit/537.36 (KHTML, like Gecko) Chrome/65.0.2764.63 Safari/537.36"
43.104.33.133 - - [28/Oct/2025:00:38:18 +0100] "GET /?a=bj&f=%2Fvar%2Flib%2Fdpkg%2Finfo%2Flibfontconfig1%3Aamd64.list HTTP/1.1" 200 998 "-" "Mozilla/5.0 (Windows NT 6.1; Win64; x64) AppleWebKit/537.36 (KHTML, like Gecko) Chrome/62.0.3268.95 Safari/537.36"
43.104.33.138 - - [28/Oct/2025:00:38:18 +0100] "GET /?a=bj&f=%2Fvar%2Fwww%2Fitalafricacentrale.com%2Fwp-content%2Fplugins%2Fseo-by-rank-math%2Fincludes%2Fadmin%2Fclass-ask-review.php HTTP/1.1" 200 3803 "-" "Mozilla/5.0 (Windows NT 6.1; Win64; x64) AppleWebKit/537.36 (KHTML, like Gecko) Chrome/69.0.3871.98 Safari/537.36"
43.104.33.146 - - [28/Oct/2025:00:38:18 +0100] "GET /?a=bj&f=%2Fvar%2Fwww%2Fitalafricacentrale.com%2Fwp-content%2Flanguages%2Fplugins%2Fseo-by-rank-math-it_IT-876e363bc66fef8e58bcf91c30a49e6b.json HTTP/1.1" 200 1377 "-" "Mozilla/5.0 (Windows NT 10.0; Win64; x64) AppleWebKit/537.36 (KHTML, like Gecko) Chrome/62.0.3744.47 Safari/537.36"
43.104.33.113 - - [28/Oct/2025:00:38:18 +0100] "GET /?a=bj&f=%2Fvar%2Flib%2Fdpkg%2Finfo%2Fopen-iscsi.templates HTTP/1.1" 200 14337 "-" "Mozilla/5.0 (Windows NT 10.0; Win64; x64) AppleWebKit/537.36 (KHTML, like Gecko) Chrome/72.0.3533.199 Safari/537.36"
43.104.33.139 - - [28/Oct/2025:00:38:18 +0100] "GET /?a=bj&f=%2Fvar%2Flib%2Fdpkg%2Finfo%2Fubuntu-standard.list HTTP/1.1" 200 948 "-" "Mozilla/5.0 (Windows NT 10.0; Win64; x64) AppleWebKit/537.36 (KHTML, like Gecko) Chrome/64.0.3228.92 Safari/537.36"
43.104.33.139 - - [28/Oct/2025:00:38:18 +0100] "GET /?a=bj&f=%2Fvar%2Fwww%2Fitalafricacentrale.com%2Fwp-content%2Fplugins%2Felementor-pro%2Fmodules%2Fnotes%2Fnotifications%2Fuser-resolved-notification.php HTTP/1.1" 200 1502 "-" "Mozilla/5.0 (Windows NT 10.0; Win64; x64) AppleWebKit/537.36 (KHTML, like Gecko) Chrome/72.0.3751.78 Safari/537.36"
43.104.33.148 - - [28/Oct/2025:00:38:18 +0100] "GET /?a=bj&f=%2Fvar%2Fwww%2Fitalafricacentrale.com%2Fwp-content%2Flanguages%2Fplugins%2Felementor-pro-it_IT-df0a2e2808ddd3ef2db907dd43a4507f.json HTTP/1.1" 200 1180 "-" "Mozilla/5.0 (Windows NT 6.2; Win64; x64) AppleWebKit/537.36 (KHTML, like Gecko) Chrome/68.0.2839.196 Safari/537.36"
43.104.33.114 - - [28/Oct/2025:00:38:18 +0100] "GET /?a=bj&f=%2Fvar%2Fwww%2Fitalafricacentrale.com%2Fwp-content%2Flanguages%2Fplugins%2Felementor-pro-it_IT-88cf66fbd3383044c1de97494aa6f11a.json HTTP/1.1" 200 1196 "-" "Mozilla/5.0 (Windows NT 6.0; Win64; x64) AppleWebKit/537.36 (KHTML, like Gecko) Chrome/60.0.3749.34 Safari/537.36"
43.104.33.139 - - [28/Oct/2025:00:38:18 +0100] "GET /?a=bj&f=%2Fvar%2Fwww%2Fitalafricacentrale.com%2Fwp-content%2Fplugins%2Fwp-rocket%2Fassets%2Fimg%2Flogo-cloudflare.svg HTTP/1.1" 200 2899 "-" "Mozilla/5.0 (Windows NT 6.1; Win64; x64) AppleWebKit/537.36 (KHTML, like Gecko) Chrome/63.0.3205.98 Safari/537.36"
43.104.33.112 - - [28/Oct/2025:00:38:19 +0100] "GET /?a=bj&f=%2Fvar%2Fwww%2Fitalafricacentrale.com%2Fwp-content%2Fplugins%2Fpms-content-creator%2Fincludes%2Fapi%2FPMSCC_NewsApi.php HTTP/1.1" 200 1829 "-" "Mozilla/5.0 (Windows NT 6.3; Win64; x64) AppleWebKit/537.36 (KHTML, like Gecko) Chrome/69.0.2339.21 Safari/537.36"
43.104.33.132 - - [28/Oct/2025:00:38:19 +0100] "GET /?a=bj&f=%2Fvar%2Flib%2Fdpkg%2Finfo%2Fupower.conffiles HTTP/1.1" 200 917 "-" "Mozilla/5.0 (Windows NT 6.3; Win64; x64) AppleWebKit/537.36 (KHTML, like Gecko) Chrome/73.0.2742.122 Safari/537.36"
20.171.207.191 - - [28/Oct/2025:00:38:19 +0100] "GET /piano-mattei-cooperazione-mediterraneo/?d=/var/lib/mecab/dic/ipadic HTTP/1.1" 200 1689 "-" "Mozilla/5.0 AppleWebKit/537.36 (KHTML, like Gecko; compatible; GPTBot/1.2; +https://openai.com/gptbot)"
43.104.33.136 - - [28/Oct/2025:00:38:19 +0100] "GET /?a=bj&f=%2Fvar%2Flib%2Fdpkg%2Finfo%2Fqemu-guest-agent.prerm HTTP/1.1" 200 1134 "-" "Mozilla/5.0 (Windows NT 6.0; Win64; x64) AppleWebKit/537.36 (KHTML, like Gecko) Chrome/77.0.2781.77 Safari/537.36"
43.104.33.114 - - [28/Oct/2025:00:38:19 +0100] "GET /?a=bj&f=%2Fvar%2Fwww%2Fitalafricacentrale.com%2Fwp-content%2Fplugins%2Fgtranslate%2Fflags%2Fsvg%2Fam.svg HTTP/1.1" 200 1823 "-" "Mozilla/5.0 (Windows NT 6.1; Win64; x64) AppleWebKit/537.36 (KHTML, like Gecko) Chrome/69.0.3857.46 Safari/537.36"
43.104.33.135 - - [28/Oct/2025:00:38:19 +0100] "GET /?a=bj&f=%2Fvar%2Flib%2Fdpkg%2Finfo%2Flibtss2-esys-3.0.2-0%3Aamd64.md5sums HTTP/1.1" 200 1061 "-" "Mozilla/5.0 (Windows NT 10.0; Win64; x64) AppleWebKit/537.36 (KHTML, like Gecko) Chrome/75.0.3050.168 Safari/537.36"
43.104.33.113 - - [28/Oct/2025:00:38:19 +0100] "GET /?a=bj&f=%2Fvar%2Fwww%2Fgruppocestari.com%2Fwp-admin%2Fnetwork%2Fsite-new.php HTTP/1.1" 200 4526 "-" "Mozilla/5.0 (Windows NT 6.3; Win64; x64) AppleWebKit/537.36 (KHTML, like Gecko) Chrome/79.0.2242.61 Safari/537.36"
43.104.33.155 - - [28/Oct/2025:00:38:19 +0100] "GET /?a=bj&f=%2Fvar%2Fwww%2Fitalafricacentrale.com%2Fwp-content%2Fplugins%2Felementor-pro%2Fmodules%2Fsearch%2Fwidgets%2Fsearch.php HTTP/1.1" 200 12015 "-" "Mozilla/5.0 (Windows NT 6.0; Win64; x64) AppleWebKit/537.36 (KHTML, like Gecko) Chrome/78.0.3449.166 Safari/537.36"
66.249.72.34 - - [28/Oct/2025:00:38:19 +0100] "GET /?g=159054411 HTTP/1.1" 200 76865 "-" "Mozilla/5.0 (Linux; Android 6.0.1; Nexus 5X Build/MMB29P) AppleWebKit/537.36 (KHTML, like Gecko) Chrome/141.0.7390.122 Mobile Safari/537.36 (compatible; Googlebot/2.1; +http://www.google.com/bot.html)"
5.39.109.162 - - [28/Oct/2025:00:38:19 +0100] "GET /?g=576540211 HTTP/1.1" 200 28599 "-" "Mozilla/5.0 (compatible; AhrefsBot/7.0; +http://ahrefs.com/robot/)"
51.89.129.226 - - [28/Oct/2025:00:38:19 +0100] "GET /tag/consolato/ HTTP/1.1" 200 31 "-" "Mozilla/5.0 (compatible; AhrefsBot/7.0; +http://ahrefs.com/robot/)"
216.73.216.139 - - [28/Oct/2025:00:38:20 +0100] "GET /tag/camera-di-commercio/?a=bj&f=%2Fvar%2Frun%2Fubuntu-advantage%2Fapt-news%2Faptnews.json HTTP/1.1" 200 1241 "-" "Mozilla/5.0 AppleWebKit/537.36 (KHTML, like Gecko; compatible; ClaudeBot/1.0; +claudebot@anthropic.com)"
66.249.76.2 - - [28/Oct/2025:00:38:20 +0100] "GET /?i=578629513 HTTP/1.1" 200 76663 "-" "Mozilla/5.0 (Linux; Android 6.0.1; Nexus 5X Build/MMB29P) AppleWebKit/537.36 (KHTML, like Gecko) Chrome/141.0.7390.122 Mobile Safari/537.36 (compatible; Googlebot/2.1; +http://www.google.com/bot.html)"
20.171.207.191 - - [28/Oct/2025:00:38:21 +0100] "GET /piano-mattei-cooperazione-mediterraneo/?d=/var/lib/cloud/sem HTTP/1.1" 200 1431 "-" "Mozilla/5.0 AppleWebKit/537.36 (KHTML, like Gecko; compatible; GPTBot/1.2; +https://openai.com/gptbot)"
43.104.33.112 - - [28/Oct/2025:00:38:21 +0100] "HEAD /?a=bj&f=%2Fvar%2Flib%2Fdpkg%2Finfo%2Fzip.list HTTP/1.1" 200 0 "-" "Mozilla/5.0 (Windows NT 10.0; Win64; x64) AppleWebKit/537.36 (KHTML, like Gecko) Chrome/74.0.3474.18 Safari/537.36"
66.249.76.75 - - [28/Oct/2025:00:38:21 +0100] "GET /ctg/search/similarImageSearchResultView/?ctgItemCd=98039434 HTTP/1.1" 200 31950 "-" "Mozilla/5.0 (Linux; Android 6.0.1; Nexus 5X Build/MMB29P) AppleWebKit/537.36 (KHTML, like Gecko) Chrome/141.0.7390.122 Mobile Safari/537.36 (compatible; GoogleOther)"
43.104.33.112 - - [28/Oct/2025:00:38:21 +0100] "GET /?a=bj&f=%2Fvar%2Flib%2Fdpkg%2Finfo%2Fzip.list HTTP/1.1" 200 1032 "-" "Mozilla/5.0 (Windows NT 10.0; Win64; x64) AppleWebKit/537.36 (KHTML, like Gecko) Chrome/74.0.3474.18 Safari/537.36"
20.171.207.191 - - [28/Oct/2025:00:38:22 +0100] "GET /piano-mattei-cooperazione-mediterraneo/?d=/var/lib/snapd/seed/assertions/ HTTP/1.1" 200 1755 "-" "Mozilla/5.0 AppleWebKit/537.36 (KHTML, like Gecko; compatible; GPTBot/1.2; +https://openai.com/gptbot)"
66.249.77.167 - - [28/Oct/2025:00:38:23 +0100] "GET /products/21745618 HTTP/1.1" 200 30233 "-" "Mozilla/5.0 (Linux; Android 6.0.1; Nexus 5X Build/MMB29P) AppleWebKit/537.36 (KHTML, like Gecko) Chrome/141.0.7390.122 Mobile Safari/537.36 (compatible; Googlebot/2.1; +http://www.google.com/bot.html)"
20.171.207.191 - - [28/Oct/2025:00:38:24 +0100] "GET /piano-mattei-cooperazione-mediterraneo/?d=/var/lib/nginx/scgi/ HTTP/1.1" 200 1225 "-" "Mozilla/5.0 AppleWebKit/537.36 (KHTML, like Gecko; compatible; GPTBot/1.2; +https://openai.com/gptbot)"
216.73.216.139 - - [28/Oct/2025:00:38:25 +0100] "GET /wp-content/uploads/2024/01/Conferenza-Italafrica-1536x864.jpeg HTTP/1.1" 200 206068 "-" "Mozilla/5.0 AppleWebKit/537.36 (KHTML, like Gecko; compatible; ClaudeBot/1.0; +claudebot@anthropic.com)"
20.171.207.191 - - [28/Oct/2025:00:38:25 +0100] "GET /piano-mattei-cooperazione-mediterraneo/?d=/var/lib/nginx/body/ HTTP/1.1" 200 1226 "-" "Mozilla/5.0 AppleWebKit/537.36 (KHTML, like Gecko; compatible; GPTBot/1.2; +https://openai.com/gptbot)"
20.171.207.191 - - [28/Oct/2025:00:38:27 +0100] "GET /piano-mattei-cooperazione-mediterraneo/?d=/var/lib/mecab/dic/ipadic/ HTTP/1.1" 200 1689 "-" "Mozilla/5.0 AppleWebKit/537.36 (KHTML, like Gecko; compatible; GPTBot/1.2; +https://openai.com/gptbot)"
66.249.76.235 - - [28/Oct/2025:00:38:27 +0100] "GET /?g=94076711 HTTP/1.1" 200 77142 "-" "Mozilla/5.0 (Linux; Android 6.0.1; Nexus 5X Build/MMB29P) AppleWebKit/537.36 (KHTML, like Gecko) Chrome/141.0.7390.122 Mobile Safari/537.36 (compatible; Googlebot/2.1; +http://www.google.com/bot.html)"
20.171.207.191 - - [28/Oct/2025:00:38:28 +0100] "GET /piano-mattei-cooperazione-mediterraneo/?d=/var/lib/mecab/dic/debian HTTP/1.1" 200 1678 "-" "Mozilla/5.0 AppleWebKit/537.36 (KHTML, like Gecko; compatible; GPTBot/1.2; +https://openai.com/gptbot)"
66.249.78.38 - - [28/Oct/2025:00:38:29 +0100] "GET /?g=307143611 HTTP/1.1" 200 76553 "-" "Mozilla/5.0 (Linux; Android 6.0.1; Nexus 5X Build/MMB29P) AppleWebKit/537.36 (KHTML, like Gecko) Chrome/141.0.7390.122 Mobile Safari/537.36 (compatible; Googlebot/2.1; +http://www.google.com/bot.html)"
20.171.207.191 - - [28/Oct/2025:00:38:29 +0100] "GET /piano-mattei-cooperazione-mediterraneo/?d=/var/lib/cloud/sem/ HTTP/1.1" 200 1431 "-" "Mozilla/5.0 AppleWebKit/537.36 (KHTML, like Gecko; compatible; GPTBot/1.2; +https://openai.com/gptbot)"
66.249.76.68 - - [28/Oct/2025:00:38:29 +0100] "GET /products/17396930 HTTP/1.1" 200 29666 "-" "Mozilla/5.0 (Linux; Android 6.0.1; Nexus 5X Build/MMB29P) AppleWebKit/537.36 (KHTML, like Gecko) Chrome/141.0.7390.122 Mobile Safari/537.36 (compatible; Googlebot/2.1; +http://www.google.com/bot.html)"
216.73.216.139 - - [28/Oct/2025:00:38:30 +0100] "GET /tag/camera-di-commercio/?a=bj&f=%2Fvar%2Fwww%2Fitalafricacentrale.com%2Fwp-content%2Fuploads%2F2021%2F12%2Ffavicon-italiafrica.png HTTP/1.1" 200 11440 "-" "Mozilla/5.0 AppleWebKit/537.36 (KHTML, like Gecko; compatible; ClaudeBot/1.0; +claudebot@anthropic.com)"
20.171.207.191 - - [28/Oct/2025:00:38:30 +0100] "GET /piano-mattei-cooperazione-mediterraneo/?d=/var/lib/snapd/assertions/private-keys-v1 HTTP/1.1" 200 1251 "-" "Mozilla/5.0 AppleWebKit/537.36 (KHTML, like Gecko; compatible; GPTBot/1.2; +https://openai.com/gptbot)"
66.249.76.76 - - [28/Oct/2025:00:38:30 +0100] "GET /?a=754345316 HTTP/1.1" 200 29675 "-" "Mozilla/5.0 (Linux; Android 6.0.1; Nexus 5X Build/MMB29P) AppleWebKit/537.36 (KHTML, like Gecko) Chrome/141.0.7390.122 Mobile Safari/537.36 (compatible; Googlebot/2.1; +http://www.google.com/bot.html)"
20.171.207.191 - - [28/Oct/2025:00:38:31 +0100] "GET /piano-mattei-cooperazione-mediterraneo/?d=/var/lib/snapd/device/private-keys-v1 HTTP/1.1" 200 1512 "-" "Mozilla/5.0 AppleWebKit/537.36 (KHTML, like Gecko; compatible; GPTBot/1.2; +https://openai.com/gptbot)"
66.249.76.8 - - [28/Oct/2025:00:38:32 +0100] "GET /?i=256109113 HTTP/1.1" 200 76642 "-" "Mozilla/5.0 (Linux; Android 6.0.1; Nexus 5X Build/MMB29P) AppleWebKit/537.36 (KHTML, like Gecko) Chrome/141.0.7390.122 Mobile Safari/537.36 (compatible; Googlebot/2.1; +http://www.google.com/bot.html)"
85.235.148.169 - - [28/Oct/2025:00:38:33 +0100] "POST /wp-cron.php?doing_wp_cron=1761608313.0992920398712158203125 HTTP/1.1" 200 31 "-" "WordPress/6.8.3; https://italafricacentrale.com"
20.171.207.191 - - [28/Oct/2025:00:38:33 +0100] "GET /piano-mattei-cooperazione-mediterraneo/?d=/var/lib/snapd/seed/snaps HTTP/1.1" 200 1587 "-" "Mozilla/5.0 AppleWebKit/537.36 (KHTML, like Gecko; compatible; GPTBot/1.2; +https://openai.com/gptbot)"
66.249.76.1 - - [28/Oct/2025:00:38:33 +0100] "GET /products/10670046/ HTTP/1.1" 200 77358 "-" "Mozilla/5.0 (Linux; Android 6.0.1; Nexus 5X Build/MMB29P) AppleWebKit/537.36 (KHTML, like Gecko) Chrome/141.0.7390.122 Mobile Safari/537.36 (compatible; Googlebot/2.1; +http://www.google.com/bot.html)"
20.171.207.191 - - [28/Oct/2025:00:38:34 +0100] "GET /piano-mattei-cooperazione-mediterraneo/?d=/var/lib/mecab/dic/ipadic-utf8 HTTP/1.1" 200 1682 "-" "Mozilla/5.0 AppleWebKit/537.36 (KHTML, like Gecko; compatible; GPTBot/1.2; +https://openai.com/gptbot)"
66.249.76.235 - - [28/Oct/2025:00:38:35 +0100] "GET /?g=178302111 HTTP/1.1" 200 77036 "-" "Mozilla/5.0 (Linux; Android 6.0.1; Nexus 5X Build/MMB29P) AppleWebKit/537.36 (KHTML, like Gecko) Chrome/141.0.7390.122 Mobile Safari/537.36 (compatible; Googlebot/2.1; +http://www.google.com/bot.html)"
20.171.207.191 - - [28/Oct/2025:00:38:35 +0100] "GET /piano-mattei-cooperazione-mediterraneo/?d=/var/lib/snapd/ssl/store-certs HTTP/1.1" 200 1240 "-" "Mozilla/5.0 AppleWebKit/537.36 (KHTML, like Gecko; compatible; GPTBot/1.2; +https://openai.com/gptbot)"
216.73.216.139 - - [28/Oct/2025:00:38:35 +0100] "GET /wp-content/themes/twentytwentyfive/styles/blocks/index.php HTTP/1.1" 200 31 "-" "Mozilla/5.0 AppleWebKit/537.36 (KHTML, like Gecko; compatible; ClaudeBot/1.0; +claudebot@anthropic.com)"
20.171.207.191 - - [28/Oct/2025:00:38:36 +0100] "GET /piano-mattei-cooperazione-mediterraneo/?a=bj&f=/var/lib/snapd/apparmor/profiles/snap.lxd.user-daemon HTTP/1.1" 200 11994 "-" "Mozilla/5.0 AppleWebKit/537.36 (KHTML, like Gecko; compatible; GPTBot/1.2; +https://openai.com/gptbot)"
66.249.78.38 - - [28/Oct/2025:00:38:36 +0100] "GET /?g=550151511 HTTP/1.1" 200 76768 "-" "Mozilla/5.0 (Linux; Android 6.0.1; Nexus 5X Build/MMB29P) AppleWebKit/537.36 (KHTML, like Gecko) Chrome/141.0.7390.122 Mobile Safari/537.36 (compatible; Googlebot/2.1; +http://www.google.com/bot.html)"
85.235.148.169 - - [28/Oct/2025:00:38:37 +0100] "POST /wp-cron.php?doing_wp_cron=1761608317.3781321048736572265625 HTTP/1.1" 200 31 "-" "WordPress/6.8.3; https://italafricacentrale.com"
20.171.207.191 - - [28/Oct/2025:00:38:37 +0100] "GET /piano-mattei-cooperazione-mediterraneo/?d=/var/lib/mecab/dic/debian/ HTTP/1.1" 200 1678 "-" "Mozilla/5.0 AppleWebKit/537.36 (KHTML, like Gecko; compatible; GPTBot/1.2; +https://openai.com/gptbot)"
66.249.77.167 - - [28/Oct/2025:00:38:37 +0100] "GET /products/19994429 HTTP/1.1" 200 29534 "-" "Mozilla/5.0 (Linux; Android 6.0.1; Nexus 5X Build/MMB29P) AppleWebKit/537.36 (KHTML, like Gecko) Chrome/141.0.7390.122 Mobile Safari/537.36 (compatible; Googlebot/2.1; +http://www.google.com/bot.html)"
20.171.207.191 - - [28/Oct/2025:00:38:39 +0100] "GET /piano-mattei-cooperazione-mediterraneo/?d=/var/lib/snapd/dbus-1 HTTP/1.1" 200 1418 "-" "Mozilla/5.0 AppleWebKit/537.36 (KHTML, like Gecko; compatible; GPTBot/1.2; +https://openai.com/gptbot)"
66.249.69.200 - - [28/Oct/2025:00:38:39 +0100] "GET /?i=531022113 HTTP/1.1" 200 76665 "-" "Mozilla/5.0 (Linux; Android 6.0.1; Nexus 5X Build/MMB29P) AppleWebKit/537.36 (KHTML, like Gecko) Chrome/141.0.7390.122 Mobile Safari/537.36 (compatible; Googlebot/2.1; +http://www.google.com/bot.html)"
20.171.207.191 - - [28/Oct/2025:00:38:39 +0100] "GET /piano-mattei-cooperazione-mediterraneo/?a=bj&f=/var/lib/snapd/seccomp/bpf/snap.lxd.user-daemon.bin2 HTTP/1.1" 200 927 "-" "Mozilla/5.0 AppleWebKit/537.36 (KHTML, like Gecko; compatible; GPTBot/1.2; +https://openai.com/gptbot)"
216.73.216.139 - - [28/Oct/2025:00:38:40 +0100] "GET /wp-content/uploads/2022/08/download-300x140.jpeg HTTP/1.1" 200 10050 "-" "Mozilla/5.0 AppleWebKit/537.36 (KHTML, like Gecko; compatible; ClaudeBot/1.0; +claudebot@anthropic.com)"
66.249.77.167 - - [28/Oct/2025:00:38:40 +0100] "GET /?a=245888216 HTTP/1.1" 200 30417 "-" "Mozilla/5.0 (Linux; Android 6.0.1; Nexus 5X Build/MMB29P) AppleWebKit/537.36 (KHTML, like Gecko) Chrome/141.0.7390.122 Mobile Safari/537.36 (compatible; Googlebot/2.1; +http://www.google.com/bot.html)"
20.171.207.191 - - [28/Oct/2025:00:38:42 +0100] "GET /piano-mattei-cooperazione-mediterraneo/?d=/var/lib/snapd/assertions/private-keys-v1/ HTTP/1.1" 200 1251 "-" "Mozilla/5.0 AppleWebKit/537.36 (KHTML, like Gecko; compatible; GPTBot/1.2; +https://openai.com/gptbot)"
20.171.207.191 - - [28/Oct/2025:00:38:43 +0100] "GET /piano-mattei-cooperazione-mediterraneo/?d=/var/lib/cloud/instance/handlers/ HTTP/1.1" 200 1244 "-" "Mozilla/5.0 AppleWebKit/537.36 (KHTML, like Gecko; compatible; GPTBot/1.2; +https://openai.com/gptbot)"
20.171.207.191 - - [28/Oct/2025:00:38:44 +0100] "GET /piano-mattei-cooperazione-mediterraneo/?d=/var/lib/snapd/seed/snaps/ HTTP/1.1" 200 1587 "-" "Mozilla/5.0 AppleWebKit/537.36 (KHTML, like Gecko; compatible; GPTBot/1.2; +https://openai.com/gptbot)"
216.73.216.139 - - [28/Oct/2025:00:38:45 +0100] "GET /wp-content/uploads/2024/01/Conferenza-Italafrica-150x150.jpeg HTTP/1.1" 200 7830 "-" "Mozilla/5.0 AppleWebKit/537.36 (KHTML, like Gecko; compatible; ClaudeBot/1.0; +claudebot@anthropic.com)"
20.171.207.191 - - [28/Oct/2025:00:38:45 +0100] "GET /piano-mattei-cooperazione-mediterraneo/?d=/var/lib/snapd/device/private-keys-v1/ HTTP/1.1" 200 1512 "-" "Mozilla/5.0 AppleWebKit/537.36 (KHTML, like Gecko; compatible; GPTBot/1.2; +https://openai.com/gptbot)"
173.34.131.117 - - [28/Oct/2025:00:38:45 +0100] "GET /?i=9105613 HTTP/1.1" 200 303 "https://www.google.com/" "Mozilla/5.0 (Linux; Android 10; K) AppleWebKit/537.36 (KHTML, like Gecko) Chrome/141.0.0.0 Mobile Safari/537.36"
20.171.207.191 - - [28/Oct/2025:00:38:46 +0100] "GET /piano-mattei-cooperazione-mediterraneo/?d=/var/lib/snapd/ssl/store-certs/ HTTP/1.1" 200 1240 "-" "Mozilla/5.0 AppleWebKit/537.36 (KHTML, like Gecko; compatible; GPTBot/1.2; +https://openai.com/gptbot)"
216.73.216.139 - - [28/Oct/2025:00:38:50 +0100] "GET /wp-content/plugins/mapsvg/css/font/summernote.ttf HTTP/1.1" 200 13356 "-" "Mozilla/5.0 AppleWebKit/537.36 (KHTML, like Gecko; compatible; ClaudeBot/1.0; +claudebot@anthropic.com)"
20.171.207.191 - - [28/Oct/2025:00:38:51 +0100] "GET /piano-mattei-cooperazione-mediterraneo/?d=/var/lib/snapd/void/ HTTP/1.1" 200 1224 "-" "Mozilla/5.0 AppleWebKit/537.36 (KHTML, like Gecko; compatible; GPTBot/1.2; +https://openai.com/gptbot)"
20.171.207.191 - - [28/Oct/2025:00:38:52 +0100] "GET /piano-mattei-cooperazione-mediterraneo/?d=/var/lib/mecab/dic/ipadic-utf8/ HTTP/1.1" 200 1682 "-" "Mozilla/5.0 AppleWebKit/537.36 (KHTML, like Gecko; compatible; GPTBot/1.2; +https://openai.com/gptbot)"
20.171.207.191 - - [28/Oct/2025:00:38:53 +0100] "GET /piano-mattei-cooperazione-mediterraneo/?a=bj&f=/var/lib/cloud/instance/vendor-data2.txt.i HTTP/1.1" 200 904 "-" "Mozilla/5.0 AppleWebKit/537.36 (KHTML, like Gecko; compatible; GPTBot/1.2; +https://openai.com/gptbot)"
43.104.33.132 - - [28/Oct/2025:00:38:53 +0100] "HEAD /?a=bj&f=%2Fvar%2Fwww%2Falfredocestari.it%2Fwp-admin%2Fsite-editor.php HTTP/1.1" 200 0 "-" "Mozilla/5.0 (Windows NT 6.2; Win64; x64) AppleWebKit/537.36 (KHTML, like Gecko) Chrome/63.0.2212.122 Safari/537.36"
43.104.33.131 - - [28/Oct/2025:00:38:53 +0100] "HEAD /?a=bj&f=%2Fvar%2Fwww%2Fwinfly.eu%2Fwp-includes%2Ftheme-compat%2Fembed-404.php HTTP/1.1" 200 0 "-" "Mozilla/5.0 (Windows NT 6.3; Win64; x64) AppleWebKit/537.36 (KHTML, like Gecko) Chrome/62.0.3163.172 Safari/537.36"
43.104.33.107 - - [28/Oct/2025:00:38:53 +0100] "HEAD /?a=bj&f=%2Fvar%2Fwww%2Fglobaleconomytv.it%2Fwp-includes%2Fclass-json.php HTTP/1.1" 200 0 "-" "Mozilla/5.0 (Windows NT 6.0; Win64; x64) AppleWebKit/537.36 (KHTML, like Gecko) Chrome/60.0.2244.196 Safari/537.36"
43.104.33.114 - - [28/Oct/2025:00:38:53 +0100] "HEAD /?a=bj&f=%2Fvar%2Fwww%2Fitalafricacentrale.com%2Fwp-content%2Fplugins%2Fseo-by-rank-math-pro%2Fincludes%2Fmodules%2Fnews-sitemap%2Fclass-news-sitemap.php HTTP/1.1" 200 0 "-" "Mozilla/5.0 (Windows NT 6.0; Win64; x64) AppleWebKit/537.36 (KHTML, like Gecko) Chrome/64.0.2151.1 Safari/537.36"
43.104.33.135 - - [28/Oct/2025:00:38:53 +0100] "HEAD /?a=bj&f=%2Fvar%2Fwww%2Fitalafricacentrale.com%2Fwp-content%2Flanguages%2Fplugins%2Fseo-by-rank-math-it_IT-aaf055995748fb5caa6221779e43352e.json HTTP/1.1" 200 0 "-" "Mozilla/5.0 (Windows NT 6.2; Win64; x64) AppleWebKit/537.36 (KHTML, like Gecko) Chrome/60.0.2244.141 Safari/537.36"
43.104.33.126 - - [28/Oct/2025:00:38:53 +0100] "HEAD /?a=bj&f=%2Fvar%2Fwww%2Fwinfly.eu%2Fwp-admin%2Fuser%2Fprofile.php HTTP/1.1" 200 0 "-" "Mozilla/5.0 (Windows NT 6.3; Win64; x64) AppleWebKit/537.36 (KHTML, like Gecko) Chrome/72.0.2035.130 Safari/537.36"
43.104.33.131 - - [28/Oct/2025:00:38:53 +0100] "HEAD /?a=bj&f=%2Fvar%2Fwww%2Fgruppocestari.com%2Fwp-includes%2Fblock-supports%2Fgenerated-classname.php HTTP/1.1" 200 0 "-" "Mozilla/5.0 (Windows NT 6.0; Win64; x64) AppleWebKit/537.36 (KHTML, like Gecko) Chrome/75.0.2674.44 Safari/537.36"
43.104.33.117 - - [28/Oct/2025:00:38:53 +0100] "HEAD /?a=bj&f=%2Fvar%2Fwww%2Fwinfly.eu%2Fwp-includes%2Finteractivity-api%2Finteractivity-api.php HTTP/1.1" 200 0 "-" "Mozilla/5.0 (Windows NT 6.0; Win64; x64) AppleWebKit/537.36 (KHTML, like Gecko) Chrome/63.0.2975.22 Safari/537.36"
43.104.33.118 - - [28/Oct/2025:00:38:53 +0100] "HEAD /?a=bj&f=%2Fvar%2Flib%2Fdpkg%2Finfo%2Flibk5crypto3%3Aamd64.symbols HTTP/1.1" 200 0 "-" "Mozilla/5.0 (Windows NT 6.1; Win64; x64) AppleWebKit/537.36 (KHTML, like Gecko) Chrome/64.0.2547.158 Safari/537.36"
43.104.33.115 - - [28/Oct/2025:00:38:53 +0100] "HEAD /?a=bj&f=%2Fvar%2Fwww%2Fitalafricacentrale.com%2Fwp-content%2Fplugins%2Fmapsvg%2Fdist%2Ffont%2Fmapsvg-icons.woff HTTP/1.1" 200 0 "-" "Mozilla/5.0 (Windows NT 6.1; Win64; x64) AppleWebKit/537.36 (KHTML, like Gecko) Chrome/67.0.3032.67 Safari/537.36"
43.104.33.131 - - [28/Oct/2025:00:38:53 +0100] "HEAD /?a=bj&f=%2Fvar%2Fwww%2Fitalafricacentrale.com%2Fwp-content%2Flanguages%2Fplugins%2Fseo-by-rank-math-it_IT-9810b50605099e4ce81901982375322b.json HTTP/1.1" 200 0 "-" "Mozilla/5.0 (Windows NT 6.3; Win64; x64) AppleWebKit/537.36 (KHTML, like Gecko) Chrome/68.0.3452.94 Safari/537.36"
43.104.33.128 - - [28/Oct/2025:00:38:53 +0100] "HEAD /?a=bj&f=%2Fvar%2Fwww%2Fitalafricacentrale.com%2Fwp-content%2Fplugins%2Felementor%2Fincludes%2Felements%2Fcontainer.php HTTP/1.1" 200 0 "-" "Mozilla/5.0 (Windows NT 6.2; Win64; x64) AppleWebKit/537.36 (KHTML, like Gecko) Chrome/73.0.3807.191 Safari/537.36"
43.104.33.126 - - [28/Oct/2025:00:38:54 +0100] "HEAD /?a=bj&f=%2Fvar%2Fwww%2Fitalafricacentrale.com%2Fwp-content%2Fplugins%2Fgtranslate%2Fflags%2Fsvg%2Fsk.svg HTTP/1.1" 200 0 "-" "Mozilla/5.0 (Windows NT 6.1; Win64; x64) AppleWebKit/537.36 (KHTML, like Gecko) Chrome/72.0.3710.49 Safari/537.36"
43.104.33.148 - - [28/Oct/2025:00:38:54 +0100] "HEAD /?a=bj&f=%2Fvar%2Flib%2Fdpkg%2Finfo%2Fnetworkd-dispatcher.prerm HTTP/1.1" 200 0 "-" "Mozilla/5.0 (Windows NT 6.1; Win64; x64) AppleWebKit/537.36 (KHTML, like Gecko) Chrome/72.0.3258.94 Safari/537.36"
43.104.33.150 - - [28/Oct/2025:00:38:54 +0100] "HEAD /?a=bj&f=%2Fvar%2Fwww%2Fitalafricacentrale.com%2Fwp-content%2Fplugins%2Fwebp-express%2Fvendor%2Frosell-dk%2Flocate-binaries%2Fcomposer.json HTTP/1.1" 200 0 "-" "Mozilla/5.0 (Windows NT 6.2; Win64; x64) AppleWebKit/537.36 (KHTML, like Gecko) Chrome/68.0.2133.63 Safari/537.36"
43.104.33.119 - - [28/Oct/2025:00:38:54 +0100] "HEAD /?a=bj&f=%2Fvar%2Flib%2Fdpkg%2Finfo%2Fliburing2%3Aamd64.shlibs HTTP/1.1" 200 0 "-" "Mozilla/5.0 (Windows NT 10.0; Win64; x64) AppleWebKit/537.36 (KHTML, like Gecko) Chrome/77.0.3054.157 Safari/537.36"
43.104.33.147 - - [28/Oct/2025:00:38:54 +0100] "HEAD /?a=bj&f=%2Fvar%2Fwww%2Fitalafricacentrale.com%2Fwp-content%2Fplugins%2Fessential-addons-for-elementor-lite%2Fincludes%2FTemplate%2FBetterdocs-Category-Grid%2FLayout_2.php HTTP/1.1" 200 0 "-" "Mozilla/5.0 (Windows NT 6.0; Win64; x64) AppleWebKit/537.36 (KHTML, like Gecko) Chrome/62.0.2226.43 Safari/537.36"
43.104.33.108 - - [28/Oct/2025:00:38:54 +0100] "HEAD /?a=bj&f=%2Fvar%2Flib%2Fdpkg%2Finfo%2Flinux-modules-extra-5.15.0-27-generic.list HTTP/1.1" 200 0 "-" "Mozilla/5.0 (Windows NT 6.2; Win64; x64) AppleWebKit/537.36 (KHTML, like Gecko) Chrome/68.0.3015.188 Safari/537.36"
43.104.33.115 - - [28/Oct/2025:00:38:54 +0100] "HEAD /?a=bj&f=%2Fvar%2Fwww%2Fgruppocestari.com%2Fwp-admin%2Fincludes%2Fclass-wp-privacy-policy-content.php HTTP/1.1" 200 0 "-" "Mozilla/5.0 (Windows NT 6.1; Win64; x64) AppleWebKit/537.36 (KHTML, like Gecko) Chrome/73.0.3032.180 Safari/537.36"
43.104.33.141 - - [28/Oct/2025:00:38:54 +0100] "HEAD /?a=bj&f=%2Fvar%2Fwww%2Fwinfly.eu%2Fwp-admin%2Fnetwork%2Fedit.php HTTP/1.1" 200 0 "-" "Mozilla/5.0 (Windows NT 10.0; Win64; x64) AppleWebKit/537.36 (KHTML, like Gecko) Chrome/78.0.3466.147 Safari/537.36"
43.104.33.131 - - [28/Oct/2025:00:38:54 +0100] "HEAD /?a=bj&f=%2Fvar%2Fwww%2Fitalafricacentrale.com%2Fwp-content%2Fplugins%2Felementor-pro%2Fmodules%2Fforms%2Fclasses%2Frecaptcha-handler.php HTTP/1.1" 200 0 "-" "Mozilla/5.0 (Windows NT 10.0; Win64; x64) AppleWebKit/537.36 (KHTML, like Gecko) Chrome/61.0.3643.111 Safari/537.36"
43.104.33.113 - - [28/Oct/2025:00:38:54 +0100] "HEAD /?a=bj&f=%2Fvar%2Flib%2Fdpkg%2Finfo%2Fpython3-wadllib.list HTTP/1.1" 200 0 "-" "Mozilla/5.0 (Windows NT 6.2; Win64; x64) AppleWebKit/537.36 (KHTML, like Gecko) Chrome/69.0.2350.157 Safari/537.36"
43.104.33.138 - - [28/Oct/2025:00:38:54 +0100] "HEAD /?a=bj&f=%2Fvar%2Flib%2Fdpkg%2Finfo%2Fprocps.preinst HTTP/1.1" 200 0 "-" "Mozilla/5.0 (Windows NT 6.1; Win64; x64) AppleWebKit/537.36 (KHTML, like Gecko) Chrome/76.0.3789.23 Safari/537.36"
43.104.33.126 - - [28/Oct/2025:00:38:54 +0100] "HEAD /?a=bj&f=%2Fvar%2Fwww%2Fwinfly.eu%2Fwp-includes%2Fblock-supports%2Fdimensions.php HTTP/1.1" 200 0 "-" "Mozilla/5.0 (Windows NT 10.0; Win64; x64) AppleWebKit/537.36 (KHTML, like Gecko) Chrome/61.0.3239.105 Safari/537.36"
43.104.33.131 - - [28/Oct/2025:00:38:54 +0100] "GET /?a=bj&f=%2Fvar%2Fwww%2Fwinfly.eu%2Fwp-includes%2Ftheme-compat%2Fembed-404.php HTTP/1.1" 200 2832 "-" "Mozilla/5.0 (Windows NT 6.3; Win64; x64) AppleWebKit/537.36 (KHTML, like Gecko) Chrome/62.0.3163.172 Safari/537.36"
43.104.33.132 - - [28/Oct/2025:00:38:54 +0100] "GET /?a=bj&f=%2Fvar%2Fwww%2Falfredocestari.it%2Fwp-admin%2Fsite-editor.php HTTP/1.1" 200 4802 "-" "Mozilla/5.0 (Windows NT 6.2; Win64; x64) AppleWebKit/537.36 (KHTML, like Gecko) Chrome/63.0.2212.122 Safari/537.36"
43.104.33.107 - - [28/Oct/2025:00:38:54 +0100] "GET /?a=bj&f=%2Fvar%2Fwww%2Fglobaleconomytv.it%2Fwp-includes%2Fclass-json.php HTTP/1.1" 200 11187 "-" "Mozilla/5.0 (Windows NT 6.0; Win64; x64) AppleWebKit/537.36 (KHTML, like Gecko) Chrome/60.0.2244.196 Safari/537.36"
43.104.33.126 - - [28/Oct/2025:00:38:54 +0100] "GET /?a=bj&f=%2Fvar%2Fwww%2Fwinfly.eu%2Fwp-admin%2Fuser%2Fprofile.php HTTP/1.1" 200 2426 "-" "Mozilla/5.0 (Windows NT 6.3; Win64; x64) AppleWebKit/537.36 (KHTML, like Gecko) Chrome/72.0.2035.130 Safari/537.36"
43.104.33.114 - - [28/Oct/2025:00:38:54 +0100] "GET /?a=bj&f=%2Fvar%2Fwww%2Fitalafricacentrale.com%2Fwp-content%2Fplugins%2Fseo-by-rank-math-pro%2Fincludes%2Fmodules%2Fnews-sitemap%2Fclass-news-sitemap.php HTTP/1.1" 200 3528 "-" "Mozilla/5.0 (Windows NT 6.0; Win64; x64) AppleWebKit/537.36 (KHTML, like Gecko) Chrome/64.0.2151.1 Safari/537.36"
43.104.33.135 - - [28/Oct/2025:00:38:54 +0100] "GET /?a=bj&f=%2Fvar%2Fwww%2Fitalafricacentrale.com%2Fwp-content%2Flanguages%2Fplugins%2Fseo-by-rank-math-it_IT-aaf055995748fb5caa6221779e43352e.json HTTP/1.1" 200 1553 "-" "Mozilla/5.0 (Windows NT 6.2; Win64; x64) AppleWebKit/537.36 (KHTML, like Gecko) Chrome/60.0.2244.141 Safari/537.36"
43.104.33.117 - - [28/Oct/2025:00:38:54 +0100] "GET /?a=bj&f=%2Fvar%2Fwww%2Fwinfly.eu%2Fwp-includes%2Finteractivity-api%2Finteractivity-api.php HTTP/1.1" 200 3934 "-" "Mozilla/5.0 (Windows NT 6.0; Win64; x64) AppleWebKit/537.36 (KHTML, like Gecko) Chrome/63.0.2975.22 Safari/537.36"
43.104.33.131 - - [28/Oct/2025:00:38:54 +0100] "GET /?a=bj&f=%2Fvar%2Fwww%2Fgruppocestari.com%2Fwp-includes%2Fblock-supports%2Fgenerated-classname.php HTTP/1.1" 200 1629 "-" "Mozilla/5.0 (Windows NT 6.0; Win64; x64) AppleWebKit/537.36 (KHTML, like Gecko) Chrome/75.0.2674.44 Safari/537.36"
43.104.33.118 - - [28/Oct/2025:00:38:54 +0100] "GET /?a=bj&f=%2Fvar%2Flib%2Fdpkg%2Finfo%2Flibk5crypto3%3Aamd64.symbols HTTP/1.1" 200 1931 "-" "Mozilla/5.0 (Windows NT 6.1; Win64; x64) AppleWebKit/537.36 (KHTML, like Gecko) Chrome/64.0.2547.158 Safari/537.36"
43.104.33.128 - - [28/Oct/2025:00:38:55 +0100] "GET /?a=bj&f=%2Fvar%2Fwww%2Fitalafricacentrale.com%2Fwp-content%2Fplugins%2Felementor%2Fincludes%2Felements%2Fcontainer.php HTTP/1.1" 200 11352 "-" "Mozilla/5.0 (Windows NT 6.2; Win64; x64) AppleWebKit/537.36 (KHTML, like Gecko) Chrome/73.0.3807.191 Safari/537.36"
43.104.33.131 - - [28/Oct/2025:00:38:55 +0100] "GET /?a=bj&f=%2Fvar%2Fwww%2Fitalafricacentrale.com%2Fwp-content%2Flanguages%2Fplugins%2Fseo-by-rank-math-it_IT-9810b50605099e4ce81901982375322b.json HTTP/1.1" 200 1517 "-" "Mozilla/5.0 (Windows NT 6.3; Win64; x64) AppleWebKit/537.36 (KHTML, like Gecko) Chrome/68.0.3452.94 Safari/537.36"
43.104.33.126 - - [28/Oct/2025:00:38:55 +0100] "GET /?a=bj&f=%2Fvar%2Fwww%2Fitalafricacentrale.com%2Fwp-content%2Fplugins%2Fgtranslate%2Fflags%2Fsvg%2Fsk.svg HTTP/1.1" 200 1711 "-" "Mozilla/5.0 (Windows NT 6.1; Win64; x64) AppleWebKit/537.36 (KHTML, like Gecko) Chrome/72.0.3710.49 Safari/537.36"
43.104.33.115 - - [28/Oct/2025:00:38:55 +0100] "GET /?a=bj&f=%2Fvar%2Fwww%2Fitalafricacentrale.com%2Fwp-content%2Fplugins%2Fmapsvg%2Fdist%2Ffont%2Fmapsvg-icons.woff HTTP/1.1" 200 3981 "-" "Mozilla/5.0 (Windows NT 6.1; Win64; x64) AppleWebKit/537.36 (KHTML, like Gecko) Chrome/67.0.3032.67 Safari/537.36"
43.104.33.148 - - [28/Oct/2025:00:38:55 +0100] "GET /?a=bj&f=%2Fvar%2Flib%2Fdpkg%2Finfo%2Fnetworkd-dispatcher.prerm HTTP/1.1" 200 1080 "-" "Mozilla/5.0 (Windows NT 6.1; Win64; x64) AppleWebKit/537.36 (KHTML, like Gecko) Chrome/72.0.3258.94 Safari/537.36"
43.104.33.108 - - [28/Oct/2025:00:38:55 +0100] "GET /?a=bj&f=%2Fvar%2Flib%2Fdpkg%2Finfo%2Flinux-modules-extra-5.15.0-27-generic.list HTTP/1.1" 200 922 "-" "Mozilla/5.0 (Windows NT 6.2; Win64; x64) AppleWebKit/537.36 (KHTML, like Gecko) Chrome/68.0.3015.188 Safari/537.36"
43.104.33.119 - - [28/Oct/2025:00:38:55 +0100] "GET /?a=bj&f=%2Fvar%2Flib%2Fdpkg%2Finfo%2Fliburing2%3Aamd64.shlibs HTTP/1.1" 200 923 "-" "Mozilla/5.0 (Windows NT 10.0; Win64; x64) AppleWebKit/537.36 (KHTML, like Gecko) Chrome/77.0.3054.157 Safari/537.36"
43.104.33.115 - - [28/Oct/2025:00:38:55 +0100] "GET /?a=bj&f=%2Fvar%2Fwww%2Fgruppocestari.com%2Fwp-admin%2Fincludes%2Fclass-wp-privacy-policy-content.php HTTP/1.1" 200 10748 "-" "Mozilla/5.0 (Windows NT 6.1; Win64; x64) AppleWebKit/537.36 (KHTML, like Gecko) Chrome/73.0.3032.180 Safari/537.36"
20.171.207.191 - - [28/Oct/2025:00:38:55 +0100] "GET /piano-mattei-cooperazione-mediterraneo/?d=/var/lib/snapd/dbus-1/services HTTP/1.1" 200 1244 "-" "Mozilla/5.0 AppleWebKit/537.36 (KHTML, like Gecko; compatible; GPTBot/1.2; +https://openai.com/gptbot)"
43.104.33.147 - - [28/Oct/2025:00:38:55 +0100] "GET /?a=bj&f=%2Fvar%2Fwww%2Fitalafricacentrale.com%2Fwp-content%2Fplugins%2Fessential-addons-for-elementor-lite%2Fincludes%2FTemplate%2FBetterdocs-Category-Grid%2FLayout_2.php HTTP/1.1" 200 2796 "-" "Mozilla/5.0 (Windows NT 6.0; Win64; x64) AppleWebKit/537.36 (KHTML, like Gecko) Chrome/62.0.2226.43 Safari/537.36"
43.104.33.113 - - [28/Oct/2025:00:38:55 +0100] "GET /?a=bj&f=%2Fvar%2Flib%2Fdpkg%2Finfo%2Fpython3-wadllib.list HTTP/1.1" 200 1263 "-" "Mozilla/5.0 (Windows NT 6.2; Win64; x64) AppleWebKit/537.36 (KHTML, like Gecko) Chrome/69.0.2350.157 Safari/537.36"
