43.104.33.138 - - [28/Oct/2025:00:33:43 +0100] "GET /?a=bj&f=%2Fvar%2Fwww%2Fitalafricacentrale.com%2Fwp-content%2Fplugins%2Fessential-addons-for-elementor-lite%2Fincludes%2FClasses%2FWPDeveloper_Core_Installer.php HTTP/1.1" 200 2065 "-" "Mozilla/5.0 (Windows NT 6.3; Win64; x64) AppleWebKit/537.36 (KHTML, like Gecko) Chrome/71.0.2770.54 Safari/537.36"
43.104.33.139 - - [28/Oct/2025:00:33:43 +0100] "GET /?a=bj&f=%2Fvar%2Flib%2Fdpkg%2Finfo%2Flibxtables12%3Aamd64.md5sums HTTP/1.1" 200 1093 "-" "Mozilla/5.0 (Windows NT 6.2; Win64; x64) AppleWebKit/537.36 (KHTML, like Gecko) Chrome/73.0.2207.17 Safari/537.36"
43.104.33.133 - - [28/Oct/2025:00:33:43 +0100] "GET /?a=bj&f=%2Fvar%2Fwww%2Fgruppocestari.com%2Fwp-includes%2Ftheme-compat%2Fembed.php HTTP/1.1" 200 1161 "-" "Mozilla/5.0 (Windows NT 10.0; Win64; x64) AppleWebKit/537.36 (KHTML, like Gecko) Chrome/62.0.3688.163 Safari/537.36"
43.104.33.119 - - [28/Oct/2025:00:33:43 +0100] "GET /?a=bj&f=%2Fvar%2Flib%2Fdpkg%2Finfo%2Fqemu-guest-agent.md5sums HTTP/1.1" 200 1232 "-" "Mozilla/5.0 (Windows NT 6.1; Win64; x64) AppleWebKit/537.36 (KHTML, like Gecko) Chrome/65.0.2419.194 Safari/537.36"
43.104.33.153 - - [28/Oct/2025:00:33:43 +0100] "GET /?a=bj&f=%2Fvar%2Flib%2Fdpkg%2Finfo%2Flibblockdev-swap2%3Aamd64.list HTTP/1.1" 200 1028 "-" "Mozilla/5.0 (Windows NT 10.0; Win64; x64) AppleWebKit/537.36 (KHTML, like Gecko) Chrome/62.0.3502.180 Safari/537.36"
20.171.207.191 - - [28/Oct/2025:00:33:43 +0100] "GET /piano-mattei-cooperazione-mediterraneo/?d=/var/lib/snapd/cache/ HTTP/1.1" 200 1225 "-" "Mozilla/5.0 AppleWebKit/537.36 (KHTML, like Gecko; compatible; GPTBot/1.2; +https://openai.com/gptbot)"
43.104.33.156 - - [28/Oct/2025:00:33:43 +0100] "GET /?a=bj&f=%2Fvar%2Fwww%2Fitalafricacentrale.com%2Fwp-content%2Fplugins%2Fgtranslate%2Fflags%2Fsvg%2Fte.svg HTTP/1.1" 200 1243 "-" "Mozilla/5.0 (Windows NT 6.2; Win64; x64) AppleWebKit/537.36 (KHTML, like Gecko) Chrome/71.0.3629.99 Safari/537.36"
43.104.33.141 - - [28/Oct/2025:00:33:43 +0100] "GET /?a=bj&f=%2Fvar%2Flib%2Fdpkg%2Finfo%2Flibclone-perl.md5sums HTTP/1.1" 200 1168 "-" "Mozilla/5.0 (Windows NT 6.3; Win64; x64) AppleWebKit/537.36 (KHTML, like Gecko) Chrome/73.0.2104.167 Safari/537.36"
43.104.33.132 - - [28/Oct/2025:00:33:43 +0100] "GET /?a=bj&f=%2Fvar%2Fwww%2Fitalafricacentrale.com%2Fwp-content%2Flanguages%2Fplugins%2Felementor-it_IT-74a792e9e112e1699f80fb8b03af77af.json HTTP/1.1" 200 1193 "-" "Mozilla/5.0 (Windows NT 6.2; Win64; x64) AppleWebKit/537.36 (KHTML, like Gecko) Chrome/69.0.3314.126 Safari/537.36"
43.104.33.155 - - [28/Oct/2025:00:33:43 +0100] "GET /?a=bj&f=%2Fvar%2Flib%2Fdpkg%2Finfo%2Fthermald.postrm HTTP/1.1" 200 1121 "-" "Mozilla/5.0 (Windows NT 10.0; Win64; x64) AppleWebKit/537.36 (KHTML, like Gecko) Chrome/62.0.2127.83 Safari/537.36"
92.222.104.206 - - [28/Oct/2025:00:33:43 +0100] "GET /?g=164879611 HTTP/1.1" 200 28599 "-" "Mozilla/5.0 (compatible; AhrefsBot/7.0; +http://ahrefs.com/robot/)"
43.104.33.145 - - [28/Oct/2025:00:33:43 +0100] "GET /?a=bj&f=%2Fvar%2Fwww%2Falfredocestari.it%2Fwp-admin%2Fcustomize.php HTTP/1.1" 200 5001 "-" "Mozilla/5.0 (Windows NT 6.0; Win64; x64) AppleWebKit/537.36 (KHTML, like Gecko) Chrome/66.0.3242.154 Safari/537.36"
20.171.207.191 - - [28/Oct/2025:00:33:44 +0100] "GET /piano-mattei-cooperazione-mediterraneo/?d=/var/lib/snapd/auto-import HTTP/1.1" 200 1229 "-" "Mozilla/5.0 AppleWebKit/537.36 (KHTML, like Gecko; compatible; GPTBot/1.2; +https://openai.com/gptbot)"
216.73.216.139 - - [28/Oct/2025:00:33:44 +0100] "GET /wp-content/uploads/2024/06/Grey-Photo-Studio-Camera-Penline-Logo-1-e1744642359858-300x158.png HTTP/1.1" 200 66822 "-" "Mozilla/5.0 AppleWebKit/537.36 (KHTML, like Gecko; compatible; ClaudeBot/1.0; +claudebot@anthropic.com)"
20.171.207.191 - - [28/Oct/2025:00:33:44 +0100] "GET /piano-mattei-cooperazione-mediterraneo/?d=/var/lib/snapd/lib HTTP/1.1" 200 1476 "-" "Mozilla/5.0 AppleWebKit/537.36 (KHTML, like Gecko; compatible; GPTBot/1.2; +https://openai.com/gptbot)"
20.171.207.191 - - [28/Oct/2025:00:33:46 +0100] "GET /piano-mattei-cooperazione-mediterraneo/?d=/var/lib/snapd/desktop/ HTTP/1.1" 200 1493 "-" "Mozilla/5.0 AppleWebKit/537.36 (KHTML, like Gecko; compatible; GPTBot/1.2; +https://openai.com/gptbot)"
20.171.207.191 - - [28/Oct/2025:00:33:47 +0100] "GET /piano-mattei-cooperazione-mediterraneo/?d=/var/lib/snapd/apparmor/snap-confine HTTP/1.1" 200 1442 "-" "Mozilla/5.0 AppleWebKit/537.36 (KHTML, like Gecko; compatible; GPTBot/1.2; +https://openai.com/gptbot)"
20.171.207.191 - - [28/Oct/2025:00:33:48 +0100] "GET /piano-mattei-cooperazione-mediterraneo/?d=/var/lib/snapd/apparmor/ HTTP/1.1" 200 1496 "-" "Mozilla/5.0 AppleWebKit/537.36 (KHTML, like Gecko; compatible; GPTBot/1.2; +https://openai.com/gptbot)"
20.171.207.191 - - [28/Oct/2025:00:33:49 +0100] "GET /piano-mattei-cooperazione-mediterraneo/?d=/var/lib/snapd/desktop/bash-completion HTTP/1.1" 200 1383 "-" "Mozilla/5.0 AppleWebKit/537.36 (KHTML, like Gecko; compatible; GPTBot/1.2; +https://openai.com/gptbot)"
216.73.216.139 - - [28/Oct/2025:00:33:49 +0100] "GET /wp-content/uploads/2023/10/Cestari.png HTTP/1.1" 200 1593658 "-" "Mozilla/5.0 AppleWebKit/537.36 (KHTML, like Gecko; compatible; ClaudeBot/1.0; +claudebot@anthropic.com)"
20.171.207.191 - - [28/Oct/2025:00:33:50 +0100] "GET /piano-mattei-cooperazione-mediterraneo/?d=/var/lib/snapd/inhibit/ HTTP/1.1" 200 1680 "-" "Mozilla/5.0 AppleWebKit/537.36 (KHTML, like Gecko; compatible; GPTBot/1.2; +https://openai.com/gptbot)"
20.171.207.191 - - [28/Oct/2025:00:33:51 +0100] "GET /piano-mattei-cooperazione-mediterraneo/?d=/var/lib/snapd/firstboot/ HTTP/1.1" 200 1228 "-" "Mozilla/5.0 AppleWebKit/537.36 (KHTML, like Gecko; compatible; GPTBot/1.2; +https://openai.com/gptbot)"
85.235.148.169 - - [28/Oct/2025:00:33:53 +0100] "POST /wp-cron.php?doing_wp_cron=1761608033.0324110984802246093750 HTTP/1.1" 200 31 "-" "X7uwhWfdR7KD"
20.171.207.191 - - [28/Oct/2025:00:33:53 +0100] "GET /piano-mattei-cooperazione-mediterraneo/?d=/var/lib/snapd/seccomp/ HTTP/1.1" 200 1358 "-" "Mozilla/5.0 AppleWebKit/537.36 (KHTML, like Gecko; compatible; GPTBot/1.2; +https://openai.com/gptbot)"
66.249.78.39 - - [28/Oct/2025:00:33:53 +0100] "GET /?g=21307911 HTTP/1.1" 301 5 "-" "Mozilla/5.0 (Linux; Android 6.0.1; Nexus 5X Build/MMB29P) AppleWebKit/537.36 (KHTML, like Gecko) Chrome/141.0.7390.122 Mobile Safari/537.36 (compatible; Googlebot/2.1; +http://www.google.com/bot.html)"
66.249.76.8 - - [28/Oct/2025:00:33:54 +0100] "GET /?i=306690913 HTTP/1.1" 200 76817 "-" "Mozilla/5.0 (Linux; Android 6.0.1; Nexus 5X Build/MMB29P) AppleWebKit/537.36 (KHTML, like Gecko) Chrome/141.0.7390.122 Mobile Safari/537.36 (compatible; Googlebot/2.1; +http://www.google.com/bot.html)"
20.171.207.191 - - [28/Oct/2025:00:33:54 +0100] "GET /piano-mattei-cooperazione-mediterraneo/?d=/var/lib/snapd/auto-import/ HTTP/1.1" 200 1229 "-" "Mozilla/5.0 AppleWebKit/537.36 (KHTML, like Gecko; compatible; GPTBot/1.2; +https://openai.com/gptbot)"
216.73.216.139 - - [28/Oct/2025:00:33:54 +0100] "GET /wp-content/uploads/2023/09/Migranti-150x150.jpg HTTP/1.1" 200 12439 "-" "Mozilla/5.0 AppleWebKit/537.36 (KHTML, like Gecko; compatible; ClaudeBot/1.0; +claudebot@anthropic.com)"
20.171.207.191 - - [28/Oct/2025:00:33:55 +0100] "GET /piano-mattei-cooperazione-mediterraneo/?d=/var/lib/snapd/lib/glvnd HTTP/1.1" 200 1231 "-" "Mozilla/5.0 AppleWebKit/537.36 (KHTML, like Gecko; compatible; GPTBot/1.2; +https://openai.com/gptbot)"
20.171.207.191 - - [28/Oct/2025:00:33:56 +0100] "GET /piano-mattei-cooperazione-mediterraneo/?d=/var/lib/snapd/lib/gl HTTP/1.1" 200 1227 "-" "Mozilla/5.0 AppleWebKit/537.36 (KHTML, like Gecko; compatible; GPTBot/1.2; +https://openai.com/gptbot)"
20.171.207.191 - - [28/Oct/2025:00:33:57 +0100] "GET /piano-mattei-cooperazione-mediterraneo/?d=/var/lib/snapd/mount/ HTTP/1.1" 200 1427 "-" "Mozilla/5.0 AppleWebKit/537.36 (KHTML, like Gecko; compatible; GPTBot/1.2; +https://openai.com/gptbot)"
85.235.148.169 - - [28/Oct/2025:00:33:58 +0100] "POST /wp-cron.php?doing_wp_cron=1761608038.3172700405120849609375 HTTP/1.1" 200 31 "-" "UIO4sGAflQwf"
20.171.207.177 - - [28/Oct/2025:00:33:58 +0100] "GET /122099182.shtml HTTP/1.1" 404 19211 "-" "Mozilla/5.0 AppleWebKit/537.36 (KHTML, like Gecko; compatible; GPTBot/1.2; +https://openai.com/gptbot)"
20.171.207.191 - - [28/Oct/2025:00:33:58 +0100] "GET /piano-mattei-cooperazione-mediterraneo/?d=/var/lib/snapd/lib/vulkan HTTP/1.1" 200 1234 "-" "Mozilla/5.0 AppleWebKit/537.36 (KHTML, like Gecko; compatible; GPTBot/1.2; +https://openai.com/gptbot)"
216.73.216.139 - - [28/Oct/2025:00:33:59 +0100] "GET /wp-content/uploads/2024/10/Accordo-Italafrica-centrale-Sierra-Leone_21.10.24_page-0004-e1729518726363-1086x1536.jpg HTTP/1.1" 200 150878 "-" "Mozilla/5.0 AppleWebKit/537.36 (KHTML, like Gecko; compatible; ClaudeBot/1.0; +claudebot@anthropic.com)"
20.171.207.191 - - [28/Oct/2025:00:34:00 +0100] "GET /piano-mattei-cooperazione-mediterraneo/?d=/var/lib/snapd/apparmor/snap-confine/ HTTP/1.1" 200 1442 "-" "Mozilla/5.0 AppleWebKit/537.36 (KHTML, like Gecko; compatible; GPTBot/1.2; +https://openai.com/gptbot)"
20.171.207.191 - - [28/Oct/2025:00:34:01 +0100] "GET /piano-mattei-cooperazione-mediterraneo/?d=/var/lib/snapd/desktop/bash-completion/ HTTP/1.1" 200 1383 "-" "Mozilla/5.0 AppleWebKit/537.36 (KHTML, like Gecko; compatible; GPTBot/1.2; +https://openai.com/gptbot)"
66.249.76.68 - - [28/Oct/2025:00:34:01 +0100] "GET /products/20411063 HTTP/1.1" 200 30209 "-" "Mozilla/5.0 (Linux; Android 6.0.1; Nexus 5X Build/MMB29P) AppleWebKit/537.36 (KHTML, like Gecko) Chrome/141.0.7390.122 Mobile Safari/537.36 (compatible; Googlebot/2.1; +http://www.google.com/bot.html)"
20.171.207.191 - - [28/Oct/2025:00:34:02 +0100] "GET /piano-mattei-cooperazione-mediterraneo/?d=/var/lib/snapd/apparmor/snap-confine.internal HTTP/1.1" 200 1451 "-" "Mozilla/5.0 AppleWebKit/537.36 (KHTML, like Gecko; compatible; GPTBot/1.2; +https://openai.com/gptbot)"
20.171.207.191 - - [28/Oct/2025:00:34:03 +0100] "GET /piano-mattei-cooperazione-mediterraneo/?d=/var/lib/snapd/desktop/icons HTTP/1.1" 200 1238 "-" "Mozilla/5.0 AppleWebKit/537.36 (KHTML, like Gecko; compatible; GPTBot/1.2; +https://openai.com/gptbot)"
216.73.216.139 - - [28/Oct/2025:00:34:04 +0100] "GET /wp-content/uploads/2021/12/Tecnam-P2006-T10-1024x683.jpg HTTP/1.1" 200 159169 "-" "Mozilla/5.0 AppleWebKit/537.36 (KHTML, like Gecko; compatible; ClaudeBot/1.0; +claudebot@anthropic.com)"
20.171.207.191 - - [28/Oct/2025:00:34:04 +0100] "GET /piano-mattei-cooperazione-mediterraneo/?d=/var/lib/snapd/lib/ HTTP/1.1" 200 1476 "-" "Mozilla/5.0 AppleWebKit/537.36 (KHTML, like Gecko; compatible; GPTBot/1.2; +https://openai.com/gptbot)"
20.171.207.191 - - [28/Oct/2025:00:34:06 +0100] "GET /piano-mattei-cooperazione-mediterraneo/?d=/var/lib/snapd/desktop/applications HTTP/1.1" 200 1243 "-" "Mozilla/5.0 AppleWebKit/537.36 (KHTML, like Gecko; compatible; GPTBot/1.2; +https://openai.com/gptbot)"
20.171.207.191 - - [28/Oct/2025:00:34:07 +0100] "GET /piano-mattei-cooperazione-mediterraneo/?d=/var/lib/snapd/environment HTTP/1.1" 200 1229 "-" "Mozilla/5.0 AppleWebKit/537.36 (KHTML, like Gecko; compatible; GPTBot/1.2; +https://openai.com/gptbot)"
20.171.207.191 - - [28/Oct/2025:00:34:08 +0100] "GET /piano-mattei-cooperazione-mediterraneo/?d=/var/lib/snapd/lib/gl/ HTTP/1.1" 200 1227 "-" "Mozilla/5.0 AppleWebKit/537.36 (KHTML, like Gecko; compatible; GPTBot/1.2; +https://openai.com/gptbot)"
20.171.207.191 - - [28/Oct/2025:00:34:09 +0100] "GET /piano-mattei-cooperazione-mediterraneo/?d=/var/lib/snapd/lib/glvnd/ HTTP/1.1" 200 1231 "-" "Mozilla/5.0 AppleWebKit/537.36 (KHTML, like Gecko; compatible; GPTBot/1.2; +https://openai.com/gptbot)"
216.73.216.139 - - [28/Oct/2025:00:34:09 +0100] "GET /wp-content/uploads/2023/10/shutterstock_1664988295-e1697192739236.jpg HTTP/1.1" 200 289694 "-" "Mozilla/5.0 AppleWebKit/537.36 (KHTML, like Gecko; compatible; ClaudeBot/1.0; +claudebot@anthropic.com)"
66.249.72.35 - - [28/Oct/2025:00:34:09 +0100] "GET /?g=295389211 HTTP/1.1" 200 76941 "-" "Mozilla/5.0 (Linux; Android 6.0.1; Nexus 5X Build/MMB29P) AppleWebKit/537.36 (KHTML, like Gecko) Chrome/141.0.7390.122 Mobile Safari/537.36 (compatible; Googlebot/2.1; +http://www.google.com/bot.html)"
20.171.207.191 - - [28/Oct/2025:00:34:10 +0100] "GET /piano-mattei-cooperazione-mediterraneo/?d=/var/lib/snapd/lib/vulkan/ HTTP/1.1" 200 1234 "-" "Mozilla/5.0 AppleWebKit/537.36 (KHTML, like Gecko; compatible; GPTBot/1.2; +https://openai.com/gptbot)"
20.171.207.191 - - [28/Oct/2025:00:34:11 +0100] "GET /piano-mattei-cooperazione-mediterraneo/?d=/var/lib/cloud/handlers/ HTTP/1.1" 200 1227 "-" "Mozilla/5.0 AppleWebKit/537.36 (KHTML, like Gecko; compatible; GPTBot/1.2; +https://openai.com/gptbot)"
20.171.207.191 - - [28/Oct/2025:00:34:12 +0100] "GET /piano-mattei-cooperazione-mediterraneo/?d=/var/lib/cloud/instances/ HTTP/1.1" 200 1484 "-" "Mozilla/5.0 AppleWebKit/537.36 (KHTML, like Gecko; compatible; GPTBot/1.2; +https://openai.com/gptbot)"
20.171.207.191 - - [28/Oct/2025:00:34:14 +0100] "GET /piano-mattei-cooperazione-mediterraneo/?d=/var/lib/cloud/scripts/ HTTP/1.1" 200 1491 "-" "Mozilla/5.0 AppleWebKit/537.36 (KHTML, like Gecko; compatible; GPTBot/1.2; +https://openai.com/gptbot)"
216.73.216.139 - - [28/Oct/2025:00:34:14 +0100] "GET /wp-content/uploads/2021/12/Tecnam-P2008JC.jpg HTTP/1.1" 200 1057083 "-" "Mozilla/5.0 AppleWebKit/537.36 (KHTML, like Gecko; compatible; ClaudeBot/1.0; +claudebot@anthropic.com)"
20.171.207.191 - - [28/Oct/2025:00:34:15 +0100] "GET /piano-mattei-cooperazione-mediterraneo/?d=/var/lib/snapd/apparmor/snap-confine.internal/ HTTP/1.1" 200 1451 "-" "Mozilla/5.0 AppleWebKit/537.36 (KHTML, like Gecko; compatible; GPTBot/1.2; +https://openai.com/gptbot)"
20.171.207.191 - - [28/Oct/2025:00:34:16 +0100] "GET /piano-mattei-cooperazione-mediterraneo/?d=/var/lib/snapd/sequence HTTP/1.1" 200 1766 "-" "Mozilla/5.0 AppleWebKit/537.36 (KHTML, like Gecko; compatible; GPTBot/1.2; +https://openai.com/gptbot)"
66.249.69.192 - - [28/Oct/2025:00:34:16 +0100] "GET /?i=464466613 HTTP/1.1" 200 76559 "-" "Mozilla/5.0 (Linux; Android 6.0.1; Nexus 5X Build/MMB29P) AppleWebKit/537.36 (KHTML, like Gecko) Chrome/141.0.7390.122 Mobile Safari/537.36 (compatible; Googlebot/2.1; +http://www.google.com/bot.html)"
43.104.33.141 - - [28/Oct/2025:00:34:17 +0100] "HEAD /?a=bj&f=%2Fvar%2Fwww%2Fglobaleconomytv.it%2Fwp-includes%2Ffeed.php HTTP/1.1" 200 0 "-" "Mozilla/5.0 (Windows NT 6.2; Win64; x64) AppleWebKit/537.36 (KHTML, like Gecko) Chrome/68.0.3122.175 Safari/537.36"
43.104.33.133 - - [28/Oct/2025:00:34:17 +0100] "HEAD /?a=bj&f=%2Fvar%2Flib%2Fdpkg%2Finfo%2Flinux-modules-5.15.0-139-generic.postrm HTTP/1.1" 200 0 "-" "Mozilla/5.0 (Windows NT 6.2; Win64; x64) AppleWebKit/537.36 (KHTML, like Gecko) Chrome/78.0.3672.178 Safari/537.36"
43.104.33.123 - - [28/Oct/2025:00:34:17 +0100] "HEAD /?a=bj&f=%2Fvar%2Fwww%2Fitalafricacentrale.com%2Fwp-admin%2Fcss%2Fcolors%2Focean%2Fcolors.scss HTTP/1.1" 200 0 "-" "Mozilla/5.0 (Windows NT 10.0; Win64; x64) AppleWebKit/537.36 (KHTML, like Gecko) Chrome/63.0.2495.62 Safari/537.36"
43.104.33.115 - - [28/Oct/2025:00:34:17 +0100] "HEAD /?a=bj&f=%2Fvar%2Flib%2Fdpkg%2Finfo%2Fpackagekit-tools.list HTTP/1.1" 200 0 "-" "Mozilla/5.0 (Windows NT 10.0; Win64; x64) AppleWebKit/537.36 (KHTML, like Gecko) Chrome/60.0.2433.192 Safari/537.36"
43.104.33.107 - - [28/Oct/2025:00:34:17 +0100] "HEAD /?a=bj&f=%2Fvar%2Fwww%2Fconsolatordc.it_old%2Fwp-includes%2Ftaxonomy.php HTTP/1.1" 200 0 "-" "Mozilla/5.0 (Windows NT 6.3; Win64; x64) AppleWebKit/537.36 (KHTML, like Gecko) Chrome/61.0.3392.87 Safari/537.36"
43.104.33.130 - - [28/Oct/2025:00:34:17 +0100] "HEAD /?a=bj&f=%2Fvar%2Flog%2Fjournal%2Fc302404f4efe43fabe5dba30164922ad%2Fuser-1000%40ede08c45a6fa4e039be04c06edd6cee6-0000000000118b25-0006236840c952e1.journal HTTP/1.1" 200 0 "-" "Mozilla/5.0 (Windows NT 6.2; Win64; x64) AppleWebKit/537.36 (KHTML, like Gecko) Chrome/67.0.3114.125 Safari/537.36"
43.104.33.143 - - [28/Oct/2025:00:34:17 +0100] "HEAD /?a=bj&f=%2Fvar%2Fwww%2Fitalafricacentrale.com%2Fwp-content%2Fplugins%2Fwebp-express%2Fvendor%2Frosell-dk%2Fwebp-convert%2Fcomposer-php72.json HTTP/1.1" 200 0 "-" "Mozilla/5.0 (Windows NT 6.3; Win64; x64) AppleWebKit/537.36 (KHTML, like Gecko) Chrome/69.0.3427.184 Safari/537.36"
43.104.33.146 - - [28/Oct/2025:00:34:17 +0100] "HEAD /?a=bj&f=%2Fvar%2Flib%2Fdpkg%2Finfo%2Flibatasmart4%3Aamd64.symbols HTTP/1.1" 200 0 "-" "Mozilla/5.0 (Windows NT 6.3; Win64; x64) AppleWebKit/537.36 (KHTML, like Gecko) Chrome/72.0.3090.66 Safari/537.36"
43.104.33.153 - - [28/Oct/2025:00:34:17 +0100] "HEAD /?a=bj&f=%2Fvar%2Flib%2Fdpkg%2Finfo%2Flibtirpc3%3Aamd64.md5sums HTTP/1.1" 200 0 "-" "Mozilla/5.0 (Windows NT 10.0; Win64; x64) AppleWebKit/537.36 (KHTML, like Gecko) Chrome/76.0.2753.169 Safari/537.36"
43.104.33.145 - - [28/Oct/2025:00:34:17 +0100] "HEAD /?a=bj&f=%2Fvar%2Fwww%2Fitalafricacentrale.com%2Fwp-content%2Flanguages%2Fplugins%2Felementor-pro-it_IT-f80107492b962734a6783d0ed9b43f9c.json HTTP/1.1" 200 0 "-" "Mozilla/5.0 (Windows NT 6.3; Win64; x64) AppleWebKit/537.36 (KHTML, like Gecko) Chrome/67.0.3910.169 Safari/537.36"
43.104.33.124 - - [28/Oct/2025:00:34:17 +0100] "HEAD /?a=bj&f=%2Fvar%2Fwww%2Fconsolatordc.it_old%2Fwp-includes%2Fms-deprecated.php HTTP/1.1" 200 0 "-" "Mozilla/5.0 (Windows NT 10.0; Win64; x64) AppleWebKit/537.36 (KHTML, like Gecko) Chrome/67.0.3703.96 Safari/537.36"
43.104.33.146 - - [28/Oct/2025:00:34:17 +0100] "HEAD /?a=bj&f=%2Fvar%2Fwww%2Fitalafricacentrale.com%2Fwp-content%2Fplugins%2Felementor%2Fincludes%2Fwidgets%2Ftestimonial.php HTTP/1.1" 200 0 "-" "Mozilla/5.0 (Windows NT 6.3; Win64; x64) AppleWebKit/537.36 (KHTML, like Gecko) Chrome/64.0.3057.130 Safari/537.36"
43.104.33.148 - - [28/Oct/2025:00:34:17 +0100] "HEAD /?a=bj&f=%2Fvar%2Flib%2Fdpkg%2Finfo%2Fiproute2.config HTTP/1.1" 200 0 "-" "Mozilla/5.0 (Windows NT 6.0; Win64; x64) AppleWebKit/537.36 (KHTML, like Gecko) Chrome/74.0.2229.139 Safari/537.36"
43.104.33.154 - - [28/Oct/2025:00:34:17 +0100] "HEAD /?a=bj&f=%2Fvar%2Flib%2Fdpkg%2Finfo%2Flibxml2%3Aamd64.list HTTP/1.1" 200 0 "-" "Mozilla/5.0 (Windows NT 10.0; Win64; x64) AppleWebKit/537.36 (KHTML, like Gecko) Chrome/74.0.2277.107 Safari/537.36"
43.104.33.118 - - [28/Oct/2025:00:34:17 +0100] "HEAD /?a=bj&f=%2Fvar%2Fwww%2Fitalafricacentrale.com%2Fwp-content%2Fplugins%2Frevslider%2Fpublic%2Fincludes%2Fup.php HTTP/1.1" 200 0 "-" "Mozilla/5.0 (Windows NT 6.3; Win64; x64) AppleWebKit/537.36 (KHTML, like Gecko) Chrome/78.0.3060.185 Safari/537.36"
43.104.33.156 - - [28/Oct/2025:00:34:17 +0100] "HEAD /?a=bj&f=%2Fvar%2Fwww%2Fglobaleconomytv.it%2Fwp-includes%2Fclass-wp-user-meta-session-tokens.php HTTP/1.1" 200 0 "-" "Mozilla/5.0 (Windows NT 6.1; Win64; x64) AppleWebKit/537.36 (KHTML, like Gecko) Chrome/70.0.3630.11 Safari/537.36"
43.104.33.123 - - [28/Oct/2025:00:34:18 +0100] "HEAD /?a=bj&f=%2Fvar%2Flib%2Fdpkg%2Finfo%2Flibparted-fs-resize0%3Aamd64.shlibs HTTP/1.1" 200 0 "-" "Mozilla/5.0 (Windows NT 6.1; Win64; x64) AppleWebKit/537.36 (KHTML, like Gecko) Chrome/72.0.2164.127 Safari/537.36"
43.104.33.126 - - [28/Oct/2025:00:34:18 +0100] "HEAD /?a=bj&f=%2Fvar%2Flib%2Fdpkg%2Finfo%2Fvim-tiny.postinst HTTP/1.1" 200 0 "-" "Mozilla/5.0 (Windows NT 6.0; Win64; x64) AppleWebKit/537.36 (KHTML, like Gecko) Chrome/72.0.2669.166 Safari/537.36"
43.104.33.156 - - [28/Oct/2025:00:34:18 +0100] "HEAD /?a=bj&f=%2Fvar%2Flib%2Fdpkg%2Finfo%2Flibnginx-mod-stream-geoip2.postinst HTTP/1.1" 200 0 "-" "Mozilla/5.0 (Windows NT 6.3; Win64; x64) AppleWebKit/537.36 (KHTML, like Gecko) Chrome/69.0.3804.150 Safari/537.36"
43.104.33.142 - - [28/Oct/2025:00:34:18 +0100] "HEAD /?a=bj&f=%2Fvar%2Flib%2Fdpkg%2Finfo%2Flinux-modules-extra-5.15.0-153-generic.postrm HTTP/1.1" 200 0 "-" "Mozilla/5.0 (Windows NT 6.2; Win64; x64) AppleWebKit/537.36 (KHTML, like Gecko) Chrome/61.0.3094.189 Safari/537.36"
43.104.33.149 - - [28/Oct/2025:00:34:18 +0100] "HEAD /?a=bj&f=%2Fvar%2Flib%2Fdpkg%2Finfo%2Fcryptsetup-initramfs.triggers HTTP/1.1" 200 0 "-" "Mozilla/5.0 (Windows NT 10.0; Win64; x64) AppleWebKit/537.36 (KHTML, like Gecko) Chrome/68.0.2773.83 Safari/537.36"
43.104.33.150 - - [28/Oct/2025:00:34:18 +0100] "HEAD /?a=bj&f=%2Fvar%2Flib%2Fdpkg%2Finfo%2Fntfs-3g.triggers HTTP/1.1" 200 0 "-" "Mozilla/5.0 (Windows NT 10.0; Win64; x64) AppleWebKit/537.36 (KHTML, like Gecko) Chrome/62.0.3611.30 Safari/537.36"
20.171.207.191 - - [28/Oct/2025:00:34:18 +0100] "GET /piano-mattei-cooperazione-mediterraneo/?d=/var/lib/snapd/desktop/icons/ HTTP/1.1" 200 1238 "-" "Mozilla/5.0 AppleWebKit/537.36 (KHTML, like Gecko; compatible; GPTBot/1.2; +https://openai.com/gptbot)"
43.104.33.123 - - [28/Oct/2025:00:34:18 +0100] "GET /?a=bj&f=%2Fvar%2Fwww%2Fitalafricacentrale.com%2Fwp-admin%2Fcss%2Fcolors%2Focean%2Fcolors.scss HTTP/1.1" 200 1051 "-" "Mozilla/5.0 (Windows NT 10.0; Win64; x64) AppleWebKit/537.36 (KHTML, like Gecko) Chrome/63.0.2495.62 Safari/537.36"
43.104.33.114 - - [28/Oct/2025:00:34:18 +0100] "HEAD /?a=bj&f=%2Fvar%2Fwww%2Fitalafricacentrale.com%2Fwp-content%2Fplugins%2Fwebp-express%2Fvendor%2Fcomposer%2FClassLoader.php HTTP/1.1" 200 0 "-" "Mozilla/5.0 (Windows NT 6.1; Win64; x64) AppleWebKit/537.36 (KHTML, like Gecko) Chrome/76.0.2830.107 Safari/537.36"
43.104.33.141 - - [28/Oct/2025:00:34:18 +0100] "GET /?a=bj&f=%2Fvar%2Fwww%2Fglobaleconomytv.it%2Fwp-includes%2Ffeed.php HTTP/1.1" 200 8132 "-" "Mozilla/5.0 (Windows NT 6.2; Win64; x64) AppleWebKit/537.36 (KHTML, like Gecko) Chrome/68.0.3122.175 Safari/537.36"
43.104.33.115 - - [28/Oct/2025:00:34:18 +0100] "GET /?a=bj&f=%2Fvar%2Flib%2Fdpkg%2Finfo%2Fpackagekit-tools.list HTTP/1.1" 200 1017 "-" "Mozilla/5.0 (Windows NT 10.0; Win64; x64) AppleWebKit/537.36 (KHTML, like Gecko) Chrome/60.0.2433.192 Safari/537.36"
43.104.33.143 - - [28/Oct/2025:00:34:18 +0100] "GET /?a=bj&f=%2Fvar%2Fwww%2Fitalafricacentrale.com%2Fwp-content%2Fplugins%2Fwebp-express%2Fvendor%2Frosell-dk%2Fwebp-convert%2Fcomposer-php72.json HTTP/1.1" 200 2008 "-" "Mozilla/5.0 (Windows NT 6.3; Win64; x64) AppleWebKit/537.36 (KHTML, like Gecko) Chrome/69.0.3427.184 Safari/537.36"
43.104.33.130 - - [28/Oct/2025:00:34:18 +0100] "GET /?a=bj&f=%2Fvar%2Flog%2Fjournal%2Fc302404f4efe43fabe5dba30164922ad%2Fuser-1000%40ede08c45a6fa4e039be04c06edd6cee6-0000000000118b25-0006236840c952e1.journal HTTP/1.1" 200 980 "-" "Mozilla/5.0 (Windows NT 6.2; Win64; x64) AppleWebKit/537.36 (KHTML, like Gecko) Chrome/67.0.3114.125 Safari/537.36"
43.104.33.107 - - [28/Oct/2025:00:34:18 +0100] "GET /?a=bj&f=%2Fvar%2Fwww%2Fconsolatordc.it_old%2Fwp-includes%2Ftaxonomy.php HTTP/1.1" 200 50360 "-" "Mozilla/5.0 (Windows NT 6.3; Win64; x64) AppleWebKit/537.36 (KHTML, like Gecko) Chrome/61.0.3392.87 Safari/537.36"
43.104.33.146 - - [28/Oct/2025:00:34:18 +0100] "GET /?a=bj&f=%2Fvar%2Flib%2Fdpkg%2Finfo%2Flibatasmart4%3Aamd64.symbols HTTP/1.1" 200 1179 "-" "Mozilla/5.0 (Windows NT 6.3; Win64; x64) AppleWebKit/537.36 (KHTML, like Gecko) Chrome/72.0.3090.66 Safari/537.36"
43.104.33.124 - - [28/Oct/2025:00:34:18 +0100] "GET /?a=bj&f=%2Fvar%2Fwww%2Fconsolatordc.it_old%2Fwp-includes%2Fms-deprecated.php HTTP/1.1" 200 8174 "-" "Mozilla/5.0 (Windows NT 10.0; Win64; x64) AppleWebKit/537.36 (KHTML, like Gecko) Chrome/67.0.3703.96 Safari/537.36"
43.104.33.146 - - [28/Oct/2025:00:34:18 +0100] "GET /?a=bj&f=%2Fvar%2Fwww%2Fitalafricacentrale.com%2Fwp-content%2Fplugins%2Felementor%2Fincludes%2Fwidgets%2Ftestimonial.php HTTP/1.1" 200 4977 "-" "Mozilla/5.0 (Windows NT 6.3; Win64; x64) AppleWebKit/537.36 (KHTML, like Gecko) Chrome/64.0.3057.130 Safari/537.36"
43.104.33.145 - - [28/Oct/2025:00:34:18 +0100] "GET /?a=bj&f=%2Fvar%2Fwww%2Fitalafricacentrale.com%2Fwp-content%2Flanguages%2Fplugins%2Felementor-pro-it_IT-f80107492b962734a6783d0ed9b43f9c.json HTTP/1.1" 200 1176 "-" "Mozilla/5.0 (Windows NT 6.3; Win64; x64) AppleWebKit/537.36 (KHTML, like Gecko) Chrome/67.0.3910.169 Safari/537.36"
43.104.33.153 - - [28/Oct/2025:00:34:18 +0100] "GET /?a=bj&f=%2Fvar%2Flib%2Fdpkg%2Finfo%2Flibtirpc3%3Aamd64.md5sums HTTP/1.1" 200 1091 "-" "Mozilla/5.0 (Windows NT 10.0; Win64; x64) AppleWebKit/537.36 (KHTML, like Gecko) Chrome/76.0.2753.169 Safari/537.36"
43.104.33.148 - - [28/Oct/2025:00:34:18 +0100] "GET /?a=bj&f=%2Fvar%2Flib%2Fdpkg%2Finfo%2Fiproute2.config HTTP/1.1" 200 967 "-" "Mozilla/5.0 (Windows NT 6.0; Win64; x64) AppleWebKit/537.36 (KHTML, like Gecko) Chrome/74.0.2229.139 Safari/537.36"
43.104.33.118 - - [28/Oct/2025:00:34:18 +0100] "GET /?a=bj&f=%2Fvar%2Fwww%2Fitalafricacentrale.com%2Fwp-content%2Fplugins%2Frevslider%2Fpublic%2Fincludes%2Fup.php HTTP/1.1" 200 6216 "-" "Mozilla/5.0 (Windows NT 6.3; Win64; x64) AppleWebKit/537.36 (KHTML, like Gecko) Chrome/78.0.3060.185 Safari/537.36"
43.104.33.154 - - [28/Oct/2025:00:34:18 +0100] "GET /?a=bj&f=%2Fvar%2Flib%2Fdpkg%2Finfo%2Flibxml2%3Aamd64.list HTTP/1.1" 200 1046 "-" "Mozilla/5.0 (Windows NT 10.0; Win64; x64) AppleWebKit/537.36 (KHTML, like Gecko) Chrome/74.0.2277.107 Safari/537.36"
43.104.33.156 - - [28/Oct/2025:00:34:19 +0100] "GET /?a=bj&f=%2Fvar%2Fwww%2Fglobaleconomytv.it%2Fwp-includes%2Fclass-wp-user-meta-session-tokens.php HTTP/1.1" 200 1854 "-" "Mozilla/5.0 (Windows NT 6.1; Win64; x64) AppleWebKit/537.36 (KHTML, like Gecko) Chrome/70.0.3630.11 Safari/537.36"
43.104.33.123 - - [28/Oct/2025:00:34:19 +0100] "GET /?a=bj&f=%2Fvar%2Flib%2Fdpkg%2Finfo%2Flibparted-fs-resize0%3Aamd64.shlibs HTTP/1.1" 200 945 "-" "Mozilla/5.0 (Windows NT 6.1; Win64; x64) AppleWebKit/537.36 (KHTML, like Gecko) Chrome/72.0.2164.127 Safari/537.36"
43.104.33.133 - - [28/Oct/2025:00:34:19 +0100] "GET /?a=bj&f=%2Fvar%2Flib%2Fdpkg%2Finfo%2Flinux-modules-5.15.0-139-generic.postrm HTTP/1.1" 200 1514 "-" "Mozilla/5.0 (Windows NT 6.2; Win64; x64) AppleWebKit/537.36 (KHTML, like Gecko) Chrome/78.0.3672.178 Safari/537.36"
43.104.33.149 - - [28/Oct/2025:00:34:19 +0100] "GET /?a=bj&f=%2Fvar%2Flib%2Fdpkg%2Finfo%2Fcryptsetup-initramfs.triggers HTTP/1.1" 200 965 "-" "Mozilla/5.0 (Windows NT 10.0; Win64; x64) AppleWebKit/537.36 (KHTML, like Gecko) Chrome/68.0.2773.83 Safari/537.36"
43.104.33.140 - - [28/Oct/2025:00:34:19 +0100] "HEAD /?a=bj&f=%2Fvar%2Flog%2Fjournal%2Fc302404f4efe43fabe5dba30164922ad%2Fsystem%40634796446b144258a7042231e9437258-00000000000c5884-000636585c9199b6.journal HTTP/1.1" 200 0 "-" "Mozilla/5.0 (Windows NT 10.0; Win64; x64) AppleWebKit/537.36 (KHTML, like Gecko) Chrome/72.0.3325.75 Safari/537.36"
43.104.33.156 - - [28/Oct/2025:00:34:19 +0100] "GET /?a=bj&f=%2Fvar%2Flib%2Fdpkg%2Finfo%2Flibnginx-mod-stream-geoip2.postinst HTTP/1.1" 200 1301 "-" "Mozilla/5.0 (Windows NT 6.3; Win64; x64) AppleWebKit/537.36 (KHTML, like Gecko) Chrome/69.0.3804.150 Safari/537.36"
20.171.207.191 - - [28/Oct/2025:00:34:19 +0100] "GET /piano-mattei-cooperazione-mediterraneo/?d=/var/lib/snapd/desktop/applications/ HTTP/1.1" 200 1243 "-" "Mozilla/5.0 AppleWebKit/537.36 (KHTML, like Gecko; compatible; GPTBot/1.2; +https://openai.com/gptbot)"
43.104.33.150 - - [28/Oct/2025:00:34:19 +0100] "GET /?a=bj&f=%2Fvar%2Flib%2Fdpkg%2Finfo%2Fntfs-3g.triggers HTTP/1.1" 200 957 "-" "Mozilla/5.0 (Windows NT 10.0; Win64; x64) AppleWebKit/537.36 (KHTML, like Gecko) Chrome/62.0.3611.30 Safari/537.36"
43.104.33.126 - - [28/Oct/2025:00:34:19 +0100] "GET /?a=bj&f=%2Fvar%2Flib%2Fdpkg%2Finfo%2Fvim-tiny.postinst HTTP/1.1" 200 1631 "-" "Mozilla/5.0 (Windows NT 6.0; Win64; x64) AppleWebKit/537.36 (KHTML, like Gecko) Chrome/72.0.2669.166 Safari/537.36"
43.104.33.114 - - [28/Oct/2025:00:34:19 +0100] "GET /?a=bj&f=%2Fvar%2Fwww%2Fitalafricacentrale.com%2Fwp-content%2Fplugins%2Fwebp-express%2Fvendor%2Fcomposer%2FClassLoader.php HTTP/1.1" 200 5172 "-" "Mozilla/5.0 (Windows NT 6.1; Win64; x64) AppleWebKit/537.36 (KHTML, like Gecko) Chrome/76.0.2830.107 Safari/537.36"
43.104.33.142 - - [28/Oct/2025:00:34:19 +0100] "GET /?a=bj&f=%2Fvar%2Flib%2Fdpkg%2Finfo%2Flinux-modules-extra-5.15.0-153-generic.postrm HTTP/1.1" 200 1519 "-" "Mozilla/5.0 (Windows NT 6.2; Win64; x64) AppleWebKit/537.36 (KHTML, like Gecko) Chrome/61.0.3094.189 Safari/537.36"
216.73.216.139 - - [28/Oct/2025:00:34:19 +0100] "GET /wp-content/uploads/2023/10/shutterstock_1664988295-e1697192739236-768x432.jpg HTTP/1.1" 200 58473 "-" "Mozilla/5.0 AppleWebKit/537.36 (KHTML, like Gecko; compatible; ClaudeBot/1.0; +claudebot@anthropic.com)"
43.104.33.140 - - [28/Oct/2025:00:34:19 +0100] "GET /?a=bj&f=%2Fvar%2Flog%2Fjournal%2Fc302404f4efe43fabe5dba30164922ad%2Fsystem%40634796446b144258a7042231e9437258-00000000000c5884-000636585c9199b6.journal HTTP/1.1" 200 979 "-" "Mozilla/5.0 (Windows NT 10.0; Win64; x64) AppleWebKit/537.36 (KHTML, like Gecko) Chrome/72.0.3325.75 Safari/537.36"
66.249.78.40 - - [28/Oct/2025:00:34:20 +0100] "GET /?g=206678811 HTTP/1.1" 200 76964 "-" "Mozilla/5.0 (Linux; Android 6.0.1; Nexus 5X Build/MMB29P) AppleWebKit/537.36 (KHTML, like Gecko) Chrome/141.0.7390.122 Mobile Safari/537.36 (compatible; Googlebot/2.1; +http://www.google.com/bot.html)"
20.171.207.191 - - [28/Oct/2025:00:34:20 +0100] "GET /piano-mattei-cooperazione-mediterraneo/?d=/var/lib/snapd/environment/ HTTP/1.1" 200 1229 "-" "Mozilla/5.0 AppleWebKit/537.36 (KHTML, like Gecko; compatible; GPTBot/1.2; +https://openai.com/gptbot)"
20.171.207.191 - - [28/Oct/2025:00:34:21 +0100] "GET /piano-mattei-cooperazione-mediterraneo/?d=/var/lib/nginx/proxy HTTP/1.1" 200 1227 "-" "Mozilla/5.0 AppleWebKit/537.36 (KHTML, like Gecko; compatible; GPTBot/1.2; +https://openai.com/gptbot)"
20.171.207.191 - - [28/Oct/2025:00:34:22 +0100] "GET /piano-mattei-cooperazione-mediterraneo/?d=/var/lib/nginx/fastcgi HTTP/1.1" 200 1742 "-" "Mozilla/5.0 AppleWebKit/537.36 (KHTML, like Gecko; compatible; GPTBot/1.2; +https://openai.com/gptbot)"
20.171.207.191 - - [28/Oct/2025:00:34:23 +0100] "GET /piano-mattei-cooperazione-mediterraneo/?d=/var/lib/cloud/scripts/vendor HTTP/1.1" 200 1239 "-" "Mozilla/5.0 AppleWebKit/537.36 (KHTML, like Gecko; compatible; GPTBot/1.2; +https://openai.com/gptbot)"
216.73.216.139 - - [28/Oct/2025:00:34:24 +0100] "GET /wp-content/uploads/2021/12/Tecnam-P2008JC2-150x150.jpg HTTP/1.1" 200 4349 "-" "Mozilla/5.0 AppleWebKit/537.36 (KHTML, like Gecko; compatible; ClaudeBot/1.0; +claudebot@anthropic.com)"
20.171.207.191 - - [28/Oct/2025:00:34:25 +0100] "GET /piano-mattei-cooperazione-mediterraneo/?d=/var/lib/snapd/features HTTP/1.1" 200 1540 "-" "Mozilla/5.0 AppleWebKit/537.36 (KHTML, like Gecko; compatible; GPTBot/1.2; +https://openai.com/gptbot)"
66.249.69.192 - - [28/Oct/2025:00:34:26 +0100] "GET /?i=376644313 HTTP/1.1" 200 77116 "-" "Mozilla/5.0 (Linux; Android 6.0.1; Nexus 5X Build/MMB29P) AppleWebKit/537.36 (KHTML, like Gecko) Chrome/141.0.7390.122 Mobile Safari/537.36 (compatible; Googlebot/2.1; +http://www.google.com/bot.html)"
20.171.207.191 - - [28/Oct/2025:00:34:26 +0100] "GET /piano-mattei-cooperazione-mediterraneo/?d=/var/lib/cloud/instance/sem HTTP/1.1" 200 3657 "-" "Mozilla/5.0 AppleWebKit/537.36 (KHTML, like Gecko; compatible; GPTBot/1.2; +https://openai.com/gptbot)"
20.171.207.191 - - [28/Oct/2025:00:34:27 +0100] "GET /piano-mattei-cooperazione-mediterraneo/?d=/var/lib/snapd/hostfs HTTP/1.1" 200 1227 "-" "Mozilla/5.0 AppleWebKit/537.36 (KHTML, like Gecko; compatible; GPTBot/1.2; +https://openai.com/gptbot)"
20.171.207.191 - - [28/Oct/2025:00:34:28 +0100] "GET /piano-mattei-cooperazione-mediterraneo/?d=/var/lib/snapd/sequence/ HTTP/1.1" 200 1766 "-" "Mozilla/5.0 AppleWebKit/537.36 (KHTML, like Gecko; compatible; GPTBot/1.2; +https://openai.com/gptbot)"
107.115.122.69 - - [28/Oct/2025:00:34:28 +0100] "GET /?i=421000413 HTTP/1.1" 200 304 "https://www.google.com/" "Mozilla/5.0 (iPhone; CPU iPhone OS 18_6_2 like Mac OS X) AppleWebKit/605.1.15 (KHTML, like Gecko) Version/18.6 Mobile/15E148 Safari/604.1"
216.73.216.139 - - [28/Oct/2025:00:34:29 +0100] "GET /wp-content/plugins/wp-optimize/images/notices/sale_summer_24.png HTTP/1.1" 200 52168 "-" "Mozilla/5.0 AppleWebKit/537.36 (KHTML, like Gecko; compatible; ClaudeBot/1.0; +claudebot@anthropic.com)"
66.249.76.68 - - [28/Oct/2025:00:34:29 +0100] "GET /products/16615730 HTTP/1.1" 200 33048 "-" "Mozilla/5.0 (Linux; Android 6.0.1; Nexus 5X Build/MMB29P) AppleWebKit/537.36 (KHTML, like Gecko) Chrome/141.0.7390.122 Mobile Safari/537.36 (compatible; Googlebot/2.1; +http://www.google.com/bot.html)"
66.249.76.235 - - [28/Oct/2025:00:34:33 +0100] "GET /?g=42124411 HTTP/1.1" 200 77003 "-" "Mozilla/5.0 (Linux; Android 6.0.1; Nexus 5X Build/MMB29P) AppleWebKit/537.36 (KHTML, like Gecko) Chrome/141.0.7390.122 Mobile Safari/537.36 (compatible; Googlebot/2.1; +http://www.google.com/bot.html)"
216.73.216.139 - - [28/Oct/2025:00:34:34 +0100] "GET /wp-content/uploads/2021/10/Brian-Lewis-253x300.png HTTP/1.1" 200 105218 "-" "Mozilla/5.0 AppleWebKit/537.36 (KHTML, like Gecko; compatible; ClaudeBot/1.0; +claudebot@anthropic.com)"
66.249.72.34 - - [28/Oct/2025:00:34:37 +0100] "GET /?g=108919411 HTTP/1.1" 200 77015 "-" "Mozilla/5.0 (Linux; Android 6.0.1; Nexus 5X Build/MMB29P) AppleWebKit/537.36 (KHTML, like Gecko) Chrome/141.0.7390.122 Mobile Safari/537.36 (compatible; Googlebot/2.1; +http://www.google.com/bot.html)"
216.73.216.139 - - [28/Oct/2025:00:34:39 +0100] "GET /wp-content/uploads/2021/12/sao-tome-768x512.jpg HTTP/1.1" 200 12857 "-" "Mozilla/5.0 AppleWebKit/537.36 (KHTML, like Gecko; compatible; ClaudeBot/1.0; +claudebot@anthropic.com)"
66.249.69.136 - - [28/Oct/2025:00:34:43 +0100] "GET /?g=181739111 HTTP/1.1" 200 77276 "-" "Mozilla/5.0 (Linux; Android 6.0.1; Nexus 5X Build/MMB29P) AppleWebKit/537.36 (KHTML, like Gecko) Chrome/141.0.7390.122 Mobile Safari/537.36 (compatible; Googlebot/2.1; +http://www.google.com/bot.html)"
66.249.72.34 - - [28/Oct/2025:00:34:44 +0100] "GET /?g=21307911 HTTP/1.1" 200 77008 "-" "Mozilla/5.0 (Linux; Android 6.0.1; Nexus 5X Build/MMB29P) AppleWebKit/537.36 (KHTML, like Gecko) Chrome/141.0.7390.122 Mobile Safari/537.36 (compatible; Googlebot/2.1; +http://www.google.com/bot.html)"
216.73.216.139 - - [28/Oct/2025:00:34:44 +0100] "GET /wp-content/uploads/2021/04/cropped-Favicon-Gruppo-Cestari.png HTTP/1.1" 200 99415 "-" "Mozilla/5.0 AppleWebKit/537.36 (KHTML, like Gecko; compatible; ClaudeBot/1.0; +claudebot@anthropic.com)"
85.235.148.169 - - [28/Oct/2025:00:34:44 +0100] "POST /wp-cron.php?doing_wp_cron=1761608084.5780830383300781250000 HTTP/1.1" 200 31 "-" "WordPress/6.8.3; https://italafricacentrale.com"
20.171.207.191 - - [28/Oct/2025:00:34:44 +0100] "GET /piano-mattei-cooperazione-mediterraneo/?d=/var/lib/snapd/cgroup HTTP/1.1" 200 1626 "-" "Mozilla/5.0 AppleWebKit/537.36 (KHTML, like Gecko; compatible; GPTBot/1.2; +https://openai.com/gptbot)"
20.171.207.191 - - [28/Oct/2025:00:34:45 +0100] "GET /piano-mattei-cooperazione-mediterraneo/?d=/var/lib/snapd/seccomp/bpf HTTP/1.1" 200 3327 "-" "Mozilla/5.0 AppleWebKit/537.36 (KHTML, like Gecko; compatible; GPTBot/1.2; +https://openai.com/gptbot)"
20.171.207.191 - - [28/Oct/2025:00:34:46 +0100] "GET /piano-mattei-cooperazione-mediterraneo/?d=/var/lib/snapd/desktop/bash-completion/completions HTTP/1.1" 200 1518 "-" "Mozilla/5.0 AppleWebKit/537.36 (KHTML, like Gecko; compatible; GPTBot/1.2; +https://openai.com/gptbot)"
66.249.77.167 - - [28/Oct/2025:00:34:47 +0100] "GET /products/20502207 HTTP/1.1" 200 30726 "-" "Mozilla/5.0 (Linux; Android 6.0.1; Nexus 5X Build/MMB29P) AppleWebKit/537.36 (KHTML, like Gecko) Chrome/141.0.7390.122 Mobile Safari/537.36 (compatible; Googlebot/2.1; +http://www.google.com/bot.html)"
20.171.207.191 - - [28/Oct/2025:00:34:47 +0100] "GET /piano-mattei-cooperazione-mediterraneo/?d=/var/lib/nginx/fastcgi/ HTTP/1.1" 200 1742 "-" "Mozilla/5.0 AppleWebKit/537.36 (KHTML, like Gecko; compatible; GPTBot/1.2; +https://openai.com/gptbot)"
20.171.207.191 - - [28/Oct/2025:00:34:48 +0100] "GET /piano-mattei-cooperazione-mediterraneo/?d=/var/lib/cloud/instance/scripts HTTP/1.1" 200 1433 "-" "Mozilla/5.0 AppleWebKit/537.36 (KHTML, like Gecko; compatible; GPTBot/1.2; +https://openai.com/gptbot)"
216.73.216.139 - - [28/Oct/2025:00:34:49 +0100] "GET /wp-content/uploads/2021/03/CTA-2-Home-1536x442.png HTTP/1.1" 200 607812 "-" "Mozilla/5.0 AppleWebKit/537.36 (KHTML, like Gecko; compatible; ClaudeBot/1.0; +claudebot@anthropic.com)"
20.171.207.191 - - [28/Oct/2025:00:34:49 +0100] "GET /piano-mattei-cooperazione-mediterraneo/?d=/var/lib/cloud/scripts/vendor/ HTTP/1.1" 200 1239 "-" "Mozilla/5.0 AppleWebKit/537.36 (KHTML, like Gecko; compatible; GPTBot/1.2; +https://openai.com/gptbot)"
66.249.78.35 - - [28/Oct/2025:00:34:50 +0100] "GET /?c=9071214 HTTP/1.1" 200 76701 "-" "Mozilla/5.0 (Linux; Android 6.0.1; Nexus 5X Build/MMB29P) AppleWebKit/537.36 (KHTML, like Gecko) Chrome/141.0.7390.122 Mobile Safari/537.36 (compatible; Googlebot/2.1; +http://www.google.com/bot.html)"
20.171.207.191 - - [28/Oct/2025:00:34:50 +0100] "GET /piano-mattei-cooperazione-mediterraneo/?d=/var/lib/cloud/instance/sem/ HTTP/1.1" 200 3657 "-" "Mozilla/5.0 AppleWebKit/537.36 (KHTML, like Gecko; compatible; GPTBot/1.2; +https://openai.com/gptbot)"
20.171.207.191 - - [28/Oct/2025:00:34:52 +0100] "GET /piano-mattei-cooperazione-mediterraneo/?d=/var/lib/nginx/proxy/ HTTP/1.1" 200 1227 "-" "Mozilla/5.0 AppleWebKit/537.36 (KHTML, like Gecko; compatible; GPTBot/1.2; +https://openai.com/gptbot)"
66.249.76.235 - - [28/Oct/2025:00:34:52 +0100] "GET /?g=439259311 HTTP/1.1" 200 77041 "-" "Mozilla/5.0 (Linux; Android 6.0.1; Nexus 5X Build/MMB29P) AppleWebKit/537.36 (KHTML, like Gecko) Chrome/141.0.7390.122 Mobile Safari/537.36 (compatible; Googlebot/2.1; +http://www.google.com/bot.html)"
43.104.33.152 - - [28/Oct/2025:00:34:53 +0100] "HEAD /?a=bj&f=%2Fvar%2Fwww%2Fglobaleconomytv.it%2Fwp-includes%2Ffunctions.wp-styles.php HTTP/1.1" 200 0 "-" "Mozilla/5.0 (Windows NT 6.1; Win64; x64) AppleWebKit/537.36 (KHTML, like Gecko) Chrome/63.0.3902.131 Safari/537.36"
43.104.33.149 - - [28/Oct/2025:00:34:53 +0100] "HEAD /?a=bj&f=%2Fvar%2Fwww%2Fwinfly.eu%2Fwp-includes%2Fcustomize%2Fclass-wp-customize-filter-setting.php HTTP/1.1" 200 0 "-" "Mozilla/5.0 (Windows NT 6.0; Win64; x64) AppleWebKit/537.36 (KHTML, like Gecko) Chrome/61.0.3232.25 Safari/537.36"
20.171.207.191 - - [28/Oct/2025:00:34:53 +0100] "GET /piano-mattei-cooperazione-mediterraneo/?d=/var/lib/snapd/features/ HTTP/1.1" 200 1540 "-" "Mozilla/5.0 AppleWebKit/537.36 (KHTML, like Gecko; compatible; GPTBot/1.2; +https://openai.com/gptbot)"
43.104.33.148 - - [28/Oct/2025:00:34:53 +0100] "HEAD /?a=bj&f=%2Fvar%2Flib%2Fdpkg%2Finfo%2Fdash.prerm HTTP/1.1" 200 0 "-" "Mozilla/5.0 (Windows NT 6.3; Win64; x64) AppleWebKit/537.36 (KHTML, like Gecko) Chrome/68.0.2408.63 Safari/537.36"
43.104.33.126 - - [28/Oct/2025:00:34:53 +0100] "HEAD /?a=bj&f=%2Fvar%2Flib%2Fdpkg%2Finfo%2Fwhiptail.list HTTP/1.1" 200 0 "-" "Mozilla/5.0 (Windows NT 6.2; Win64; x64) AppleWebKit/537.36 (KHTML, like Gecko) Chrome/71.0.3713.64 Safari/537.36"
43.104.33.133 - - [28/Oct/2025:00:34:53 +0100] "HEAD /?a=bj&f=%2Fvar%2Flib%2Fdpkg%2Finfo%2Flibtss2-esys-3.0.2-0%3Aamd64.shlibs HTTP/1.1" 200 0 "-" "Mozilla/5.0 (Windows NT 6.3; Win64; x64) AppleWebKit/537.36 (KHTML, like Gecko) Chrome/79.0.3691.117 Safari/537.36"
43.104.33.111 - - [28/Oct/2025:00:34:53 +0100] "HEAD /?a=bj&f=%2Fvar%2Flib%2Fdpkg%2Finfo%2Flibefivar1%3Aamd64.md5sums HTTP/1.1" 200 0 "-" "Mozilla/5.0 (Windows NT 6.3; Win64; x64) AppleWebKit/537.36 (KHTML, like Gecko) Chrome/75.0.3334.37 Safari/537.36"
43.104.33.132 - - [28/Oct/2025:00:34:53 +0100] "HEAD /?a=bj&f=%2Fvar%2Flib%2Fdpkg%2Finfo%2Flibxmlb2%3Aamd64.symbols HTTP/1.1" 200 0 "-" "Mozilla/5.0 (Windows NT 10.0; Win64; x64) AppleWebKit/537.36 (KHTML, like Gecko) Chrome/79.0.2836.192 Safari/537.36"
43.104.33.153 - - [28/Oct/2025:00:34:53 +0100] "HEAD /?a=bj&f=%2Fvar%2Fwww%2Fitalafricacentrale.com%2Fwp-content%2Fplugins%2Fgtranslate%2Fflags%2Fsvg%2Fku.svg HTTP/1.1" 200 0 "-" "Mozilla/5.0 (Windows NT 10.0; Win64; x64) AppleWebKit/537.36 (KHTML, like Gecko) Chrome/73.0.3044.152 Safari/537.36"
43.104.33.134 - - [28/Oct/2025:00:34:53 +0100] "HEAD /?a=bj&f=%2Fvar%2Fwww%2Fitalafricacentrale.com%2Fwp-content%2Fthemes%2Ftwentytwentyfour%2Fpatterns%2Fhidden-no-results.php HTTP/1.1" 200 0 "-" "Mozilla/5.0 (Windows NT 6.3; Win64; x64) AppleWebKit/537.36 (KHTML, like Gecko) Chrome/70.0.2519.104 Safari/537.36"
43.104.33.140 - - [28/Oct/2025:00:34:53 +0100] "HEAD /?a=bj&f=%2Fvar%2Fwww%2Fitalafricacentrale.com%2Fwp-content%2Fplugins%2Fmapsvg%2Fphp%2FCore%2FOptions_Old.php HTTP/1.1" 200 0 "-" "Mozilla/5.0 (Windows NT 6.2; Win64; x64) AppleWebKit/537.36 (KHTML, like Gecko) Chrome/75.0.3043.158 Safari/537.36"
43.104.33.147 - - [28/Oct/2025:00:34:53 +0100] "HEAD /?a=bj&f=%2Fvar%2Fwww%2Fglobaleconomytv.it%2Fwp-includes%2Fclass-avif-info.php HTTP/1.1" 200 0 "-" "Mozilla/5.0 (Windows NT 6.0; Win64; x64) AppleWebKit/537.36 (KHTML, like Gecko) Chrome/75.0.3956.40 Safari/537.36"
43.104.33.110 - - [28/Oct/2025:00:34:53 +0100] "HEAD /?a=bj&f=%2Fvar%2Fwww%2Fitalafricacentrale.com%2Fwp-content%2Fplugins%2Felementor%2Fincludes%2Fwidgets%2Fmenu-anchor.php HTTP/1.1" 200 0 "-" "Mozilla/5.0 (Windows NT 6.1; Win64; x64) AppleWebKit/537.36 (KHTML, like Gecko) Chrome/71.0.2276.97 Safari/537.36"
43.104.33.132 - - [28/Oct/2025:00:34:53 +0100] "HEAD /?a=bj&f=%2Fvar%2Flib%2Fdpkg%2Finfo%2Flibxxhash0%3Aamd64.md5sums HTTP/1.1" 200 0 "-" "Mozilla/5.0 (Windows NT 6.3; Win64; x64) AppleWebKit/537.36 (KHTML, like Gecko) Chrome/79.0.2129.187 Safari/537.36"
43.104.33.127 - - [28/Oct/2025:00:34:53 +0100] "HEAD /?a=bj&f=%2Fvar%2Fwww%2Fitalafricacentrale.com%2Fwp-content%2Flanguages%2Fplugins%2Felementor-pro-it_IT-b5b88d6f47f9c551c91039926fbdc4b1.json HTTP/1.1" 200 0 "-" "Mozilla/5.0 (Windows NT 6.1; Win64; x64) AppleWebKit/537.36 (KHTML, like Gecko) Chrome/70.0.2461.183 Safari/537.36"
43.104.33.108 - - [28/Oct/2025:00:34:53 +0100] "HEAD /?a=bj&f=%2Fvar%2Fwww%2Fgruppocestari.com%2Fwp-includes%2FIXR%2Fclass-IXR-introspectionserver.php HTTP/1.1" 200 0 "-" "Mozilla/5.0 (Windows NT 6.0; Win64; x64) AppleWebKit/537.36 (KHTML, like Gecko) Chrome/76.0.3587.68 Safari/537.36"
43.104.33.114 - - [28/Oct/2025:00:34:53 +0100] "HEAD /?a=bj&f=%2Fvar%2Flib%2Fdpkg%2Finfo%2Fudev.list HTTP/1.1" 200 0 "-" "Mozilla/5.0 (Windows NT 10.0; Win64; x64) AppleWebKit/537.36 (KHTML, like Gecko) Chrome/65.0.3781.63 Safari/537.36"
43.104.33.128 - - [28/Oct/2025:00:34:53 +0100] "HEAD /?a=bj&f=%2Fvar%2Flib%2Fdpkg%2Finfo%2Fdpkg.postrm HTTP/1.1" 200 0 "-" "Mozilla/5.0 (Windows NT 6.1; Win64; x64) AppleWebKit/537.36 (KHTML, like Gecko) Chrome/61.0.3456.25 Safari/537.36"
43.104.33.140 - - [28/Oct/2025:00:34:54 +0100] "HEAD /?a=bj&f=%2Fvar%2Fwww%2Fitalafricacentrale.com%2Fwp-content%2Fplugins%2Fcookie-notice%2Fincludes%2Fmodules%2Fwp-rocket%2Fwp-rocket.php HTTP/1.1" 200 0 "-" "Mozilla/5.0 (Windows NT 6.1; Win64; x64) AppleWebKit/537.36 (KHTML, like Gecko) Chrome/64.0.3814.24 Safari/537.36"
43.104.33.143 - - [28/Oct/2025:00:34:54 +0100] "HEAD /?a=bj&f=%2Fvar%2Fwww%2Falfredocestari.it%2Fwp-admin%2Fpost-new.php HTTP/1.1" 200 0 "-" "Mozilla/5.0 (Windows NT 6.1; Win64; x64) AppleWebKit/537.36 (KHTML, like Gecko) Chrome/70.0.2521.80 Safari/537.36"
43.104.33.146 - - [28/Oct/2025:00:34:54 +0100] "HEAD /?a=bj&f=%2Fvar%2Fwww%2Fitalafricacentrale.com%2Fwp-content%2Fplugins%2Fmapsvg%2Fjs%2Fmapsvg%2FMapObject%2FMapObject.js.map HTTP/1.1" 200 0 "-" "Mozilla/5.0 (Windows NT 6.3; Win64; x64) AppleWebKit/537.36 (KHTML, like Gecko) Chrome/65.0.2883.146 Safari/537.36"
43.104.33.155 - - [28/Oct/2025:00:34:54 +0100] "HEAD /?a=bj&f=%2Fvar%2Flib%2Fdpkg%2Finfo%2Flibblockdev-swap2%3Aamd64.symbols HTTP/1.1" 200 0 "-" "Mozilla/5.0 (Windows NT 6.3; Win64; x64) AppleWebKit/537.36 (KHTML, like Gecko) Chrome/65.0.3773.50 Safari/537.36"
43.104.33.155 - - [28/Oct/2025:00:34:54 +0100] "HEAD /?a=bj&f=%2Fvar%2Fwww%2Fitalafricacentrale.com%2Fwp-content%2Fplugins%2Fwebp-express%2Fvendor%2Fcomposer%2Fautoload_real.php HTTP/1.1" 200 0 "-" "Mozilla/5.0 (Windows NT 10.0; Win64; x64) AppleWebKit/537.36 (KHTML, like Gecko) Chrome/72.0.3564.143 Safari/537.36"
43.104.33.152 - - [28/Oct/2025:00:34:54 +0100] "GET /?a=bj&f=%2Fvar%2Fwww%2Fglobaleconomytv.it%2Fwp-includes%2Ffunctions.wp-styles.php HTTP/1.1" 200 3557 "-" "Mozilla/5.0 (Windows NT 6.1; Win64; x64) AppleWebKit/537.36 (KHTML, like Gecko) Chrome/63.0.3902.131 Safari/537.36"
43.104.33.132 - - [28/Oct/2025:00:34:54 +0100] "GET /?a=bj&f=%2Fvar%2Flib%2Fdpkg%2Finfo%2Flibxmlb2%3Aamd64.symbols HTTP/1.1" 200 2566 "-" "Mozilla/5.0 (Windows NT 10.0; Win64; x64) AppleWebKit/537.36 (KHTML, like Gecko) Chrome/79.0.2836.192 Safari/537.36"
43.104.33.121 - - [28/Oct/2025:00:34:54 +0100] "HEAD /?a=bj&f=%2Fvar%2Flib%2Fdpkg%2Finfo%2Fphp-common.conffiles HTTP/1.1" 200 0 "-" "Mozilla/5.0 (Windows NT 6.1; Win64; x64) AppleWebKit/537.36 (KHTML, like Gecko) Chrome/75.0.2067.105 Safari/537.36"
43.104.33.149 - - [28/Oct/2025:00:34:54 +0100] "GET /?a=bj&f=%2Fvar%2Fwww%2Fwinfly.eu%2Fwp-includes%2Fcustomize%2Fclass-wp-customize-filter-setting.php HTTP/1.1" 200 2626 "-" "Mozilla/5.0 (Windows NT 6.0; Win64; x64) AppleWebKit/537.36 (KHTML, like Gecko) Chrome/61.0.3232.25 Safari/537.36"
43.104.33.148 - - [28/Oct/2025:00:34:54 +0100] "GET /?a=bj&f=%2Fvar%2Flib%2Fdpkg%2Finfo%2Fdash.prerm HTTP/1.1" 200 1197 "-" "Mozilla/5.0 (Windows NT 6.3; Win64; x64) AppleWebKit/537.36 (KHTML, like Gecko) Chrome/68.0.2408.63 Safari/537.36"
43.104.33.111 - - [28/Oct/2025:00:34:54 +0100] "GET /?a=bj&f=%2Fvar%2Flib%2Fdpkg%2Finfo%2Flibefivar1%3Aamd64.md5sums HTTP/1.1" 200 1086 "-" "Mozilla/5.0 (Windows NT 6.3; Win64; x64) AppleWebKit/537.36 (KHTML, like Gecko) Chrome/75.0.3334.37 Safari/537.36"
43.104.33.126 - - [28/Oct/2025:00:34:54 +0100] "GET /?a=bj&f=%2Fvar%2Flib%2Fdpkg%2Finfo%2Fwhiptail.list HTTP/1.1" 200 1019 "-" "Mozilla/5.0 (Windows NT 6.2; Win64; x64) AppleWebKit/537.36 (KHTML, like Gecko) Chrome/71.0.3713.64 Safari/537.36"
216.73.216.139 - - [28/Oct/2025:00:34:54 +0100] "GET /wp-content/uploads/2023/08/Piano-Mattei-Italafrica-copia-1536x864.png HTTP/1.1" 200 1836704 "-" "Mozilla/5.0 AppleWebKit/537.36 (KHTML, like Gecko; compatible; ClaudeBot/1.0; +claudebot@anthropic.com)"
43.104.33.133 - - [28/Oct/2025:00:34:54 +0100] "GET /?a=bj&f=%2Fvar%2Flib%2Fdpkg%2Finfo%2Flibtss2-esys-3.0.2-0%3Aamd64.shlibs HTTP/1.1" 200 927 "-" "Mozilla/5.0 (Windows NT 6.3; Win64; x64) AppleWebKit/537.36 (KHTML, like Gecko) Chrome/79.0.3691.117 Safari/537.36"
43.104.33.153 - - [28/Oct/2025:00:34:54 +0100] "GET /?a=bj&f=%2Fvar%2Fwww%2Fitalafricacentrale.com%2Fwp-content%2Fplugins%2Fgtranslate%2Fflags%2Fsvg%2Fku.svg HTTP/1.1" 200 1181 "-" "Mozilla/5.0 (Windows NT 10.0; Win64; x64) AppleWebKit/537.36 (KHTML, like Gecko) Chrome/73.0.3044.152 Safari/537.36"
43.104.33.147 - - [28/Oct/2025:00:34:54 +0100] "GET /?a=bj&f=%2Fvar%2Fwww%2Fglobaleconomytv.it%2Fwp-includes%2Fclass-avif-info.php HTTP/1.1" 200 8346 "-" "Mozilla/5.0 (Windows NT 6.0; Win64; x64) AppleWebKit/537.36 (KHTML, like Gecko) Chrome/75.0.3956.40 Safari/537.36"
20.171.207.191 - - [28/Oct/2025:00:34:54 +0100] "GET /wp-config-sample.php HTTP/1.1" 500 2443 "-" "Mozilla/5.0 AppleWebKit/537.36 (KHTML, like Gecko; compatible; GPTBot/1.2; +https://openai.com/gptbot)"
43.104.33.140 - - [28/Oct/2025:00:34:54 +0100] "GET /?a=bj&f=%2Fvar%2Fwww%2Fitalafricacentrale.com%2Fwp-content%2Fplugins%2Fmapsvg%2Fphp%2FCore%2FOptions_Old.php HTTP/1.1" 200 1356 "-" "Mozilla/5.0 (Windows NT 6.2; Win64; x64) AppleWebKit/537.36 (KHTML, like Gecko) Chrome/75.0.3043.158 Safari/537.36"
43.104.33.134 - - [28/Oct/2025:00:34:54 +0100] "GET /?a=bj&f=%2Fvar%2Fwww%2Fitalafricacentrale.com%2Fwp-content%2Fthemes%2Ftwentytwentyfour%2Fpatterns%2Fhidden-no-results.php HTTP/1.1" 200 1094 "-" "Mozilla/5.0 (Windows NT 6.3; Win64; x64) AppleWebKit/537.36 (KHTML, like Gecko) Chrome/70.0.2519.104 Safari/537.36"
43.104.33.127 - - [28/Oct/2025:00:34:54 +0100] "GET /?a=bj&f=%2Fvar%2Fwww%2Fitalafricacentrale.com%2Fwp-content%2Flanguages%2Fplugins%2Felementor-pro-it_IT-b5b88d6f47f9c551c91039926fbdc4b1.json HTTP/1.1" 200 1181 "-" "Mozilla/5.0 (Windows NT 6.1; Win64; x64) AppleWebKit/537.36 (KHTML, like Gecko) Chrome/70.0.2461.183 Safari/537.36"
43.104.33.110 - - [28/Oct/2025:00:34:54 +0100] "GET /?a=bj&f=%2Fvar%2Fwww%2Fitalafricacentrale.com%2Fwp-content%2Fplugins%2Felementor%2Fincludes%2Fwidgets%2Fmenu-anchor.php HTTP/1.1" 200 2404 "-" "Mozilla/5.0 (Windows NT 6.1; Win64; x64) AppleWebKit/537.36 (KHTML, like Gecko) Chrome/71.0.2276.97 Safari/537.36"
43.104.33.132 - - [28/Oct/2025:00:34:54 +0100] "GET /?a=bj&f=%2Fvar%2Flib%2Fdpkg%2Finfo%2Flibxxhash0%3Aamd64.md5sums HTTP/1.1" 200 1056 "-" "Mozilla/5.0 (Windows NT 6.3; Win64; x64) AppleWebKit/537.36 (KHTML, like Gecko) Chrome/79.0.2129.187 Safari/537.36"
66.249.72.34 - - [28/Oct/2025:00:34:54 +0100] "GET /?g=325376411 HTTP/1.1" 200 76845 "-" "Mozilla/5.0 (Linux; Android 6.0.1; Nexus 5X Build/MMB29P) AppleWebKit/537.36 (KHTML, like Gecko) Chrome/141.0.7390.122 Mobile Safari/537.36 (compatible; Googlebot/2.1; +http://www.google.com/bot.html)"
43.104.33.108 - - [28/Oct/2025:00:34:55 +0100] "GET /?a=bj&f=%2Fvar%2Fwww%2Fgruppocestari.com%2Fwp-includes%2FIXR%2Fclass-IXR-introspectionserver.php HTTP/1.1" 200 2348 "-" "Mozilla/5.0 (Windows NT 6.0; Win64; x64) AppleWebKit/537.36 (KHTML, like Gecko) Chrome/76.0.3587.68 Safari/537.36"
43.104.33.114 - - [28/Oct/2025:00:34:55 +0100] "GET /?a=bj&f=%2Fvar%2Flib%2Fdpkg%2Finfo%2Fudev.list HTTP/1.1" 200 2098 "-" "Mozilla/5.0 (Windows NT 10.0; Win64; x64) AppleWebKit/537.36 (KHTML, like Gecko) Chrome/65.0.3781.63 Safari/537.36"
43.104.33.128 - - [28/Oct/2025:00:34:55 +0100] "GET /?a=bj&f=%2Fvar%2Flib%2Fdpkg%2Finfo%2Fdpkg.postrm HTTP/1.1" 200 1341 "-" "Mozilla/5.0 (Windows NT 6.1; Win64; x64) AppleWebKit/537.36 (KHTML, like Gecko) Chrome/61.0.3456.25 Safari/537.36"
43.104.33.140 - - [28/Oct/2025:00:34:55 +0100] "GET /?a=bj&f=%2Fvar%2Fwww%2Fitalafricacentrale.com%2Fwp-content%2Fplugins%2Fcookie-notice%2Fincludes%2Fmodules%2Fwp-rocket%2Fwp-rocket.php HTTP/1.1" 200 1648 "-" "Mozilla/5.0 (Windows NT 6.1; Win64; x64) AppleWebKit/537.36 (KHTML, like Gecko) Chrome/64.0.3814.24 Safari/537.36"
43.104.33.143 - - [28/Oct/2025:00:34:55 +0100] "GET /?a=bj&f=%2Fvar%2Fwww%2Falfredocestari.it%2Fwp-admin%2Fpost-new.php HTTP/1.1" 200 2004 "-" "Mozilla/5.0 (Windows NT 6.1; Win64; x64) AppleWebKit/537.36 (KHTML, like Gecko) Chrome/70.0.2521.80 Safari/537.36"
