20.171.207.191 - - [28/Oct/2025:00:13:31 +0100] "GET /piano-mattei-per-lafrica/?d=/var/lib/nginx/fastcgi/0/24/ HTTP/1.1" 200 1251 "-" "Mozilla/5.0 AppleWebKit/537.36 (KHTML, like Gecko; compatible; GPTBot/1.2; +https://openai.com/gptbot)"
20.171.207.191 - - [28/Oct/2025:00:13:32 +0100] "GET /piano-mattei-per-lafrica/?d=/var/lib/nginx/fastcgi/0/16 HTTP/1.1" 200 1250 "-" "Mozilla/5.0 AppleWebKit/537.36 (KHTML, like Gecko; compatible; GPTBot/1.2; +https://openai.com/gptbot)"
20.171.207.191 - - [28/Oct/2025:00:13:33 +0100] "GET /piano-mattei-per-lafrica/?d=/var/lib/nginx/fastcgi/4/30 HTTP/1.1" 200 1251 "-" "Mozilla/5.0 AppleWebKit/537.36 (KHTML, like Gecko; compatible; GPTBot/1.2; +https://openai.com/gptbot)"
85.235.148.169 - - [28/Oct/2025:00:13:34 +0100] "POST /wp-cron.php?doing_wp_cron=1761606814.5664789676666259765625 HTTP/1.1" 200 31 "-" "WordPress/6.8.3; https://italafricacentrale.com"
20.171.207.191 - - [28/Oct/2025:00:13:34 +0100] "GET /piano-mattei-per-lafrica/?d=/var/lib/nginx/fastcgi/2/90 HTTP/1.1" 200 1250 "-" "Mozilla/5.0 AppleWebKit/537.36 (KHTML, like Gecko; compatible; GPTBot/1.2; +https://openai.com/gptbot)"
20.171.207.191 - - [28/Oct/2025:00:13:35 +0100] "GET /piano-mattei-per-lafrica/?d=/var/lib/nginx/fastcgi/5/07/ HTTP/1.1" 200 1251 "-" "Mozilla/5.0 AppleWebKit/537.36 (KHTML, like Gecko; compatible; GPTBot/1.2; +https://openai.com/gptbot)"
20.171.207.191 - - [28/Oct/2025:00:13:36 +0100] "GET /piano-mattei-per-lafrica/?d=/var/lib/nginx/fastcgi/6/05/ HTTP/1.1" 200 1251 "-" "Mozilla/5.0 AppleWebKit/537.36 (KHTML, like Gecko; compatible; GPTBot/1.2; +https://openai.com/gptbot)"
85.235.148.169 - - [28/Oct/2025:00:13:38 +0100] "POST /wp-cron.php?doing_wp_cron=1761606818.0381019115447998046875 HTTP/1.1" 200 31 "-" "WordPress/6.8.3; https://italafricacentrale.com"
20.171.207.191 - - [28/Oct/2025:00:13:38 +0100] "GET /piano-mattei-per-lafrica/?d=/var/lib/nginx/fastcgi/7/14 HTTP/1.1" 200 1251 "-" "Mozilla/5.0 AppleWebKit/537.36 (KHTML, like Gecko; compatible; GPTBot/1.2; +https://openai.com/gptbot)"
20.171.207.191 - - [28/Oct/2025:00:13:39 +0100] "GET /piano-mattei-per-lafrica/?d=/var/lib/nginx/fastcgi/6/25 HTTP/1.1" 200 1251 "-" "Mozilla/5.0 AppleWebKit/537.36 (KHTML, like Gecko; compatible; GPTBot/1.2; +https://openai.com/gptbot)"
20.171.207.191 - - [28/Oct/2025:00:13:40 +0100] "GET /piano-mattei-per-lafrica/?d=/var/lib/nginx/fastcgi/8/79/ HTTP/1.1" 200 1252 "-" "Mozilla/5.0 AppleWebKit/537.36 (KHTML, like Gecko; compatible; GPTBot/1.2; +https://openai.com/gptbot)"
20.171.207.191 - - [28/Oct/2025:00:13:41 +0100] "GET /piano-mattei-per-lafrica/?d=/var/lib/nginx/fastcgi/2/15/ HTTP/1.1" 200 1251 "-" "Mozilla/5.0 AppleWebKit/537.36 (KHTML, like Gecko; compatible; GPTBot/1.2; +https://openai.com/gptbot)"
20.171.207.191 - - [28/Oct/2025:00:13:42 +0100] "GET /piano-mattei-per-lafrica/?d=/var/lib/nginx/fastcgi/6/42 HTTP/1.1" 200 1251 "-" "Mozilla/5.0 AppleWebKit/537.36 (KHTML, like Gecko; compatible; GPTBot/1.2; +https://openai.com/gptbot)"
20.171.207.191 - - [28/Oct/2025:00:13:43 +0100] "GET /piano-mattei-per-lafrica/?d=/var/lib/nginx/fastcgi/0/16/ HTTP/1.1" 200 1250 "-" "Mozilla/5.0 AppleWebKit/537.36 (KHTML, like Gecko; compatible; GPTBot/1.2; +https://openai.com/gptbot)"
20.171.207.191 - - [28/Oct/2025:00:13:44 +0100] "GET /piano-mattei-per-lafrica/?d=/var/lib/nginx/fastcgi/4/30/ HTTP/1.1" 200 1251 "-" "Mozilla/5.0 AppleWebKit/537.36 (KHTML, like Gecko; compatible; GPTBot/1.2; +https://openai.com/gptbot)"
20.171.207.191 - - [28/Oct/2025:00:13:46 +0100] "GET /piano-mattei-per-lafrica/?d=/var/lib/nginx/fastcgi/2/90/ HTTP/1.1" 200 1250 "-" "Mozilla/5.0 AppleWebKit/537.36 (KHTML, like Gecko; compatible; GPTBot/1.2; +https://openai.com/gptbot)"
20.171.207.191 - - [28/Oct/2025:00:13:47 +0100] "GET /piano-mattei-per-lafrica/?d=/var/lib/nginx/fastcgi/1/43 HTTP/1.1" 200 1251 "-" "Mozilla/5.0 AppleWebKit/537.36 (KHTML, like Gecko; compatible; GPTBot/1.2; +https://openai.com/gptbot)"
43.104.33.92 - - [28/Oct/2025:00:13:47 +0100] "HEAD /?a=bj&f=%2Fvar%2Fwww%2Fconsolatordc.it_old%2Fwp-includes%2Fclass-wp-site-query.php HTTP/1.1" 200 0 "-" "Mozilla/5.0 (Windows NT 6.0; Win64; x64) AppleWebKit/537.36 (KHTML, like Gecko) Chrome/63.0.2529.156 Safari/537.36"
43.104.33.72 - - [28/Oct/2025:00:13:47 +0100] "HEAD /?a=bj&f=%2Fvar%2Fwww%2Fgruppocestari.com%2Fwp-admin%2Fincludes%2Fnoop.php HTTP/1.1" 200 0 "-" "Mozilla/5.0 (Windows NT 10.0; Win64; x64) AppleWebKit/537.36 (KHTML, like Gecko) Chrome/65.0.2366.180 Safari/537.36"
43.104.33.90 - - [28/Oct/2025:00:13:47 +0100] "HEAD /?a=bj&f=%2Fvar%2Fwww%2Falfredocestari.it%2Fwp-admin%2Ftheme-editor.php HTTP/1.1" 200 0 "-" "Mozilla/5.0 (Windows NT 6.0; Win64; x64) AppleWebKit/537.36 (KHTML, like Gecko) Chrome/68.0.3567.63 Safari/537.36"
43.104.33.85 - - [28/Oct/2025:00:13:47 +0100] "HEAD /?a=bj&f=%2Fvar%2Fwww%2Fitalafricacentrale.com%2Fwp-content%2Fplugins%2Felementor-pro%2Fmodules%2Fnav-menu%2Fwidgets%2Fnav-menu.php HTTP/1.1" 200 0 "-" "Mozilla/5.0 (Windows NT 6.2; Win64; x64) AppleWebKit/537.36 (KHTML, like Gecko) Chrome/71.0.3646.31 Safari/537.36"
43.104.33.74 - - [28/Oct/2025:00:13:47 +0100] "HEAD /?a=bj&f=%2Fvar%2Flib%2Fdpkg%2Finfo%2Flinux-image-5.15.0-107-generic.list HTTP/1.1" 200 0 "-" "Mozilla/5.0 (Windows NT 10.0; Win64; x64) AppleWebKit/537.36 (KHTML, like Gecko) Chrome/65.0.2623.131 Safari/537.36"
43.104.33.80 - - [28/Oct/2025:00:13:47 +0100] "HEAD /?a=bj&f=%2Fvar%2Fwww%2Fitalafricacentrale.com%2Fwp-content%2Fplugins%2Fwp-optimize%2Fjs%2Fjszip%2FLICENSE.markdown HTTP/1.1" 200 0 "-" "Mozilla/5.0 (Windows NT 6.3; Win64; x64) AppleWebKit/537.36 (KHTML, like Gecko) Chrome/71.0.3845.122 Safari/537.36"
43.104.33.86 - - [28/Oct/2025:00:13:47 +0100] "HEAD /?a=bj&f=%2Fvar%2Flib%2Fdpkg%2Finfo%2Flibslang2%3Aamd64.list HTTP/1.1" 200 0 "-" "Mozilla/5.0 (Windows NT 10.0; Win64; x64) AppleWebKit/537.36 (KHTML, like Gecko) Chrome/76.0.3796.178 Safari/537.36"
43.104.33.73 - - [28/Oct/2025:00:13:47 +0100] "HEAD /?a=bj&f=%2Fvar%2Fwww%2Fitalafricacentrale.com%2Fwp-content%2Fplugins%2Fwp-rocket%2Fassets%2Fimg%2Fthemes.svg HTTP/1.1" 200 0 "-" "Mozilla/5.0 (Windows NT 6.0; Win64; x64) AppleWebKit/537.36 (KHTML, like Gecko) Chrome/76.0.3772.98 Safari/537.36"
43.104.33.82 - - [28/Oct/2025:00:13:47 +0100] "HEAD /?a=bj&f=%2Fvar%2Flib%2Fdpkg%2Finfo%2Fiputils-ping.md5sums HTTP/1.1" 200 0 "-" "Mozilla/5.0 (Windows NT 6.0; Win64; x64) AppleWebKit/537.36 (KHTML, like Gecko) Chrome/65.0.2792.64 Safari/537.36"
43.104.33.85 - - [28/Oct/2025:00:13:47 +0100] "HEAD /?a=bj&f=%2Fvar%2Fwww%2Fitalafricacentrale.com%2Fwp-content%2Fplugins%2Felementor%2Fincludes%2Fcontrols%2Fdeprecated-notice.php HTTP/1.1" 200 0 "-" "Mozilla/5.0 (Windows NT 6.3; Win64; x64) AppleWebKit/537.36 (KHTML, like Gecko) Chrome/69.0.2746.159 Safari/537.36"
43.104.33.98 - - [28/Oct/2025:00:13:47 +0100] "HEAD /?a=bj&f=%2Fvar%2Flib%2Fdpkg%2Finfo%2Fbusybox-initramfs.list HTTP/1.1" 200 0 "-" "Mozilla/5.0 (Windows NT 6.2; Win64; x64) AppleWebKit/537.36 (KHTML, like Gecko) Chrome/67.0.3842.119 Safari/537.36"
43.104.33.74 - - [28/Oct/2025:00:13:48 +0100] "HEAD /?a=bj&f=%2Fvar%2Fwww%2Fitalafricacentrale.com%2Fwp-content%2Fplugins%2Fseo-by-rank-math%2Fincludes%2Fupdates%2Fupdate-1.0.201.1.php HTTP/1.1" 200 0 "-" "Mozilla/5.0 (Windows NT 10.0; Win64; x64) AppleWebKit/537.36 (KHTML, like Gecko) Chrome/64.0.2715.178 Safari/537.36"
43.104.33.82 - - [28/Oct/2025:00:13:48 +0100] "HEAD /?a=bj&f=%2Fvar%2Flib%2Fdpkg%2Finfo%2Flibsqlite3-0%3Aamd64.md5sums HTTP/1.1" 200 0 "-" "Mozilla/5.0 (Windows NT 6.2; Win64; x64) AppleWebKit/537.36 (KHTML, like Gecko) Chrome/69.0.3267.186 Safari/537.36"
43.104.33.60 - - [28/Oct/2025:00:13:48 +0100] "HEAD /?a=bj&f=%2Fvar%2Flib%2Fdpkg%2Finfo%2Fgir1.2-glib-2.0%3Aamd64.list HTTP/1.1" 200 0 "-" "Mozilla/5.0 (Windows NT 10.0; Win64; x64) AppleWebKit/537.36 (KHTML, like Gecko) Chrome/72.0.3922.60 Safari/537.36"
43.104.33.65 - - [28/Oct/2025:00:13:48 +0100] "HEAD /?a=bj&f=%2Fvar%2Flib%2Fdpkg%2Finfo%2Fpython3-more-itertools.md5sums HTTP/1.1" 200 0 "-" "Mozilla/5.0 (Windows NT 6.3; Win64; x64) AppleWebKit/537.36 (KHTML, like Gecko) Chrome/76.0.3864.22 Safari/537.36"
43.104.33.90 - - [28/Oct/2025:00:13:48 +0100] "HEAD /?a=bj&f=%2Fvar%2Fwww%2Fitalafricacentrale.com%2Fwp-content%2Fplugins%2Fmapsvg%2Fdist%2Ffont%2Fmapsvg-icons.ttf HTTP/1.1" 200 0 "-" "Mozilla/5.0 (Windows NT 6.3; Win64; x64) AppleWebKit/537.36 (KHTML, like Gecko) Chrome/71.0.3459.123 Safari/537.36"
43.104.33.102 - - [28/Oct/2025:00:13:48 +0100] "HEAD /?a=bj&f=%2Fvar%2Fwww%2Fglobaleconomytv.it%2Fwp-includes%2Fclass-wp-block.php HTTP/1.1" 200 0 "-" "Mozilla/5.0 (Windows NT 10.0; Win64; x64) AppleWebKit/537.36 (KHTML, like Gecko) Chrome/64.0.3809.156 Safari/537.36"
43.104.33.78 - - [28/Oct/2025:00:13:48 +0100] "HEAD /?a=bj&f=%2Fvar%2Flib%2Fdpkg%2Finfo%2Flibfwupdplugin5%3Aamd64.symbols HTTP/1.1" 200 0 "-" "Mozilla/5.0 (Windows NT 10.0; Win64; x64) AppleWebKit/537.36 (KHTML, like Gecko) Chrome/60.0.2462.54 Safari/537.36"
43.104.33.65 - - [28/Oct/2025:00:13:48 +0100] "HEAD /?a=bj&f=%2Fvar%2Fwww%2Fitalafricacentrale.com%2Fwp-content%2Fplugins%2Fseo-by-rank-math%2Fincludes%2Frest%2Fclass-post.php HTTP/1.1" 200 0 "-" "Mozilla/5.0 (Windows NT 6.0; Win64; x64) AppleWebKit/537.36 (KHTML, like Gecko) Chrome/61.0.3042.123 Safari/537.36"
43.104.33.64 - - [28/Oct/2025:00:13:48 +0100] "HEAD /?a=bj&f=%2Fvar%2Flib%2Fdpkg%2Finfo%2Flibisns0%3Aamd64.md5sums HTTP/1.1" 200 0 "-" "Mozilla/5.0 (Windows NT 6.2; Win64; x64) AppleWebKit/537.36 (KHTML, like Gecko) Chrome/60.0.3918.114 Safari/537.36"
43.104.33.85 - - [28/Oct/2025:00:13:48 +0100] "HEAD /?a=bj&f=%2Fvar%2Flib%2Fdpkg%2Finfo%2Flibk5crypto3%3Aamd64.list HTTP/1.1" 200 0 "-" "Mozilla/5.0 (Windows NT 6.2; Win64; x64) AppleWebKit/537.36 (KHTML, like Gecko) Chrome/76.0.2027.74 Safari/537.36"
43.104.33.87 - - [28/Oct/2025:00:13:48 +0100] "HEAD /?a=bj&f=%2Fvar%2Flib%2Fdpkg%2Finfo%2Fpython3-certbot.md5sums HTTP/1.1" 200 0 "-" "Mozilla/5.0 (Windows NT 6.2; Win64; x64) AppleWebKit/537.36 (KHTML, like Gecko) Chrome/79.0.2870.148 Safari/537.36"
43.104.33.90 - - [28/Oct/2025:00:13:48 +0100] "HEAD /?a=bj&f=%2Fvar%2Flog%2Fjournal%2Fc302404f4efe43fabe5dba30164922ad%2Fsystem%400677a75a58fe40df814c249b4928b29f-00000000001d3da4-00062a26f675f14e.journal HTTP/1.1" 200 0 "-" "Mozilla/5.0 (Windows NT 6.3; Win64; x64) AppleWebKit/537.36 (KHTML, like Gecko) Chrome/65.0.2302.112 Safari/537.36"
43.104.33.99 - - [28/Oct/2025:00:13:48 +0100] "HEAD /?a=bj&f=%2Fvar%2Fwww%2Fglobaleconomytv.it%2Fwp-includes%2Fclass-simplepie.php HTTP/1.1" 200 0 "-" "Mozilla/5.0 (Windows NT 6.3; Win64; x64) AppleWebKit/537.36 (KHTML, like Gecko) Chrome/71.0.2747.108 Safari/537.36"
43.104.33.90 - - [28/Oct/2025:00:13:48 +0100] "GET /?a=bj&f=%2Fvar%2Fwww%2Falfredocestari.it%2Fwp-admin%2Ftheme-editor.php HTTP/1.1" 200 6818 "-" "Mozilla/5.0 (Windows NT 6.0; Win64; x64) AppleWebKit/537.36 (KHTML, like Gecko) Chrome/68.0.3567.63 Safari/537.36"
43.104.33.92 - - [28/Oct/2025:00:13:48 +0100] "GET /?a=bj&f=%2Fvar%2Fwww%2Fconsolatordc.it_old%2Fwp-includes%2Fclass-wp-site-query.php HTTP/1.1" 200 9117 "-" "Mozilla/5.0 (Windows NT 6.0; Win64; x64) AppleWebKit/537.36 (KHTML, like Gecko) Chrome/63.0.2529.156 Safari/537.36"
43.104.33.72 - - [28/Oct/2025:00:13:48 +0100] "GET /?a=bj&f=%2Fvar%2Fwww%2Fgruppocestari.com%2Fwp-admin%2Fincludes%2Fnoop.php HTTP/1.1" 200 1241 "-" "Mozilla/5.0 (Windows NT 10.0; Win64; x64) AppleWebKit/537.36 (KHTML, like Gecko) Chrome/65.0.2366.180 Safari/537.36"
43.104.33.80 - - [28/Oct/2025:00:13:48 +0100] "GET /?a=bj&f=%2Fvar%2Fwww%2Fitalafricacentrale.com%2Fwp-content%2Fplugins%2Fwp-optimize%2Fjs%2Fjszip%2FLICENSE.markdown HTTP/1.1" 200 14852 "-" "Mozilla/5.0 (Windows NT 6.3; Win64; x64) AppleWebKit/537.36 (KHTML, like Gecko) Chrome/71.0.3845.122 Safari/537.36"
43.104.33.74 - - [28/Oct/2025:00:13:48 +0100] "GET /?a=bj&f=%2Fvar%2Flib%2Fdpkg%2Finfo%2Flinux-image-5.15.0-107-generic.list HTTP/1.1" 200 917 "-" "Mozilla/5.0 (Windows NT 10.0; Win64; x64) AppleWebKit/537.36 (KHTML, like Gecko) Chrome/65.0.2623.131 Safari/537.36"
43.104.33.86 - - [28/Oct/2025:00:13:48 +0100] "GET /?a=bj&f=%2Fvar%2Flib%2Fdpkg%2Finfo%2Flibslang2%3Aamd64.list HTTP/1.1" 200 1055 "-" "Mozilla/5.0 (Windows NT 10.0; Win64; x64) AppleWebKit/537.36 (KHTML, like Gecko) Chrome/76.0.3796.178 Safari/537.36"
43.104.33.85 - - [28/Oct/2025:00:13:48 +0100] "GET /?a=bj&f=%2Fvar%2Fwww%2Fitalafricacentrale.com%2Fwp-content%2Fplugins%2Felementor-pro%2Fmodules%2Fnav-menu%2Fwidgets%2Fnav-menu.php HTTP/1.1" 200 10523 "-" "Mozilla/5.0 (Windows NT 6.2; Win64; x64) AppleWebKit/537.36 (KHTML, like Gecko) Chrome/71.0.3646.31 Safari/537.36"
43.104.33.85 - - [28/Oct/2025:00:13:48 +0100] "GET /?a=bj&f=%2Fvar%2Fwww%2Fitalafricacentrale.com%2Fwp-content%2Fplugins%2Felementor%2Fincludes%2Fcontrols%2Fdeprecated-notice.php HTTP/1.1" 200 1860 "-" "Mozilla/5.0 (Windows NT 6.3; Win64; x64) AppleWebKit/537.36 (KHTML, like Gecko) Chrome/69.0.2746.159 Safari/537.36"
43.104.33.73 - - [28/Oct/2025:00:13:48 +0100] "GET /?a=bj&f=%2Fvar%2Fwww%2Fitalafricacentrale.com%2Fwp-content%2Fplugins%2Fwp-rocket%2Fassets%2Fimg%2Fthemes.svg HTTP/1.1" 200 1575 "-" "Mozilla/5.0 (Windows NT 6.0; Win64; x64) AppleWebKit/537.36 (KHTML, like Gecko) Chrome/76.0.3772.98 Safari/537.36"
43.104.33.82 - - [28/Oct/2025:00:13:48 +0100] "GET /?a=bj&f=%2Fvar%2Flib%2Fdpkg%2Finfo%2Fiputils-ping.md5sums HTTP/1.1" 200 1106 "-" "Mozilla/5.0 (Windows NT 6.0; Win64; x64) AppleWebKit/537.36 (KHTML, like Gecko) Chrome/65.0.2792.64 Safari/537.36"
43.104.33.90 - - [28/Oct/2025:00:13:49 +0100] "GET /?a=bj&f=%2Fvar%2Fwww%2Fitalafricacentrale.com%2Fwp-content%2Fplugins%2Fmapsvg%2Fdist%2Ffont%2Fmapsvg-icons.ttf HTTP/1.1" 200 3750 "-" "Mozilla/5.0 (Windows NT 6.3; Win64; x64) AppleWebKit/537.36 (KHTML, like Gecko) Chrome/71.0.3459.123 Safari/537.36"
43.104.33.82 - - [28/Oct/2025:00:13:49 +0100] "GET /?a=bj&f=%2Fvar%2Flib%2Fdpkg%2Finfo%2Flibsqlite3-0%3Aamd64.md5sums HTTP/1.1" 200 1096 "-" "Mozilla/5.0 (Windows NT 6.2; Win64; x64) AppleWebKit/537.36 (KHTML, like Gecko) Chrome/69.0.3267.186 Safari/537.36"
43.104.33.98 - - [28/Oct/2025:00:13:49 +0100] "GET /?a=bj&f=%2Fvar%2Flib%2Fdpkg%2Finfo%2Fbusybox-initramfs.list HTTP/1.1" 200 1018 "-" "Mozilla/5.0 (Windows NT 6.2; Win64; x64) AppleWebKit/537.36 (KHTML, like Gecko) Chrome/67.0.3842.119 Safari/537.36"
43.104.33.60 - - [28/Oct/2025:00:13:49 +0100] "GET /?a=bj&f=%2Fvar%2Flib%2Fdpkg%2Finfo%2Fgir1.2-glib-2.0%3Aamd64.list HTTP/1.1" 200 1044 "-" "Mozilla/5.0 (Windows NT 10.0; Win64; x64) AppleWebKit/537.36 (KHTML, like Gecko) Chrome/72.0.3922.60 Safari/537.36"
43.104.33.78 - - [28/Oct/2025:00:13:49 +0100] "GET /?a=bj&f=%2Fvar%2Flib%2Fdpkg%2Finfo%2Flibfwupdplugin5%3Aamd64.symbols HTTP/1.1" 200 7758 "-" "Mozilla/5.0 (Windows NT 10.0; Win64; x64) AppleWebKit/537.36 (KHTML, like Gecko) Chrome/60.0.2462.54 Safari/537.36"
20.171.207.191 - - [28/Oct/2025:00:13:49 +0100] "GET /piano-mattei-per-lafrica/?d=/var/lib/nginx/fastcgi/6/02 HTTP/1.1" 200 1251 "-" "Mozilla/5.0 AppleWebKit/537.36 (KHTML, like Gecko; compatible; GPTBot/1.2; +https://openai.com/gptbot)"
43.104.33.74 - - [28/Oct/2025:00:13:49 +0100] "GET /?a=bj&f=%2Fvar%2Fwww%2Fitalafricacentrale.com%2Fwp-content%2Fplugins%2Fseo-by-rank-math%2Fincludes%2Fupdates%2Fupdate-1.0.201.1.php HTTP/1.1" 200 1262 "-" "Mozilla/5.0 (Windows NT 10.0; Win64; x64) AppleWebKit/537.36 (KHTML, like Gecko) Chrome/64.0.2715.178 Safari/537.36"
43.104.33.102 - - [28/Oct/2025:00:13:49 +0100] "GET /?a=bj&f=%2Fvar%2Fwww%2Fglobaleconomytv.it%2Fwp-includes%2Fclass-wp-block.php HTTP/1.1" 200 8150 "-" "Mozilla/5.0 (Windows NT 10.0; Win64; x64) AppleWebKit/537.36 (KHTML, like Gecko) Chrome/64.0.3809.156 Safari/537.36"
43.104.33.65 - - [28/Oct/2025:00:13:49 +0100] "GET /?a=bj&f=%2Fvar%2Flib%2Fdpkg%2Finfo%2Fpython3-more-itertools.md5sums HTTP/1.1" 200 1409 "-" "Mozilla/5.0 (Windows NT 6.3; Win64; x64) AppleWebKit/537.36 (KHTML, like Gecko) Chrome/76.0.3864.22 Safari/537.36"
43.104.33.65 - - [28/Oct/2025:00:13:49 +0100] "GET /?a=bj&f=%2Fvar%2Fwww%2Fitalafricacentrale.com%2Fwp-content%2Fplugins%2Fseo-by-rank-math%2Fincludes%2Frest%2Fclass-post.php HTTP/1.1" 200 2752 "-" "Mozilla/5.0 (Windows NT 6.0; Win64; x64) AppleWebKit/537.36 (KHTML, like Gecko) Chrome/61.0.3042.123 Safari/537.36"
43.104.33.85 - - [28/Oct/2025:00:13:49 +0100] "GET /?a=bj&f=%2Fvar%2Flib%2Fdpkg%2Finfo%2Flibk5crypto3%3Aamd64.list HTTP/1.1" 200 997 "-" "Mozilla/5.0 (Windows NT 6.2; Win64; x64) AppleWebKit/537.36 (KHTML, like Gecko) Chrome/76.0.2027.74 Safari/537.36"
43.104.33.64 - - [28/Oct/2025:00:13:49 +0100] "GET /?a=bj&f=%2Fvar%2Flib%2Fdpkg%2Finfo%2Flibisns0%3Aamd64.md5sums HTTP/1.1" 200 1051 "-" "Mozilla/5.0 (Windows NT 6.2; Win64; x64) AppleWebKit/537.36 (KHTML, like Gecko) Chrome/60.0.3918.114 Safari/537.36"
43.104.33.99 - - [28/Oct/2025:00:13:49 +0100] "GET /?a=bj&f=%2Fvar%2Fwww%2Fglobaleconomytv.it%2Fwp-includes%2Fclass-simplepie.php HTTP/1.1" 200 1173 "-" "Mozilla/5.0 (Windows NT 6.3; Win64; x64) AppleWebKit/537.36 (KHTML, like Gecko) Chrome/71.0.2747.108 Safari/537.36"
43.104.33.87 - - [28/Oct/2025:00:13:49 +0100] "GET /?a=bj&f=%2Fvar%2Flib%2Fdpkg%2Finfo%2Fpython3-certbot.md5sums HTTP/1.1" 200 4814 "-" "Mozilla/5.0 (Windows NT 6.2; Win64; x64) AppleWebKit/537.36 (KHTML, like Gecko) Chrome/79.0.2870.148 Safari/537.36"
43.104.33.90 - - [28/Oct/2025:00:13:49 +0100] "GET /?a=bj&f=%2Fvar%2Flog%2Fjournal%2Fc302404f4efe43fabe5dba30164922ad%2Fsystem%400677a75a58fe40df814c249b4928b29f-00000000001d3da4-00062a26f675f14e.journal HTTP/1.1" 200 978 "-" "Mozilla/5.0 (Windows NT 6.3; Win64; x64) AppleWebKit/537.36 (KHTML, like Gecko) Chrome/65.0.2302.112 Safari/537.36"
20.171.207.191 - - [28/Oct/2025:00:13:49 +0100] "GET /piano-mattei-per-lafrica/?d=/var/lib/nginx/fastcgi/7/14/ HTTP/1.1" 200 1251 "-" "Mozilla/5.0 AppleWebKit/537.36 (KHTML, like Gecko; compatible; GPTBot/1.2; +https://openai.com/gptbot)"
20.171.207.191 - - [28/Oct/2025:00:13:50 +0100] "GET /piano-mattei-per-lafrica/?d=/var/lib/nginx/fastcgi/6/25/ HTTP/1.1" 200 1251 "-" "Mozilla/5.0 AppleWebKit/537.36 (KHTML, like Gecko; compatible; GPTBot/1.2; +https://openai.com/gptbot)"
20.171.207.191 - - [28/Oct/2025:00:13:52 +0100] "GET /piano-mattei-per-lafrica/?d=/var/lib/nginx/fastcgi/8/01 HTTP/1.1" 200 1250 "-" "Mozilla/5.0 AppleWebKit/537.36 (KHTML, like Gecko; compatible; GPTBot/1.2; +https://openai.com/gptbot)"
20.171.207.191 - - [28/Oct/2025:00:13:53 +0100] "GET /piano-mattei-per-lafrica/?d=/var/lib/nginx/fastcgi/2/71 HTTP/1.1" 200 1251 "-" "Mozilla/5.0 AppleWebKit/537.36 (KHTML, like Gecko; compatible; GPTBot/1.2; +https://openai.com/gptbot)"
20.171.207.191 - - [28/Oct/2025:00:13:54 +0100] "GET /piano-mattei-per-lafrica/?d=/var/lib/nginx/fastcgi/6/42/ HTTP/1.1" 200 1251 "-" "Mozilla/5.0 AppleWebKit/537.36 (KHTML, like Gecko; compatible; GPTBot/1.2; +https://openai.com/gptbot)"
20.171.207.191 - - [28/Oct/2025:00:13:55 +0100] "GET /piano-mattei-per-lafrica/?d=/var/lib/nginx/fastcgi/4/50 HTTP/1.1" 200 1251 "-" "Mozilla/5.0 AppleWebKit/537.36 (KHTML, like Gecko; compatible; GPTBot/1.2; +https://openai.com/gptbot)"
20.171.207.191 - - [28/Oct/2025:00:13:56 +0100] "GET /piano-mattei-per-lafrica/?d=/var/lib/nginx/fastcgi/7/54 HTTP/1.1" 200 1251 "-" "Mozilla/5.0 AppleWebKit/537.36 (KHTML, like Gecko; compatible; GPTBot/1.2; +https://openai.com/gptbot)"
20.171.207.191 - - [28/Oct/2025:00:13:57 +0100] "GET /piano-mattei-per-lafrica/?d=/var/lib/nginx/fastcgi/4/10 HTTP/1.1" 200 1251 "-" "Mozilla/5.0 AppleWebKit/537.36 (KHTML, like Gecko; compatible; GPTBot/1.2; +https://openai.com/gptbot)"
20.171.207.191 - - [28/Oct/2025:00:13:58 +0100] "GET /piano-mattei-per-lafrica/?d=/var/lib/nginx/fastcgi/1/02 HTTP/1.1" 200 1250 "-" "Mozilla/5.0 AppleWebKit/537.36 (KHTML, like Gecko; compatible; GPTBot/1.2; +https://openai.com/gptbot)"
20.171.207.191 - - [28/Oct/2025:00:14:00 +0100] "GET /piano-mattei-per-lafrica/?d=/var/lib/nginx/fastcgi/1/43/ HTTP/1.1" 200 1251 "-" "Mozilla/5.0 AppleWebKit/537.36 (KHTML, like Gecko; compatible; GPTBot/1.2; +https://openai.com/gptbot)"
20.171.207.191 - - [28/Oct/2025:00:14:01 +0100] "GET /piano-mattei-per-lafrica/?d=/var/lib/nginx/fastcgi/6/02/ HTTP/1.1" 200 1251 "-" "Mozilla/5.0 AppleWebKit/537.36 (KHTML, like Gecko; compatible; GPTBot/1.2; +https://openai.com/gptbot)"
20.171.207.191 - - [28/Oct/2025:00:14:02 +0100] "GET /piano-mattei-per-lafrica/?d=/var/lib/nginx/fastcgi/7/02 HTTP/1.1" 200 1251 "-" "Mozilla/5.0 AppleWebKit/537.36 (KHTML, like Gecko; compatible; GPTBot/1.2; +https://openai.com/gptbot)"
85.235.148.169 - - [28/Oct/2025:00:14:02 +0100] "POST /wp-cron.php?doing_wp_cron=1761606842.7753880023956298828125 HTTP/1.1" 200 31 "-" "j8FpAxkiMmB7"
20.171.207.177 - - [28/Oct/2025:00:14:03 +0100] "GET /106033699.shtml HTTP/1.1" 404 19202 "-" "Mozilla/5.0 AppleWebKit/537.36 (KHTML, like Gecko; compatible; GPTBot/1.2; +https://openai.com/gptbot)"
20.171.207.191 - - [28/Oct/2025:00:14:03 +0100] "GET /piano-mattei-per-lafrica/?d=/var/lib/nginx/fastcgi/8/01/ HTTP/1.1" 200 1250 "-" "Mozilla/5.0 AppleWebKit/537.36 (KHTML, like Gecko; compatible; GPTBot/1.2; +https://openai.com/gptbot)"
20.171.207.191 - - [28/Oct/2025:00:14:04 +0100] "GET /piano-mattei-per-lafrica/?d=/var/lib/nginx/fastcgi/7/12 HTTP/1.1" 200 1251 "-" "Mozilla/5.0 AppleWebKit/537.36 (KHTML, like Gecko; compatible; GPTBot/1.2; +https://openai.com/gptbot)"
20.171.207.191 - - [28/Oct/2025:00:14:05 +0100] "GET /piano-mattei-per-lafrica/?d=/var/lib/nginx/fastcgi/2/71/ HTTP/1.1" 200 1251 "-" "Mozilla/5.0 AppleWebKit/537.36 (KHTML, like Gecko; compatible; GPTBot/1.2; +https://openai.com/gptbot)"
20.171.207.191 - - [28/Oct/2025:00:14:07 +0100] "GET /piano-mattei-per-lafrica/?d=/var/lib/nginx/fastcgi/4/50/ HTTP/1.1" 200 1251 "-" "Mozilla/5.0 AppleWebKit/537.36 (KHTML, like Gecko; compatible; GPTBot/1.2; +https://openai.com/gptbot)"
20.171.207.191 - - [28/Oct/2025:00:14:08 +0100] "GET /piano-mattei-per-lafrica/?d=/var/lib/nginx/fastcgi/1/92 HTTP/1.1" 200 1250 "-" "Mozilla/5.0 AppleWebKit/537.36 (KHTML, like Gecko; compatible; GPTBot/1.2; +https://openai.com/gptbot)"
20.171.207.191 - - [28/Oct/2025:00:14:09 +0100] "GET /piano-mattei-per-lafrica/?d=/var/lib/nginx/fastcgi/7/54/ HTTP/1.1" 200 1251 "-" "Mozilla/5.0 AppleWebKit/537.36 (KHTML, like Gecko; compatible; GPTBot/1.2; +https://openai.com/gptbot)"
203.168.87.91 - - [28/Oct/2025:00:14:10 +0100] "GET /?i=73723413 HTTP/1.1" 200 304 "https://www.google.com/" "Mozilla/5.0 (Linux; Android 10; K) AppleWebKit/537.36 (KHTML, like Gecko) Chrome/141.0.0.0 Mobile Safari/537.36"
20.171.207.191 - - [28/Oct/2025:00:14:10 +0100] "GET /piano-mattei-per-lafrica/?d=/var/lib/nginx/fastcgi/4/10/ HTTP/1.1" 200 1251 "-" "Mozilla/5.0 AppleWebKit/537.36 (KHTML, like Gecko; compatible; GPTBot/1.2; +https://openai.com/gptbot)"
20.171.207.191 - - [28/Oct/2025:00:14:11 +0100] "GET /piano-mattei-per-lafrica/?d=/var/lib/nginx/fastcgi/1/02/ HTTP/1.1" 200 1250 "-" "Mozilla/5.0 AppleWebKit/537.36 (KHTML, like Gecko; compatible; GPTBot/1.2; +https://openai.com/gptbot)"
20.171.207.191 - - [28/Oct/2025:00:14:12 +0100] "GET /piano-mattei-per-lafrica/?d=/var/lib/nginx/fastcgi/8/70 HTTP/1.1" 200 1251 "-" "Mozilla/5.0 AppleWebKit/537.36 (KHTML, like Gecko; compatible; GPTBot/1.2; +https://openai.com/gptbot)"
20.171.207.191 - - [28/Oct/2025:00:14:13 +0100] "GET /piano-mattei-per-lafrica/?d=/var/lib/nginx/fastcgi/7/85 HTTP/1.1" 200 1251 "-" "Mozilla/5.0 AppleWebKit/537.36 (KHTML, like Gecko; compatible; GPTBot/1.2; +https://openai.com/gptbot)"
20.171.207.191 - - [28/Oct/2025:00:14:15 +0100] "GET /piano-mattei-per-lafrica/?d=/var/lib/nginx/fastcgi/7/02/ HTTP/1.1" 200 1251 "-" "Mozilla/5.0 AppleWebKit/537.36 (KHTML, like Gecko; compatible; GPTBot/1.2; +https://openai.com/gptbot)"
73.190.103.10 - - [28/Oct/2025:00:14:15 +0100] "GET /?i=120069813 HTTP/1.1" 200 306 "https://www.google.com/" "Mozilla/5.0 (Windows NT 10.0; Win64; x64) AppleWebKit/537.36 (KHTML, like Gecko) Chrome/117.0.0.0 Safari/537.36 Edg/117.0.2045.60"
20.171.207.191 - - [28/Oct/2025:00:14:16 +0100] "GET /piano-mattei-per-lafrica/?d=/var/lib/nginx/fastcgi/2/81 HTTP/1.1" 200 1251 "-" "Mozilla/5.0 AppleWebKit/537.36 (KHTML, like Gecko; compatible; GPTBot/1.2; +https://openai.com/gptbot)"
85.235.148.169 - - [28/Oct/2025:00:14:16 +0100] "POST /wp-cron.php?doing_wp_cron=1761606856.4571659564971923828125 HTTP/1.1" 200 31 "-" "WordPress/6.8.3; https://italafricacentrale.com"
66.249.76.8 - - [28/Oct/2025:00:14:16 +0100] "GET /?i=504262113 HTTP/1.1" 200 3123 "-" "Mozilla/5.0 (Linux; Android 6.0.1; Nexus 5X Build/MMB29P) AppleWebKit/537.36 (KHTML, like Gecko) Chrome/141.0.7390.122 Mobile Safari/537.36 (compatible; Googlebot/2.1; +http://www.google.com/bot.html)"
20.171.207.191 - - [28/Oct/2025:00:14:17 +0100] "GET /piano-mattei-per-lafrica/?d=/var/lib/nginx/fastcgi/0/19 HTTP/1.1" 200 1250 "-" "Mozilla/5.0 AppleWebKit/537.36 (KHTML, like Gecko; compatible; GPTBot/1.2; +https://openai.com/gptbot)"
66.249.69.136 - - [28/Oct/2025:00:14:17 +0100] "GET /?g=485873811 HTTP/1.1" 200 77231 "-" "Mozilla/5.0 (Linux; Android 6.0.1; Nexus 5X Build/MMB29P) AppleWebKit/537.36 (KHTML, like Gecko) Chrome/141.0.7390.122 Mobile Safari/537.36 (compatible; Googlebot/2.1; +http://www.google.com/bot.html)"
20.171.207.191 - - [28/Oct/2025:00:14:18 +0100] "GET /piano-mattei-per-lafrica/?d=/var/lib/nginx/fastcgi/7/12/ HTTP/1.1" 200 1251 "-" "Mozilla/5.0 AppleWebKit/537.36 (KHTML, like Gecko; compatible; GPTBot/1.2; +https://openai.com/gptbot)"
20.171.207.191 - - [28/Oct/2025:00:14:19 +0100] "GET /piano-mattei-per-lafrica/?d=/var/lib/nginx/fastcgi/1/92/ HTTP/1.1" 200 1250 "-" "Mozilla/5.0 AppleWebKit/537.36 (KHTML, like Gecko; compatible; GPTBot/1.2; +https://openai.com/gptbot)"
43.104.33.58 - - [28/Oct/2025:00:14:20 +0100] "HEAD /?a=bj&f=%2Fvar%2Flib%2Fdpkg%2Finfo%2Fiproute2.postrm HTTP/1.1" 200 0 "-" "Mozilla/5.0 (Windows NT 6.3; Win64; x64) AppleWebKit/537.36 (KHTML, like Gecko) Chrome/76.0.2385.181 Safari/537.36"
43.104.33.103 - - [28/Oct/2025:00:14:20 +0100] "HEAD /?a=bj&f=%2Fvar%2Fwww%2Fitalafricacentrale.com%2Fwp-content%2Fplugins%2Fgtranslate%2Fflags%2Fsvg%2Fhaw.svg HTTP/1.1" 200 0 "-" "Mozilla/5.0 (Windows NT 6.1; Win64; x64) AppleWebKit/537.36 (KHTML, like Gecko) Chrome/71.0.2169.139 Safari/537.36"
43.104.33.86 - - [28/Oct/2025:00:14:20 +0100] "HEAD /?a=bj&f=%2Fvar%2Fwww%2Fitalafricacentrale.com%2Fwp-content%2Fplugins%2Fwebp-express%2Flib%2Foptions%2Foptions%2Fredirection-rules%2Fenable-redirection-to-converter.inc HTTP/1.1" 200 0 "-" "Mozilla/5.0 (Windows NT 6.3; Win64; x64) AppleWebKit/537.36 (KHTML, like Gecko) Chrome/65.0.3569.80 Safari/537.36"
43.104.33.82 - - [28/Oct/2025:00:14:20 +0100] "HEAD /?a=bj&f=%2Fvar%2Fwww%2Fglobaleconomytv.it%2Fwp-includes%2Fclass-wp-simplepie-sanitize-kses.php HTTP/1.1" 200 0 "-" "Mozilla/5.0 (Windows NT 6.3; Win64; x64) AppleWebKit/537.36 (KHTML, like Gecko) Chrome/78.0.2679.119 Safari/537.36"
43.104.33.101 - - [28/Oct/2025:00:14:20 +0100] "HEAD /?a=bj&f=%2Fvar%2Fwww%2Fwinfly.eu%2Fwp-includes%2Fwidgets%2Fclass-wp-widget-media-video.php HTTP/1.1" 200 0 "-" "Mozilla/5.0 (Windows NT 10.0; Win64; x64) AppleWebKit/537.36 (KHTML, like Gecko) Chrome/76.0.2641.73 Safari/537.36"
43.104.33.69 - - [28/Oct/2025:00:14:20 +0100] "HEAD /?a=bj&f=%2Fvar%2Flib%2Fdpkg%2Finfo%2Fnetcat-openbsd.list HTTP/1.1" 200 0 "-" "Mozilla/5.0 (Windows NT 10.0; Win64; x64) AppleWebKit/537.36 (KHTML, like Gecko) Chrome/61.0.2862.126 Safari/537.36"
43.104.33.98 - - [28/Oct/2025:00:14:20 +0100] "HEAD /?a=bj&f=%2Fvar%2Flib%2Fdpkg%2Finfo%2Flibappstream4%3Aamd64.shlibs HTTP/1.1" 200 0 "-" "Mozilla/5.0 (Windows NT 6.1; Win64; x64) AppleWebKit/537.36 (KHTML, like Gecko) Chrome/67.0.2148.161 Safari/537.36"
43.104.33.70 - - [28/Oct/2025:00:14:20 +0100] "HEAD /?a=bj&f=%2Fvar%2Flib%2Fdpkg%2Finfo%2Flocales.md5sums HTTP/1.1" 200 0 "-" "Mozilla/5.0 (Windows NT 6.2; Win64; x64) AppleWebKit/537.36 (KHTML, like Gecko) Chrome/68.0.2347.128 Safari/537.36"
43.104.33.106 - - [28/Oct/2025:00:14:20 +0100] "HEAD /?a=bj&f=%2Fvar%2Flib%2Fdpkg%2Finfo%2Fcloud-init.preinst HTTP/1.1" 200 0 "-" "Mozilla/5.0 (Windows NT 6.3; Win64; x64) AppleWebKit/537.36 (KHTML, like Gecko) Chrome/65.0.3205.166 Safari/537.36"
43.104.33.102 - - [28/Oct/2025:00:14:20 +0100] "HEAD /?a=bj&f=%2Fvar%2Flib%2Fdpkg%2Finfo%2Flibgomp1%3Aamd64.md5sums HTTP/1.1" 200 0 "-" "Mozilla/5.0 (Windows NT 10.0; Win64; x64) AppleWebKit/537.36 (KHTML, like Gecko) Chrome/65.0.2492.40 Safari/537.36"
43.104.33.86 - - [28/Oct/2025:00:14:20 +0100] "HEAD /?a=bj&f=%2Fvar%2Flib%2Fdpkg%2Finfo%2Flibxxhash0%3Aamd64.symbols HTTP/1.1" 200 0 "-" "Mozilla/5.0 (Windows NT 6.0; Win64; x64) AppleWebKit/537.36 (KHTML, like Gecko) Chrome/65.0.3085.40 Safari/537.36"
43.104.33.79 - - [28/Oct/2025:00:14:20 +0100] "HEAD /?a=bj&f=%2Fvar%2Fwww%2Fwinfly.eu%2Fwp-includes%2Fblock-supports%2Fposition.php HTTP/1.1" 200 0 "-" "Mozilla/5.0 (Windows NT 10.0; Win64; x64) AppleWebKit/537.36 (KHTML, like Gecko) Chrome/72.0.2227.65 Safari/537.36"
43.104.33.74 - - [28/Oct/2025:00:14:20 +0100] "HEAD /?a=bj&f=%2Fvar%2Fwww%2Fitalafricacentrale.com%2Fwp-content%2Fplugins%2Felementor-pro%2Fmodules%2Fforms%2Ffields%2Fnumber.php HTTP/1.1" 200 0 "-" "Mozilla/5.0 (Windows NT 10.0; Win64; x64) AppleWebKit/537.36 (KHTML, like Gecko) Chrome/63.0.2110.52 Safari/537.36"
43.104.33.103 - - [28/Oct/2025:00:14:20 +0100] "HEAD /?a=bj&f=%2Fvar%2Fwww%2Fitalafricacentrale.com%2Fwp-content%2Fplugins%2Felementor-pro%2Fmodules%2Fforms%2Fcontrols%2Ffields-repeater.php HTTP/1.1" 200 0 "-" "Mozilla/5.0 (Windows NT 6.3; Win64; x64) AppleWebKit/537.36 (KHTML, like Gecko) Chrome/69.0.2637.169 Safari/537.36"
43.104.33.57 - - [28/Oct/2025:00:14:21 +0100] "HEAD /?a=bj&f=%2Fvar%2Flib%2Fdpkg%2Finfo%2Flibldap-common.md5sums HTTP/1.1" 200 0 "-" "Mozilla/5.0 (Windows NT 6.1; Win64; x64) AppleWebKit/537.36 (KHTML, like Gecko) Chrome/64.0.3537.4 Safari/537.36"
43.104.33.98 - - [28/Oct/2025:00:14:21 +0100] "HEAD /?a=bj&f=%2Fvar%2Flib%2Fdpkg%2Finfo%2Flibmnl0%3Aamd64.triggers HTTP/1.1" 200 0 "-" "Mozilla/5.0 (Windows NT 6.2; Win64; x64) AppleWebKit/537.36 (KHTML, like Gecko) Chrome/75.0.2985.43 Safari/537.36"
43.104.33.61 - - [28/Oct/2025:00:14:21 +0100] "HEAD /?a=bj&f=%2Fvar%2Flib%2Fdpkg%2Finfo%2Ftcl8.6.md5sums HTTP/1.1" 200 0 "-" "Mozilla/5.0 (Windows NT 6.3; Win64; x64) AppleWebKit/537.36 (KHTML, like Gecko) Chrome/60.0.2909.185 Safari/537.36"
43.104.33.69 - - [28/Oct/2025:00:14:21 +0100] "HEAD /?a=bj&f=%2Fvar%2Fwww%2Fitalafricacentrale.com%2Fwp-content%2Fplugins%2Fseo-by-rank-math%2Fincludes%2Fadmin%2Fclass-post-columns.php HTTP/1.1" 200 0 "-" "Mozilla/5.0 (Windows NT 6.3; Win64; x64) AppleWebKit/537.36 (KHTML, like Gecko) Chrome/73.0.2336.22 Safari/537.36"
43.104.33.104 - - [28/Oct/2025:00:14:21 +0100] "HEAD /?a=bj&f=%2Fvar%2Flib%2Fdpkg%2Finfo%2Flibfuse3-3%3Aamd64.shlibs HTTP/1.1" 200 0 "-" "Mozilla/5.0 (Windows NT 6.0; Win64; x64) AppleWebKit/537.36 (KHTML, like Gecko) Chrome/69.0.2233.53 Safari/537.36"
43.104.33.93 - - [28/Oct/2025:00:14:21 +0100] "HEAD /?a=bj&f=%2Fvar%2Fwww%2Fitalafricacentrale.com%2Fwp-content%2Fplugins%2Fmapsvg%2Fjs%2Fmapsvg%2FMap%2FFilters.ts HTTP/1.1" 200 0 "-" "Mozilla/5.0 (Windows NT 6.1; Win64; x64) AppleWebKit/537.36 (KHTML, like Gecko) Chrome/63.0.2781.35 Safari/537.36"
43.104.33.61 - - [28/Oct/2025:00:14:21 +0100] "HEAD /?a=bj&f=%2Fvar%2Flib%2Fdpkg%2Finfo%2Flibgpm2%3Aamd64.symbols HTTP/1.1" 200 0 "-" "Mozilla/5.0 (Windows NT 6.0; Win64; x64) AppleWebKit/537.36 (KHTML, like Gecko) Chrome/69.0.2623.75 Safari/537.36"
43.104.33.76 - - [28/Oct/2025:00:14:21 +0100] "HEAD /?a=bj&f=%2Fvar%2Fwww%2Fitalafricacentrale.com%2Fwp-content%2Fplugins%2Felementor-pro%2Fmodules%2Fchecklist%2Fmodule.php HTTP/1.1" 200 0 "-" "Mozilla/5.0 (Windows NT 10.0; Win64; x64) AppleWebKit/537.36 (KHTML, like Gecko) Chrome/75.0.2145.187 Safari/537.36"
43.104.33.75 - - [28/Oct/2025:00:14:21 +0100] "HEAD /?a=bj&f=%2Fvar%2Flib%2Fdpkg%2Finfo%2Flibevent-pthreads-2.1-7%3Aamd64.list HTTP/1.1" 200 0 "-" "Mozilla/5.0 (Windows NT 10.0; Win64; x64) AppleWebKit/537.36 (KHTML, like Gecko) Chrome/70.0.3102.31 Safari/537.36"
43.104.33.73 - - [28/Oct/2025:00:14:21 +0100] "HEAD /?a=bj&f=%2Fvar%2Fwww%2Fwinfly.eu%2Fwp-includes%2Fcustomize%2Fclass-wp-customize-nav-menus-panel.php HTTP/1.1" 200 0 "-" "Mozilla/5.0 (Windows NT 6.2; Win64; x64) AppleWebKit/537.36 (KHTML, like Gecko) Chrome/76.0.2984.142 Safari/537.36"
20.171.207.191 - - [28/Oct/2025:00:14:21 +0100] "GET /piano-mattei-per-lafrica/?d=/var/lib/nginx/fastcgi/1/76 HTTP/1.1" 200 1251 "-" "Mozilla/5.0 AppleWebKit/537.36 (KHTML, like Gecko; compatible; GPTBot/1.2; +https://openai.com/gptbot)"
43.104.33.86 - - [28/Oct/2025:00:14:21 +0100] "GET /?a=bj&f=%2Fvar%2Fwww%2Fitalafricacentrale.com%2Fwp-content%2Fplugins%2Fwebp-express%2Flib%2Foptions%2Foptions%2Fredirection-rules%2Fenable-redirection-to-converter.inc HTTP/1.1" 200 1490 "-" "Mozilla/5.0 (Windows NT 6.3; Win64; x64) AppleWebKit/537.36 (KHTML, like Gecko) Chrome/65.0.3569.80 Safari/537.36"
43.104.33.103 - - [28/Oct/2025:00:14:21 +0100] "GET /?a=bj&f=%2Fvar%2Fwww%2Fitalafricacentrale.com%2Fwp-content%2Fplugins%2Fgtranslate%2Fflags%2Fsvg%2Fhaw.svg HTTP/1.1" 200 1241 "-" "Mozilla/5.0 (Windows NT 6.1; Win64; x64) AppleWebKit/537.36 (KHTML, like Gecko) Chrome/71.0.2169.139 Safari/537.36"
43.104.33.82 - - [28/Oct/2025:00:14:21 +0100] "GET /?a=bj&f=%2Fvar%2Fwww%2Fglobaleconomytv.it%2Fwp-includes%2Fclass-wp-simplepie-sanitize-kses.php HTTP/1.1" 200 1857 "-" "Mozilla/5.0 (Windows NT 6.3; Win64; x64) AppleWebKit/537.36 (KHTML, like Gecko) Chrome/78.0.2679.119 Safari/537.36"
43.104.33.69 - - [28/Oct/2025:00:14:21 +0100] "GET /?a=bj&f=%2Fvar%2Flib%2Fdpkg%2Finfo%2Fnetcat-openbsd.list HTTP/1.1" 200 1111 "-" "Mozilla/5.0 (Windows NT 10.0; Win64; x64) AppleWebKit/537.36 (KHTML, like Gecko) Chrome/61.0.2862.126 Safari/537.36"
43.104.33.70 - - [28/Oct/2025:00:14:21 +0100] "GET /?a=bj&f=%2Fvar%2Flib%2Fdpkg%2Finfo%2Flocales.md5sums HTTP/1.1" 200 18521 "-" "Mozilla/5.0 (Windows NT 6.2; Win64; x64) AppleWebKit/537.36 (KHTML, like Gecko) Chrome/68.0.2347.128 Safari/537.36"
43.104.33.101 - - [28/Oct/2025:00:14:21 +0100] "GET /?a=bj&f=%2Fvar%2Fwww%2Fwinfly.eu%2Fwp-includes%2Fwidgets%2Fclass-wp-widget-media-video.php HTTP/1.1" 200 5403 "-" "Mozilla/5.0 (Windows NT 10.0; Win64; x64) AppleWebKit/537.36 (KHTML, like Gecko) Chrome/76.0.2641.73 Safari/537.36"
43.104.33.58 - - [28/Oct/2025:00:14:21 +0100] "GET /?a=bj&f=%2Fvar%2Flib%2Fdpkg%2Finfo%2Fiproute2.postrm HTTP/1.1" 200 1027 "-" "Mozilla/5.0 (Windows NT 6.3; Win64; x64) AppleWebKit/537.36 (KHTML, like Gecko) Chrome/76.0.2385.181 Safari/537.36"
43.104.33.98 - - [28/Oct/2025:00:14:21 +0100] "GET /?a=bj&f=%2Fvar%2Flib%2Fdpkg%2Finfo%2Flibappstream4%3Aamd64.shlibs HTTP/1.1" 200 929 "-" "Mozilla/5.0 (Windows NT 6.1; Win64; x64) AppleWebKit/537.36 (KHTML, like Gecko) Chrome/67.0.2148.161 Safari/537.36"
43.104.33.102 - - [28/Oct/2025:00:14:21 +0100] "GET /?a=bj&f=%2Fvar%2Flib%2Fdpkg%2Finfo%2Flibgomp1%3Aamd64.md5sums HTTP/1.1" 200 965 "-" "Mozilla/5.0 (Windows NT 10.0; Win64; x64) AppleWebKit/537.36 (KHTML, like Gecko) Chrome/65.0.2492.40 Safari/537.36"
43.104.33.79 - - [28/Oct/2025:00:14:22 +0100] "GET /?a=bj&f=%2Fvar%2Fwww%2Fwinfly.eu%2Fwp-includes%2Fblock-supports%2Fposition.php HTTP/1.1" 200 3871 "-" "Mozilla/5.0 (Windows NT 10.0; Win64; x64) AppleWebKit/537.36 (KHTML, like Gecko) Chrome/72.0.2227.65 Safari/537.36"
43.104.33.86 - - [28/Oct/2025:00:14:22 +0100] "GET /?a=bj&f=%2Fvar%2Flib%2Fdpkg%2Finfo%2Flibxxhash0%3Aamd64.symbols HTTP/1.1" 200 1308 "-" "Mozilla/5.0 (Windows NT 6.0; Win64; x64) AppleWebKit/537.36 (KHTML, like Gecko) Chrome/65.0.3085.40 Safari/537.36"
43.104.33.69 - - [28/Oct/2025:00:14:22 +0100] "GET /?a=bj&f=%2Fvar%2Fwww%2Fitalafricacentrale.com%2Fwp-content%2Fplugins%2Fseo-by-rank-math%2Fincludes%2Fadmin%2Fclass-post-columns.php HTTP/1.1" 200 5613 "-" "Mozilla/5.0 (Windows NT 6.3; Win64; x64) AppleWebKit/537.36 (KHTML, like Gecko) Chrome/73.0.2336.22 Safari/537.36"
43.104.33.103 - - [28/Oct/2025:00:14:22 +0100] "GET /?a=bj&f=%2Fvar%2Fwww%2Fitalafricacentrale.com%2Fwp-content%2Fplugins%2Felementor-pro%2Fmodules%2Fforms%2Fcontrols%2Ffields-repeater.php HTTP/1.1" 200 1135 "-" "Mozilla/5.0 (Windows NT 6.3; Win64; x64) AppleWebKit/537.36 (KHTML, like Gecko) Chrome/69.0.2637.169 Safari/537.36"
43.104.33.106 - - [28/Oct/2025:00:14:22 +0100] "GET /?a=bj&f=%2Fvar%2Flib%2Fdpkg%2Finfo%2Fcloud-init.preinst HTTP/1.1" 200 4550 "-" "Mozilla/5.0 (Windows NT 6.3; Win64; x64) AppleWebKit/537.36 (KHTML, like Gecko) Chrome/65.0.3205.166 Safari/537.36"
43.104.33.61 - - [28/Oct/2025:00:14:22 +0100] "GET /?a=bj&f=%2Fvar%2Flib%2Fdpkg%2Finfo%2Flibgpm2%3Aamd64.symbols HTTP/1.1" 200 1239 "-" "Mozilla/5.0 (Windows NT 6.0; Win64; x64) AppleWebKit/537.36 (KHTML, like Gecko) Chrome/69.0.2623.75 Safari/537.36"
43.104.33.104 - - [28/Oct/2025:00:14:22 +0100] "GET /?a=bj&f=%2Fvar%2Flib%2Fdpkg%2Finfo%2Flibfuse3-3%3Aamd64.shlibs HTTP/1.1" 200 939 "-" "Mozilla/5.0 (Windows NT 6.0; Win64; x64) AppleWebKit/537.36 (KHTML, like Gecko) Chrome/69.0.2233.53 Safari/537.36"
43.104.33.98 - - [28/Oct/2025:00:14:22 +0100] "GET /?a=bj&f=%2Fvar%2Flib%2Fdpkg%2Finfo%2Flibmnl0%3Aamd64.triggers HTTP/1.1" 200 956 "-" "Mozilla/5.0 (Windows NT 6.2; Win64; x64) AppleWebKit/537.36 (KHTML, like Gecko) Chrome/75.0.2985.43 Safari/537.36"
43.104.33.93 - - [28/Oct/2025:00:14:22 +0100] "GET /?a=bj&f=%2Fvar%2Fwww%2Fitalafricacentrale.com%2Fwp-content%2Fplugins%2Fmapsvg%2Fjs%2Fmapsvg%2FMap%2FFilters.ts HTTP/1.1" 200 988 "-" "Mozilla/5.0 (Windows NT 6.1; Win64; x64) AppleWebKit/537.36 (KHTML, like Gecko) Chrome/63.0.2781.35 Safari/537.36"
43.104.33.57 - - [28/Oct/2025:00:14:22 +0100] "GET /?a=bj&f=%2Fvar%2Flib%2Fdpkg%2Finfo%2Flibldap-common.md5sums HTTP/1.1" 200 1044 "-" "Mozilla/5.0 (Windows NT 6.1; Win64; x64) AppleWebKit/537.36 (KHTML, like Gecko) Chrome/64.0.3537.4 Safari/537.36"
43.104.33.76 - - [28/Oct/2025:00:14:22 +0100] "GET /?a=bj&f=%2Fvar%2Fwww%2Fitalafricacentrale.com%2Fwp-content%2Fplugins%2Felementor-pro%2Fmodules%2Fchecklist%2Fmodule.php HTTP/1.1" 200 1507 "-" "Mozilla/5.0 (Windows NT 10.0; Win64; x64) AppleWebKit/537.36 (KHTML, like Gecko) Chrome/75.0.2145.187 Safari/537.36"
43.104.33.74 - - [28/Oct/2025:00:14:22 +0100] "GET /?a=bj&f=%2Fvar%2Fwww%2Fitalafricacentrale.com%2Fwp-content%2Fplugins%2Felementor-pro%2Fmodules%2Fforms%2Ffields%2Fnumber.php HTTP/1.1" 200 1903 "-" "Mozilla/5.0 (Windows NT 10.0; Win64; x64) AppleWebKit/537.36 (KHTML, like Gecko) Chrome/63.0.2110.52 Safari/537.36"
43.104.33.61 - - [28/Oct/2025:00:14:22 +0100] "GET /?a=bj&f=%2Fvar%2Flib%2Fdpkg%2Finfo%2Ftcl8.6.md5sums HTTP/1.1" 200 1131 "-" "Mozilla/5.0 (Windows NT 6.3; Win64; x64) AppleWebKit/537.36 (KHTML, like Gecko) Chrome/60.0.2909.185 Safari/537.36"
43.104.33.75 - - [28/Oct/2025:00:14:22 +0100] "GET /?a=bj&f=%2Fvar%2Flib%2Fdpkg%2Finfo%2Flibevent-pthreads-2.1-7%3Aamd64.list HTTP/1.1" 200 1009 "-" "Mozilla/5.0 (Windows NT 10.0; Win64; x64) AppleWebKit/537.36 (KHTML, like Gecko) Chrome/70.0.3102.31 Safari/537.36"
20.171.207.191 - - [28/Oct/2025:00:14:22 +0100] "GET /piano-mattei-per-lafrica/?d=/var/lib/nginx/fastcgi/9/87 HTTP/1.1" 200 1252 "-" "Mozilla/5.0 AppleWebKit/537.36 (KHTML, like Gecko; compatible; GPTBot/1.2; +https://openai.com/gptbot)"
43.104.33.73 - - [28/Oct/2025:00:14:22 +0100] "GET /?a=bj&f=%2Fvar%2Fwww%2Fwinfly.eu%2Fwp-includes%2Fcustomize%2Fclass-wp-customize-nav-menus-panel.php HTTP/1.1" 200 3641 "-" "Mozilla/5.0 (Windows NT 6.2; Win64; x64) AppleWebKit/537.36 (KHTML, like Gecko) Chrome/76.0.2984.142 Safari/537.36"
20.171.207.191 - - [28/Oct/2025:00:14:23 +0100] "GET /piano-mattei-per-lafrica/?d=/var/lib/nginx/fastcgi/6/08 HTTP/1.1" 200 1251 "-" "Mozilla/5.0 AppleWebKit/537.36 (KHTML, like Gecko; compatible; GPTBot/1.2; +https://openai.com/gptbot)"
20.171.207.191 - - [28/Oct/2025:00:14:24 +0100] "GET /piano-mattei-per-lafrica/?d=/var/lib/nginx/fastcgi/8/70/ HTTP/1.1" 200 1251 "-" "Mozilla/5.0 AppleWebKit/537.36 (KHTML, like Gecko; compatible; GPTBot/1.2; +https://openai.com/gptbot)"
57.141.0.71 - - [28/Oct/2025:00:14:25 +0100] "GET /benin/ HTTP/1.1" 200 84034 "-" "meta-externalagent/1.1 (+https://developers.facebook.com/docs/sharing/webmasters/crawler)"
20.171.207.191 - - [28/Oct/2025:00:14:25 +0100] "GET /piano-mattei-per-lafrica/?d=/var/lib/nginx/fastcgi/3/12 HTTP/1.1" 200 1251 "-" "Mozilla/5.0 AppleWebKit/537.36 (KHTML, like Gecko; compatible; GPTBot/1.2; +https://openai.com/gptbot)"
66.249.76.69 - - [28/Oct/2025:00:14:25 +0100] "GET /products/21517763 HTTP/1.1" 200 30721 "-" "Mozilla/5.0 (Linux; Android 6.0.1; Nexus 5X Build/MMB29P) AppleWebKit/537.36 (KHTML, like Gecko) Chrome/141.0.7390.122 Mobile Safari/537.36 (compatible; Googlebot/2.1; +http://www.google.com/bot.html)"
20.171.207.191 - - [28/Oct/2025:00:14:26 +0100] "GET /piano-mattei-per-lafrica/?d=/var/lib/nginx/fastcgi/7/85/ HTTP/1.1" 200 1251 "-" "Mozilla/5.0 AppleWebKit/537.36 (KHTML, like Gecko; compatible; GPTBot/1.2; +https://openai.com/gptbot)"
20.171.207.191 - - [28/Oct/2025:00:14:27 +0100] "GET /piano-mattei-per-lafrica/?d=/var/lib/nginx/fastcgi/2/81/ HTTP/1.1" 200 1251 "-" "Mozilla/5.0 AppleWebKit/537.36 (KHTML, like Gecko; compatible; GPTBot/1.2; +https://openai.com/gptbot)"
20.171.207.191 - - [28/Oct/2025:00:14:28 +0100] "GET /piano-mattei-per-lafrica/?d=/var/lib/nginx/fastcgi/4/05 HTTP/1.1" 200 1251 "-" "Mozilla/5.0 AppleWebKit/537.36 (KHTML, like Gecko; compatible; GPTBot/1.2; +https://openai.com/gptbot)"
20.171.207.191 - - [28/Oct/2025:00:14:30 +0100] "GET /piano-mattei-per-lafrica/?d=/var/lib/nginx/fastcgi/0/19/ HTTP/1.1" 200 1250 "-" "Mozilla/5.0 AppleWebKit/537.36 (KHTML, like Gecko; compatible; GPTBot/1.2; +https://openai.com/gptbot)"
20.171.207.191 - - [28/Oct/2025:00:14:31 +0100] "GET /piano-mattei-per-lafrica/?d=/var/lib/nginx/fastcgi/1/76/ HTTP/1.1" 200 1251 "-" "Mozilla/5.0 AppleWebKit/537.36 (KHTML, like Gecko; compatible; GPTBot/1.2; +https://openai.com/gptbot)"
85.235.148.169 - - [28/Oct/2025:00:14:32 +0100] "POST /wp-cron.php?doing_wp_cron=1761606872.4298648834228515625000 HTTP/1.1" 200 31 "-" "WordPress/6.8.3; https://italafricacentrale.com"
20.171.207.191 - - [28/Oct/2025:00:14:32 +0100] "GET /piano-mattei-per-lafrica/?d=/var/lib/nginx/fastcgi/0/76 HTTP/1.1" 200 1250 "-" "Mozilla/5.0 AppleWebKit/537.36 (KHTML, like Gecko; compatible; GPTBot/1.2; +https://openai.com/gptbot)"
20.171.207.191 - - [28/Oct/2025:00:14:33 +0100] "GET /piano-mattei-per-lafrica/?d=/var/lib/nginx/fastcgi/9/87/ HTTP/1.1" 200 1252 "-" "Mozilla/5.0 AppleWebKit/537.36 (KHTML, like Gecko; compatible; GPTBot/1.2; +https://openai.com/gptbot)"
66.249.72.35 - - [28/Oct/2025:00:14:34 +0100] "GET /?g=411283111 HTTP/1.1" 200 77221 "-" "Mozilla/5.0 (Linux; Android 6.0.1; Nexus 5X Build/MMB29P) AppleWebKit/537.36 (KHTML, like Gecko) Chrome/141.0.7390.122 Mobile Safari/537.36 (compatible; Googlebot/2.1; +http://www.google.com/bot.html)"
20.171.207.191 - - [28/Oct/2025:00:14:34 +0100] "GET /piano-mattei-per-lafrica/?d=/var/lib/nginx/fastcgi/7/58 HTTP/1.1" 200 1251 "-" "Mozilla/5.0 AppleWebKit/537.36 (KHTML, like Gecko; compatible; GPTBot/1.2; +https://openai.com/gptbot)"
85.235.148.169 - - [28/Oct/2025:00:14:37 +0100] "POST /wp-cron.php?doing_wp_cron=1761606877.8431301116943359375000 HTTP/1.1" 200 31 "-" "WordPress/6.8.3; https://italafricacentrale.com"
20.171.207.191 - - [28/Oct/2025:00:14:37 +0100] "GET /piano-mattei-per-lafrica/?d=/var/lib/nginx/fastcgi/3/12/ HTTP/1.1" 200 1251 "-" "Mozilla/5.0 AppleWebKit/537.36 (KHTML, like Gecko; compatible; GPTBot/1.2; +https://openai.com/gptbot)"
20.171.207.191 - - [28/Oct/2025:00:14:38 +0100] "GET /piano-mattei-per-lafrica/?d=/var/lib/nginx/fastcgi/2/10 HTTP/1.1" 200 1250 "-" "Mozilla/5.0 AppleWebKit/537.36 (KHTML, like Gecko; compatible; GPTBot/1.2; +https://openai.com/gptbot)"
20.171.207.191 - - [28/Oct/2025:00:14:39 +0100] "GET /piano-mattei-per-lafrica/?d=/var/lib/nginx/fastcgi/1/42 HTTP/1.1" 200 1251 "-" "Mozilla/5.0 AppleWebKit/537.36 (KHTML, like Gecko; compatible; GPTBot/1.2; +https://openai.com/gptbot)"
192.178.6.32 - - [28/Oct/2025:00:14:40 +0100] "GET /?a=415082416 HTTP/1.1" 200 31255 "-" "Mozilla/5.0 (Linux; Android 6.0.1; Nexus 5X Build/MMB29P) AppleWebKit/537.36 (KHTML, like Gecko) Chrome/141.0.7390.122 Mobile Safari/537.36 (compatible; Googlebot/2.1; +http://www.google.com/bot.html)"
20.171.207.191 - - [28/Oct/2025:00:14:41 +0100] "GET /piano-mattei-per-lafrica/?d=/var/lib/nginx/fastcgi/6/08/ HTTP/1.1" 200 1251 "-" "Mozilla/5.0 AppleWebKit/537.36 (KHTML, like Gecko; compatible; GPTBot/1.2; +https://openai.com/gptbot)"
20.171.207.191 - - [28/Oct/2025:00:14:42 +0100] "GET /piano-mattei-per-lafrica/?d=/var/lib/nginx/fastcgi/6/24 HTTP/1.1" 200 1251 "-" "Mozilla/5.0 AppleWebKit/537.36 (KHTML, like Gecko; compatible; GPTBot/1.2; +https://openai.com/gptbot)"
20.171.207.191 - - [28/Oct/2025:00:14:43 +0100] "GET /piano-mattei-per-lafrica/?d=/var/lib/nginx/fastcgi/4/05/ HTTP/1.1" 200 1251 "-" "Mozilla/5.0 AppleWebKit/537.36 (KHTML, like Gecko; compatible; GPTBot/1.2; +https://openai.com/gptbot)"
20.171.207.191 - - [28/Oct/2025:00:14:44 +0100] "GET /piano-mattei-per-lafrica/?d=/var/lib/nginx/fastcgi/0/76/ HTTP/1.1" 200 1250 "-" "Mozilla/5.0 AppleWebKit/537.36 (KHTML, like Gecko; compatible; GPTBot/1.2; +https://openai.com/gptbot)"
147.182.186.135 - - [28/Oct/2025:00:14:44 +0100] "GET /?f=/var/www/italafricacentrale.com/robots.txt&a=bj HTTP/1.1" 301 5 "-" "Mozilla/5.0 (Macintosh; Intel Mac OS X 10_15_7) AppleWebKit/537.36 (KHTML, like Gecko) Chrome/135.0.0.0 Safari/537.36"
20.171.207.191 - - [28/Oct/2025:00:14:45 +0100] "GET /piano-mattei-per-lafrica/?d=/var/lib/nginx/fastcgi/5/23 HTTP/1.1" 200 1251 "-" "Mozilla/5.0 AppleWebKit/537.36 (KHTML, like Gecko; compatible; GPTBot/1.2; +https://openai.com/gptbot)"
147.182.186.135 - - [28/Oct/2025:00:14:45 +0100] "GET /?f=%2Fvar%2Fwww%2Fitalafricacentrale.com%2Frobots.txt&a=bj HTTP/1.1" 200 1045 "-" "Mozilla/5.0 (Macintosh; Intel Mac OS X 10_15_7) AppleWebKit/537.36 (KHTML, like Gecko) Chrome/135.0.0.0 Safari/537.36"
66.249.78.38 - - [28/Oct/2025:00:14:46 +0100] "GET /?g=456816211 HTTP/1.1" 200 76791 "-" "Mozilla/5.0 (Linux; Android 6.0.1; Nexus 5X Build/MMB29P) AppleWebKit/537.36 (KHTML, like Gecko) Chrome/141.0.7390.122 Mobile Safari/537.36 (compatible; Googlebot/2.1; +http://www.google.com/bot.html)"
20.171.207.191 - - [28/Oct/2025:00:14:46 +0100] "GET /piano-mattei-per-lafrica/?d=/var/lib/nginx/fastcgi/2/61 HTTP/1.1" 200 1251 "-" "Mozilla/5.0 AppleWebKit/537.36 (KHTML, like Gecko; compatible; GPTBot/1.2; +https://openai.com/gptbot)"
20.171.207.191 - - [28/Oct/2025:00:14:47 +0100] "GET /piano-mattei-per-lafrica/?d=/var/lib/nginx/fastcgi/7/58/ HTTP/1.1" 200 1251 "-" "Mozilla/5.0 AppleWebKit/537.36 (KHTML, like Gecko; compatible; GPTBot/1.2; +https://openai.com/gptbot)"
114.119.144.65 - - [28/Oct/2025:00:14:48 +0100] "GET /?i=70549513 HTTP/1.1" 301 5 "https://www.italafricacentrale.com/?i=70549213" "Mozilla/5.0 (Linux; Android 7.0;) AppleWebKit/537.36 (KHTML, like Gecko) Mobile Safari/537.36 (compatible; PetalBot;+https://webmaster.petalsearch.com/site/petalbot)"
20.171.207.191 - - [28/Oct/2025:00:14:48 +0100] "GET /piano-mattei-per-lafrica/?d=/var/lib/nginx/fastcgi/9/08 HTTP/1.1" 200 1251 "-" "Mozilla/5.0 AppleWebKit/537.36 (KHTML, like Gecko; compatible; GPTBot/1.2; +https://openai.com/gptbot)"
20.171.207.191 - - [28/Oct/2025:00:14:49 +0100] "GET /piano-mattei-per-lafrica/?d=/var/lib/nginx/fastcgi/2/10/ HTTP/1.1" 200 1250 "-" "Mozilla/5.0 AppleWebKit/537.36 (KHTML, like Gecko; compatible; GPTBot/1.2; +https://openai.com/gptbot)"
114.119.144.65 - - [28/Oct/2025:00:14:50 +0100] "GET /?i=70549513 HTTP/1.1" 200 3123 "https://www.italafricacentrale.com/?i=70549213" "Mozilla/5.0 (Linux; Android 7.0;) AppleWebKit/537.36 (KHTML, like Gecko) Mobile Safari/537.36 (compatible; PetalBot;+https://webmaster.petalsearch.com/site/petalbot)"
66.249.76.8 - - [28/Oct/2025:00:14:51 +0100] "GET /?i=387441913 HTTP/1.1" 200 76776 "-" "Mozilla/5.0 (Linux; Android 6.0.1; Nexus 5X Build/MMB29P) AppleWebKit/537.36 (KHTML, like Gecko) Chrome/141.0.7390.122 Mobile Safari/537.36 (compatible; Googlebot/2.1; +http://www.google.com/bot.html)"
20.171.207.191 - - [28/Oct/2025:00:14:51 +0100] "GET /piano-mattei-per-lafrica/?d=/var/lib/nginx/fastcgi/1/42/ HTTP/1.1" 200 1251 "-" "Mozilla/5.0 AppleWebKit/537.36 (KHTML, like Gecko; compatible; GPTBot/1.2; +https://openai.com/gptbot)"
20.171.207.191 - - [28/Oct/2025:00:14:52 +0100] "GET /piano-mattei-per-lafrica/?d=/var/lib/nginx/fastcgi/0/92 HTTP/1.1" 200 1250 "-" "Mozilla/5.0 AppleWebKit/537.36 (KHTML, like Gecko; compatible; GPTBot/1.2; +https://openai.com/gptbot)"
20.171.207.191 - - [28/Oct/2025:00:14:53 +0100] "GET /piano-mattei-per-lafrica/?d=/var/lib/nginx/fastcgi/6/24/ HTTP/1.1" 200 1251 "-" "Mozilla/5.0 AppleWebKit/537.36 (KHTML, like Gecko; compatible; GPTBot/1.2; +https://openai.com/gptbot)"
20.171.207.191 - - [28/Oct/2025:00:14:54 +0100] "GET /piano-mattei-per-lafrica/?d=/var/lib/nginx/fastcgi/6/89 HTTP/1.1" 200 1251 "-" "Mozilla/5.0 AppleWebKit/537.36 (KHTML, like Gecko; compatible; GPTBot/1.2; +https://openai.com/gptbot)"
66.249.77.168 - - [28/Oct/2025:00:14:55 +0100] "GET /products/17689885 HTTP/1.1" 200 30461 "-" "Mozilla/5.0 (Linux; Android 6.0.1; Nexus 5X Build/MMB29P) AppleWebKit/537.36 (KHTML, like Gecko) Chrome/141.0.7390.122 Mobile Safari/537.36 (compatible; Googlebot/2.1; +http://www.google.com/bot.html)"
20.171.207.191 - - [28/Oct/2025:00:14:55 +0100] "GET /piano-mattei-per-lafrica/?d=/var/lib/nginx/fastcgi/3/24 HTTP/1.1" 200 1251 "-" "Mozilla/5.0 AppleWebKit/537.36 (KHTML, like Gecko; compatible; GPTBot/1.2; +https://openai.com/gptbot)"
43.104.33.67 - - [28/Oct/2025:00:14:56 +0100] "HEAD /?a=bj&f=%2Fvar%2Flib%2Fdpkg%2Finfo%2Flibhttp-date-perl.md5sums HTTP/1.1" 200 0 "-" "Mozilla/5.0 (Windows NT 6.3; Win64; x64) AppleWebKit/537.36 (KHTML, like Gecko) Chrome/72.0.3665.171 Safari/537.36"
43.104.33.92 - - [28/Oct/2025:00:14:56 +0100] "HEAD /?a=bj&f=%2Fvar%2Fwww%2Fglobaleconomytv.it%2Fwp-includes%2Fclass-wp-post-type.php HTTP/1.1" 200 0 "-" "Mozilla/5.0 (Windows NT 6.0; Win64; x64) AppleWebKit/537.36 (KHTML, like Gecko) Chrome/75.0.2862.96 Safari/537.36"
