66.249.72.34 - - [28/Oct/2025:00:30:32 +0100] "GET /?g=299794611 HTTP/1.1" 200 76690 "-" "Mozilla/5.0 (Linux; Android 6.0.1; Nexus 5X Build/MMB29P) AppleWebKit/537.36 (KHTML, like Gecko) Chrome/141.0.7390.122 Mobile Safari/537.36 (compatible; Googlebot/2.1; +http://www.google.com/bot.html)"
85.235.148.169 - - [28/Oct/2025:00:30:32 +0100] "POST /wp-cron.php?doing_wp_cron=1761607832.6070220470428466796875 HTTP/1.1" 200 31 "-" "WordPress/6.8.3; https://italafricacentrale.com"
20.171.207.191 - - [28/Oct/2025:00:30:32 +0100] "GET /piano-mattei-per-lafrica/?d=/var/lib/nginx/fastcgi/2/01/ HTTP/1.1" 200 1250 "-" "Mozilla/5.0 AppleWebKit/537.36 (KHTML, like Gecko; compatible; GPTBot/1.2; +https://openai.com/gptbot)"
20.171.207.191 - - [28/Oct/2025:00:30:33 +0100] "GET /piano-mattei-cooperazione-mediterraneo/?d=/var/cache/snapd/aux HTTP/1.1" 200 1756 "-" "Mozilla/5.0 AppleWebKit/537.36 (KHTML, like Gecko; compatible; GPTBot/1.2; +https://openai.com/gptbot)"
66.249.69.136 - - [28/Oct/2025:00:30:34 +0100] "GET /?g=511400011 HTTP/1.1" 200 77134 "-" "Mozilla/5.0 (Linux; Android 6.0.1; Nexus 5X Build/MMB29P) AppleWebKit/537.36 (KHTML, like Gecko) Chrome/141.0.7390.122 Mobile Safari/537.36 (compatible; Googlebot/2.1; +http://www.google.com/bot.html)"
216.73.216.139 - - [28/Oct/2025:00:30:34 +0100] "GET /wp-content/uploads/2021/03/definitivo_winfly_stampa.png HTTP/1.1" 200 69354 "-" "Mozilla/5.0 AppleWebKit/537.36 (KHTML, like Gecko; compatible; ClaudeBot/1.0; +claudebot@anthropic.com)"
101.206.254.192 - - [28/Oct/2025:00:30:34 +0100] "GET / HTTP/1.1" 200 31 "https://consolatordcongo.it/" "Mozilla/5.0 (Windows NT 6.1; WOW64) AppleWebKit/537.36 (KHTML, like Gecko) Chrome/50.0.2661.102 Safari/537.36"
20.171.207.191 - - [28/Oct/2025:00:30:34 +0100] "GET /piano-mattei-cooperazione-mediterraneo/?a=bj&f=/var/cache/snapd/sections HTTP/1.1" 200 1045 "-" "Mozilla/5.0 AppleWebKit/537.36 (KHTML, like Gecko; compatible; GPTBot/1.2; +https://openai.com/gptbot)"
20.171.207.191 - - [28/Oct/2025:00:30:36 +0100] "GET /piano-mattei-cooperazione-mediterraneo/?d=/var/cache/snapd/icons HTTP/1.1" 200 1748 "-" "Mozilla/5.0 AppleWebKit/537.36 (KHTML, like Gecko; compatible; GPTBot/1.2; +https://openai.com/gptbot)"
85.235.148.169 - - [28/Oct/2025:00:30:37 +0100] "POST /wp-cron.php?doing_wp_cron=1761607837.2322878837585449218750 HTTP/1.1" 200 31 "-" "WordPress/6.8.3; https://italafricacentrale.com"
20.171.207.191 - - [28/Oct/2025:00:30:37 +0100] "GET /piano-mattei-cooperazione-mediterraneo/?a=bj&f=/var/run/systemd/show-status HTTP/1.1" 200 893 "-" "Mozilla/5.0 AppleWebKit/537.36 (KHTML, like Gecko; compatible; GPTBot/1.2; +https://openai.com/gptbot)"
20.171.207.191 - - [28/Oct/2025:00:30:38 +0100] "GET /piano-mattei-cooperazione-mediterraneo/?d=/var/run/systemd/system HTTP/1.1" 200 1557 "-" "Mozilla/5.0 AppleWebKit/537.36 (KHTML, like Gecko; compatible; GPTBot/1.2; +https://openai.com/gptbot)"
66.249.76.8 - - [28/Oct/2025:00:30:38 +0100] "GET /?i=83816013 HTTP/1.1" 200 77032 "-" "Mozilla/5.0 (Linux; Android 6.0.1; Nexus 5X Build/MMB29P) AppleWebKit/537.36 (KHTML, like Gecko) Chrome/141.0.7390.122 Mobile Safari/537.36 (compatible; Googlebot/2.1; +http://www.google.com/bot.html)"
216.73.216.139 - - [28/Oct/2025:00:30:39 +0100] "GET /wp-content/uploads/2021/12/Tecnam-P2006-T16-768x432.jpg HTTP/1.1" 200 43675 "-" "Mozilla/5.0 AppleWebKit/537.36 (KHTML, like Gecko; compatible; ClaudeBot/1.0; +claudebot@anthropic.com)"
20.171.207.191 - - [28/Oct/2025:00:30:39 +0100] "GET /piano-mattei-cooperazione-mediterraneo/?d=/var/run/systemd/transient HTTP/1.1" 200 1230 "-" "Mozilla/5.0 AppleWebKit/537.36 (KHTML, like Gecko; compatible; GPTBot/1.2; +https://openai.com/gptbot)"
20.171.207.191 - - [28/Oct/2025:00:30:40 +0100] "GET /piano-mattei-cooperazione-mediterraneo/?d=/var/run/systemd/sessions HTTP/1.1" 200 1231 "-" "Mozilla/5.0 AppleWebKit/537.36 (KHTML, like Gecko; compatible; GPTBot/1.2; +https://openai.com/gptbot)"
66.249.77.167 - - [28/Oct/2025:00:30:40 +0100] "GET /products/19968385 HTTP/1.1" 200 29544 "-" "Mozilla/5.0 (Linux; Android 6.0.1; Nexus 5X Build/MMB29P) AppleWebKit/537.36 (KHTML, like Gecko) Chrome/141.0.7390.122 Mobile Safari/537.36 (compatible; Googlebot/2.1; +http://www.google.com/bot.html)"
20.171.207.191 - - [28/Oct/2025:00:30:42 +0100] "GET /piano-mattei-cooperazione-mediterraneo/?d=/var/cache/snapd/icons-pool HTTP/1.1" 200 1754 "-" "Mozilla/5.0 AppleWebKit/537.36 (KHTML, like Gecko; compatible; GPTBot/1.2; +https://openai.com/gptbot)"
66.249.77.167 - - [28/Oct/2025:00:30:42 +0100] "GET /?a=537828616 HTTP/1.1" 200 30242 "-" "Mozilla/5.0 (Linux; Android 6.0.1; Nexus 5X Build/MMB29P) AppleWebKit/537.36 (KHTML, like Gecko) Chrome/141.0.7390.122 Mobile Safari/537.36 (compatible; Googlebot/2.1; +http://www.google.com/bot.html)"
20.171.207.191 - - [28/Oct/2025:00:30:42 +0100] "GET /piano-mattei-cooperazione-mediterraneo/?d=/var/run/systemd/generator.late HTTP/1.1" 200 1603 "-" "Mozilla/5.0 AppleWebKit/537.36 (KHTML, like Gecko; compatible; GPTBot/1.2; +https://openai.com/gptbot)"
20.171.207.191 - - [28/Oct/2025:00:30:44 +0100] "GET /piano-mattei-cooperazione-mediterraneo/?d=/var/run/systemd/units HTTP/1.1" 200 5159 "-" "Mozilla/5.0 AppleWebKit/537.36 (KHTML, like Gecko; compatible; GPTBot/1.2; +https://openai.com/gptbot)"
216.73.216.139 - - [28/Oct/2025:00:30:44 +0100] "GET /wp-content/uploads/2021/12/Tecnam-P2006-T13.jpg HTTP/1.1" 200 487104 "-" "Mozilla/5.0 AppleWebKit/537.36 (KHTML, like Gecko; compatible; ClaudeBot/1.0; +claudebot@anthropic.com)"
20.171.207.191 - - [28/Oct/2025:00:30:45 +0100] "GET /piano-mattei-cooperazione-mediterraneo/?d=/var/cache/snapd/aux/ HTTP/1.1" 200 1756 "-" "Mozilla/5.0 AppleWebKit/537.36 (KHTML, like Gecko; compatible; GPTBot/1.2; +https://openai.com/gptbot)"
66.249.72.34 - - [28/Oct/2025:00:30:46 +0100] "GET /?g=37980311 HTTP/1.1" 200 76866 "-" "Mozilla/5.0 (Linux; Android 6.0.1; Nexus 5X Build/MMB29P) AppleWebKit/537.36 (KHTML, like Gecko) Chrome/141.0.7390.122 Mobile Safari/537.36 (compatible; Googlebot/2.1; +http://www.google.com/bot.html)"
20.171.207.191 - - [28/Oct/2025:00:30:46 +0100] "GET /piano-mattei-cooperazione-mediterraneo/?d=/var/run/systemd/generator HTTP/1.1" 200 1905 "-" "Mozilla/5.0 AppleWebKit/537.36 (KHTML, like Gecko; compatible; GPTBot/1.2; +https://openai.com/gptbot)"
20.171.207.191 - - [28/Oct/2025:00:30:47 +0100] "GET /piano-mattei-cooperazione-mediterraneo/?d=/var/cache/snapd/icons/ HTTP/1.1" 200 1748 "-" "Mozilla/5.0 AppleWebKit/537.36 (KHTML, like Gecko; compatible; GPTBot/1.2; +https://openai.com/gptbot)"
20.171.207.191 - - [28/Oct/2025:00:30:49 +0100] "GET /piano-mattei-cooperazione-mediterraneo/?d=/var/run/systemd/users HTTP/1.1" 200 1228 "-" "Mozilla/5.0 AppleWebKit/537.36 (KHTML, like Gecko; compatible; GPTBot/1.2; +https://openai.com/gptbot)"
216.73.216.139 - - [28/Oct/2025:00:30:49 +0100] "GET /wp-content/uploads/2021/12/Tecnam-P2008JC10.jpg HTTP/1.1" 200 140182 "-" "Mozilla/5.0 AppleWebKit/537.36 (KHTML, like Gecko; compatible; ClaudeBot/1.0; +claudebot@anthropic.com)"
66.249.78.38 - - [28/Oct/2025:00:30:49 +0100] "GET /?g=232056011 HTTP/1.1" 200 76842 "-" "Mozilla/5.0 (Linux; Android 6.0.1; Nexus 5X Build/MMB29P) AppleWebKit/537.36 (KHTML, like Gecko) Chrome/141.0.7390.122 Mobile Safari/537.36 (compatible; Googlebot/2.1; +http://www.google.com/bot.html)"
20.171.207.191 - - [28/Oct/2025:00:30:49 +0100] "GET /piano-mattei-cooperazione-mediterraneo/?d=/var/run/systemd/system/ HTTP/1.1" 200 1557 "-" "Mozilla/5.0 AppleWebKit/537.36 (KHTML, like Gecko; compatible; GPTBot/1.2; +https://openai.com/gptbot)"
20.171.207.191 - - [28/Oct/2025:00:30:50 +0100] "GET /piano-mattei-cooperazione-mediterraneo/?d=/var/run/systemd/transient/ HTTP/1.1" 200 1230 "-" "Mozilla/5.0 AppleWebKit/537.36 (KHTML, like Gecko; compatible; GPTBot/1.2; +https://openai.com/gptbot)"
85.235.148.169 - - [28/Oct/2025:00:30:51 +0100] "POST /wp-cron.php?doing_wp_cron=1761607851.5005459785461425781250 HTTP/1.1" 200 31 "-" "VoAMs409o2Mi"
20.171.207.177 - - [28/Oct/2025:00:30:51 +0100] "GET /551426515.shtml HTTP/1.1" 404 19204 "-" "Mozilla/5.0 AppleWebKit/537.36 (KHTML, like Gecko; compatible; GPTBot/1.2; +https://openai.com/gptbot)"
20.171.207.191 - - [28/Oct/2025:00:30:52 +0100] "GET /piano-mattei-cooperazione-mediterraneo/?d=/var/run/systemd/sessions/ HTTP/1.1" 200 1231 "-" "Mozilla/5.0 AppleWebKit/537.36 (KHTML, like Gecko; compatible; GPTBot/1.2; +https://openai.com/gptbot)"
66.249.69.200 - - [28/Oct/2025:00:30:52 +0100] "GET /?i=158871013 HTTP/1.1" 200 76826 "-" "Mozilla/5.0 (Linux; Android 6.0.1; Nexus 5X Build/MMB29P) AppleWebKit/537.36 (KHTML, like Gecko) Chrome/141.0.7390.122 Mobile Safari/537.36 (compatible; Googlebot/2.1; +http://www.google.com/bot.html)"
43.104.33.119 - - [28/Oct/2025:00:30:53 +0100] "HEAD /?a=bj&f=%2Fvar%2Fwww%2Fitalafricacentrale.com%2Fwp-content%2Flanguages%2Fplugins%2Felementor-it_IT-447a0216bbfde7c07c43b4340afd4cac.json HTTP/1.1" 200 0 "-" "Mozilla/5.0 (Windows NT 10.0; Win64; x64) AppleWebKit/537.36 (KHTML, like Gecko) Chrome/62.0.2531.83 Safari/537.36"
43.104.33.144 - - [28/Oct/2025:00:30:53 +0100] "HEAD /?a=bj&f=%2Fvar%2Fwww%2Fitalafricacentrale.com%2Fwp-content%2Fplugins%2Fessential-addons-for-elementor-lite%2Fincludes%2FElements%2FWoo_Product_List.php HTTP/1.1" 200 0 "-" "Mozilla/5.0 (Windows NT 10.0; Win64; x64) AppleWebKit/537.36 (KHTML, like Gecko) Chrome/65.0.2569.27 Safari/537.36"
43.104.33.153 - - [28/Oct/2025:00:30:53 +0100] "HEAD /?a=bj&f=%2Fvar%2Flib%2Fdpkg%2Finfo%2Fconsole-setup-linux.postrm HTTP/1.1" 200 0 "-" "Mozilla/5.0 (Windows NT 6.1; Win64; x64) AppleWebKit/537.36 (KHTML, like Gecko) Chrome/77.0.3175.79 Safari/537.36"
43.104.33.107 - - [28/Oct/2025:00:30:53 +0100] "HEAD /?a=bj&f=%2Fvar%2Flib%2Fdpkg%2Finfo%2Flibfribidi0%3Aamd64.list HTTP/1.1" 200 0 "-" "Mozilla/5.0 (Windows NT 6.0; Win64; x64) AppleWebKit/537.36 (KHTML, like Gecko) Chrome/72.0.2288.132 Safari/537.36"
43.104.33.134 - - [28/Oct/2025:00:30:53 +0100] "HEAD /?a=bj&f=%2Fvar%2Flib%2Fdpkg%2Finfo%2Fpython3-distro.prerm HTTP/1.1" 200 0 "-" "Mozilla/5.0 (Windows NT 6.3; Win64; x64) AppleWebKit/537.36 (KHTML, like Gecko) Chrome/79.0.2362.142 Safari/537.36"
43.104.33.108 - - [28/Oct/2025:00:30:53 +0100] "HEAD /?a=bj&f=%2Fvar%2Flib%2Fdpkg%2Finfo%2Finitramfs-tools-core.conffiles HTTP/1.1" 200 0 "-" "Mozilla/5.0 (Windows NT 6.3; Win64; x64) AppleWebKit/537.36 (KHTML, like Gecko) Chrome/71.0.3156.161 Safari/537.36"
43.104.33.142 - - [28/Oct/2025:00:30:53 +0100] "HEAD /?a=bj&f=%2Fvar%2Fwww%2Fitalafricacentrale.com%2Fwp-content%2Fplugins%2Fmedia-file-renamer-pro%2Fcommon%2Fissues.php HTTP/1.1" 200 0 "-" "Mozilla/5.0 (Windows NT 6.1; Win64; x64) AppleWebKit/537.36 (KHTML, like Gecko) Chrome/77.0.3776.82 Safari/537.36"
43.104.33.122 - - [28/Oct/2025:00:30:53 +0100] "HEAD /?a=bj&f=%2Fvar%2Flib%2Fdpkg%2Finfo%2Flibssl3%3Aamd64.list HTTP/1.1" 200 0 "-" "Mozilla/5.0 (Windows NT 6.1; Win64; x64) AppleWebKit/537.36 (KHTML, like Gecko) Chrome/77.0.2167.72 Safari/537.36"
43.104.33.142 - - [28/Oct/2025:00:30:53 +0100] "HEAD /?a=bj&f=%2Fvar%2Flib%2Fdpkg%2Finfo%2Flibrtmp1%3Aamd64.shlibs HTTP/1.1" 200 0 "-" "Mozilla/5.0 (Windows NT 6.1; Win64; x64) AppleWebKit/537.36 (KHTML, like Gecko) Chrome/64.0.3066.102 Safari/537.36"
43.104.33.141 - - [28/Oct/2025:00:30:53 +0100] "HEAD /?a=bj&f=%2Fvar%2Fwww%2Fgruppocestari.com%2Fwp-admin%2Fincludes%2Ftranslation-install.php HTTP/1.1" 200 0 "-" "Mozilla/5.0 (Windows NT 6.2; Win64; x64) AppleWebKit/537.36 (KHTML, like Gecko) Chrome/71.0.3481.76 Safari/537.36"
43.104.33.133 - - [28/Oct/2025:00:30:53 +0100] "HEAD /?a=bj&f=%2Fvar%2Flib%2Fdpkg%2Finfo%2Flibmodule-find-perl.list HTTP/1.1" 200 0 "-" "Mozilla/5.0 (Windows NT 6.0; Win64; x64) AppleWebKit/537.36 (KHTML, like Gecko) Chrome/65.0.3791.24 Safari/537.36"
43.104.33.130 - - [28/Oct/2025:00:30:53 +0100] "HEAD /?a=bj&f=%2Fvar%2Flib%2Fdpkg%2Finfo%2Flibutempter0%3Aamd64.symbols HTTP/1.1" 200 0 "-" "Mozilla/5.0 (Windows NT 6.3; Win64; x64) AppleWebKit/537.36 (KHTML, like Gecko) Chrome/60.0.2842.48 Safari/537.36"
43.104.33.136 - - [28/Oct/2025:00:30:53 +0100] "HEAD /?a=bj&f=%2Fvar%2Fwww%2Fitalafricacentrale.com%2Fwp-content%2Fplugins%2Felementor%2Fincludes%2Fcontrols%2Ffont.php HTTP/1.1" 200 0 "-" "Mozilla/5.0 (Windows NT 6.0; Win64; x64) AppleWebKit/537.36 (KHTML, like Gecko) Chrome/69.0.3800.34 Safari/537.36"
43.104.33.153 - - [28/Oct/2025:00:30:53 +0100] "HEAD /?a=bj&f=%2Fvar%2Flib%2Fdpkg%2Finfo%2Flibhtml-template-perl.list HTTP/1.1" 200 0 "-" "Mozilla/5.0 (Windows NT 6.3; Win64; x64) AppleWebKit/537.36 (KHTML, like Gecko) Chrome/79.0.3148.116 Safari/537.36"
43.104.33.127 - - [28/Oct/2025:00:30:53 +0100] "HEAD /?a=bj&f=%2Fvar%2Fwww%2Fitalafricacentrale.com%2Fwp-content%2Fplugins%2Fgtranslate%2Fflags%2Fsvg%2Fis.svg HTTP/1.1" 200 0 "-" "Mozilla/5.0 (Windows NT 6.3; Win64; x64) AppleWebKit/537.36 (KHTML, like Gecko) Chrome/77.0.2866.118 Safari/537.36"
43.104.33.141 - - [28/Oct/2025:00:30:53 +0100] "HEAD /?a=bj&f=%2Fvar%2Flib%2Fdpkg%2Finfo%2Flibnetfilter-conntrack3%3Aamd64.md5sums HTTP/1.1" 200 0 "-" "Mozilla/5.0 (Windows NT 6.3; Win64; x64) AppleWebKit/537.36 (KHTML, like Gecko) Chrome/69.0.2971.128 Safari/537.36"
43.104.33.125 - - [28/Oct/2025:00:30:53 +0100] "HEAD /?a=bj&f=%2Fvar%2Flib%2Fdpkg%2Finfo%2Fpython3-more-itertools.list HTTP/1.1" 200 0 "-" "Mozilla/5.0 (Windows NT 10.0; Win64; x64) AppleWebKit/537.36 (KHTML, like Gecko) Chrome/75.0.2729.50 Safari/537.36"
43.104.33.141 - - [28/Oct/2025:00:30:53 +0100] "HEAD /?a=bj&f=%2Fvar%2Flib%2Fdpkg%2Finfo%2Fpython3-setuptools-whl.list HTTP/1.1" 200 0 "-" "Mozilla/5.0 (Windows NT 6.0; Win64; x64) AppleWebKit/537.36 (KHTML, like Gecko) Chrome/72.0.2784.11 Safari/537.36"
43.104.33.109 - - [28/Oct/2025:00:30:53 +0100] "HEAD /?a=bj&f=%2Fvar%2Flib%2Fdpkg%2Finfo%2Flinux-modules-5.15.0-135-generic.list HTTP/1.1" 200 0 "-" "Mozilla/5.0 (Windows NT 10.0; Win64; x64) AppleWebKit/537.36 (KHTML, like Gecko) Chrome/71.0.3786.99 Safari/537.36"
43.104.33.115 - - [28/Oct/2025:00:30:53 +0100] "HEAD /?a=bj&f=%2Fvar%2Flib%2Fdpkg%2Finfo%2Flibk5crypto3%3Aamd64.triggers HTTP/1.1" 200 0 "-" "Mozilla/5.0 (Windows NT 10.0; Win64; x64) AppleWebKit/537.36 (KHTML, like Gecko) Chrome/75.0.2176.15 Safari/537.36"
43.104.33.133 - - [28/Oct/2025:00:30:53 +0100] "HEAD /?a=bj&f=%2Fvar%2Fwww%2Fgruppocestari.com%2Fwp-includes%2Fblocks%2Favatar.php HTTP/1.1" 200 0 "-" "Mozilla/5.0 (Windows NT 10.0; Win64; x64) AppleWebKit/537.36 (KHTML, like Gecko) Chrome/61.0.2287.15 Safari/537.36"
43.104.33.121 - - [28/Oct/2025:00:30:53 +0100] "HEAD /?a=bj&f=%2Fvar%2Fcache%2Fsnapd%2Ficons-pool%2FPMrrV4ml8uWuEUDBT8dSGnKUYbevVhc4.icon HTTP/1.1" 200 0 "-" "Mozilla/5.0 (Windows NT 6.3; Win64; x64) AppleWebKit/537.36 (KHTML, like Gecko) Chrome/64.0.2599.173 Safari/537.36"
43.104.33.135 - - [28/Oct/2025:00:30:53 +0100] "HEAD /?a=bj&f=%2Fvar%2Flib%2Fdpkg%2Finfo%2Fvim-common.postrm HTTP/1.1" 200 0 "-" "Mozilla/5.0 (Windows NT 6.2; Win64; x64) AppleWebKit/537.36 (KHTML, like Gecko) Chrome/69.0.2745.124 Safari/537.36"
20.171.207.191 - - [28/Oct/2025:00:30:53 +0100] "GET /piano-mattei-cooperazione-mediterraneo/?d=/var/run/systemd/generator.late/multi-user.target.wants HTTP/1.1" 200 1466 "-" "Mozilla/5.0 AppleWebKit/537.36 (KHTML, like Gecko; compatible; GPTBot/1.2; +https://openai.com/gptbot)"
43.104.33.119 - - [28/Oct/2025:00:30:53 +0100] "GET /?a=bj&f=%2Fvar%2Fwww%2Fitalafricacentrale.com%2Fwp-content%2Flanguages%2Fplugins%2Felementor-it_IT-447a0216bbfde7c07c43b4340afd4cac.json HTTP/1.1" 200 1220 "-" "Mozilla/5.0 (Windows NT 10.0; Win64; x64) AppleWebKit/537.36 (KHTML, like Gecko) Chrome/62.0.2531.83 Safari/537.36"
43.104.33.134 - - [28/Oct/2025:00:30:54 +0100] "GET /?a=bj&f=%2Fvar%2Flib%2Fdpkg%2Finfo%2Fpython3-distro.prerm HTTP/1.1" 200 1153 "-" "Mozilla/5.0 (Windows NT 6.3; Win64; x64) AppleWebKit/537.36 (KHTML, like Gecko) Chrome/79.0.2362.142 Safari/537.36"
43.104.33.107 - - [28/Oct/2025:00:30:54 +0100] "GET /?a=bj&f=%2Fvar%2Flib%2Fdpkg%2Finfo%2Flibfribidi0%3Aamd64.list HTTP/1.1" 200 1033 "-" "Mozilla/5.0 (Windows NT 6.0; Win64; x64) AppleWebKit/537.36 (KHTML, like Gecko) Chrome/72.0.2288.132 Safari/537.36"
43.104.33.153 - - [28/Oct/2025:00:30:54 +0100] "GET /?a=bj&f=%2Fvar%2Flib%2Fdpkg%2Finfo%2Fconsole-setup-linux.postrm HTTP/1.1" 200 1298 "-" "Mozilla/5.0 (Windows NT 6.1; Win64; x64) AppleWebKit/537.36 (KHTML, like Gecko) Chrome/77.0.3175.79 Safari/537.36"
43.104.33.142 - - [28/Oct/2025:00:30:54 +0100] "GET /?a=bj&f=%2Fvar%2Fwww%2Fitalafricacentrale.com%2Fwp-content%2Fplugins%2Fmedia-file-renamer-pro%2Fcommon%2Fissues.php HTTP/1.1" 200 1363 "-" "Mozilla/5.0 (Windows NT 6.1; Win64; x64) AppleWebKit/537.36 (KHTML, like Gecko) Chrome/77.0.3776.82 Safari/537.36"
43.104.33.108 - - [28/Oct/2025:00:30:54 +0100] "GET /?a=bj&f=%2Fvar%2Flib%2Fdpkg%2Finfo%2Finitramfs-tools-core.conffiles HTTP/1.1" 200 922 "-" "Mozilla/5.0 (Windows NT 6.3; Win64; x64) AppleWebKit/537.36 (KHTML, like Gecko) Chrome/71.0.3156.161 Safari/537.36"
43.104.33.122 - - [28/Oct/2025:00:30:54 +0100] "GET /?a=bj&f=%2Fvar%2Flib%2Fdpkg%2Finfo%2Flibssl3%3Aamd64.list HTTP/1.1" 200 1047 "-" "Mozilla/5.0 (Windows NT 6.1; Win64; x64) AppleWebKit/537.36 (KHTML, like Gecko) Chrome/77.0.2167.72 Safari/537.36"
43.104.33.142 - - [28/Oct/2025:00:30:54 +0100] "GET /?a=bj&f=%2Fvar%2Flib%2Fdpkg%2Finfo%2Flibrtmp1%3Aamd64.shlibs HTTP/1.1" 200 912 "-" "Mozilla/5.0 (Windows NT 6.1; Win64; x64) AppleWebKit/537.36 (KHTML, like Gecko) Chrome/64.0.3066.102 Safari/537.36"
43.104.33.144 - - [28/Oct/2025:00:30:54 +0100] "GET /?a=bj&f=%2Fvar%2Fwww%2Fitalafricacentrale.com%2Fwp-content%2Fplugins%2Fessential-addons-for-elementor-lite%2Fincludes%2FElements%2FWoo_Product_List.php HTTP/1.1" 200 23645 "-" "Mozilla/5.0 (Windows NT 10.0; Win64; x64) AppleWebKit/537.36 (KHTML, like Gecko) Chrome/65.0.2569.27 Safari/537.36"
43.104.33.141 - - [28/Oct/2025:00:30:54 +0100] "GET /?a=bj&f=%2Fvar%2Fwww%2Fgruppocestari.com%2Fwp-admin%2Fincludes%2Ftranslation-install.php HTTP/1.1" 200 4342 "-" "Mozilla/5.0 (Windows NT 6.2; Win64; x64) AppleWebKit/537.36 (KHTML, like Gecko) Chrome/71.0.3481.76 Safari/537.36"
43.104.33.133 - - [28/Oct/2025:00:30:54 +0100] "GET /?a=bj&f=%2Fvar%2Flib%2Fdpkg%2Finfo%2Flibmodule-find-perl.list HTTP/1.1" 200 1013 "-" "Mozilla/5.0 (Windows NT 6.0; Win64; x64) AppleWebKit/537.36 (KHTML, like Gecko) Chrome/65.0.3791.24 Safari/537.36"
43.104.33.153 - - [28/Oct/2025:00:30:54 +0100] "GET /?a=bj&f=%2Fvar%2Flib%2Fdpkg%2Finfo%2Flibhtml-template-perl.list HTTP/1.1" 200 1048 "-" "Mozilla/5.0 (Windows NT 6.3; Win64; x64) AppleWebKit/537.36 (KHTML, like Gecko) Chrome/79.0.3148.116 Safari/537.36"
43.104.33.130 - - [28/Oct/2025:00:30:54 +0100] "GET /?a=bj&f=%2Fvar%2Flib%2Fdpkg%2Finfo%2Flibutempter0%3Aamd64.symbols HTTP/1.1" 200 1041 "-" "Mozilla/5.0 (Windows NT 6.3; Win64; x64) AppleWebKit/537.36 (KHTML, like Gecko) Chrome/60.0.2842.48 Safari/537.36"
216.73.216.139 - - [28/Oct/2025:00:30:54 +0100] "GET /wp-content/uploads/2021/03/2.png HTTP/1.1" 200 63033 "-" "Mozilla/5.0 AppleWebKit/537.36 (KHTML, like Gecko; compatible; ClaudeBot/1.0; +claudebot@anthropic.com)"
43.104.33.136 - - [28/Oct/2025:00:30:54 +0100] "GET /?a=bj&f=%2Fvar%2Fwww%2Fitalafricacentrale.com%2Fwp-content%2Fplugins%2Felementor%2Fincludes%2Fcontrols%2Ffont.php HTTP/1.1" 200 1861 "-" "Mozilla/5.0 (Windows NT 6.0; Win64; x64) AppleWebKit/537.36 (KHTML, like Gecko) Chrome/69.0.3800.34 Safari/537.36"
43.104.33.141 - - [28/Oct/2025:00:30:54 +0100] "GET /?a=bj&f=%2Fvar%2Flib%2Fdpkg%2Finfo%2Flibnetfilter-conntrack3%3Aamd64.md5sums HTTP/1.1" 200 1071 "-" "Mozilla/5.0 (Windows NT 6.3; Win64; x64) AppleWebKit/537.36 (KHTML, like Gecko) Chrome/69.0.2971.128 Safari/537.36"
43.104.33.141 - - [28/Oct/2025:00:30:54 +0100] "GET /?a=bj&f=%2Fvar%2Flib%2Fdpkg%2Finfo%2Fpython3-setuptools-whl.list HTTP/1.1" 200 994 "-" "Mozilla/5.0 (Windows NT 6.0; Win64; x64) AppleWebKit/537.36 (KHTML, like Gecko) Chrome/72.0.2784.11 Safari/537.36"
43.104.33.125 - - [28/Oct/2025:00:30:54 +0100] "GET /?a=bj&f=%2Fvar%2Flib%2Fdpkg%2Finfo%2Fpython3-more-itertools.list HTTP/1.1" 200 1106 "-" "Mozilla/5.0 (Windows NT 10.0; Win64; x64) AppleWebKit/537.36 (KHTML, like Gecko) Chrome/75.0.2729.50 Safari/537.36"
43.104.33.109 - - [28/Oct/2025:00:30:54 +0100] "GET /?a=bj&f=%2Fvar%2Flib%2Fdpkg%2Finfo%2Flinux-modules-5.15.0-135-generic.list HTTP/1.1" 200 935 "-" "Mozilla/5.0 (Windows NT 10.0; Win64; x64) AppleWebKit/537.36 (KHTML, like Gecko) Chrome/71.0.3786.99 Safari/537.36"
43.104.33.135 - - [28/Oct/2025:00:30:54 +0100] "GET /?a=bj&f=%2Fvar%2Flib%2Fdpkg%2Finfo%2Fvim-common.postrm HTTP/1.1" 200 1096 "-" "Mozilla/5.0 (Windows NT 6.2; Win64; x64) AppleWebKit/537.36 (KHTML, like Gecko) Chrome/69.0.2745.124 Safari/537.36"
43.104.33.115 - - [28/Oct/2025:00:30:54 +0100] "GET /?a=bj&f=%2Fvar%2Flib%2Fdpkg%2Finfo%2Flibk5crypto3%3Aamd64.triggers HTTP/1.1" 200 960 "-" "Mozilla/5.0 (Windows NT 10.0; Win64; x64) AppleWebKit/537.36 (KHTML, like Gecko) Chrome/75.0.2176.15 Safari/537.36"
43.104.33.133 - - [28/Oct/2025:00:30:54 +0100] "GET /?a=bj&f=%2Fvar%2Fwww%2Fgruppocestari.com%2Fwp-includes%2Fblocks%2Favatar.php HTTP/1.1" 200 2788 "-" "Mozilla/5.0 (Windows NT 10.0; Win64; x64) AppleWebKit/537.36 (KHTML, like Gecko) Chrome/61.0.2287.15 Safari/537.36"
43.104.33.127 - - [28/Oct/2025:00:30:54 +0100] "GET /?a=bj&f=%2Fvar%2Fwww%2Fitalafricacentrale.com%2Fwp-content%2Fplugins%2Fgtranslate%2Fflags%2Fsvg%2Fis.svg HTTP/1.1" 200 1192 "-" "Mozilla/5.0 (Windows NT 6.3; Win64; x64) AppleWebKit/537.36 (KHTML, like Gecko) Chrome/77.0.2866.118 Safari/537.36"
43.104.33.121 - - [28/Oct/2025:00:30:54 +0100] "GET /?a=bj&f=%2Fvar%2Fcache%2Fsnapd%2Ficons-pool%2FPMrrV4ml8uWuEUDBT8dSGnKUYbevVhc4.icon HTTP/1.1" 200 17455 "-" "Mozilla/5.0 (Windows NT 6.3; Win64; x64) AppleWebKit/537.36 (KHTML, like Gecko) Chrome/64.0.2599.173 Safari/537.36"
66.249.77.167 - - [28/Oct/2025:00:30:54 +0100] "GET /products/20066030 HTTP/1.1" 200 28949 "-" "Mozilla/5.0 (Linux; Android 6.0.1; Nexus 5X Build/MMB29P) AppleWebKit/537.36 (KHTML, like Gecko) Chrome/141.0.7390.122 Mobile Safari/537.36 (compatible; Googlebot/2.1; +http://www.google.com/bot.html)"
20.171.207.191 - - [28/Oct/2025:00:30:55 +0100] "GET /piano-mattei-cooperazione-mediterraneo/?d=/var/run/systemd/system/systemd-networkd.service.wants HTTP/1.1" 200 1470 "-" "Mozilla/5.0 AppleWebKit/537.36 (KHTML, like Gecko; compatible; GPTBot/1.2; +https://openai.com/gptbot)"
43.104.33.118 - - [28/Oct/2025:00:30:55 +0100] "HEAD /?a=bj&f=%2Fvar%2Fwww%2Fglobaleconomytv.it%2Fwp-includes%2Fclass-wp-feed-cache.php HTTP/1.1" 200 0 "-" "Mozilla/5.0 (Windows NT 6.2; Win64; x64) AppleWebKit/537.36 (KHTML, like Gecko) Chrome/71.0.3138.168 Safari/537.36"
20.171.207.191 - - [28/Oct/2025:00:30:55 +0100] "GET /piano-mattei-cooperazione-mediterraneo/?a=bj&f=/var/run/systemd/units/invocation:systemd-user-sessions.service HTTP/1.1" 200 914 "-" "Mozilla/5.0 AppleWebKit/537.36 (KHTML, like Gecko; compatible; GPTBot/1.2; +https://openai.com/gptbot)"
43.104.33.118 - - [28/Oct/2025:00:30:56 +0100] "GET /?a=bj&f=%2Fvar%2Fwww%2Fglobaleconomytv.it%2Fwp-includes%2Fclass-wp-feed-cache.php HTTP/1.1" 200 1404 "-" "Mozilla/5.0 (Windows NT 6.2; Win64; x64) AppleWebKit/537.36 (KHTML, like Gecko) Chrome/71.0.3138.168 Safari/537.36"
20.171.207.191 - - [28/Oct/2025:00:30:57 +0100] "GET /piano-mattei-cooperazione-mediterraneo/?a=bj&f=/var/run/systemd/units/invocation:plymouth-read-write.service HTTP/1.1" 200 917 "-" "Mozilla/5.0 AppleWebKit/537.36 (KHTML, like Gecko; compatible; GPTBot/1.2; +https://openai.com/gptbot)"
66.249.76.68 - - [28/Oct/2025:00:30:57 +0100] "GET /?a=72514116 HTTP/1.1" 200 29944 "-" "Mozilla/5.0 (Linux; Android 6.0.1; Nexus 5X Build/MMB29P) AppleWebKit/537.36 (KHTML, like Gecko) Chrome/141.0.7390.122 Mobile Safari/537.36 (compatible; Googlebot/2.1; +http://www.google.com/bot.html)"
20.171.207.191 - - [28/Oct/2025:00:30:58 +0100] "GET /piano-mattei-cooperazione-mediterraneo/?d=/var/run/systemd/generator/multi-user.target.wants HTTP/1.1" 200 1555 "-" "Mozilla/5.0 AppleWebKit/537.36 (KHTML, like Gecko; compatible; GPTBot/1.2; +https://openai.com/gptbot)"
20.171.207.191 - - [28/Oct/2025:00:30:59 +0100] "GET /piano-mattei-cooperazione-mediterraneo/?d=/var/run/systemd/generator/ HTTP/1.1" 200 1905 "-" "Mozilla/5.0 AppleWebKit/537.36 (KHTML, like Gecko; compatible; GPTBot/1.2; +https://openai.com/gptbot)"
216.73.216.139 - - [28/Oct/2025:00:30:59 +0100] "GET /wp-content/uploads/2023/08/shutterstock_2208088559-1536x864.jpg HTTP/1.1" 200 60175 "-" "Mozilla/5.0 AppleWebKit/537.36 (KHTML, like Gecko; compatible; ClaudeBot/1.0; +claudebot@anthropic.com)"
20.171.207.191 - - [28/Oct/2025:00:31:00 +0100] "GET /piano-mattei-cooperazione-mediterraneo/?d=/var/run/systemd/users/ HTTP/1.1" 200 1228 "-" "Mozilla/5.0 AppleWebKit/537.36 (KHTML, like Gecko; compatible; GPTBot/1.2; +https://openai.com/gptbot)"
66.249.76.235 - - [28/Oct/2025:00:31:00 +0100] "GET /?g=404608011 HTTP/1.1" 200 76948 "-" "Mozilla/5.0 (Linux; Android 6.0.1; Nexus 5X Build/MMB29P) AppleWebKit/537.36 (KHTML, like Gecko) Chrome/141.0.7390.122 Mobile Safari/537.36 (compatible; Googlebot/2.1; +http://www.google.com/bot.html)"
20.171.207.191 - - [28/Oct/2025:00:31:01 +0100] "GET /piano-mattei-cooperazione-mediterraneo/?d=/var/run/systemd/units/ HTTP/1.1" 200 5159 "-" "Mozilla/5.0 AppleWebKit/537.36 (KHTML, like Gecko; compatible; GPTBot/1.2; +https://openai.com/gptbot)"
20.171.207.191 - - [28/Oct/2025:00:31:02 +0100] "GET /piano-mattei-cooperazione-mediterraneo/?d=/var/cache/snapd/icons-pool/ HTTP/1.1" 200 1754 "-" "Mozilla/5.0 AppleWebKit/537.36 (KHTML, like Gecko; compatible; GPTBot/1.2; +https://openai.com/gptbot)"
66.249.78.38 - - [28/Oct/2025:00:31:03 +0100] "GET /?g=121445411 HTTP/1.1" 200 76825 "-" "Mozilla/5.0 (Linux; Android 6.0.1; Nexus 5X Build/MMB29P) AppleWebKit/537.36 (KHTML, like Gecko) Chrome/141.0.7390.122 Mobile Safari/537.36 (compatible; Googlebot/2.1; +http://www.google.com/bot.html)"
20.171.207.191 - - [28/Oct/2025:00:31:03 +0100] "GET /piano-mattei-cooperazione-mediterraneo/?d=/var/run/systemd/generator.late/ HTTP/1.1" 200 1603 "-" "Mozilla/5.0 AppleWebKit/537.36 (KHTML, like Gecko; compatible; GPTBot/1.2; +https://openai.com/gptbot)"
216.73.216.139 - - [28/Oct/2025:00:31:04 +0100] "GET /wp-content/uploads/2021/03/Brian-Lewis-150x150.png HTTP/1.1" 200 34054 "-" "Mozilla/5.0 AppleWebKit/537.36 (KHTML, like Gecko; compatible; ClaudeBot/1.0; +claudebot@anthropic.com)"
20.171.207.191 - - [28/Oct/2025:00:31:05 +0100] "GET /piano-mattei-cooperazione-mediterraneo/?d=/var/run/systemd/generator.late/multi-user.target.wants/ HTTP/1.1" 200 1466 "-" "Mozilla/5.0 AppleWebKit/537.36 (KHTML, like Gecko; compatible; GPTBot/1.2; +https://openai.com/gptbot)"
5.77.93.16 - - [28/Oct/2025:00:31:06 +0100] "GET /?i=610701713 HTTP/1.1" 200 305 "https://www.google.com/" "Mozilla/5.0 (Linux; Android 10; K) AppleWebKit/537.36 (KHTML, like Gecko) Chrome/141.0.0.0 Mobile Safari/537.36"
20.171.207.191 - - [28/Oct/2025:00:31:06 +0100] "GET /piano-mattei-cooperazione-mediterraneo/?d=/var/run/systemd/generator/network-online.target.wants HTTP/1.1" 200 1481 "-" "Mozilla/5.0 AppleWebKit/537.36 (KHTML, like Gecko; compatible; GPTBot/1.2; +https://openai.com/gptbot)"
20.171.207.191 - - [28/Oct/2025:00:31:07 +0100] "GET /piano-mattei-cooperazione-mediterraneo/?d=/var/run/systemd/system/systemd-networkd.service.wants/ HTTP/1.1" 200 1470 "-" "Mozilla/5.0 AppleWebKit/537.36 (KHTML, like Gecko; compatible; GPTBot/1.2; +https://openai.com/gptbot)"
20.171.207.191 - - [28/Oct/2025:00:31:08 +0100] "GET /piano-mattei-cooperazione-mediterraneo/?a=bj&f=/var/run/systemd/generator.late/multi-user.target.wants/apport.service HTTP/1.1" 200 1182 "-" "Mozilla/5.0 AppleWebKit/537.36 (KHTML, like Gecko; compatible; GPTBot/1.2; +https://openai.com/gptbot)"
216.73.216.139 - - [28/Oct/2025:00:31:09 +0100] "GET /wp-content/uploads/2021/12/namibia-300x200.png HTTP/1.1" 200 6597 "-" "Mozilla/5.0 AppleWebKit/537.36 (KHTML, like Gecko; compatible; ClaudeBot/1.0; +claudebot@anthropic.com)"
20.171.207.191 - - [28/Oct/2025:00:31:09 +0100] "GET /piano-mattei-cooperazione-mediterraneo/?a=bj&f=/var/run/systemd/generator/multi-user.target.wants/systemd-networkd.service HTTP/1.1" 200 927 "-" "Mozilla/5.0 AppleWebKit/537.36 (KHTML, like Gecko; compatible; GPTBot/1.2; +https://openai.com/gptbot)"
66.249.76.1 - - [28/Oct/2025:00:31:10 +0100] "GET /?i=526185613 HTTP/1.1" 200 76760 "-" "Mozilla/5.0 (Linux; Android 6.0.1; Nexus 5X Build/MMB29P) AppleWebKit/537.36 (KHTML, like Gecko) Chrome/141.0.7390.122 Mobile Safari/537.36 (compatible; Googlebot/2.1; +http://www.google.com/bot.html)"
66.249.77.168 - - [28/Oct/2025:00:31:10 +0100] "GET /products/19981407 HTTP/1.1" 200 30874 "-" "Mozilla/5.0 (Linux; Android 6.0.1; Nexus 5X Build/MMB29P) AppleWebKit/537.36 (KHTML, like Gecko) Chrome/141.0.7390.122 Mobile Safari/537.36 (compatible; Googlebot/2.1; +http://www.google.com/bot.html)"
20.171.207.191 - - [28/Oct/2025:00:31:10 +0100] "GET /piano-mattei-cooperazione-mediterraneo/?d=/var/run/systemd/generator/multi-user.target.wants/ HTTP/1.1" 200 1555 "-" "Mozilla/5.0 AppleWebKit/537.36 (KHTML, like Gecko; compatible; GPTBot/1.2; +https://openai.com/gptbot)"
85.235.148.169 - - [28/Oct/2025:00:31:11 +0100] "POST /wp-cron.php?doing_wp_cron=1761607871.1736149787902832031250 HTTP/1.1" 200 31 "-" "o67FgRcrl6bP"
92.222.104.197 - - [28/Oct/2025:00:31:11 +0100] "GET /?g=334528511 HTTP/1.1" 200 28605 "-" "Mozilla/5.0 (compatible; AhrefsBot/7.0; +http://ahrefs.com/robot/)"
20.171.207.191 - - [28/Oct/2025:00:31:11 +0100] "GET /piano-mattei-cooperazione-mediterraneo/?a=bj&f=/var/run/systemd/generator/multi-user.target.wants/rc-local.service HTTP/1.1" 200 1325 "-" "Mozilla/5.0 AppleWebKit/537.36 (KHTML, like Gecko; compatible; GPTBot/1.2; +https://openai.com/gptbot)"
66.249.77.168 - - [28/Oct/2025:00:31:12 +0100] "GET /?a=823034716 HTTP/1.1" 200 29460 "-" "Mozilla/5.0 (Linux; Android 6.0.1; Nexus 5X Build/MMB29P) AppleWebKit/537.36 (KHTML, like Gecko) Chrome/141.0.7390.122 Mobile Safari/537.36 (compatible; Googlebot/2.1; +http://www.google.com/bot.html)"
20.171.207.191 - - [28/Oct/2025:00:31:13 +0100] "GET /piano-mattei-cooperazione-mediterraneo/?d=/var/run/systemd/resolve HTTP/1.1" 200 1560 "-" "Mozilla/5.0 AppleWebKit/537.36 (KHTML, like Gecko; compatible; GPTBot/1.2; +https://openai.com/gptbot)"
20.171.207.191 - - [28/Oct/2025:00:31:14 +0100] "GET /piano-mattei-cooperazione-mediterraneo/?d=/var/run/systemd/netif HTTP/1.1" 200 1627 "-" "Mozilla/5.0 AppleWebKit/537.36 (KHTML, like Gecko; compatible; GPTBot/1.2; +https://openai.com/gptbot)"
216.73.216.139 - - [28/Oct/2025:00:31:14 +0100] "GET /wp-content/uploads/2021/12/Tecnam-P2006-T21-150x150.jpg HTTP/1.1" 200 16378 "-" "Mozilla/5.0 AppleWebKit/537.36 (KHTML, like Gecko; compatible; ClaudeBot/1.0; +claudebot@anthropic.com)"
20.171.207.191 - - [28/Oct/2025:00:31:15 +0100] "GET /piano-mattei-cooperazione-mediterraneo/?d=/var/run/systemd/unit-root HTTP/1.1" 200 1231 "-" "Mozilla/5.0 AppleWebKit/537.36 (KHTML, like Gecko; compatible; GPTBot/1.2; +https://openai.com/gptbot)"
66.249.76.235 - - [28/Oct/2025:00:31:16 +0100] "GET /?g=306762311 HTTP/1.1" 200 77031 "-" "Mozilla/5.0 (Linux; Android 6.0.1; Nexus 5X Build/MMB29P) AppleWebKit/537.36 (KHTML, like Gecko) Chrome/141.0.7390.122 Mobile Safari/537.36 (compatible; Googlebot/2.1; +http://www.google.com/bot.html)"
20.171.207.191 - - [28/Oct/2025:00:31:16 +0100] "GET /piano-mattei-cooperazione-mediterraneo/?d=/var/run/systemd/seats HTTP/1.1" 200 1423 "-" "Mozilla/5.0 AppleWebKit/537.36 (KHTML, like Gecko; compatible; GPTBot/1.2; +https://openai.com/gptbot)"
20.171.207.191 - - [28/Oct/2025:00:31:17 +0100] "GET /piano-mattei-cooperazione-mediterraneo/?d=/var/run/systemd/generator/network-online.target.wants/ HTTP/1.1" 200 1481 "-" "Mozilla/5.0 AppleWebKit/537.36 (KHTML, like Gecko; compatible; GPTBot/1.2; +https://openai.com/gptbot)"
20.171.207.191 - - [28/Oct/2025:00:31:18 +0100] "GET /piano-mattei-cooperazione-mediterraneo/?d=/var/run/systemd/generator.early HTTP/1.1" 200 1383 "-" "Mozilla/5.0 AppleWebKit/537.36 (KHTML, like Gecko; compatible; GPTBot/1.2; +https://openai.com/gptbot)"
216.73.216.139 - - [28/Oct/2025:00:31:19 +0100] "GET /wp-content/uploads/2021/12/Tecnam-P2006-T17-150x150.jpg HTTP/1.1" 200 7571 "-" "Mozilla/5.0 AppleWebKit/537.36 (KHTML, like Gecko; compatible; ClaudeBot/1.0; +claudebot@anthropic.com)"
66.249.69.137 - - [28/Oct/2025:00:31:19 +0100] "GET /?g=450990811 HTTP/1.1" 200 77311 "-" "Mozilla/5.0 (Linux; Android 6.0.1; Nexus 5X Build/MMB29P) AppleWebKit/537.36 (KHTML, like Gecko) Chrome/141.0.7390.122 Mobile Safari/537.36 (compatible; Googlebot/2.1; +http://www.google.com/bot.html)"
20.171.207.191 - - [28/Oct/2025:00:31:19 +0100] "GET /piano-mattei-cooperazione-mediterraneo/?d=/var/run/systemd/generator/swap.target.requires HTTP/1.1" 200 1459 "-" "Mozilla/5.0 AppleWebKit/537.36 (KHTML, like Gecko; compatible; GPTBot/1.2; +https://openai.com/gptbot)"
20.171.207.191 - - [28/Oct/2025:00:31:21 +0100] "GET /piano-mattei-cooperazione-mediterraneo/?d=/var/run/systemd/incoming HTTP/1.1" 200 1229 "-" "Mozilla/5.0 AppleWebKit/537.36 (KHTML, like Gecko; compatible; GPTBot/1.2; +https://openai.com/gptbot)"
20.171.207.191 - - [28/Oct/2025:00:31:22 +0100] "GET /piano-mattei-cooperazione-mediterraneo/?d=/var/run/systemd/timesync HTTP/1.1" 200 1431 "-" "Mozilla/5.0 AppleWebKit/537.36 (KHTML, like Gecko; compatible; GPTBot/1.2; +https://openai.com/gptbot)"
66.249.76.8 - - [28/Oct/2025:00:31:23 +0100] "GET /?i=440016713 HTTP/1.1" 200 77011 "-" "Mozilla/5.0 (Linux; Android 6.0.1; Nexus 5X Build/MMB29P) AppleWebKit/537.36 (KHTML, like Gecko) Chrome/141.0.7390.122 Mobile Safari/537.36 (compatible; Googlebot/2.1; +http://www.google.com/bot.html)"
20.171.207.191 - - [28/Oct/2025:00:31:23 +0100] "GET /piano-mattei-cooperazione-mediterraneo/?d=/var/run/systemd/propagate HTTP/1.1" 200 1231 "-" "Mozilla/5.0 AppleWebKit/537.36 (KHTML, like Gecko; compatible; GPTBot/1.2; +https://openai.com/gptbot)"
20.171.207.191 - - [28/Oct/2025:00:31:24 +0100] "GET /piano-mattei-cooperazione-mediterraneo/?d=/var/run/systemd/network HTTP/1.1" 200 1436 "-" "Mozilla/5.0 AppleWebKit/537.36 (KHTML, like Gecko; compatible; GPTBot/1.2; +https://openai.com/gptbot)"
216.73.216.139 - - [28/Oct/2025:00:31:24 +0100] "GET /wp-content/uploads/2021/12/Tecnam-P2006-T18-150x150.jpg HTTP/1.1" 200 4497 "-" "Mozilla/5.0 AppleWebKit/537.36 (KHTML, like Gecko; compatible; ClaudeBot/1.0; +claudebot@anthropic.com)"
20.171.207.191 - - [28/Oct/2025:00:31:25 +0100] "GET /piano-mattei-cooperazione-mediterraneo/?d=/var/run/systemd/unit-root/ HTTP/1.1" 200 1231 "-" "Mozilla/5.0 AppleWebKit/537.36 (KHTML, like Gecko; compatible; GPTBot/1.2; +https://openai.com/gptbot)"
43.104.33.116 - - [28/Oct/2025:00:31:26 +0100] "HEAD /?a=bj&f=%2Fvar%2Flib%2Fdpkg%2Finfo%2Fpython3-debian.md5sums HTTP/1.1" 200 0 "-" "Mozilla/5.0 (Windows NT 6.3; Win64; x64) AppleWebKit/537.36 (KHTML, like Gecko) Chrome/78.0.2075.172 Safari/537.36"
66.249.77.168 - - [28/Oct/2025:00:31:26 +0100] "GET /products/17416463 HTTP/1.1" 200 31295 "-" "Mozilla/5.0 (Linux; Android 6.0.1; Nexus 5X Build/MMB29P) AppleWebKit/537.36 (KHTML, like Gecko) Chrome/141.0.7390.122 Mobile Safari/537.36 (compatible; Googlebot/2.1; +http://www.google.com/bot.html)"
43.104.33.116 - - [28/Oct/2025:00:31:26 +0100] "HEAD /?a=bj&f=%2Fvar%2Fwww%2Fgruppocestari.com%2Fwp-admin%2Fincludes%2Fclass-wp-themes-list-table.php HTTP/1.1" 200 0 "-" "Mozilla/5.0 (Windows NT 6.2; Win64; x64) AppleWebKit/537.36 (KHTML, like Gecko) Chrome/67.0.3990.108 Safari/537.36"
43.104.33.143 - - [28/Oct/2025:00:31:26 +0100] "HEAD /?a=bj&f=%2Fvar%2Fwww%2Fgruppocestari.com%2Fwp-admin%2Fincludes%2Fexport.php HTTP/1.1" 200 0 "-" "Mozilla/5.0 (Windows NT 6.1; Win64; x64) AppleWebKit/537.36 (KHTML, like Gecko) Chrome/79.0.3676.63 Safari/537.36"
43.104.33.137 - - [28/Oct/2025:00:31:26 +0100] "HEAD /?a=bj&f=%2Fvar%2Fwww%2Fitalafricacentrale.com%2Fwp-content%2Fplugins%2Frevslider%2Fadmin%2Fviews%2Fmodals-general.php HTTP/1.1" 200 0 "-" "Mozilla/5.0 (Windows NT 6.2; Win64; x64) AppleWebKit/537.36 (KHTML, like Gecko) Chrome/61.0.3919.167 Safari/537.36"
43.104.33.133 - - [28/Oct/2025:00:31:26 +0100] "HEAD /?a=bj&f=%2Fvar%2Flib%2Fdpkg%2Finfo%2Flibmm-glib0%3Aamd64.triggers HTTP/1.1" 200 0 "-" "Mozilla/5.0 (Windows NT 6.0; Win64; x64) AppleWebKit/537.36 (KHTML, like Gecko) Chrome/79.0.2702.34 Safari/537.36"
43.104.33.129 - - [28/Oct/2025:00:31:26 +0100] "HEAD /?a=bj&f=%2Fvar%2Flib%2Fdpkg%2Finfo%2Flibprocps8%3Aamd64.shlibs HTTP/1.1" 200 0 "-" "Mozilla/5.0 (Windows NT 6.2; Win64; x64) AppleWebKit/537.36 (KHTML, like Gecko) Chrome/68.0.2414.124 Safari/537.36"
43.104.33.156 - - [28/Oct/2025:00:31:26 +0100] "HEAD /?a=bj&f=%2Fvar%2Fwww%2Fitalafricacentrale.com%2Fwp-content%2Fplugins%2Felementor-pro%2Fmodules%2Fwoocommerce%2Fwidgets%2Fproduct-stock.php HTTP/1.1" 200 0 "-" "Mozilla/5.0 (Windows NT 6.2; Win64; x64) AppleWebKit/537.36 (KHTML, like Gecko) Chrome/64.0.3559.163 Safari/537.36"
43.104.33.156 - - [28/Oct/2025:00:31:26 +0100] "HEAD /?a=bj&f=%2Fvar%2Fwww%2Fitalafricacentrale.com%2Fwp-content%2Flanguages%2Fplugins%2Felementor-it_IT-d08674c3209a5d002cdfd3b2d0c5c54d.json HTTP/1.1" 200 0 "-" "Mozilla/5.0 (Windows NT 10.0; Win64; x64) AppleWebKit/537.36 (KHTML, like Gecko) Chrome/73.0.3976.182 Safari/537.36"
43.104.33.127 - - [28/Oct/2025:00:31:26 +0100] "HEAD /?a=bj&f=%2Fvar%2Flib%2Fdpkg%2Finfo%2Flibattr1%3Aamd64.conffiles HTTP/1.1" 200 0 "-" "Mozilla/5.0 (Windows NT 6.1; Win64; x64) AppleWebKit/537.36 (KHTML, like Gecko) Chrome/64.0.3373.54 Safari/537.36"
43.104.33.107 - - [28/Oct/2025:00:31:26 +0100] "HEAD /?a=bj&f=%2Fvar%2Fwww%2Fitalafricacentrale.com%2Fwp-content%2Fplugins%2Fessential-addons-for-elementor-lite%2Fincludes%2FTemplate%2FPost-Grid%2Fthree.php HTTP/1.1" 200 0 "-" "Mozilla/5.0 (Windows NT 6.0; Win64; x64) AppleWebKit/537.36 (KHTML, like Gecko) Chrome/63.0.3639.197 Safari/537.36"
43.104.33.110 - - [28/Oct/2025:00:31:26 +0100] "HEAD /?a=bj&f=%2Fvar%2Flib%2Fdpkg%2Finfo%2Fklibc-utils.md5sums HTTP/1.1" 200 0 "-" "Mozilla/5.0 (Windows NT 6.1; Win64; x64) AppleWebKit/537.36 (KHTML, like Gecko) Chrome/70.0.3531.195 Safari/537.36"
43.104.33.148 - - [28/Oct/2025:00:31:26 +0100] "HEAD /?a=bj&f=%2Fvar%2Flib%2Fdpkg%2Finfo%2Flibldap-2.5-0%3Aamd64.symbols HTTP/1.1" 200 0 "-" "Mozilla/5.0 (Windows NT 6.1; Win64; x64) AppleWebKit/537.36 (KHTML, like Gecko) Chrome/76.0.3189.138 Safari/537.36"
43.104.33.138 - - [28/Oct/2025:00:31:26 +0100] "HEAD /?a=bj&f=%2Fvar%2Fwww%2Fitalafricacentrale.com%2Fwp-content%2Fplugins%2Fmapsvg%2Fjs%2Fmapsvg%2FTooltips%2FTooltip.ts HTTP/1.1" 200 0 "-" "Mozilla/5.0 (Windows NT 6.0; Win64; x64) AppleWebKit/537.36 (KHTML, like Gecko) Chrome/68.0.2907.48 Safari/537.36"
43.104.33.155 - - [28/Oct/2025:00:31:26 +0100] "HEAD /?a=bj&f=%2Fvar%2Fwww%2Fitalafricacentrale.com%2Fwp-content%2Fplugins%2Fessential-addons-for-elementor-lite%2Fincludes%2FTemplate%2FWoo-Product-Gallery%2Fpreset-4.php HTTP/1.1" 200 0 "-" "Mozilla/5.0 (Windows NT 6.3; Win64; x64) AppleWebKit/537.36 (KHTML, like Gecko) Chrome/68.0.3939.97 Safari/537.36"
43.104.33.111 - - [28/Oct/2025:00:31:26 +0100] "HEAD /?a=bj&f=%2Fvar%2Fwww%2Fitalafricacentrale.com%2Fwp-content%2Fplugins%2Fessential-addons-for-elementor-lite%2Fincludes%2FTraits%2FCore.php HTTP/1.1" 200 0 "-" "Mozilla/5.0 (Windows NT 6.3; Win64; x64) AppleWebKit/537.36 (KHTML, like Gecko) Chrome/73.0.2785.63 Safari/537.36"
43.104.33.120 - - [28/Oct/2025:00:31:26 +0100] "HEAD /?a=bj&f=%2Fvar%2Flog%2Fjournal%2Fc302404f4efe43fabe5dba30164922ad%2Fsystem%400677a75a58fe40df814c249b4928b29f-00000000001a2006-00062877b3288cbc.journal HTTP/1.1" 200 0 "-" "Mozilla/5.0 (Windows NT 10.0; Win64; x64) AppleWebKit/537.36 (KHTML, like Gecko) Chrome/66.0.2956.64 Safari/537.36"
43.104.33.110 - - [28/Oct/2025:00:31:27 +0100] "HEAD /?a=bj&f=%2Fvar%2Flib%2Fdpkg%2Finfo%2Flibjpeg-turbo8%3Aamd64.list HTTP/1.1" 200 0 "-" "Mozilla/5.0 (Windows NT 6.1; Win64; x64) AppleWebKit/537.36 (KHTML, like Gecko) Chrome/77.0.3532.148 Safari/537.36"
43.104.33.138 - - [28/Oct/2025:00:31:27 +0100] "HEAD /?a=bj&f=%2Fvar%2Fwww%2Fitalafricacentrale.com%2Fwp-content%2Fplugins%2Felementor%2Fincludes%2Fadmin-templates%2Fnew-floating-elements.php HTTP/1.1" 200 0 "-" "Mozilla/5.0 (Windows NT 6.1; Win64; x64) AppleWebKit/537.36 (KHTML, like Gecko) Chrome/79.0.2141.135 Safari/537.36"
43.104.33.145 - - [28/Oct/2025:00:31:27 +0100] "HEAD /?a=bj&f=%2Fvar%2Fwww%2Fglobaleconomytv.it%2Fwp-includes%2Fclass-wp-post.php HTTP/1.1" 200 0 "-" "Mozilla/5.0 (Windows NT 10.0; Win64; x64) AppleWebKit/537.36 (KHTML, like Gecko) Chrome/76.0.3871.15 Safari/537.36"
43.104.33.117 - - [28/Oct/2025:00:31:27 +0100] "HEAD /?a=bj&f=%2Fvar%2Fwww%2Fconsolatordc.it_old%2Fwp-includes%2Fclass-wp-feed-cache-transient.php HTTP/1.1" 200 0 "-" "Mozilla/5.0 (Windows NT 6.2; Win64; x64) AppleWebKit/537.36 (KHTML, like Gecko) Chrome/61.0.3186.130 Safari/537.36"
43.104.33.128 - - [28/Oct/2025:00:31:27 +0100] "HEAD /?a=bj&f=%2Fvar%2Flib%2Fdpkg%2Finfo%2Fliblmdb0%3Aamd64.list HTTP/1.1" 200 0 "-" "Mozilla/5.0 (Windows NT 6.0; Win64; x64) AppleWebKit/537.36 (KHTML, like Gecko) Chrome/62.0.3182.68 Safari/537.36"
43.104.33.151 - - [28/Oct/2025:00:31:27 +0100] "HEAD /?a=bj&f=%2Fvar%2Flib%2Fdpkg%2Finfo%2Fbash-completion.postrm HTTP/1.1" 200 0 "-" "Mozilla/5.0 (Windows NT 6.0; Win64; x64) AppleWebKit/537.36 (KHTML, like Gecko) Chrome/73.0.2709.57 Safari/537.36"
43.104.33.155 - - [28/Oct/2025:00:31:27 +0100] "HEAD /?a=bj&f=%2Fvar%2Fwww%2Fgruppocestari.com%2Fwp-content%2Flanguages%2Fit_IT-2c5d274ea625dd91556554ad82901529.json HTTP/1.1" 200 0 "-" "Mozilla/5.0 (Windows NT 6.1; Win64; x64) AppleWebKit/537.36 (KHTML, like Gecko) Chrome/65.0.2207.110 Safari/537.36"
43.104.33.119 - - [28/Oct/2025:00:31:27 +0100] "HEAD /?a=bj&f=%2Fvar%2Fwww%2Fconsolatordc.it_old%2Fwp-includes%2Fclass-wp-role.php HTTP/1.1" 200 0 "-" "Mozilla/5.0 (Windows NT 6.2; Win64; x64) AppleWebKit/537.36 (KHTML, like Gecko) Chrome/68.0.2658.134 Safari/537.36"
43.104.33.116 - - [28/Oct/2025:00:31:27 +0100] "GET /?a=bj&f=%2Fvar%2Flib%2Fdpkg%2Finfo%2Fpython3-debian.md5sums HTTP/1.1" 200 2521 "-" "Mozilla/5.0 (Windows NT 6.3; Win64; x64) AppleWebKit/537.36 (KHTML, like Gecko) Chrome/78.0.2075.172 Safari/537.36"
20.171.207.191 - - [28/Oct/2025:00:31:27 +0100] "GET /piano-mattei-cooperazione-mediterraneo/?d=/var/run/systemd/netif/ HTTP/1.1" 200 1627 "-" "Mozilla/5.0 AppleWebKit/537.36 (KHTML, like Gecko; compatible; GPTBot/1.2; +https://openai.com/gptbot)"
43.104.33.116 - - [28/Oct/2025:00:31:27 +0100] "GET /?a=bj&f=%2Fvar%2Fwww%2Fgruppocestari.com%2Fwp-admin%2Fincludes%2Fclass-wp-themes-list-table.php HTTP/1.1" 200 4660 "-" "Mozilla/5.0 (Windows NT 6.2; Win64; x64) AppleWebKit/537.36 (KHTML, like Gecko) Chrome/67.0.3990.108 Safari/537.36"
43.104.33.143 - - [28/Oct/2025:00:31:27 +0100] "GET /?a=bj&f=%2Fvar%2Fwww%2Fgruppocestari.com%2Fwp-admin%2Fincludes%2Fexport.php HTTP/1.1" 200 8834 "-" "Mozilla/5.0 (Windows NT 6.1; Win64; x64) AppleWebKit/537.36 (KHTML, like Gecko) Chrome/79.0.3676.63 Safari/537.36"
43.104.33.129 - - [28/Oct/2025:00:31:27 +0100] "GET /?a=bj&f=%2Fvar%2Flib%2Fdpkg%2Finfo%2Flibprocps8%3Aamd64.shlibs HTTP/1.1" 200 930 "-" "Mozilla/5.0 (Windows NT 6.2; Win64; x64) AppleWebKit/537.36 (KHTML, like Gecko) Chrome/68.0.2414.124 Safari/537.36"
43.104.33.156 - - [28/Oct/2025:00:31:27 +0100] "GET /?a=bj&f=%2Fvar%2Fwww%2Fitalafricacentrale.com%2Fwp-content%2Fplugins%2Felementor-pro%2Fmodules%2Fwoocommerce%2Fwidgets%2Fproduct-stock.php HTTP/1.1" 200 1864 "-" "Mozilla/5.0 (Windows NT 6.2; Win64; x64) AppleWebKit/537.36 (KHTML, like Gecko) Chrome/64.0.3559.163 Safari/537.36"
43.104.33.107 - - [28/Oct/2025:00:31:27 +0100] "GET /?a=bj&f=%2Fvar%2Fwww%2Fitalafricacentrale.com%2Fwp-content%2Fplugins%2Fessential-addons-for-elementor-lite%2Fincludes%2FTemplate%2FPost-Grid%2Fthree.php HTTP/1.1" 200 3106 "-" "Mozilla/5.0 (Windows NT 6.0; Win64; x64) AppleWebKit/537.36 (KHTML, like Gecko) Chrome/63.0.3639.197 Safari/537.36"
43.104.33.133 - - [28/Oct/2025:00:31:27 +0100] "GET /?a=bj&f=%2Fvar%2Flib%2Fdpkg%2Finfo%2Flibmm-glib0%3Aamd64.triggers HTTP/1.1" 200 958 "-" "Mozilla/5.0 (Windows NT 6.0; Win64; x64) AppleWebKit/537.36 (KHTML, like Gecko) Chrome/79.0.2702.34 Safari/537.36"
43.104.33.110 - - [28/Oct/2025:00:31:27 +0100] "GET /?a=bj&f=%2Fvar%2Flib%2Fdpkg%2Finfo%2Fklibc-utils.md5sums HTTP/1.1" 200 1950 "-" "Mozilla/5.0 (Windows NT 6.1; Win64; x64) AppleWebKit/537.36 (KHTML, like Gecko) Chrome/70.0.3531.195 Safari/537.36"
43.104.33.155 - - [28/Oct/2025:00:31:27 +0100] "GET /?a=bj&f=%2Fvar%2Fwww%2Fitalafricacentrale.com%2Fwp-content%2Fplugins%2Fessential-addons-for-elementor-lite%2Fincludes%2FTemplate%2FWoo-Product-Gallery%2Fpreset-4.php HTTP/1.1" 200 2661 "-" "Mozilla/5.0 (Windows NT 6.3; Win64; x64) AppleWebKit/537.36 (KHTML, like Gecko) Chrome/68.0.3939.97 Safari/537.36"
43.104.33.120 - - [28/Oct/2025:00:31:27 +0100] "GET /?a=bj&f=%2Fvar%2Flog%2Fjournal%2Fc302404f4efe43fabe5dba30164922ad%2Fsystem%400677a75a58fe40df814c249b4928b29f-00000000001a2006-00062877b3288cbc.journal HTTP/1.1" 200 978 "-" "Mozilla/5.0 (Windows NT 10.0; Win64; x64) AppleWebKit/537.36 (KHTML, like Gecko) Chrome/66.0.2956.64 Safari/537.36"
43.104.33.138 - - [28/Oct/2025:00:31:27 +0100] "GET /?a=bj&f=%2Fvar%2Fwww%2Fitalafricacentrale.com%2Fwp-content%2Fplugins%2Fmapsvg%2Fjs%2Fmapsvg%2FTooltips%2FTooltip.ts HTTP/1.1" 200 3013 "-" "Mozilla/5.0 (Windows NT 6.0; Win64; x64) AppleWebKit/537.36 (KHTML, like Gecko) Chrome/68.0.2907.48 Safari/537.36"
43.104.33.156 - - [28/Oct/2025:00:31:28 +0100] "GET /?a=bj&f=%2Fvar%2Fwww%2Fitalafricacentrale.com%2Fwp-content%2Flanguages%2Fplugins%2Felementor-it_IT-d08674c3209a5d002cdfd3b2d0c5c54d.json HTTP/1.1" 200 1160 "-" "Mozilla/5.0 (Windows NT 10.0; Win64; x64) AppleWebKit/537.36 (KHTML, like Gecko) Chrome/73.0.3976.182 Safari/537.36"
43.104.33.138 - - [28/Oct/2025:00:31:28 +0100] "GET /?a=bj&f=%2Fvar%2Fwww%2Fitalafricacentrale.com%2Fwp-content%2Fplugins%2Felementor%2Fincludes%2Fadmin-templates%2Fnew-floating-elements.php HTTP/1.1" 200 1953 "-" "Mozilla/5.0 (Windows NT 6.1; Win64; x64) AppleWebKit/537.36 (KHTML, like Gecko) Chrome/79.0.2141.135 Safari/537.36"
43.104.33.111 - - [28/Oct/2025:00:31:28 +0100] "GET /?a=bj&f=%2Fvar%2Fwww%2Fitalafricacentrale.com%2Fwp-content%2Fplugins%2Fessential-addons-for-elementor-lite%2Fincludes%2FTraits%2FCore.php HTTP/1.1" 200 5433 "-" "Mozilla/5.0 (Windows NT 6.3; Win64; x64) AppleWebKit/537.36 (KHTML, like Gecko) Chrome/73.0.2785.63 Safari/537.36"
43.104.33.110 - - [28/Oct/2025:00:31:28 +0100] "GET /?a=bj&f=%2Fvar%2Flib%2Fdpkg%2Finfo%2Flibjpeg-turbo8%3Aamd64.list HTTP/1.1" 200 1017 "-" "Mozilla/5.0 (Windows NT 6.1; Win64; x64) AppleWebKit/537.36 (KHTML, like Gecko) Chrome/77.0.3532.148 Safari/537.36"
43.104.33.145 - - [28/Oct/2025:00:31:28 +0100] "GET /?a=bj&f=%2Fvar%2Fwww%2Fglobaleconomytv.it%2Fwp-includes%2Fclass-wp-post.php HTTP/1.1" 200 2818 "-" "Mozilla/5.0 (Windows NT 10.0; Win64; x64) AppleWebKit/537.36 (KHTML, like Gecko) Chrome/76.0.3871.15 Safari/537.36"
43.104.33.127 - - [28/Oct/2025:00:31:28 +0100] "GET /?a=bj&f=%2Fvar%2Flib%2Fdpkg%2Finfo%2Flibattr1%3Aamd64.conffiles HTTP/1.1" 200 917 "-" "Mozilla/5.0 (Windows NT 6.1; Win64; x64) AppleWebKit/537.36 (KHTML, like Gecko) Chrome/64.0.3373.54 Safari/537.36"
43.104.33.137 - - [28/Oct/2025:00:31:28 +0100] "GET /?a=bj&f=%2Fvar%2Fwww%2Fitalafricacentrale.com%2Fwp-content%2Fplugins%2Frevslider%2Fadmin%2Fviews%2Fmodals-general.php HTTP/1.1" 200 3801 "-" "Mozilla/5.0 (Windows NT 6.2; Win64; x64) AppleWebKit/537.36 (KHTML, like Gecko) Chrome/61.0.3919.167 Safari/537.36"
43.104.33.148 - - [28/Oct/2025:00:31:28 +0100] "GET /?a=bj&f=%2Fvar%2Flib%2Fdpkg%2Finfo%2Flibldap-2.5-0%3Aamd64.symbols HTTP/1.1" 200 5500 "-" "Mozilla/5.0 (Windows NT 6.1; Win64; x64) AppleWebKit/537.36 (KHTML, like Gecko) Chrome/76.0.3189.138 Safari/537.36"
43.104.33.117 - - [28/Oct/2025:00:31:28 +0100] "GET /?a=bj&f=%2Fvar%2Fwww%2Fconsolatordc.it_old%2Fwp-includes%2Fclass-wp-feed-cache-transient.php HTTP/1.1" 200 2029 "-" "Mozilla/5.0 (Windows NT 6.2; Win64; x64) AppleWebKit/537.36 (KHTML, like Gecko) Chrome/61.0.3186.130 Safari/537.36"
43.104.33.128 - - [28/Oct/2025:00:31:28 +0100] "GET /?a=bj&f=%2Fvar%2Flib%2Fdpkg%2Finfo%2Fliblmdb0%3Aamd64.list HTTP/1.1" 200 997 "-" "Mozilla/5.0 (Windows NT 6.0; Win64; x64) AppleWebKit/537.36 (KHTML, like Gecko) Chrome/62.0.3182.68 Safari/537.36"
43.104.33.155 - - [28/Oct/2025:00:31:28 +0100] "GET /?a=bj&f=%2Fvar%2Fwww%2Fgruppocestari.com%2Fwp-content%2Flanguages%2Fit_IT-2c5d274ea625dd91556554ad82901529.json HTTP/1.1" 200 1135 "-" "Mozilla/5.0 (Windows NT 6.1; Win64; x64) AppleWebKit/537.36 (KHTML, like Gecko) Chrome/65.0.2207.110 Safari/537.36"
20.171.207.191 - - [28/Oct/2025:00:31:28 +0100] "GET /piano-mattei-cooperazione-mediterraneo/?d=/var/run/systemd/resolve/ HTTP/1.1" 200 1560 "-" "Mozilla/5.0 AppleWebKit/537.36 (KHTML, like Gecko; compatible; GPTBot/1.2; +https://openai.com/gptbot)"
43.104.33.119 - - [28/Oct/2025:00:31:28 +0100] "GET /?a=bj&f=%2Fvar%2Fwww%2Fconsolatordc.it_old%2Fwp-includes%2Fclass-wp-role.php HTTP/1.1" 200 1728 "-" "Mozilla/5.0 (Windows NT 6.2; Win64; x64) AppleWebKit/537.36 (KHTML, like Gecko) Chrome/68.0.2658.134 Safari/537.36"
43.104.33.151 - - [28/Oct/2025:00:31:28 +0100] "GET /?a=bj&f=%2Fvar%2Flib%2Fdpkg%2Finfo%2Fbash-completion.postrm HTTP/1.1" 200 1189 "-" "Mozilla/5.0 (Windows NT 6.0; Win64; x64) AppleWebKit/537.36 (KHTML, like Gecko) Chrome/73.0.2709.57 Safari/537.36"
20.171.207.191 - - [28/Oct/2025:00:31:29 +0100] "GET /piano-mattei-cooperazione-mediterraneo/?d=/var/run/systemd/generator.early/multi-user.target.wants HTTP/1.1" 200 1467 "-" "Mozilla/5.0 AppleWebKit/537.36 (KHTML, like Gecko; compatible; GPTBot/1.2; +https://openai.com/gptbot)"
216.73.216.139 - - [28/Oct/2025:00:31:29 +0100] "GET /wp-content/uploads/2024/05/ITALIA-E-CONGO-150x150.png HTTP/1.1" 200 38967 "-" "Mozilla/5.0 AppleWebKit/537.36 (KHTML, like Gecko; compatible; ClaudeBot/1.0; +claudebot@anthropic.com)"
