216.73.216.139 - - [28/Oct/2025:00:01:29 +0100] "GET /tag/camera-di-commercio/?d=%2Fvar%2Fwww%2Fconsolatordc.it_old%2Fwp-content%2Fuploads%2F2024 HTTP/1.1" 200 1586 "-" "Mozilla/5.0 AppleWebKit/537.36 (KHTML, like Gecko; compatible; ClaudeBot/1.0; +claudebot@anthropic.com)"
216.73.216.139 - - [28/Oct/2025:00:01:29 +0100] "GET /tag/camera-di-commercio/?a=bj&f=%2Fvar%2Fwww%2Fglobaleconomytv.it%2Fwp-admin%2Fincludes%2Fschema.php HTTP/1.1" 200 13333 "-" "Mozilla/5.0 AppleWebKit/537.36 (KHTML, like Gecko; compatible; ClaudeBot/1.0; +claudebot@anthropic.com)"
216.73.216.139 - - [28/Oct/2025:00:01:29 +0100] "GET /tag/camera-di-commercio/?a=bj&f=%2Fvar%2Fwww%2Fgruppocestari.com%2Fwp-admin%2Fimages%2Fdate-button.gif HTTP/1.1" 200 1373 "-" "Mozilla/5.0 AppleWebKit/537.36 (KHTML, like Gecko; compatible; ClaudeBot/1.0; +claudebot@anthropic.com)"
216.73.216.139 - - [28/Oct/2025:00:01:29 +0100] "GET /tag/camera-di-commercio/?a=bj&f=%2Fvar%2Fwww%2Fitalafricacentrale.com%2Fwp-content%2Fuploads%2F2024%2F06%2F02-300x225.jpeg HTTP/1.1" 200 17394 "-" "Mozilla/5.0 AppleWebKit/537.36 (KHTML, like Gecko; compatible; ClaudeBot/1.0; +claudebot@anthropic.com)"
216.73.216.139 - - [28/Oct/2025:00:01:29 +0100] "GET /tag/camera-di-commercio/?a=bj&f=%2Fvar%2Fwww%2Fitalafricacentrale.com%2Fwp-includes%2Fblocks%2Fhome-link%2Fblock.json HTTP/1.1" 200 1411 "-" "Mozilla/5.0 AppleWebKit/537.36 (KHTML, like Gecko; compatible; ClaudeBot/1.0; +claudebot@anthropic.com)"
216.73.216.139 - - [28/Oct/2025:00:01:29 +0100] "GET /wp-content/uploads/2024/05/WhatsApp-Image-2024-05-20-at-10.10.20-2-1536x1152.jpeg HTTP/1.1" 200 196317 "-" "Mozilla/5.0 AppleWebKit/537.36 (KHTML, like Gecko; compatible; ClaudeBot/1.0; +claudebot@anthropic.com)"
18.211.148.239 - - [28/Oct/2025:00:01:29 +0100] "GET /?i=534415813 HTTP/1.1" 301 5 "-" "Mozilla/5.0 AppleWebKit/537.36 (KHTML, like Gecko; compatible; Amazonbot/0.1; +https://developer.amazon.com/support/amazonbot) Chrome/119.0.6045.214 Safari/537.36"
216.73.216.139 - - [28/Oct/2025:00:01:29 +0100] "GET /tag/camera-di-commercio/?a=bj&f=%2Fvar%2Frun%2Fudev%2Fdata%2Fc4%3A86 HTTP/1.1" 200 944 "-" "Mozilla/5.0 AppleWebKit/537.36 (KHTML, like Gecko; compatible; ClaudeBot/1.0; +claudebot@anthropic.com)"
20.171.207.191 - - [28/Oct/2025:00:01:30 +0100] "GET /piano-mattei-per-lafrica/?d=/var/lib/nginx/fastcgi/1/25/ HTTP/1.1" 200 1251 "-" "Mozilla/5.0 AppleWebKit/537.36 (KHTML, like Gecko; compatible; GPTBot/1.2; +https://openai.com/gptbot)"
216.73.216.139 - - [28/Oct/2025:00:01:30 +0100] "GET /tag/sicurezza-sanitaria/?a=bj&f=%2Fvar%2Fwww%2Fitalafricacentrale.com%2Fwp-admin%2Fsite-health.php HTTP/1.1" 200 4795 "-" "Mozilla/5.0 AppleWebKit/537.36 (KHTML, like Gecko; compatible; ClaudeBot/1.0; +claudebot@anthropic.com)"
216.73.216.139 - - [28/Oct/2025:00:01:30 +0100] "GET /tag/camera-di-commercio/?a=bj&f=%2Fvar%2Fwww%2Fitalafricacentrale.com%2Fwp-content%2Fuploads%2F2024%2F06%2F04-1536x1152.jpeg HTTP/1.1" 200 235252 "-" "Mozilla/5.0 AppleWebKit/537.36 (KHTML, like Gecko; compatible; ClaudeBot/1.0; +claudebot@anthropic.com)"
216.73.216.139 - - [28/Oct/2025:00:01:30 +0100] "GET /tag/camera-di-commercio/?a=bj&f=%2Fvar%2Frun%2Fudev%2Fdata%2Fc4%3A57 HTTP/1.1" 200 932 "-" "Mozilla/5.0 AppleWebKit/537.36 (KHTML, like Gecko; compatible; ClaudeBot/1.0; +claudebot@anthropic.com)"
216.73.216.139 - - [28/Oct/2025:00:01:30 +0100] "GET /tag/sicurezza-sanitaria/?a=bj&f=%2Fvar%2Fwww%2Fitalafricacentrale.com%2Fwp-admin%2Foptions-privacy.php HTTP/1.1" 200 4499 "-" "Mozilla/5.0 AppleWebKit/537.36 (KHTML, like Gecko; compatible; ClaudeBot/1.0; +claudebot@anthropic.com)"
44.195.145.102 - - [28/Oct/2025:00:01:30 +0100] "GET /?g=420192011 HTTP/1.1" 200 28597 "-" "Mozilla/5.0 AppleWebKit/537.36 (KHTML, like Gecko; compatible; Amazonbot/0.1; +https://developer.amazon.com/support/amazonbot) Chrome/119.0.6045.214 Safari/537.36"
54.144.185.255 - - [28/Oct/2025:00:01:30 +0100] "GET /?i=534415813 HTTP/1.1" 200 3123 "-" "Mozilla/5.0 AppleWebKit/537.36 (KHTML, like Gecko; compatible; Amazonbot/0.1; +https://developer.amazon.com/support/amazonbot) Chrome/119.0.6045.214 Safari/537.36"
216.73.216.139 - - [28/Oct/2025:00:01:30 +0100] "GET /tag/camera-di-commercio/?a=bj&f=%2Fvar%2Frun%2Fudev%2Fdata%2Fc4%3A24 HTTP/1.1" 200 931 "-" "Mozilla/5.0 AppleWebKit/537.36 (KHTML, like Gecko; compatible; ClaudeBot/1.0; +claudebot@anthropic.com)"
216.73.216.139 - - [28/Oct/2025:00:01:31 +0100] "GET /tag/camera-di-commercio/?a=bj&f=%2Fvar%2Frun%2Fudev%2Fdata%2F+platform%3Apcspkr HTTP/1.1" 200 900 "-" "Mozilla/5.0 AppleWebKit/537.36 (KHTML, like Gecko; compatible; ClaudeBot/1.0; +claudebot@anthropic.com)"
216.73.216.139 - - [28/Oct/2025:00:01:31 +0100] "GET /tag/camera-di-commercio/?a=bj&f=%2Fvar%2Frun%2Fudev%2Fdata%2Fc4%3A32 HTTP/1.1" 200 931 "-" "Mozilla/5.0 AppleWebKit/537.36 (KHTML, like Gecko; compatible; ClaudeBot/1.0; +claudebot@anthropic.com)"
20.171.207.191 - - [28/Oct/2025:00:01:31 +0100] "GET /piano-mattei-per-lafrica/?d=/var/lib/nginx/fastcgi/2/09 HTTP/1.1" 200 1250 "-" "Mozilla/5.0 AppleWebKit/537.36 (KHTML, like Gecko; compatible; GPTBot/1.2; +https://openai.com/gptbot)"
216.73.216.139 - - [28/Oct/2025:00:01:31 +0100] "GET /tag/camera-di-commercio/?a=bj&f=%2Fvar%2Frun%2Fudev%2Fdata%2Fc4%3A72 HTTP/1.1" 200 944 "-" "Mozilla/5.0 AppleWebKit/537.36 (KHTML, like Gecko; compatible; ClaudeBot/1.0; +claudebot@anthropic.com)"
216.73.216.139 - - [28/Oct/2025:00:01:31 +0100] "GET /tag/camera-di-commercio/?a=bj&f=%2Fvar%2Flog%2Fnginx%2Faccess.log.13.gz HTTP/1.1" 200 4078176 "-" "Mozilla/5.0 AppleWebKit/537.36 (KHTML, like Gecko; compatible; ClaudeBot/1.0; +claudebot@anthropic.com)"
216.73.216.139 - - [28/Oct/2025:00:01:31 +0100] "GET /tag/camera-di-commercio/?a=bj&f=%2Fvar%2Frun%2Fudev%2Fdata%2Fc4%3A54 HTTP/1.1" 200 930 "-" "Mozilla/5.0 AppleWebKit/537.36 (KHTML, like Gecko; compatible; ClaudeBot/1.0; +claudebot@anthropic.com)"
216.73.216.139 - - [28/Oct/2025:00:01:31 +0100] "GET /tag/camera-di-commercio/?a=bj&f=%2Fvar%2Frun%2Fudev%2Fdata%2Fc226%3A0 HTTP/1.1" 200 1015 "-" "Mozilla/5.0 AppleWebKit/537.36 (KHTML, like Gecko; compatible; ClaudeBot/1.0; +claudebot@anthropic.com)"
216.73.216.139 - - [28/Oct/2025:00:01:31 +0100] "GET /wp-content/uploads/2024/05/WhatsApp-Image-2024-05-02-at-10.24.35-3-1536x1152.jpeg HTTP/1.1" 200 378007 "-" "Mozilla/5.0 AppleWebKit/537.36 (KHTML, like Gecko; compatible; ClaudeBot/1.0; +claudebot@anthropic.com)"
85.235.148.169 - - [28/Oct/2025:00:01:32 +0100] "POST /wp-cron.php?doing_wp_cron=1761606092.0526659488677978515625 HTTP/1.1" 200 31 "-" "WordPress/6.8.3; https://italafricacentrale.com"
216.73.216.139 - - [28/Oct/2025:00:01:32 +0100] "GET /tag/camera-di-commercio/?d=%2Fvar%2Fwww%2Fitalafricacentrale.com%2Fwp-includes%2Fblocks%2Fparagraph%2F HTTP/1.1" 200 1996 "-" "Mozilla/5.0 AppleWebKit/537.36 (KHTML, like Gecko; compatible; ClaudeBot/1.0; +claudebot@anthropic.com)"
216.73.216.139 - - [28/Oct/2025:00:01:32 +0100] "GET /tag/camera-di-commercio/?d=%2Fvar%2Fwww%2Fconsolatordc.it%2Fwp-content%2F HTTP/1.1" 200 1939 "-" "Mozilla/5.0 AppleWebKit/537.36 (KHTML, like Gecko; compatible; ClaudeBot/1.0; +claudebot@anthropic.com)"
20.171.207.191 - - [28/Oct/2025:00:01:32 +0100] "GET /piano-mattei-per-lafrica/?d=/var/lib/nginx/fastcgi/4/15/ HTTP/1.1" 200 1251 "-" "Mozilla/5.0 AppleWebKit/537.36 (KHTML, like Gecko; compatible; GPTBot/1.2; +https://openai.com/gptbot)"
216.73.216.139 - - [28/Oct/2025:00:01:32 +0100] "GET /tag/camera-di-commercio/?a=bj&f=%2Fvar%2Frun%2Fudev%2Fdata%2Fc4%3A25 HTTP/1.1" 200 932 "-" "Mozilla/5.0 AppleWebKit/537.36 (KHTML, like Gecko; compatible; ClaudeBot/1.0; +claudebot@anthropic.com)"
216.73.216.139 - - [28/Oct/2025:00:01:32 +0100] "GET /tag/camera-di-commercio/?a=bj&f=%2Fvar%2Frun%2Fudev%2Fdata%2Fc4%3A55 HTTP/1.1" 200 931 "-" "Mozilla/5.0 AppleWebKit/537.36 (KHTML, like Gecko; compatible; ClaudeBot/1.0; +claudebot@anthropic.com)"
216.73.216.139 - - [28/Oct/2025:00:01:32 +0100] "GET /tag/camera-di-commercio/?a=bj&f=%2Fvar%2Fwww%2Fitalafricacentrale.com%2Fwp-includes%2Fblocks%2Fpost-author%2Fstyle.min.css HTTP/1.1" 200 1064 "-" "Mozilla/5.0 AppleWebKit/537.36 (KHTML, like Gecko; compatible; ClaudeBot/1.0; +claudebot@anthropic.com)"
216.73.216.139 - - [28/Oct/2025:00:01:32 +0100] "GET /tag/camera-di-commercio/?a=bj&f=%2Fvar%2Frun%2Fudev%2Fdata%2Fc4%3A10 HTTP/1.1" 200 931 "-" "Mozilla/5.0 AppleWebKit/537.36 (KHTML, like Gecko; compatible; ClaudeBot/1.0; +claudebot@anthropic.com)"
216.73.216.139 - - [28/Oct/2025:00:01:32 +0100] "GET /wp-includes/SimplePie/src/Net/IPv6.php HTTP/1.1" 200 31 "-" "Mozilla/5.0 AppleWebKit/537.36 (KHTML, like Gecko; compatible; ClaudeBot/1.0; +claudebot@anthropic.com)"
216.73.216.139 - - [28/Oct/2025:00:01:33 +0100] "GET /tag/camera-di-commercio/?a=bj&f=%2Fvar%2Fwww%2Fitalafricacentrale.com%2Fwp-content%2Fuploads%2F2021%2F08%2Fcestari3-1536x864.jpeg HTTP/1.1" 200 232233 "-" "Mozilla/5.0 AppleWebKit/537.36 (KHTML, like Gecko; compatible; ClaudeBot/1.0; +claudebot@anthropic.com)"
216.73.216.139 - - [28/Oct/2025:00:01:33 +0100] "GET /tag/camera-di-commercio/?a=bj&f=%2Fvar%2Frun%2Fudev%2Fdata%2F+platform%3Areg-dummy HTTP/1.1" 200 902 "-" "Mozilla/5.0 AppleWebKit/537.36 (KHTML, like Gecko; compatible; ClaudeBot/1.0; +claudebot@anthropic.com)"
216.73.216.139 - - [28/Oct/2025:00:01:33 +0100] "GET /tag/camera-di-commercio/?a=bj&f=%2Fvar%2Fwww%2Fglobaleconomytv.it%2Fwp-includes%2Fblock-supports%2Falign.php HTTP/1.1" 200 1537 "-" "Mozilla/5.0 AppleWebKit/537.36 (KHTML, like Gecko; compatible; ClaudeBot/1.0; +claudebot@anthropic.com)"
20.171.207.191 - - [28/Oct/2025:00:01:33 +0100] "GET /piano-mattei-per-lafrica/?d=/var/lib/nginx/fastcgi/1/24 HTTP/1.1" 200 1251 "-" "Mozilla/5.0 AppleWebKit/537.36 (KHTML, like Gecko; compatible; GPTBot/1.2; +https://openai.com/gptbot)"
216.73.216.139 - - [28/Oct/2025:00:01:33 +0100] "GET /tag/camera-di-commercio/?a=bj&f=%2Fvar%2Frun%2Fudev%2Fdata%2Fc1%3A4 HTTP/1.1" 200 892 "-" "Mozilla/5.0 AppleWebKit/537.36 (KHTML, like Gecko; compatible; ClaudeBot/1.0; +claudebot@anthropic.com)"
216.73.216.139 - - [28/Oct/2025:00:01:33 +0100] "GET /wp-content/uploads/2024/05/WhatsApp-Image-2024-05-02-at-10.24.35-2-1536x1152.jpeg HTTP/1.1" 200 302826 "-" "Mozilla/5.0 AppleWebKit/537.36 (KHTML, like Gecko; compatible; ClaudeBot/1.0; +claudebot@anthropic.com)"
216.73.216.139 - - [28/Oct/2025:00:01:33 +0100] "GET /wp-content/uploads/2024/05/WhatsApp-Image-2024-05-02-at-10.24.35-3-1-1536x1152.jpeg HTTP/1.1" 200 378007 "-" "Mozilla/5.0 AppleWebKit/537.36 (KHTML, like Gecko; compatible; ClaudeBot/1.0; +claudebot@anthropic.com)"
216.73.216.139 - - [28/Oct/2025:00:01:33 +0100] "GET /tag/camera-di-commercio/?a=bj&f=%2Fvar%2Frun%2Fudev%2Fdata%2Fc4%3A29 HTTP/1.1" 200 932 "-" "Mozilla/5.0 AppleWebKit/537.36 (KHTML, like Gecko; compatible; ClaudeBot/1.0; +claudebot@anthropic.com)"
85.235.148.169 - - [28/Oct/2025:00:01:33 +0100] "POST /wp-cron.php?doing_wp_cron=1761606093.8671019077301025390625 HTTP/1.1" 200 31 "-" "elg8w3A1dTjQ"
216.73.216.139 - - [28/Oct/2025:00:01:34 +0100] "GET /tag/camera-di-commercio/?a=bj&f=%2Fvar%2Frun%2Fudev%2Fdata%2Fc4%3A47 HTTP/1.1" 200 932 "-" "Mozilla/5.0 AppleWebKit/537.36 (KHTML, like Gecko; compatible; ClaudeBot/1.0; +claudebot@anthropic.com)"
216.73.216.139 - - [28/Oct/2025:00:01:34 +0100] "GET /wp-content/uploads/2024/05/WhatsApp-Image-2024-01-31-at-13.56.38.jpeg HTTP/1.1" 200 180817 "-" "Mozilla/5.0 AppleWebKit/537.36 (KHTML, like Gecko; compatible; ClaudeBot/1.0; +claudebot@anthropic.com)"
20.171.207.177 - - [28/Oct/2025:00:01:34 +0100] "GET /779887991.shtml HTTP/1.1" 404 19207 "-" "Mozilla/5.0 AppleWebKit/537.36 (KHTML, like Gecko; compatible; GPTBot/1.2; +https://openai.com/gptbot)"
216.73.216.139 - - [28/Oct/2025:00:01:34 +0100] "GET /tag/sicurezza-sanitaria/?d=%2Fvar%2Fwww%2Fitalafricacentrale.com%2Fwp-admin%2Fjs HTTP/1.1" 200 7347 "-" "Mozilla/5.0 AppleWebKit/537.36 (KHTML, like Gecko; compatible; ClaudeBot/1.0; +claudebot@anthropic.com)"
216.73.216.139 - - [28/Oct/2025:00:01:34 +0100] "GET /wp-content/uploads/2024/06/05-1024x768.jpeg HTTP/1.1" 200 127786 "-" "Mozilla/5.0 AppleWebKit/537.36 (KHTML, like Gecko; compatible; ClaudeBot/1.0; +claudebot@anthropic.com)"
216.73.216.139 - - [28/Oct/2025:00:01:34 +0100] "GET /tag/camera-di-commercio/?a=bj&f=%2Fvar%2Fwww%2Fitalafricacentrale.com%2Fwp-includes%2Fblocks%2Fdetails%2Fstyle.css HTTP/1.1" 200 974 "-" "Mozilla/5.0 AppleWebKit/537.36 (KHTML, like Gecko; compatible; ClaudeBot/1.0; +claudebot@anthropic.com)"
20.171.207.191 - - [28/Oct/2025:00:01:34 +0100] "GET /piano-mattei-per-lafrica/?d=/var/lib/nginx/fastcgi/2/74/ HTTP/1.1" 200 1251 "-" "Mozilla/5.0 AppleWebKit/537.36 (KHTML, like Gecko; compatible; GPTBot/1.2; +https://openai.com/gptbot)"
216.73.216.139 - - [28/Oct/2025:00:01:34 +0100] "GET /tag/camera-di-commercio/?a=bj&f=%2Fvar%2Fwww%2Fglobaleconomytv.it%2Fwp-admin%2Fincludes%2Fdashboard.php HTTP/1.1" 200 22536 "-" "Mozilla/5.0 AppleWebKit/537.36 (KHTML, like Gecko; compatible; ClaudeBot/1.0; +claudebot@anthropic.com)"
18.206.47.187 - - [28/Oct/2025:00:01:34 +0100] "GET /?i=99929013 HTTP/1.1" 301 5 "-" "Mozilla/5.0 AppleWebKit/537.36 (KHTML, like Gecko; compatible; Amazonbot/0.1; +https://developer.amazon.com/support/amazonbot) Chrome/119.0.6045.214 Safari/537.36"
216.73.216.139 - - [28/Oct/2025:00:01:34 +0100] "GET /tag/camera-di-commercio/?a=bj&f=%2Fvar%2Fwww%2Fglobaleconomytv.it%2Fwp-includes%2FID3%2Fgetid3.lib.php HTTP/1.1" 200 16280 "-" "Mozilla/5.0 AppleWebKit/537.36 (KHTML, like Gecko; compatible; ClaudeBot/1.0; +claudebot@anthropic.com)"
216.73.216.139 - - [28/Oct/2025:00:01:35 +0100] "GET /tag/camera-di-commercio/?d=%2Fvar%2Fwww%2Fconsolatordc.it_old%2Fwp-includes%2Fblocks%2Fbuttons HTTP/1.1" 200 1929 "-" "Mozilla/5.0 AppleWebKit/537.36 (KHTML, like Gecko; compatible; ClaudeBot/1.0; +claudebot@anthropic.com)"
43.104.33.78 - - [28/Oct/2025:00:01:35 +0100] "HEAD /?a=bj&f=%2Fvar%2Flib%2Fdpkg%2Finfo%2Flibzstd1%3Aamd64.list HTTP/1.1" 200 0 "-" "Mozilla/5.0 (Windows NT 6.0; Win64; x64) AppleWebKit/537.36 (KHTML, like Gecko) Chrome/60.0.2031.28 Safari/537.36"
43.104.33.69 - - [28/Oct/2025:00:01:35 +0100] "HEAD /?a=bj&f=%2Fvar%2Flib%2Fdpkg%2Finfo%2Ftcpdump.postinst HTTP/1.1" 200 0 "-" "Mozilla/5.0 (Windows NT 6.0; Win64; x64) AppleWebKit/537.36 (KHTML, like Gecko) Chrome/70.0.3916.35 Safari/537.36"
43.104.33.74 - - [28/Oct/2025:00:01:35 +0100] "HEAD /?a=bj&f=%2Fvar%2Fwww%2Falfredocestari.it%2Fwp-admin%2Fexport.php HTTP/1.1" 200 0 "-" "Mozilla/5.0 (Windows NT 10.0; Win64; x64) AppleWebKit/537.36 (KHTML, like Gecko) Chrome/64.0.3359.125 Safari/537.36"
216.73.216.139 - - [28/Oct/2025:00:01:35 +0100] "GET /wp-content/uploads/2024/09/WhatsApp-Image-2023-09-28-at-10.35.36-2-768x1024.jpeg HTTP/1.1" 200 109271 "-" "Mozilla/5.0 AppleWebKit/537.36 (KHTML, like Gecko; compatible; ClaudeBot/1.0; +claudebot@anthropic.com)"
43.104.33.102 - - [28/Oct/2025:00:01:35 +0100] "HEAD /?a=bj&f=%2Fvar%2Fwww%2Fitalafricacentrale.com%2Fwp-content%2Fplugins%2Fmapsvg%2Fjs%2Fmapsvg%2FMap%2FMap.js.map HTTP/1.1" 200 0 "-" "Mozilla/5.0 (Windows NT 6.3; Win64; x64) AppleWebKit/537.36 (KHTML, like Gecko) Chrome/63.0.2997.152 Safari/537.36"
43.104.33.66 - - [28/Oct/2025:00:01:35 +0100] "HEAD /?a=bj&f=%2Fvar%2Flib%2Fdpkg%2Finfo%2Fsoftware-properties-common.md5sums HTTP/1.1" 200 0 "-" "Mozilla/5.0 (Windows NT 6.3; Win64; x64) AppleWebKit/537.36 (KHTML, like Gecko) Chrome/75.0.3217.199 Safari/537.36"
43.104.33.99 - - [28/Oct/2025:00:01:35 +0100] "HEAD /?a=bj&f=%2Fvar%2Flib%2Fdpkg%2Finfo%2Flibimagequant0%3Aamd64.list HTTP/1.1" 200 0 "-" "Mozilla/5.0 (Windows NT 6.2; Win64; x64) AppleWebKit/537.36 (KHTML, like Gecko) Chrome/71.0.2368.124 Safari/537.36"
43.104.33.106 - - [28/Oct/2025:00:01:35 +0100] "HEAD /?a=bj&f=%2Fvar%2Fwww%2Fitalafricacentrale.com%2Fwp-content%2Flanguages%2Fplugins%2Felementor-pro-it_IT-e0c995850760812900ed96b00a868b5c.json HTTP/1.1" 200 0 "-" "Mozilla/5.0 (Windows NT 10.0; Win64; x64) AppleWebKit/537.36 (KHTML, like Gecko) Chrome/69.0.2312.11 Safari/537.36"
43.104.33.89 - - [28/Oct/2025:00:01:35 +0100] "HEAD /?a=bj&f=%2Fvar%2Flib%2Fdpkg%2Finfo%2Flibnettle8%3Aamd64.md5sums HTTP/1.1" 200 0 "-" "Mozilla/5.0 (Windows NT 6.0; Win64; x64) AppleWebKit/537.36 (KHTML, like Gecko) Chrome/74.0.2095.165 Safari/537.36"
43.104.33.105 - - [28/Oct/2025:00:01:35 +0100] "HEAD /?a=bj&f=%2Fvar%2Flib%2Fdpkg%2Finfo%2Flibgcab-1.0-0%3Aamd64.symbols HTTP/1.1" 200 0 "-" "Mozilla/5.0 (Windows NT 6.0; Win64; x64) AppleWebKit/537.36 (KHTML, like Gecko) Chrome/75.0.3282.54 Safari/537.36"
43.104.33.96 - - [28/Oct/2025:00:01:35 +0100] "HEAD /?a=bj&f=%2Fvar%2Fwww%2Fconsolatordc.it_old%2Fwp-includes%2Fclass-phpass.php HTTP/1.1" 200 0 "-" "Mozilla/5.0 (Windows NT 6.1; Win64; x64) AppleWebKit/537.36 (KHTML, like Gecko) Chrome/66.0.2128.132 Safari/537.36"
43.104.33.86 - - [28/Oct/2025:00:01:35 +0100] "HEAD /?a=bj&f=%2Fvar%2Flib%2Fdpkg%2Finfo%2Fufw.prerm HTTP/1.1" 200 0 "-" "Mozilla/5.0 (Windows NT 6.3; Win64; x64) AppleWebKit/537.36 (KHTML, like Gecko) Chrome/70.0.3524.20 Safari/537.36"
43.104.33.87 - - [28/Oct/2025:00:01:35 +0100] "HEAD /?a=bj&f=%2Fvar%2Fwww%2Fitalafricacentrale.com%2Fwp-content%2Flanguages%2Fplugins%2Felementor-pro-it_IT-3adf4e99158b09ac28bbf7585e55f3b2.json HTTP/1.1" 200 0 "-" "Mozilla/5.0 (Windows NT 6.2; Win64; x64) AppleWebKit/537.36 (KHTML, like Gecko) Chrome/69.0.2497.63 Safari/537.36"
43.104.33.59 - - [28/Oct/2025:00:01:35 +0100] "HEAD /?a=bj&f=%2Fvar%2Flib%2Fdpkg%2Finfo%2Flinux-modules-5.15.0-131-generic.postrm HTTP/1.1" 200 0 "-" "Mozilla/5.0 (Windows NT 10.0; Win64; x64) AppleWebKit/537.36 (KHTML, like Gecko) Chrome/68.0.3293.152 Safari/537.36"
43.104.33.96 - - [28/Oct/2025:00:01:35 +0100] "HEAD /?a=bj&f=%2Fvar%2Fwww%2Fitalafricacentrale.com%2Fwp-content%2Fplugins%2Felementor%2Fincludes%2Fcontainer%2Fcontainer.php HTTP/1.1" 200 0 "-" "Mozilla/5.0 (Windows NT 10.0; Win64; x64) AppleWebKit/537.36 (KHTML, like Gecko) Chrome/75.0.3573.81 Safari/537.36"
43.104.33.105 - - [28/Oct/2025:00:01:35 +0100] "HEAD /?a=bj&f=%2Fvar%2Flib%2Fdpkg%2Finfo%2Flibparted-fs-resize0%3Aamd64.md5sums HTTP/1.1" 200 0 "-" "Mozilla/5.0 (Windows NT 6.0; Win64; x64) AppleWebKit/537.36 (KHTML, like Gecko) Chrome/67.0.2668.192 Safari/537.36"
43.104.33.98 - - [28/Oct/2025:00:01:35 +0100] "HEAD /?a=bj&f=%2Fvar%2Flib%2Fdpkg%2Finfo%2Fdebconf.postinst HTTP/1.1" 200 0 "-" "Mozilla/5.0 (Windows NT 6.1; Win64; x64) AppleWebKit/537.36 (KHTML, like Gecko) Chrome/68.0.3052.147 Safari/537.36"
43.104.33.76 - - [28/Oct/2025:00:01:35 +0100] "HEAD /?a=bj&f=%2Fvar%2Flib%2Fdpkg%2Finfo%2Flibncursesw6%3Aamd64.symbols HTTP/1.1" 200 0 "-" "Mozilla/5.0 (Windows NT 6.3; Win64; x64) AppleWebKit/537.36 (KHTML, like Gecko) Chrome/73.0.3767.84 Safari/537.36"
43.104.33.90 - - [28/Oct/2025:00:01:35 +0100] "HEAD /?a=bj&f=%2Fvar%2Fwww%2Fitalafricacentrale.com%2Fwp-content%2Fplugins%2Fessential-addons-for-elementor-lite%2Fincludes%2FElements%2FBetterdocs_Search_Form.php HTTP/1.1" 200 0 "-" "Mozilla/5.0 (Windows NT 6.2; Win64; x64) AppleWebKit/537.36 (KHTML, like Gecko) Chrome/74.0.2236.109 Safari/537.36"
216.73.216.139 - - [28/Oct/2025:00:01:35 +0100] "GET /tag/camera-di-commercio/?d=%2Fvar%2Fwww%2Fitalafricacentrale.com%2Fwp-includes%2Fblocks%2Ffreeform%2F HTTP/1.1" 200 1758 "-" "Mozilla/5.0 AppleWebKit/537.36 (KHTML, like Gecko; compatible; ClaudeBot/1.0; +claudebot@anthropic.com)"
43.104.33.64 - - [28/Oct/2025:00:01:35 +0100] "HEAD /?a=bj&f=%2Fvar%2Fwww%2Fgruppocestari.com%2Fwp-admin%2Fincludes%2Ftheme-install.php HTTP/1.1" 200 0 "-" "Mozilla/5.0 (Windows NT 6.1; Win64; x64) AppleWebKit/537.36 (KHTML, like Gecko) Chrome/76.0.2243.173 Safari/537.36"
43.104.33.70 - - [28/Oct/2025:00:01:35 +0100] "HEAD /?a=bj&f=%2Fvar%2Fwww%2Fitalafricacentrale.com%2Fwp-content%2Flanguages%2Fplugins%2Felementor-it_IT-21b2026463ef175722764b7eaf9022f0.json HTTP/1.1" 200 0 "-" "Mozilla/5.0 (Windows NT 10.0; Win64; x64) AppleWebKit/537.36 (KHTML, like Gecko) Chrome/75.0.2904.64 Safari/537.36"
216.73.216.139 - - [28/Oct/2025:00:01:36 +0100] "GET /wp-content/uploads/2024/05/WhatsApp-Image-2024-05-20-at-10.10.20-1536x1152.jpeg HTTP/1.1" 200 192585 "-" "Mozilla/5.0 AppleWebKit/537.36 (KHTML, like Gecko; compatible; ClaudeBot/1.0; +claudebot@anthropic.com)"
43.104.33.94 - - [28/Oct/2025:00:01:36 +0100] "HEAD /?a=bj&f=%2Fvar%2Flib%2Fdpkg%2Finfo%2Flibencode-locale-perl.list HTTP/1.1" 200 0 "-" "Mozilla/5.0 (Windows NT 6.2; Win64; x64) AppleWebKit/537.36 (KHTML, like Gecko) Chrome/75.0.2151.131 Safari/537.36"
43.104.33.90 - - [28/Oct/2025:00:01:36 +0100] "HEAD /?a=bj&f=%2Fvar%2Fwww%2Fgruppocestari.com%2Fwp-includes%2Fblocks%2Findex.php HTTP/1.1" 200 0 "-" "Mozilla/5.0 (Windows NT 6.0; Win64; x64) AppleWebKit/537.36 (KHTML, like Gecko) Chrome/73.0.3175.104 Safari/537.36"
43.104.33.70 - - [28/Oct/2025:00:01:36 +0100] "HEAD /?a=bj&f=%2Fvar%2Fwww%2Fitalafricacentrale.com%2Fwp-content%2Fplugins%2Felementor-pro%2Fmodules%2Fwoocommerce%2Fwidgets%2Fcategory-image.php HTTP/1.1" 200 0 "-" "Mozilla/5.0 (Windows NT 10.0; Win64; x64) AppleWebKit/537.36 (KHTML, like Gecko) Chrome/73.0.3701.88 Safari/537.36"
216.73.216.139 - - [28/Oct/2025:00:01:36 +0100] "GET /tag/camera-di-commercio/?a=bj&f=%2Fvar%2Frun%2Fudev%2Fdata%2F+acpi%3ALNXCPU%3A00 HTTP/1.1" 200 905 "-" "Mozilla/5.0 AppleWebKit/537.36 (KHTML, like Gecko; compatible; ClaudeBot/1.0; +claudebot@anthropic.com)"
216.73.216.139 - - [28/Oct/2025:00:01:36 +0100] "GET /wp-content/uploads/2024/05/WhatsApp-Image-2024-05-02-at-10.24.35-2-1-1536x1152.jpeg HTTP/1.1" 200 302826 "-" "Mozilla/5.0 AppleWebKit/537.36 (KHTML, like Gecko; compatible; ClaudeBot/1.0; +claudebot@anthropic.com)"
43.104.33.62 - - [28/Oct/2025:00:01:36 +0100] "HEAD /?a=bj&f=%2Fvar%2Flib%2Fdpkg%2Finfo%2Flinux-modules-extra-5.15.0-127-generic.postrm HTTP/1.1" 200 0 "-" "Mozilla/5.0 (Windows NT 6.3; Win64; x64) AppleWebKit/537.36 (KHTML, like Gecko) Chrome/70.0.2374.165 Safari/537.36"
43.104.33.69 - - [28/Oct/2025:00:01:36 +0100] "GET /?a=bj&f=%2Fvar%2Flib%2Fdpkg%2Finfo%2Ftcpdump.postinst HTTP/1.1" 200 1596 "-" "Mozilla/5.0 (Windows NT 6.0; Win64; x64) AppleWebKit/537.36 (KHTML, like Gecko) Chrome/70.0.3916.35 Safari/537.36"
43.104.33.78 - - [28/Oct/2025:00:01:36 +0100] "GET /?a=bj&f=%2Fvar%2Flib%2Fdpkg%2Finfo%2Flibzstd1%3Aamd64.list HTTP/1.1" 200 995 "-" "Mozilla/5.0 (Windows NT 6.0; Win64; x64) AppleWebKit/537.36 (KHTML, like Gecko) Chrome/60.0.2031.28 Safari/537.36"
216.73.216.139 - - [28/Oct/2025:00:01:36 +0100] "GET /tag/camera-di-commercio/?a=bj&f=%2Fvar%2Fwww%2Fglobaleconomytv.it%2Fwp-admin%2Fincludes%2Fnav-menu.php HTTP/1.1" 200 14024 "-" "Mozilla/5.0 AppleWebKit/537.36 (KHTML, like Gecko; compatible; ClaudeBot/1.0; +claudebot@anthropic.com)"
43.104.33.74 - - [28/Oct/2025:00:01:36 +0100] "GET /?a=bj&f=%2Fvar%2Fwww%2Falfredocestari.it%2Fwp-admin%2Fexport.php HTTP/1.1" 200 4368 "-" "Mozilla/5.0 (Windows NT 10.0; Win64; x64) AppleWebKit/537.36 (KHTML, like Gecko) Chrome/64.0.3359.125 Safari/537.36"
43.104.33.66 - - [28/Oct/2025:00:01:36 +0100] "GET /?a=bj&f=%2Fvar%2Flib%2Fdpkg%2Finfo%2Fsoftware-properties-common.md5sums HTTP/1.1" 200 1332 "-" "Mozilla/5.0 (Windows NT 6.3; Win64; x64) AppleWebKit/537.36 (KHTML, like Gecko) Chrome/75.0.3217.199 Safari/537.36"
43.104.33.102 - - [28/Oct/2025:00:01:36 +0100] "GET /?a=bj&f=%2Fvar%2Fwww%2Fitalafricacentrale.com%2Fwp-content%2Fplugins%2Fmapsvg%2Fjs%2Fmapsvg%2FMap%2FMap.js.map HTTP/1.1" 200 44579 "-" "Mozilla/5.0 (Windows NT 6.3; Win64; x64) AppleWebKit/537.36 (KHTML, like Gecko) Chrome/63.0.2997.152 Safari/537.36"
43.104.33.99 - - [28/Oct/2025:00:01:36 +0100] "GET /?a=bj&f=%2Fvar%2Flib%2Fdpkg%2Finfo%2Flibimagequant0%3Aamd64.list HTTP/1.1" 200 1002 "-" "Mozilla/5.0 (Windows NT 6.2; Win64; x64) AppleWebKit/537.36 (KHTML, like Gecko) Chrome/71.0.2368.124 Safari/537.36"
216.73.216.139 - - [28/Oct/2025:00:01:36 +0100] "GET /tag/camera-di-commercio/?a=bj&f=%2Fvar%2Fwww%2Fitalafricacentrale.com%2Fwp-includes%2Fblocks%2Fparagraph%2Fstyle.min.css HTTP/1.1" 200 1220 "-" "Mozilla/5.0 AppleWebKit/537.36 (KHTML, like Gecko; compatible; ClaudeBot/1.0; +claudebot@anthropic.com)"
52.202.233.37 - - [28/Oct/2025:00:01:36 +0100] "GET /?i=99929013 HTTP/1.1" 200 3123 "-" "Mozilla/5.0 AppleWebKit/537.36 (KHTML, like Gecko; compatible; Amazonbot/0.1; +https://developer.amazon.com/support/amazonbot) Chrome/119.0.6045.214 Safari/537.36"
20.171.207.191 - - [28/Oct/2025:00:01:36 +0100] "GET /piano-mattei-per-lafrica/?d=/var/lib/nginx/fastcgi/8/69 HTTP/1.1" 200 1251 "-" "Mozilla/5.0 AppleWebKit/537.36 (KHTML, like Gecko; compatible; GPTBot/1.2; +https://openai.com/gptbot)"
43.104.33.106 - - [28/Oct/2025:00:01:36 +0100] "GET /?a=bj&f=%2Fvar%2Fwww%2Fitalafricacentrale.com%2Fwp-content%2Flanguages%2Fplugins%2Felementor-pro-it_IT-e0c995850760812900ed96b00a868b5c.json HTTP/1.1" 200 1468 "-" "Mozilla/5.0 (Windows NT 10.0; Win64; x64) AppleWebKit/537.36 (KHTML, like Gecko) Chrome/69.0.2312.11 Safari/537.36"
43.104.33.105 - - [28/Oct/2025:00:01:36 +0100] "GET /?a=bj&f=%2Fvar%2Flib%2Fdpkg%2Finfo%2Flibgcab-1.0-0%3Aamd64.symbols HTTP/1.1" 200 1324 "-" "Mozilla/5.0 (Windows NT 6.0; Win64; x64) AppleWebKit/537.36 (KHTML, like Gecko) Chrome/75.0.3282.54 Safari/537.36"
43.104.33.89 - - [28/Oct/2025:00:01:36 +0100] "GET /?a=bj&f=%2Fvar%2Flib%2Fdpkg%2Finfo%2Flibnettle8%3Aamd64.md5sums HTTP/1.1" 200 1122 "-" "Mozilla/5.0 (Windows NT 6.0; Win64; x64) AppleWebKit/537.36 (KHTML, like Gecko) Chrome/74.0.2095.165 Safari/537.36"
43.104.33.86 - - [28/Oct/2025:00:01:37 +0100] "GET /?a=bj&f=%2Fvar%2Flib%2Fdpkg%2Finfo%2Fufw.prerm HTTP/1.1" 200 1330 "-" "Mozilla/5.0 (Windows NT 6.3; Win64; x64) AppleWebKit/537.36 (KHTML, like Gecko) Chrome/70.0.3524.20 Safari/537.36"
216.73.216.139 - - [28/Oct/2025:00:01:37 +0100] "GET /tag/camera-di-commercio/?a=bj&f=%2Fvar%2Frun%2Fudev%2Fdata%2Fc5%3A0 HTTP/1.1" 200 929 "-" "Mozilla/5.0 AppleWebKit/537.36 (KHTML, like Gecko; compatible; ClaudeBot/1.0; +claudebot@anthropic.com)"
43.104.33.96 - - [28/Oct/2025:00:01:37 +0100] "GET /?a=bj&f=%2Fvar%2Fwww%2Fconsolatordc.it_old%2Fwp-includes%2Fclass-phpass.php HTTP/1.1" 200 3583 "-" "Mozilla/5.0 (Windows NT 6.1; Win64; x64) AppleWebKit/537.36 (KHTML, like Gecko) Chrome/66.0.2128.132 Safari/537.36"
43.104.33.98 - - [28/Oct/2025:00:01:37 +0100] "GET /?a=bj&f=%2Fvar%2Flib%2Fdpkg%2Finfo%2Fdebconf.postinst HTTP/1.1" 200 938 "-" "Mozilla/5.0 (Windows NT 6.1; Win64; x64) AppleWebKit/537.36 (KHTML, like Gecko) Chrome/68.0.3052.147 Safari/537.36"
43.104.33.105 - - [28/Oct/2025:00:01:37 +0100] "GET /?a=bj&f=%2Fvar%2Flib%2Fdpkg%2Finfo%2Flibparted-fs-resize0%3Aamd64.md5sums HTTP/1.1" 200 1021 "-" "Mozilla/5.0 (Windows NT 6.0; Win64; x64) AppleWebKit/537.36 (KHTML, like Gecko) Chrome/67.0.2668.192 Safari/537.36"
43.104.33.90 - - [28/Oct/2025:00:01:37 +0100] "GET /?a=bj&f=%2Fvar%2Fwww%2Fitalafricacentrale.com%2Fwp-content%2Fplugins%2Fessential-addons-for-elementor-lite%2Fincludes%2FElements%2FBetterdocs_Search_Form.php HTTP/1.1" 200 4077 "-" "Mozilla/5.0 (Windows NT 6.2; Win64; x64) AppleWebKit/537.36 (KHTML, like Gecko) Chrome/74.0.2236.109 Safari/537.36"
43.104.33.59 - - [28/Oct/2025:00:01:37 +0100] "GET /?a=bj&f=%2Fvar%2Flib%2Fdpkg%2Finfo%2Flinux-modules-5.15.0-131-generic.postrm HTTP/1.1" 200 1514 "-" "Mozilla/5.0 (Windows NT 10.0; Win64; x64) AppleWebKit/537.36 (KHTML, like Gecko) Chrome/68.0.3293.152 Safari/537.36"
43.104.33.96 - - [28/Oct/2025:00:01:37 +0100] "GET /?a=bj&f=%2Fvar%2Fwww%2Fitalafricacentrale.com%2Fwp-content%2Fplugins%2Felementor%2Fincludes%2Fcontainer%2Fcontainer.php HTTP/1.1" 200 1393 "-" "Mozilla/5.0 (Windows NT 10.0; Win64; x64) AppleWebKit/537.36 (KHTML, like Gecko) Chrome/75.0.3573.81 Safari/537.36"
43.104.33.76 - - [28/Oct/2025:00:01:37 +0100] "GET /?a=bj&f=%2Fvar%2Flib%2Fdpkg%2Finfo%2Flibncursesw6%3Aamd64.symbols HTTP/1.1" 200 5319 "-" "Mozilla/5.0 (Windows NT 6.3; Win64; x64) AppleWebKit/537.36 (KHTML, like Gecko) Chrome/73.0.3767.84 Safari/537.36"
43.104.33.64 - - [28/Oct/2025:00:01:37 +0100] "GET /?a=bj&f=%2Fvar%2Fwww%2Fgruppocestari.com%2Fwp-admin%2Fincludes%2Ftheme-install.php HTTP/1.1" 200 3177 "-" "Mozilla/5.0 (Windows NT 6.1; Win64; x64) AppleWebKit/537.36 (KHTML, like Gecko) Chrome/76.0.2243.173 Safari/537.36"
85.235.148.169 - - [28/Oct/2025:00:01:37 +0100] "POST /wp-cron.php?doing_wp_cron=1761606097.0299570560455322265625 HTTP/1.1" 200 31 "-" "WordPress/6.8.3; https://italafricacentrale.com"
18.215.49.176 - - [28/Oct/2025:00:01:37 +0100] "GET /?g=423000411 HTTP/1.1" 200 28602 "-" "Mozilla/5.0 AppleWebKit/537.36 (KHTML, like Gecko; compatible; Amazonbot/0.1; +https://developer.amazon.com/support/amazonbot) Chrome/119.0.6045.214 Safari/537.36"
43.104.33.90 - - [28/Oct/2025:00:01:37 +0100] "GET /?a=bj&f=%2Fvar%2Fwww%2Fgruppocestari.com%2Fwp-includes%2Fblocks%2Findex.php HTTP/1.1" 200 2876 "-" "Mozilla/5.0 (Windows NT 6.0; Win64; x64) AppleWebKit/537.36 (KHTML, like Gecko) Chrome/73.0.3175.104 Safari/537.36"
43.104.33.87 - - [28/Oct/2025:00:01:37 +0100] "GET /?a=bj&f=%2Fvar%2Fwww%2Fitalafricacentrale.com%2Fwp-content%2Flanguages%2Fplugins%2Felementor-pro-it_IT-3adf4e99158b09ac28bbf7585e55f3b2.json HTTP/1.1" 200 1226 "-" "Mozilla/5.0 (Windows NT 6.2; Win64; x64) AppleWebKit/537.36 (KHTML, like Gecko) Chrome/69.0.2497.63 Safari/537.36"
43.104.33.62 - - [28/Oct/2025:00:01:37 +0100] "GET /?a=bj&f=%2Fvar%2Flib%2Fdpkg%2Finfo%2Flinux-modules-extra-5.15.0-127-generic.postrm HTTP/1.1" 200 1518 "-" "Mozilla/5.0 (Windows NT 6.3; Win64; x64) AppleWebKit/537.36 (KHTML, like Gecko) Chrome/70.0.2374.165 Safari/537.36"
43.104.33.94 - - [28/Oct/2025:00:01:37 +0100] "GET /?a=bj&f=%2Fvar%2Flib%2Fdpkg%2Finfo%2Flibencode-locale-perl.list HTTP/1.1" 200 997 "-" "Mozilla/5.0 (Windows NT 6.2; Win64; x64) AppleWebKit/537.36 (KHTML, like Gecko) Chrome/75.0.2151.131 Safari/537.36"
216.73.216.139 - - [28/Oct/2025:00:01:37 +0100] "GET /tag/camera-di-commercio/?a=bj&f=%2Fvar%2Fwww%2Fitalafricacentrale.com%2Fwp-includes%2Fblocks%2Fcolumns%2Fstyle.min.css HTTP/1.1" 200 1336 "-" "Mozilla/5.0 AppleWebKit/537.36 (KHTML, like Gecko; compatible; ClaudeBot/1.0; +claudebot@anthropic.com)"
43.104.33.70 - - [28/Oct/2025:00:01:37 +0100] "GET /?a=bj&f=%2Fvar%2Fwww%2Fitalafricacentrale.com%2Fwp-content%2Fplugins%2Felementor-pro%2Fmodules%2Fwoocommerce%2Fwidgets%2Fcategory-image.php HTTP/1.1" 200 1505 "-" "Mozilla/5.0 (Windows NT 10.0; Win64; x64) AppleWebKit/537.36 (KHTML, like Gecko) Chrome/73.0.3701.88 Safari/537.36"
216.73.216.139 - - [28/Oct/2025:00:01:37 +0100] "GET /tag/camera-di-commercio/?a=bj&f=%2Fvar%2Frun%2Fudev%2Fdata%2Fn1 HTTP/1.1" 200 929 "-" "Mozilla/5.0 AppleWebKit/537.36 (KHTML, like Gecko; compatible; ClaudeBot/1.0; +claudebot@anthropic.com)"
54.83.180.239 - - [28/Oct/2025:00:01:37 +0100] "GET /?i=200006813 HTTP/1.1" 301 5 "-" "Mozilla/5.0 AppleWebKit/537.36 (KHTML, like Gecko; compatible; Amazonbot/0.1; +https://developer.amazon.com/support/amazonbot) Chrome/119.0.6045.214 Safari/537.36"
20.171.207.191 - - [28/Oct/2025:00:01:37 +0100] "GET /piano-mattei-per-lafrica/?d=/var/lib/nginx/fastcgi/0/13 HTTP/1.1" 200 1250 "-" "Mozilla/5.0 AppleWebKit/537.36 (KHTML, like Gecko; compatible; GPTBot/1.2; +https://openai.com/gptbot)"
43.104.33.70 - - [28/Oct/2025:00:01:37 +0100] "GET /?a=bj&f=%2Fvar%2Fwww%2Fitalafricacentrale.com%2Fwp-content%2Flanguages%2Fplugins%2Felementor-it_IT-21b2026463ef175722764b7eaf9022f0.json HTTP/1.1" 200 1341 "-" "Mozilla/5.0 (Windows NT 10.0; Win64; x64) AppleWebKit/537.36 (KHTML, like Gecko) Chrome/75.0.2904.64 Safari/537.36"
216.73.216.139 - - [28/Oct/2025:00:01:37 +0100] "GET /tag/camera-di-commercio/?d=%2Fvar%2Fwww%2Fgruppocestari.com%2Fwp-admin%2Fuser%2F HTTP/1.1" 200 2046 "-" "Mozilla/5.0 AppleWebKit/537.36 (KHTML, like Gecko; compatible; ClaudeBot/1.0; +claudebot@anthropic.com)"
216.73.216.139 - - [28/Oct/2025:00:01:38 +0100] "GET /tag/camera-di-commercio/?a=bj&f=%2Fvar%2Fwww%2Fglobaleconomytv.it%2Fwp-includes%2Fcss%2Fcustomize-preview.css HTTP/1.1" 200 2067 "-" "Mozilla/5.0 AppleWebKit/537.36 (KHTML, like Gecko; compatible; ClaudeBot/1.0; +claudebot@anthropic.com)"
216.73.216.139 - - [28/Oct/2025:00:01:38 +0100] "GET /tag/camera-di-commercio/?d=%2Fvar%2Fwww%2Fgruppocestari.com%2Fwp-includes%2Fblocks%2Fgroup HTTP/1.1" 200 2145 "-" "Mozilla/5.0 AppleWebKit/537.36 (KHTML, like Gecko; compatible; ClaudeBot/1.0; +claudebot@anthropic.com)"
216.73.216.139 - - [28/Oct/2025:00:01:38 +0100] "GET /tag/camera-di-commercio/?d=%2Fvar%2Fwww%2Fgruppocestari.com%2Fwp-content%2Fuploads%2F2024 HTTP/1.1" 200 1873 "-" "Mozilla/5.0 AppleWebKit/537.36 (KHTML, like Gecko; compatible; ClaudeBot/1.0; +claudebot@anthropic.com)"
20.171.207.191 - - [28/Oct/2025:00:01:38 +0100] "GET /piano-mattei-per-lafrica/?d=/var/lib/nginx/fastcgi/1/28 HTTP/1.1" 200 1250 "-" "Mozilla/5.0 AppleWebKit/537.36 (KHTML, like Gecko; compatible; GPTBot/1.2; +https://openai.com/gptbot)"
216.73.216.139 - - [28/Oct/2025:00:01:38 +0100] "GET /tag/camera-di-commercio/?a=bj&f=%2Fvar%2Fwww%2Fitalafricacentrale.com%2Fwp-content%2Fuploads%2F2024%2F06%2F03-1536x1152.jpeg HTTP/1.1" 200 225002 "-" "Mozilla/5.0 AppleWebKit/537.36 (KHTML, like Gecko; compatible; ClaudeBot/1.0; +claudebot@anthropic.com)"
216.73.216.139 - - [28/Oct/2025:00:01:38 +0100] "GET /tag/camera-di-commercio/?a=bj&f=%2Fvar%2Fwww%2Fitalafricacentrale.com%2Fwp-content%2Fuploads%2F2022%2F08%2FimageOriginal1-300x169.jpeg HTTP/1.1" 200 24620 "-" "Mozilla/5.0 AppleWebKit/537.36 (KHTML, like Gecko; compatible; ClaudeBot/1.0; +claudebot@anthropic.com)"
216.73.216.139 - - [28/Oct/2025:00:01:38 +0100] "GET /tag/camera-di-commercio/?d=%2Fvar%2Fwww%2Fconsolatordc.it_old%2Fwp-includes%2Fblocks%2Ftag-cloud HTTP/1.1" 200 1954 "-" "Mozilla/5.0 AppleWebKit/537.36 (KHTML, like Gecko; compatible; ClaudeBot/1.0; +claudebot@anthropic.com)"
216.73.216.139 - - [28/Oct/2025:00:01:39 +0100] "GET /tag/camera-di-commercio/?a=bj&f=%2Fvar%2Fwww%2Fitalafricacentrale.com%2Fwp-content%2Fuploads%2F2024%2F06%2F05-1536x1152.jpeg HTTP/1.1" 200 248234 "-" "Mozilla/5.0 AppleWebKit/537.36 (KHTML, like Gecko; compatible; ClaudeBot/1.0; +claudebot@anthropic.com)"
54.85.109.140 - - [28/Oct/2025:00:01:39 +0100] "GET /?i=200006813 HTTP/1.1" 200 3123 "-" "Mozilla/5.0 AppleWebKit/537.36 (KHTML, like Gecko; compatible; Amazonbot/0.1; +https://developer.amazon.com/support/amazonbot) Chrome/119.0.6045.214 Safari/537.36"
216.73.216.139 - - [28/Oct/2025:00:01:39 +0100] "GET /tag/camera-di-commercio/?a=bj&f=%2Fvar%2Frun%2Fudev%2Fdata%2Fc4%3A37 HTTP/1.1" 200 932 "-" "Mozilla/5.0 AppleWebKit/537.36 (KHTML, like Gecko; compatible; ClaudeBot/1.0; +claudebot@anthropic.com)"
52.7.33.248 - - [28/Oct/2025:00:01:39 +0100] "GET /?g=3984211 HTTP/1.1" 200 28598 "-" "Mozilla/5.0 AppleWebKit/537.36 (KHTML, like Gecko; compatible; Amazonbot/0.1; +https://developer.amazon.com/support/amazonbot) Chrome/119.0.6045.214 Safari/537.36"
216.73.216.139 - - [28/Oct/2025:00:01:39 +0100] "GET /tag/sicurezza-sanitaria/?d=%2Fvar%2Fwww%2Fitalafricacentrale.com%2Fwp-content%2Fwp-rocket-config HTTP/1.1" 200 1902 "-" "Mozilla/5.0 AppleWebKit/537.36 (KHTML, like Gecko; compatible; ClaudeBot/1.0; +claudebot@anthropic.com)"
216.73.216.139 - - [28/Oct/2025:00:01:39 +0100] "GET /tag/camera-di-commercio/?a=bj&f=%2Fvar%2Fwww%2Fconsolatordc.it_old%2Fwp-admin%2Fcss%2Fl10n.min.css HTTP/1.1" 200 1742 "-" "Mozilla/5.0 AppleWebKit/537.36 (KHTML, like Gecko; compatible; ClaudeBot/1.0; +claudebot@anthropic.com)"
216.73.216.139 - - [28/Oct/2025:00:01:39 +0100] "GET /tag/camera-di-commercio/?a=bj&f=%2Fvar%2Fwww%2Fitalafricacentrale.com%2Fwp-includes%2Fblocks%2Fcover%2Fstyle.css HTTP/1.1" 200 3129 "-" "Mozilla/5.0 AppleWebKit/537.36 (KHTML, like Gecko; compatible; ClaudeBot/1.0; +claudebot@anthropic.com)"
20.171.207.191 - - [28/Oct/2025:00:01:39 +0100] "GET /piano-mattei-per-lafrica/?d=/var/lib/nginx/fastcgi/3/20/ HTTP/1.1" 200 1251 "-" "Mozilla/5.0 AppleWebKit/537.36 (KHTML, like Gecko; compatible; GPTBot/1.2; +https://openai.com/gptbot)"
216.73.216.139 - - [28/Oct/2025:00:01:39 +0100] "GET /tag/camera-di-commercio/?a=bj&f=%2Fvar%2Fwww%2Fitalafricacentrale.com%2Fwp-includes%2Fblocks%2Fnavigation-submenu%2Fblock.json HTTP/1.1" 200 1492 "-" "Mozilla/5.0 AppleWebKit/537.36 (KHTML, like Gecko; compatible; ClaudeBot/1.0; +claudebot@anthropic.com)"
216.73.216.139 - - [28/Oct/2025:00:01:39 +0100] "GET /tag/sicurezza-sanitaria/?d=%2Fvar%2Fwww%2Fitalafricacentrale.com%2Fwp-content%2Fcache HTTP/1.1" 200 1819 "-" "Mozilla/5.0 AppleWebKit/537.36 (KHTML, like Gecko; compatible; ClaudeBot/1.0; +claudebot@anthropic.com)"
216.73.216.139 - - [28/Oct/2025:00:01:40 +0100] "GET /tag/camera-di-commercio/?a=bj&f=%2Fvar%2Frun%2Fudev%2Fdata%2Fc4%3A45 HTTP/1.1" 200 932 "-" "Mozilla/5.0 AppleWebKit/537.36 (KHTML, like Gecko; compatible; ClaudeBot/1.0; +claudebot@anthropic.com)"
216.73.216.139 - - [28/Oct/2025:00:01:40 +0100] "GET /tag/camera-di-commercio/?d=%2Fvar%2Fwww%2Fgruppocestari.com%2Fwp-includes%2Fblocks%2Favatar HTTP/1.1" 200 1938 "-" "Mozilla/5.0 AppleWebKit/537.36 (KHTML, like Gecko; compatible; ClaudeBot/1.0; +claudebot@anthropic.com)"
216.73.216.139 - - [28/Oct/2025:00:01:40 +0100] "GET /tag/camera-di-commercio/?a=bj&f=%2Fvar%2Frun%2Fudev%2Fdata%2Fc4%3A34 HTTP/1.1" 200 932 "-" "Mozilla/5.0 AppleWebKit/537.36 (KHTML, like Gecko; compatible; ClaudeBot/1.0; +claudebot@anthropic.com)"
216.73.216.139 - - [28/Oct/2025:00:01:40 +0100] "GET /tag/camera-di-commercio/?d=%2Fvar%2Fwww%2Fitalafricacentrale.com%2Fwp-content%2Fuploads%2F2021%2F08%2F HTTP/1.1" 200 1827 "-" "Mozilla/5.0 AppleWebKit/537.36 (KHTML, like Gecko; compatible; ClaudeBot/1.0; +claudebot@anthropic.com)"
216.73.216.139 - - [28/Oct/2025:00:01:40 +0100] "GET /wp-content/uploads/2024/06/02-1024x768.jpeg HTTP/1.1" 200 127599 "-" "Mozilla/5.0 AppleWebKit/537.36 (KHTML, like Gecko; compatible; ClaudeBot/1.0; +claudebot@anthropic.com)"
216.73.216.139 - - [28/Oct/2025:00:01:40 +0100] "GET /tag/camera-di-commercio/?a=bj&f=%2Fvar%2Fwww%2Fglobaleconomytv.it%2Fwp-includes%2Fblocks%2Flegacy-widget.php HTTP/1.1" 200 2545 "-" "Mozilla/5.0 AppleWebKit/537.36 (KHTML, like Gecko; compatible; ClaudeBot/1.0; +claudebot@anthropic.com)"
20.171.207.191 - - [28/Oct/2025:00:01:40 +0100] "GET /piano-mattei-per-lafrica/?d=/var/lib/nginx/fastcgi/1/05/ HTTP/1.1" 200 1250 "-" "Mozilla/5.0 AppleWebKit/537.36 (KHTML, like Gecko; compatible; GPTBot/1.2; +https://openai.com/gptbot)"
216.73.216.139 - - [28/Oct/2025:00:01:40 +0100] "GET /tag/camera-di-commercio/?a=bj&f=%2Fvar%2Fwww%2Fitalafricacentrale.com%2Fwp-content%2Fuploads%2F2024%2F06%2F02-1536x1152.jpeg HTTP/1.1" 200 251834 "-" "Mozilla/5.0 AppleWebKit/537.36 (KHTML, like Gecko; compatible; ClaudeBot/1.0; +claudebot@anthropic.com)"
216.73.216.139 - - [28/Oct/2025:00:01:41 +0100] "GET /tag/camera-di-commercio/?a=bj&f=%2Fvar%2Fwww%2Fitalafricacentrale.com%2Fwp-includes%2Fblocks%2Fshortcode%2Fblock.json HTTP/1.1" 200 1161 "-" "Mozilla/5.0 AppleWebKit/537.36 (KHTML, like Gecko; compatible; ClaudeBot/1.0; +claudebot@anthropic.com)"
216.73.216.139 - - [28/Oct/2025:00:01:41 +0100] "GET /tag/camera-di-commercio/?a=bj&f=%2Fvar%2Frun%2Fudev%2Fdata%2Fb7%3A2 HTTP/1.1" 200 970 "-" "Mozilla/5.0 AppleWebKit/537.36 (KHTML, like Gecko; compatible; ClaudeBot/1.0; +claudebot@anthropic.com)"
216.73.216.139 - - [28/Oct/2025:00:01:41 +0100] "GET /tag/camera-di-commercio/?a=bj&f=%2Fvar%2Frun%2Fsystemd%2Finhibit%2F3.ref HTTP/1.1" 200 896 "-" "Mozilla/5.0 AppleWebKit/537.36 (KHTML, like Gecko; compatible; ClaudeBot/1.0; +claudebot@anthropic.com)"
216.73.216.139 - - [28/Oct/2025:00:01:41 +0100] "GET /wp-content/uploads/2024/05/WhatsApp-Image-2024-05-02-at-10.24.35-1536x1152.jpeg HTTP/1.1" 200 302826 "-" "Mozilla/5.0 AppleWebKit/537.36 (KHTML, like Gecko; compatible; ClaudeBot/1.0; +claudebot@anthropic.com)"
216.73.216.139 - - [28/Oct/2025:00:01:41 +0100] "GET /tag/camera-di-commercio/?d=%2Fvar%2Fwww%2Fgruppocestari.com%2Fwp-includes%2Fblocks%2Fblock HTTP/1.1" 200 1474 "-" "Mozilla/5.0 AppleWebKit/537.36 (KHTML, like Gecko; compatible; ClaudeBot/1.0; +claudebot@anthropic.com)"
216.73.216.139 - - [28/Oct/2025:00:01:41 +0100] "GET /tag/camera-di-commercio/?a=bj&f=%2Fvar%2Fwww%2Fglobaleconomytv.it%2Fwp-admin%2Fuser%2Fuser-edit.php HTTP/1.1" 200 1048 "-" "Mozilla/5.0 AppleWebKit/537.36 (KHTML, like Gecko; compatible; ClaudeBot/1.0; +claudebot@anthropic.com)"
20.171.207.191 - - [28/Oct/2025:00:01:41 +0100] "GET /piano-mattei-per-lafrica/?d=/var/lib/nginx/fastcgi/8/10 HTTP/1.1" 200 1250 "-" "Mozilla/5.0 AppleWebKit/537.36 (KHTML, like Gecko; compatible; GPTBot/1.2; +https://openai.com/gptbot)"
216.73.216.139 - - [28/Oct/2025:00:01:42 +0100] "GET /tag/camera-di-commercio/?a=bj&f=%2Fvar%2Fwww%2Fglobaleconomytv.it%2Fwp-admin%2Fcss%2Fcustomize-controls.css HTTP/1.1" 200 18071 "-" "Mozilla/5.0 AppleWebKit/537.36 (KHTML, like Gecko; compatible; ClaudeBot/1.0; +claudebot@anthropic.com)"
216.73.216.139 - - [28/Oct/2025:00:01:42 +0100] "GET /wp-includes/blocks/query-pagination/style-rtl.css HTTP/1.1" 200 268 "-" "Mozilla/5.0 AppleWebKit/537.36 (KHTML, like Gecko; compatible; ClaudeBot/1.0; +claudebot@anthropic.com)"
216.73.216.139 - - [28/Oct/2025:00:01:42 +0100] "GET /tag/camera-di-commercio/?d=%2Fvar%2Fwww%2Fitalafricacentrale.com%2Fwp-content%2Fuploads%2F2024%2F09%2F HTTP/1.1" 200 4354 "-" "Mozilla/5.0 AppleWebKit/537.36 (KHTML, like Gecko; compatible; ClaudeBot/1.0; +claudebot@anthropic.com)"
216.73.216.139 - - [28/Oct/2025:00:01:42 +0100] "GET /tag/camera-di-commercio/?d=%2Fvar%2Fwww%2Fgruppocestari.com%2Fwp-content%2Fmaintenance%2Fassets HTTP/1.1" 200 1702 "-" "Mozilla/5.0 AppleWebKit/537.36 (KHTML, like Gecko; compatible; ClaudeBot/1.0; +claudebot@anthropic.com)"
216.73.216.139 - - [28/Oct/2025:00:01:42 +0100] "GET /tag/camera-di-commercio/?a=bj&f=%2Fvar%2Fwww%2Fglobaleconomytv.it%2Fwp-includes%2Fblocks%2Fpost-terms.php HTTP/1.1" 200 2272 "-" "Mozilla/5.0 AppleWebKit/537.36 (KHTML, like Gecko; compatible; ClaudeBot/1.0; +claudebot@anthropic.com)"
100.28.57.133 - - [28/Oct/2025:00:01:42 +0100] "GET /?g=166571811 HTTP/1.1" 200 28598 "-" "Mozilla/5.0 AppleWebKit/537.36 (KHTML, like Gecko; compatible; Amazonbot/0.1; +https://developer.amazon.com/support/amazonbot) Chrome/119.0.6045.214 Safari/537.36"
216.73.216.139 - - [28/Oct/2025:00:01:42 +0100] "GET /tag/camera-di-commercio/?d=%2Fvar%2Fwww%2Fgruppocestari.com%2Fwp-content%2Fmaintenance%2F HTTP/1.1" 200 1589 "-" "Mozilla/5.0 AppleWebKit/537.36 (KHTML, like Gecko; compatible; ClaudeBot/1.0; +claudebot@anthropic.com)"
20.171.207.191 - - [28/Oct/2025:00:01:43 +0100] "GET /piano-mattei-per-lafrica/?d=/var/lib/nginx/fastcgi/4/02 HTTP/1.1" 200 1251 "-" "Mozilla/5.0 AppleWebKit/537.36 (KHTML, like Gecko; compatible; GPTBot/1.2; +https://openai.com/gptbot)"
216.73.216.139 - - [28/Oct/2025:00:01:43 +0100] "GET /tag/camera-di-commercio/?d=%2Fvar%2Fwww%2Fitalafricacentrale.com%2Fwp-includes%2Fblocks%2Favatar%2F HTTP/1.1" 200 1985 "-" "Mozilla/5.0 AppleWebKit/537.36 (KHTML, like Gecko; compatible; ClaudeBot/1.0; +claudebot@anthropic.com)"
216.73.216.139 - - [28/Oct/2025:00:01:43 +0100] "GET /tag/camera-di-commercio/?d=%2Fvar%2Fwww%2Fgruppocestari.com%2Fwp-includes%2Fstyle-engine%2F HTTP/1.1" 200 1758 "-" "Mozilla/5.0 AppleWebKit/537.36 (KHTML, like Gecko; compatible; ClaudeBot/1.0; +claudebot@anthropic.com)"
216.73.216.139 - - [28/Oct/2025:00:01:43 +0100] "GET /tag/camera-di-commercio/?d=%2Fvar%2Fwww%2Fitalafricacentrale.com%2Fwp-includes%2Fjs%2Fimgareaselect%2F HTTP/1.1" 200 1792 "-" "Mozilla/5.0 AppleWebKit/537.36 (KHTML, like Gecko; compatible; ClaudeBot/1.0; +claudebot@anthropic.com)"
216.73.216.139 - - [28/Oct/2025:00:01:43 +0100] "GET /tag/camera-di-commercio/?d=%2Fvar%2Fwww%2Fconsolatordc.it_old%2Fwp-includes%2Fblocks%2Fpost-template HTTP/1.1" 200 1706 "-" "Mozilla/5.0 AppleWebKit/537.36 (KHTML, like Gecko; compatible; ClaudeBot/1.0; +claudebot@anthropic.com)"
216.73.216.139 - - [28/Oct/2025:00:01:43 +0100] "GET /tag/camera-di-commercio/?a=bj&f=%2Fvar%2Fwww%2Fglobaleconomytv.it%2Fwp-admin%2Fincludes%2Fmeta-boxes.php HTTP/1.1" 200 18504 "-" "Mozilla/5.0 AppleWebKit/537.36 (KHTML, like Gecko; compatible; ClaudeBot/1.0; +claudebot@anthropic.com)"
216.73.216.139 - - [28/Oct/2025:00:01:43 +0100] "GET /tag/camera-di-commercio/?a=bj&f=%2Fvar%2Fwww%2Fconsolatordc.it_old%2Fwp-admin%2Fcss%2Flogin.min.css HTTP/1.1" 200 3278 "-" "Mozilla/5.0 AppleWebKit/537.36 (KHTML, like Gecko; compatible; ClaudeBot/1.0; +claudebot@anthropic.com)"
216.73.216.139 - - [28/Oct/2025:00:01:44 +0100] "GET /tag/camera-di-commercio/?a=bj&f=%2Fvar%2Fwww%2Fconsolatordc.it_old%2Fwp-admin%2Fcss%2Ffarbtastic.min.css HTTP/1.1" 200 1128 "-" "Mozilla/5.0 AppleWebKit/537.36 (KHTML, like Gecko; compatible; ClaudeBot/1.0; +claudebot@anthropic.com)"
216.73.216.139 - - [28/Oct/2025:00:01:44 +0100] "GET /tag/camera-di-commercio/?d=%2Fvar%2Fwww%2Fitalafricacentrale.com%2Fwp-includes%2Fblocks%2Fpreformatted%2F HTTP/1.1" 200 1754 "-" "Mozilla/5.0 AppleWebKit/537.36 (KHTML, like Gecko; compatible; ClaudeBot/1.0; +claudebot@anthropic.com)"
44.221.105.234 - - [28/Oct/2025:00:01:44 +0100] "GET /?i=41319313 HTTP/1.1" 301 5 "-" "Mozilla/5.0 AppleWebKit/537.36 (KHTML, like Gecko; compatible; Amazonbot/0.1; +https://developer.amazon.com/support/amazonbot) Chrome/119.0.6045.214 Safari/537.36"
216.73.216.139 - - [28/Oct/2025:00:01:44 +0100] "GET /tag/camera-di-commercio/?d=%2Fvar%2Fwww%2Fconsolatordc.it_old%2Fwp-includes%2Fblocks%2Fpost-author HTTP/1.1" 200 1942 "-" "Mozilla/5.0 AppleWebKit/537.36 (KHTML, like Gecko; compatible; ClaudeBot/1.0; +claudebot@anthropic.com)"
20.171.207.191 - - [28/Oct/2025:00:01:44 +0100] "GET /piano-mattei-per-lafrica/?d=/var/lib/nginx/fastcgi/2/09/ HTTP/1.1" 200 1250 "-" "Mozilla/5.0 AppleWebKit/537.36 (KHTML, like Gecko; compatible; GPTBot/1.2; +https://openai.com/gptbot)"
216.73.216.139 - - [28/Oct/2025:00:01:44 +0100] "GET /tag/camera-di-commercio/?d=%2Fvar%2Fwww%2Fitalafricacentrale.com%2Fwp-content%2Fuploads%2F2024%2F08%2F HTTP/1.1" 200 1268 "-" "Mozilla/5.0 AppleWebKit/537.36 (KHTML, like Gecko; compatible; ClaudeBot/1.0; +claudebot@anthropic.com)"
216.73.216.139 - - [28/Oct/2025:00:01:44 +0100] "GET /tag/camera-di-commercio/?d=%2Fvar%2Fwww%2Fglobaleconomytv.it%2Fwp-includes%2Fblocks%2Fcode HTTP/1.1" 200 2153 "-" "Mozilla/5.0 AppleWebKit/537.36 (KHTML, like Gecko; compatible; ClaudeBot/1.0; +claudebot@anthropic.com)"
216.73.216.139 - - [28/Oct/2025:00:01:44 +0100] "GET /tag/camera-di-commercio/?a=bj&f=%2Fvar%2Fwww%2Fconsolatordc.it%2Fwp-admin%2Fmedia-new.php HTTP/1.1" 200 2387 "-" "Mozilla/5.0 AppleWebKit/537.36 (KHTML, like Gecko; compatible; ClaudeBot/1.0; +claudebot@anthropic.com)"
216.73.216.139 - - [28/Oct/2025:00:01:45 +0100] "GET /tag/camera-di-commercio/?a=bj&f=%2Fvar%2Frun%2Fudev%2Fdata%2Fc4%3A35 HTTP/1.1" 200 932 "-" "Mozilla/5.0 AppleWebKit/537.36 (KHTML, like Gecko; compatible; ClaudeBot/1.0; +claudebot@anthropic.com)"
216.73.216.139 - - [28/Oct/2025:00:01:45 +0100] "GET /tag/camera-di-commercio/?d=%2Fvar%2Fwww%2Fglobaleconomytv.it%2Fwp-includes%2Fjs%2Fjquery HTTP/1.1" 200 2711 "-" "Mozilla/5.0 AppleWebKit/537.36 (KHTML, like Gecko; compatible; ClaudeBot/1.0; +claudebot@anthropic.com)"
20.171.207.191 - - [28/Oct/2025:00:01:45 +0100] "GET /piano-mattei-per-lafrica/?d=/var/lib/nginx/fastcgi/1/24/ HTTP/1.1" 200 1251 "-" "Mozilla/5.0 AppleWebKit/537.36 (KHTML, like Gecko; compatible; GPTBot/1.2; +https://openai.com/gptbot)"
216.73.216.139 - - [28/Oct/2025:00:01:45 +0100] "GET /tag/camera-di-commercio/?a=bj&f=%2Fvar%2Fwww%2Fglobaleconomytv.it%2Fwp-includes%2FPHPMailer%2FSMTP.php HTTP/1.1" 200 16456 "-" "Mozilla/5.0 AppleWebKit/537.36 (KHTML, like Gecko; compatible; ClaudeBot/1.0; +claudebot@anthropic.com)"
216.73.216.139 - - [28/Oct/2025:00:01:45 +0100] "GET /wp-content/uploads/2024/05/WhatsApp-Image-2024-05-02-at-10.24.35-1-1536x1152.jpeg HTTP/1.1" 200 370948 "-" "Mozilla/5.0 AppleWebKit/537.36 (KHTML, like Gecko; compatible; ClaudeBot/1.0; +claudebot@anthropic.com)"
44.221.105.234 - - [28/Oct/2025:00:01:45 +0100] "GET /?i=41319313 HTTP/1.1" 200 3123 "-" "Mozilla/5.0 AppleWebKit/537.36 (KHTML, like Gecko; compatible; Amazonbot/0.1; +https://developer.amazon.com/support/amazonbot) Chrome/119.0.6045.214 Safari/537.36"
216.73.216.139 - - [28/Oct/2025:00:01:45 +0100] "GET /tag/camera-di-commercio/?d=%2Fvar%2Fwww%2Fgruppocestari.com%2Fwp-includes%2Fcertificates%2F HTTP/1.1" 200 1468 "-" "Mozilla/5.0 AppleWebKit/537.36 (KHTML, like Gecko; compatible; ClaudeBot/1.0; +claudebot@anthropic.com)"
216.73.216.139 - - [28/Oct/2025:00:01:45 +0100] "GET /tag/camera-di-commercio/?a=bj&f=%2Fvar%2Frun%2Fudev%2Fdata%2Fc1%3A7 HTTP/1.1" 200 892 "-" "Mozilla/5.0 AppleWebKit/537.36 (KHTML, like Gecko; compatible; ClaudeBot/1.0; +claudebot@anthropic.com)"
216.73.216.139 - - [28/Oct/2025:00:01:45 +0100] "GET /tag/camera-di-commercio/?d=%2Fvar%2Fwww%2Fgruppocestari.com%2Fwp-includes%2Fsitemaps%2Fproviders HTTP/1.1" 200 1654 "-" "Mozilla/5.0 AppleWebKit/537.36 (KHTML, like Gecko; compatible; ClaudeBot/1.0; +claudebot@anthropic.com)"
216.73.216.139 - - [28/Oct/2025:00:01:45 +0100] "GET /tag/sicurezza-sanitaria/?d=%2Fvar%2Fwww%2Fitalafricacentrale.com%2Fwp-content%2Fwebp-express HTTP/1.1" 200 1406 "-" "Mozilla/5.0 AppleWebKit/537.36 (KHTML, like Gecko; compatible; ClaudeBot/1.0; +claudebot@anthropic.com)"
52.45.15.233 - - [28/Oct/2025:00:01:46 +0100] "GET /?g=210003611 HTTP/1.1" 200 28591 "-" "Mozilla/5.0 AppleWebKit/537.36 (KHTML, like Gecko; compatible; Amazonbot/0.1; +https://developer.amazon.com/support/amazonbot) Chrome/119.0.6045.214 Safari/537.36"
216.73.216.139 - - [28/Oct/2025:00:01:46 +0100] "GET /tag/camera-di-commercio/?a=bj&f=%2Fvar%2Fwww%2Fitalafricacentrale.com%2Fwp-content%2Fuploads%2F2023%2F03%2FOreste-Gualtieri.jpeg HTTP/1.1" 200 110384 "-" "Mozilla/5.0 AppleWebKit/537.36 (KHTML, like Gecko; compatible; ClaudeBot/1.0; +claudebot@anthropic.com)"
216.73.216.139 - - [28/Oct/2025:00:01:46 +0100] "GET /tag/sicurezza-sanitaria/?a=bj&f=%2Fvar%2Fwww%2Fitalafricacentrale.com%2Fwp-admin%2Fmy-sites.php HTTP/1.1" 200 2970 "-" "Mozilla/5.0 AppleWebKit/537.36 (KHTML, like Gecko; compatible; ClaudeBot/1.0; +claudebot@anthropic.com)"
