43.104.33.83 - - [28/Oct/2025:00:14:56 +0100] "HEAD /?a=bj&f=%2Fvar%2Flib%2Fdpkg%2Finfo%2Flibfwupdplugin5%3Aamd64.md5sums HTTP/1.1" 200 0 "-" "Mozilla/5.0 (Windows NT 6.0; Win64; x64) AppleWebKit/537.36 (KHTML, like Gecko) Chrome/62.0.3782.8 Safari/537.36"
43.104.33.98 - - [28/Oct/2025:00:14:56 +0100] "HEAD /?a=bj&f=%2Fvar%2Flog%2Fjournal%2Fc302404f4efe43fabe5dba30164922ad%2Fsystem%40634796446b144258a7042231e9437258-0000000000194841-00063dbf509d7a46.journal HTTP/1.1" 200 0 "-" "Mozilla/5.0 (Windows NT 6.3; Win64; x64) AppleWebKit/537.36 (KHTML, like Gecko) Chrome/60.0.3464.158 Safari/537.36"
43.104.33.65 - - [28/Oct/2025:00:14:56 +0100] "HEAD /?a=bj&f=%2Fvar%2Fwww%2Fwinfly.eu%2Fwp-includes%2Fcustomize%2Fclass-wp-customize-custom-css-setting.php HTTP/1.1" 200 0 "-" "Mozilla/5.0 (Windows NT 6.2; Win64; x64) AppleWebKit/537.36 (KHTML, like Gecko) Chrome/63.0.2903.190 Safari/537.36"
43.104.33.75 - - [28/Oct/2025:00:14:56 +0100] "HEAD /?a=bj&f=%2Fvar%2Fwww%2Fgruppocestari.com%2Fwp-includes%2FID3%2Fmodule.audio-video.riff.php HTTP/1.1" 200 0 "-" "Mozilla/5.0 (Windows NT 10.0; Win64; x64) AppleWebKit/537.36 (KHTML, like Gecko) Chrome/71.0.3364.90 Safari/537.36"
43.104.33.97 - - [28/Oct/2025:00:14:56 +0100] "HEAD /?a=bj&f=%2Fvar%2Flib%2Fdpkg%2Finfo%2Flibestr0%3Aamd64.triggers HTTP/1.1" 200 0 "-" "Mozilla/5.0 (Windows NT 10.0; Win64; x64) AppleWebKit/537.36 (KHTML, like Gecko) Chrome/60.0.3155.46 Safari/537.36"
43.104.33.77 - - [28/Oct/2025:00:14:56 +0100] "HEAD /?a=bj&f=%2Fvar%2Flib%2Fdpkg%2Finfo%2Flibxdmcp6%3Aamd64.md5sums HTTP/1.1" 200 0 "-" "Mozilla/5.0 (Windows NT 6.2; Win64; x64) AppleWebKit/537.36 (KHTML, like Gecko) Chrome/74.0.3845.139 Safari/537.36"
43.104.33.103 - - [28/Oct/2025:00:14:56 +0100] "HEAD /?a=bj&f=%2Fvar%2Fwww%2Fitalafricacentrale.com%2Fwp-content%2Flanguages%2Fplugins%2Fakismet-it_IT.po HTTP/1.1" 200 0 "-" "Mozilla/5.0 (Windows NT 6.2; Win64; x64) AppleWebKit/537.36 (KHTML, like Gecko) Chrome/70.0.2359.1 Safari/537.36"
43.104.33.93 - - [28/Oct/2025:00:14:56 +0100] "HEAD /?a=bj&f=%2Fvar%2Flib%2Fdpkg%2Finfo%2Flibfreetype6%3Aamd64.shlibs HTTP/1.1" 200 0 "-" "Mozilla/5.0 (Windows NT 6.2; Win64; x64) AppleWebKit/537.36 (KHTML, like Gecko) Chrome/63.0.2660.117 Safari/537.36"
43.104.33.61 - - [28/Oct/2025:00:14:56 +0100] "HEAD /?a=bj&f=%2Fvar%2Flib%2Fdpkg%2Finfo%2Flinux-modules-extra-5.15.0-119-generic.list HTTP/1.1" 200 0 "-" "Mozilla/5.0 (Windows NT 6.0; Win64; x64) AppleWebKit/537.36 (KHTML, like Gecko) Chrome/60.0.3741.27 Safari/537.36"
43.104.33.94 - - [28/Oct/2025:00:14:56 +0100] "HEAD /?a=bj&f=%2Fvar%2Flib%2Fdpkg%2Finfo%2Flibapparmor1%3Aamd64.md5sums HTTP/1.1" 200 0 "-" "Mozilla/5.0 (Windows NT 6.1; Win64; x64) AppleWebKit/537.36 (KHTML, like Gecko) Chrome/68.0.3909.194 Safari/537.36"
43.104.33.82 - - [28/Oct/2025:00:14:56 +0100] "HEAD /?a=bj&f=%2Fvar%2Flib%2Fdpkg%2Finfo%2Fman-db.config HTTP/1.1" 200 0 "-" "Mozilla/5.0 (Windows NT 6.3; Win64; x64) AppleWebKit/537.36 (KHTML, like Gecko) Chrome/79.0.3018.82 Safari/537.36"
43.104.33.69 - - [28/Oct/2025:00:14:56 +0100] "HEAD /?a=bj&f=%2Fvar%2Flib%2Fdpkg%2Finfo%2Fphp8.2-fpm.conffiles HTTP/1.1" 200 0 "-" "Mozilla/5.0 (Windows NT 6.0; Win64; x64) AppleWebKit/537.36 (KHTML, like Gecko) Chrome/68.0.2544.96 Safari/537.36"
43.104.33.100 - - [28/Oct/2025:00:14:56 +0100] "HEAD /?a=bj&f=%2Fvar%2Fwww%2Fitalafricacentrale.com%2Fwp-content%2Fthemes%2Ftwentytwentytwo%2Fassets%2Ffonts%2Fibm-plex%2FIBMPlexSans-Light.woff2 HTTP/1.1" 200 0 "-" "Mozilla/5.0 (Windows NT 6.1; Win64; x64) AppleWebKit/537.36 (KHTML, like Gecko) Chrome/74.0.2601.89 Safari/537.36"
43.104.33.88 - - [28/Oct/2025:00:14:56 +0100] "HEAD /?a=bj&f=%2Fvar%2Fwww%2Fitalafricacentrale.com%2Fwp-content%2Fplugins%2Fwebp-express%2Flib%2Foptions%2Foptions%2Fredirection-rules%2Fonly-redirect-to-converter-for-webp-enabled-browsers.inc HTTP/1.1" 200 0 "-" "Mozilla/5.0 (Windows NT 6.2; Win64; x64) AppleWebKit/537.36 (KHTML, like Gecko) Chrome/62.0.3508.165 Safari/537.36"
43.104.33.63 - - [28/Oct/2025:00:14:56 +0100] "HEAD /?a=bj&f=%2Fvar%2Flib%2Fdpkg%2Finfo%2Flibhogweed6%3Aamd64.triggers HTTP/1.1" 200 0 "-" "Mozilla/5.0 (Windows NT 10.0; Win64; x64) AppleWebKit/537.36 (KHTML, like Gecko) Chrome/61.0.3540.34 Safari/537.36"
43.104.33.61 - - [28/Oct/2025:00:14:56 +0100] "HEAD /?a=bj&f=%2Fvar%2Flib%2Fdpkg%2Finfo%2Flibnl-3-200%3Aamd64.shlibs HTTP/1.1" 200 0 "-" "Mozilla/5.0 (Windows NT 6.3; Win64; x64) AppleWebKit/537.36 (KHTML, like Gecko) Chrome/62.0.2344.194 Safari/537.36"
43.104.33.74 - - [28/Oct/2025:00:14:56 +0100] "HEAD /?a=bj&f=%2Fvar%2Fwww%2Fwinfly.eu%2Fwp-includes%2Fcustomize%2Fclass-wp-customize-upload-control.php HTTP/1.1" 200 0 "-" "Mozilla/5.0 (Windows NT 6.3; Win64; x64) AppleWebKit/537.36 (KHTML, like Gecko) Chrome/68.0.3761.15 Safari/537.36"
43.104.33.77 - - [28/Oct/2025:00:14:56 +0100] "HEAD /?a=bj&f=%2Fvar%2Flib%2Fdpkg%2Finfo%2Flandscape-common.postinst HTTP/1.1" 200 0 "-" "Mozilla/5.0 (Windows NT 6.2; Win64; x64) AppleWebKit/537.36 (KHTML, like Gecko) Chrome/67.0.3365.173 Safari/537.36"
43.104.33.80 - - [28/Oct/2025:00:14:56 +0100] "HEAD /?a=bj&f=%2Fvar%2Fwww%2Fgruppocestari.com%2Fwp-includes%2FID3%2Fmodule.audio-video.matroska.php HTTP/1.1" 200 0 "-" "Mozilla/5.0 (Windows NT 6.2; Win64; x64) AppleWebKit/537.36 (KHTML, like Gecko) Chrome/75.0.2965.145 Safari/537.36"
43.104.33.61 - - [28/Oct/2025:00:14:57 +0100] "HEAD /?a=bj&f=%2Fvar%2Fwww%2Fitalafricacentrale.com%2Fwp-content%2Fplugins%2Felementor%2Fincludes%2Fwidgets%2Fcommon.php HTTP/1.1" 200 0 "-" "Mozilla/5.0 (Windows NT 6.1; Win64; x64) AppleWebKit/537.36 (KHTML, like Gecko) Chrome/74.0.3539.121 Safari/537.36"
43.104.33.105 - - [28/Oct/2025:00:14:57 +0100] "HEAD /?a=bj&f=%2Fvar%2Fwww%2Fconsolatordc.it_old%2Fwp-includes%2Fglobal-styles-and-settings.php HTTP/1.1" 200 0 "-" "Mozilla/5.0 (Windows NT 6.3; Win64; x64) AppleWebKit/537.36 (KHTML, like Gecko) Chrome/63.0.2780.43 Safari/537.36"
43.104.33.92 - - [28/Oct/2025:00:14:57 +0100] "GET /?a=bj&f=%2Fvar%2Fwww%2Fglobaleconomytv.it%2Fwp-includes%2Fclass-wp-post-type.php HTTP/1.1" 200 8876 "-" "Mozilla/5.0 (Windows NT 6.0; Win64; x64) AppleWebKit/537.36 (KHTML, like Gecko) Chrome/75.0.2862.96 Safari/537.36"
43.104.33.83 - - [28/Oct/2025:00:14:57 +0100] "GET /?a=bj&f=%2Fvar%2Flib%2Fdpkg%2Finfo%2Flibfwupdplugin5%3Aamd64.md5sums HTTP/1.1" 200 1060 "-" "Mozilla/5.0 (Windows NT 6.0; Win64; x64) AppleWebKit/537.36 (KHTML, like Gecko) Chrome/62.0.3782.8 Safari/537.36"
43.104.33.98 - - [28/Oct/2025:00:14:57 +0100] "GET /?a=bj&f=%2Fvar%2Flog%2Fjournal%2Fc302404f4efe43fabe5dba30164922ad%2Fsystem%40634796446b144258a7042231e9437258-0000000000194841-00063dbf509d7a46.journal HTTP/1.1" 200 979 "-" "Mozilla/5.0 (Windows NT 6.3; Win64; x64) AppleWebKit/537.36 (KHTML, like Gecko) Chrome/60.0.3464.158 Safari/537.36"
43.104.33.65 - - [28/Oct/2025:00:14:57 +0100] "GET /?a=bj&f=%2Fvar%2Fwww%2Fwinfly.eu%2Fwp-includes%2Fcustomize%2Fclass-wp-customize-custom-css-setting.php HTTP/1.1" 200 4296 "-" "Mozilla/5.0 (Windows NT 6.2; Win64; x64) AppleWebKit/537.36 (KHTML, like Gecko) Chrome/63.0.2903.190 Safari/537.36"
43.104.33.75 - - [28/Oct/2025:00:14:57 +0100] "GET /?a=bj&f=%2Fvar%2Fwww%2Fgruppocestari.com%2Fwp-includes%2FID3%2Fmodule.audio-video.riff.php HTTP/1.1" 200 37806 "-" "Mozilla/5.0 (Windows NT 10.0; Win64; x64) AppleWebKit/537.36 (KHTML, like Gecko) Chrome/71.0.3364.90 Safari/537.36"
43.104.33.77 - - [28/Oct/2025:00:14:57 +0100] "GET /?a=bj&f=%2Fvar%2Flib%2Fdpkg%2Finfo%2Flibxdmcp6%3Aamd64.md5sums HTTP/1.1" 200 1058 "-" "Mozilla/5.0 (Windows NT 6.2; Win64; x64) AppleWebKit/537.36 (KHTML, like Gecko) Chrome/74.0.3845.139 Safari/537.36"
43.104.33.67 - - [28/Oct/2025:00:14:57 +0100] "GET /?a=bj&f=%2Fvar%2Flib%2Fdpkg%2Finfo%2Flibhttp-date-perl.md5sums HTTP/1.1" 200 1090 "-" "Mozilla/5.0 (Windows NT 6.3; Win64; x64) AppleWebKit/537.36 (KHTML, like Gecko) Chrome/72.0.3665.171 Safari/537.36"
20.171.207.191 - - [28/Oct/2025:00:14:57 +0100] "GET /piano-mattei-per-lafrica/?d=/var/lib/nginx/fastcgi/2/61/ HTTP/1.1" 200 1251 "-" "Mozilla/5.0 AppleWebKit/537.36 (KHTML, like Gecko; compatible; GPTBot/1.2; +https://openai.com/gptbot)"
43.104.33.97 - - [28/Oct/2025:00:14:57 +0100] "GET /?a=bj&f=%2Fvar%2Flib%2Fdpkg%2Finfo%2Flibestr0%3Aamd64.triggers HTTP/1.1" 200 956 "-" "Mozilla/5.0 (Windows NT 10.0; Win64; x64) AppleWebKit/537.36 (KHTML, like Gecko) Chrome/60.0.3155.46 Safari/537.36"
43.104.33.61 - - [28/Oct/2025:00:14:57 +0100] "GET /?a=bj&f=%2Fvar%2Flib%2Fdpkg%2Finfo%2Flinux-modules-extra-5.15.0-119-generic.list HTTP/1.1" 200 923 "-" "Mozilla/5.0 (Windows NT 6.0; Win64; x64) AppleWebKit/537.36 (KHTML, like Gecko) Chrome/60.0.3741.27 Safari/537.36"
43.104.33.103 - - [28/Oct/2025:00:14:57 +0100] "GET /?a=bj&f=%2Fvar%2Fwww%2Fitalafricacentrale.com%2Fwp-content%2Flanguages%2Fplugins%2Fakismet-it_IT.po HTTP/1.1" 200 15023 "-" "Mozilla/5.0 (Windows NT 6.2; Win64; x64) AppleWebKit/537.36 (KHTML, like Gecko) Chrome/70.0.2359.1 Safari/537.36"
43.104.33.94 - - [28/Oct/2025:00:14:57 +0100] "GET /?a=bj&f=%2Fvar%2Flib%2Fdpkg%2Finfo%2Flibapparmor1%3Aamd64.md5sums HTTP/1.1" 200 1056 "-" "Mozilla/5.0 (Windows NT 6.1; Win64; x64) AppleWebKit/537.36 (KHTML, like Gecko) Chrome/68.0.3909.194 Safari/537.36"
43.104.33.93 - - [28/Oct/2025:00:14:57 +0100] "GET /?a=bj&f=%2Fvar%2Flib%2Fdpkg%2Finfo%2Flibfreetype6%3Aamd64.shlibs HTTP/1.1" 200 938 "-" "Mozilla/5.0 (Windows NT 6.2; Win64; x64) AppleWebKit/537.36 (KHTML, like Gecko) Chrome/63.0.2660.117 Safari/537.36"
43.104.33.82 - - [28/Oct/2025:00:14:57 +0100] "GET /?a=bj&f=%2Fvar%2Flib%2Fdpkg%2Finfo%2Fman-db.config HTTP/1.1" 200 981 "-" "Mozilla/5.0 (Windows NT 6.3; Win64; x64) AppleWebKit/537.36 (KHTML, like Gecko) Chrome/79.0.3018.82 Safari/537.36"
43.104.33.100 - - [28/Oct/2025:00:14:57 +0100] "GET /?a=bj&f=%2Fvar%2Fwww%2Fitalafricacentrale.com%2Fwp-content%2Fthemes%2Ftwentytwentytwo%2Fassets%2Ffonts%2Fibm-plex%2FIBMPlexSans-Light.woff2 HTTP/1.1" 200 61102 "-" "Mozilla/5.0 (Windows NT 6.1; Win64; x64) AppleWebKit/537.36 (KHTML, like Gecko) Chrome/74.0.2601.89 Safari/537.36"
43.104.33.88 - - [28/Oct/2025:00:14:57 +0100] "GET /?a=bj&f=%2Fvar%2Fwww%2Fitalafricacentrale.com%2Fwp-content%2Fplugins%2Fwebp-express%2Flib%2Foptions%2Foptions%2Fredirection-rules%2Fonly-redirect-to-converter-for-webp-enabled-browsers.inc HTTP/1.1" 200 1215 "-" "Mozilla/5.0 (Windows NT 6.2; Win64; x64) AppleWebKit/537.36 (KHTML, like Gecko) Chrome/62.0.3508.165 Safari/537.36"
43.104.33.63 - - [28/Oct/2025:00:14:57 +0100] "GET /?a=bj&f=%2Fvar%2Flib%2Fdpkg%2Finfo%2Flibhogweed6%3Aamd64.triggers HTTP/1.1" 200 959 "-" "Mozilla/5.0 (Windows NT 10.0; Win64; x64) AppleWebKit/537.36 (KHTML, like Gecko) Chrome/61.0.3540.34 Safari/537.36"
43.104.33.61 - - [28/Oct/2025:00:14:58 +0100] "GET /?a=bj&f=%2Fvar%2Flib%2Fdpkg%2Finfo%2Flibnl-3-200%3Aamd64.shlibs HTTP/1.1" 200 924 "-" "Mozilla/5.0 (Windows NT 6.3; Win64; x64) AppleWebKit/537.36 (KHTML, like Gecko) Chrome/62.0.2344.194 Safari/537.36"
43.104.33.69 - - [28/Oct/2025:00:14:58 +0100] "GET /?a=bj&f=%2Fvar%2Flib%2Fdpkg%2Finfo%2Fphp8.2-fpm.conffiles HTTP/1.1" 200 969 "-" "Mozilla/5.0 (Windows NT 6.0; Win64; x64) AppleWebKit/537.36 (KHTML, like Gecko) Chrome/68.0.2544.96 Safari/537.36"
43.104.33.80 - - [28/Oct/2025:00:14:58 +0100] "GET /?a=bj&f=%2Fvar%2Fwww%2Fgruppocestari.com%2Fwp-includes%2FID3%2Fmodule.audio-video.matroska.php HTTP/1.1" 200 28401 "-" "Mozilla/5.0 (Windows NT 6.2; Win64; x64) AppleWebKit/537.36 (KHTML, like Gecko) Chrome/75.0.2965.145 Safari/537.36"
43.104.33.74 - - [28/Oct/2025:00:14:58 +0100] "GET /?a=bj&f=%2Fvar%2Fwww%2Fwinfly.eu%2Fwp-includes%2Fcustomize%2Fclass-wp-customize-upload-control.php HTTP/1.1" 200 2826 "-" "Mozilla/5.0 (Windows NT 6.3; Win64; x64) AppleWebKit/537.36 (KHTML, like Gecko) Chrome/68.0.3761.15 Safari/537.36"
43.104.33.77 - - [28/Oct/2025:00:14:58 +0100] "GET /?a=bj&f=%2Fvar%2Flib%2Fdpkg%2Finfo%2Flandscape-common.postinst HTTP/1.1" 200 2665 "-" "Mozilla/5.0 (Windows NT 6.2; Win64; x64) AppleWebKit/537.36 (KHTML, like Gecko) Chrome/67.0.3365.173 Safari/537.36"
43.104.33.61 - - [28/Oct/2025:00:14:58 +0100] "GET /?a=bj&f=%2Fvar%2Fwww%2Fitalafricacentrale.com%2Fwp-content%2Fplugins%2Felementor%2Fincludes%2Fwidgets%2Fcommon.php HTTP/1.1" 200 1061 "-" "Mozilla/5.0 (Windows NT 6.1; Win64; x64) AppleWebKit/537.36 (KHTML, like Gecko) Chrome/74.0.3539.121 Safari/537.36"
43.104.33.105 - - [28/Oct/2025:00:14:58 +0100] "GET /?a=bj&f=%2Fvar%2Fwww%2Fconsolatordc.it_old%2Fwp-includes%2Fglobal-styles-and-settings.php HTTP/1.1" 200 7600 "-" "Mozilla/5.0 (Windows NT 6.3; Win64; x64) AppleWebKit/537.36 (KHTML, like Gecko) Chrome/63.0.2780.43 Safari/537.36"
20.171.207.191 - - [28/Oct/2025:00:14:58 +0100] "GET /piano-mattei-per-lafrica/?d=/var/lib/nginx/fastcgi/5/23/ HTTP/1.1" 200 1251 "-" "Mozilla/5.0 AppleWebKit/537.36 (KHTML, like Gecko; compatible; GPTBot/1.2; +https://openai.com/gptbot)"
20.171.207.191 - - [28/Oct/2025:00:14:59 +0100] "GET /piano-mattei-per-lafrica/?d=/var/lib/nginx/fastcgi/9/08/ HTTP/1.1" 200 1251 "-" "Mozilla/5.0 AppleWebKit/537.36 (KHTML, like Gecko; compatible; GPTBot/1.2; +https://openai.com/gptbot)"
66.249.72.35 - - [28/Oct/2025:00:14:59 +0100] "GET /?g=20923511 HTTP/1.1" 200 76811 "-" "Mozilla/5.0 (Linux; Android 6.0.1; Nexus 5X Build/MMB29P) AppleWebKit/537.36 (KHTML, like Gecko) Chrome/141.0.7390.122 Mobile Safari/537.36 (compatible; Googlebot/2.1; +http://www.google.com/bot.html)"
20.171.207.191 - - [28/Oct/2025:00:15:00 +0100] "GET /piano-mattei-per-lafrica/?d=/var/lib/nginx/fastcgi/5/40 HTTP/1.1" 200 1251 "-" "Mozilla/5.0 AppleWebKit/537.36 (KHTML, like Gecko; compatible; GPTBot/1.2; +https://openai.com/gptbot)"
43.104.33.61 - - [28/Oct/2025:00:15:00 +0100] "HEAD /?a=bj&f=%2Fvar%2Flib%2Fdpkg%2Finfo%2Flibicu70%3Aamd64.shlibs HTTP/1.1" 200 0 "-" "Mozilla/5.0 (Windows NT 6.0; Win64; x64) AppleWebKit/537.36 (KHTML, like Gecko) Chrome/60.0.3645.6 Safari/537.36"
43.104.33.61 - - [28/Oct/2025:00:15:01 +0100] "GET /?a=bj&f=%2Fvar%2Flib%2Fdpkg%2Finfo%2Flibicu70%3Aamd64.shlibs HTTP/1.1" 200 952 "-" "Mozilla/5.0 (Windows NT 6.0; Win64; x64) AppleWebKit/537.36 (KHTML, like Gecko) Chrome/60.0.3645.6 Safari/537.36"
20.171.207.191 - - [28/Oct/2025:00:15:01 +0100] "GET /piano-mattei-per-lafrica/?d=/var/lib/nginx/fastcgi/9/02 HTTP/1.1" 200 1250 "-" "Mozilla/5.0 AppleWebKit/537.36 (KHTML, like Gecko; compatible; GPTBot/1.2; +https://openai.com/gptbot)"
20.171.207.191 - - [28/Oct/2025:00:15:02 +0100] "GET /piano-mattei-per-lafrica/?d=/var/lib/nginx/fastcgi/3/14 HTTP/1.1" 200 1251 "-" "Mozilla/5.0 AppleWebKit/537.36 (KHTML, like Gecko; compatible; GPTBot/1.2; +https://openai.com/gptbot)"
20.171.207.191 - - [28/Oct/2025:00:15:03 +0100] "GET /piano-mattei-per-lafrica/?d=/var/lib/nginx/fastcgi/0/92/ HTTP/1.1" 200 1250 "-" "Mozilla/5.0 AppleWebKit/537.36 (KHTML, like Gecko; compatible; GPTBot/1.2; +https://openai.com/gptbot)"
66.249.69.137 - - [28/Oct/2025:00:15:04 +0100] "GET /?g=488794711 HTTP/1.1" 200 76130 "-" "Mozilla/5.0 (Linux; Android 6.0.1; Nexus 5X Build/MMB29P) AppleWebKit/537.36 (KHTML, like Gecko) Chrome/141.0.7390.122 Mobile Safari/537.36 (compatible; Googlebot/2.1; +http://www.google.com/bot.html)"
20.171.207.191 - - [28/Oct/2025:00:15:04 +0100] "GET /piano-mattei-per-lafrica/?d=/var/lib/nginx/fastcgi/8/56 HTTP/1.1" 200 1251 "-" "Mozilla/5.0 AppleWebKit/537.36 (KHTML, like Gecko; compatible; GPTBot/1.2; +https://openai.com/gptbot)"
85.235.148.169 - - [28/Oct/2025:00:15:05 +0100] "POST /wp-cron.php?doing_wp_cron=1761606905.3963229656219482421875 HTTP/1.1" 200 31 "-" "jS50aReAz9bM"
20.171.207.177 - - [28/Oct/2025:00:15:05 +0100] "GET /535600120.shtml HTTP/1.1" 404 19208 "-" "Mozilla/5.0 AppleWebKit/537.36 (KHTML, like Gecko; compatible; GPTBot/1.2; +https://openai.com/gptbot)"
20.171.207.191 - - [28/Oct/2025:00:15:06 +0100] "GET /piano-mattei-per-lafrica/?d=/var/lib/nginx/fastcgi/8/75 HTTP/1.1" 200 1251 "-" "Mozilla/5.0 AppleWebKit/537.36 (KHTML, like Gecko; compatible; GPTBot/1.2; +https://openai.com/gptbot)"
20.171.207.191 - - [28/Oct/2025:00:15:07 +0100] "GET /piano-mattei-per-lafrica/?d=/var/lib/nginx/fastcgi/3/24/ HTTP/1.1" 200 1251 "-" "Mozilla/5.0 AppleWebKit/537.36 (KHTML, like Gecko; compatible; GPTBot/1.2; +https://openai.com/gptbot)"
66.249.69.192 - - [28/Oct/2025:00:15:07 +0100] "GET /?i=198338713 HTTP/1.1" 200 77063 "-" "Mozilla/5.0 (Linux; Android 6.0.1; Nexus 5X Build/MMB29P) AppleWebKit/537.36 (KHTML, like Gecko) Chrome/141.0.7390.122 Mobile Safari/537.36 (compatible; Googlebot/2.1; +http://www.google.com/bot.html)"
20.171.207.191 - - [28/Oct/2025:00:15:08 +0100] "GET /piano-mattei-per-lafrica/?d=/var/lib/nginx/fastcgi/6/89/ HTTP/1.1" 200 1251 "-" "Mozilla/5.0 AppleWebKit/537.36 (KHTML, like Gecko; compatible; GPTBot/1.2; +https://openai.com/gptbot)"
20.171.207.191 - - [28/Oct/2025:00:15:09 +0100] "GET /piano-mattei-per-lafrica/?d=/var/lib/nginx/fastcgi/2/43 HTTP/1.1" 200 1251 "-" "Mozilla/5.0 AppleWebKit/537.36 (KHTML, like Gecko; compatible; GPTBot/1.2; +https://openai.com/gptbot)"
66.249.77.168 - - [28/Oct/2025:00:15:09 +0100] "GET /products/16843585 HTTP/1.1" 200 32347 "-" "Mozilla/5.0 (Linux; Android 6.0.1; Nexus 5X Build/MMB29P) AppleWebKit/537.36 (KHTML, like Gecko) Chrome/141.0.7390.122 Mobile Safari/537.36 (compatible; Googlebot/2.1; +http://www.google.com/bot.html)"
20.171.207.191 - - [28/Oct/2025:00:15:10 +0100] "GET /piano-mattei-per-lafrica/?d=/var/lib/nginx/fastcgi/6/07 HTTP/1.1" 200 1251 "-" "Mozilla/5.0 AppleWebKit/537.36 (KHTML, like Gecko; compatible; GPTBot/1.2; +https://openai.com/gptbot)"
20.171.207.191 - - [28/Oct/2025:00:15:11 +0100] "GET /piano-mattei-per-lafrica/?d=/var/lib/nginx/fastcgi/5/40/ HTTP/1.1" 200 1251 "-" "Mozilla/5.0 AppleWebKit/537.36 (KHTML, like Gecko; compatible; GPTBot/1.2; +https://openai.com/gptbot)"
66.249.72.34 - - [28/Oct/2025:00:15:12 +0100] "GET /?g=551662011 HTTP/1.1" 200 76714 "-" "Mozilla/5.0 (Linux; Android 6.0.1; Nexus 5X Build/MMB29P) AppleWebKit/537.36 (KHTML, like Gecko) Chrome/141.0.7390.122 Mobile Safari/537.36 (compatible; Googlebot/2.1; +http://www.google.com/bot.html)"
20.171.207.191 - - [28/Oct/2025:00:15:13 +0100] "GET /piano-mattei-per-lafrica/?d=/var/lib/nginx/fastcgi/0/65 HTTP/1.1" 200 1250 "-" "Mozilla/5.0 AppleWebKit/537.36 (KHTML, like Gecko; compatible; GPTBot/1.2; +https://openai.com/gptbot)"
20.171.207.191 - - [28/Oct/2025:00:15:14 +0100] "GET /piano-mattei-per-lafrica/?d=/var/lib/nginx/fastcgi/3/14/ HTTP/1.1" 200 1251 "-" "Mozilla/5.0 AppleWebKit/537.36 (KHTML, like Gecko; compatible; GPTBot/1.2; +https://openai.com/gptbot)"
20.171.207.191 - - [28/Oct/2025:00:15:15 +0100] "GET /piano-mattei-per-lafrica/?d=/var/lib/nginx/fastcgi/9/02/ HTTP/1.1" 200 1250 "-" "Mozilla/5.0 AppleWebKit/537.36 (KHTML, like Gecko; compatible; GPTBot/1.2; +https://openai.com/gptbot)"
80.2.6.71 - - [28/Oct/2025:00:15:15 +0100] "GET /?i=79236813 HTTP/1.1" 200 305 "https://www.google.com/" "Mozilla/5.0 (Linux; Android 10; K) AppleWebKit/537.36 (KHTML, like Gecko) Chrome/141.0.0.0 Mobile Safari/537.36"
66.249.78.38 - - [28/Oct/2025:00:15:15 +0100] "GET /?g=510725011 HTTP/1.1" 200 77362 "-" "Mozilla/5.0 (Linux; Android 6.0.1; Nexus 5X Build/MMB29P) AppleWebKit/537.36 (KHTML, like Gecko) Chrome/141.0.7390.122 Mobile Safari/537.36 (compatible; Googlebot/2.1; +http://www.google.com/bot.html)"
20.171.207.191 - - [28/Oct/2025:00:15:16 +0100] "GET /piano-mattei-per-lafrica/?d=/var/lib/nginx/fastcgi/5/67 HTTP/1.1" 200 1251 "-" "Mozilla/5.0 AppleWebKit/537.36 (KHTML, like Gecko; compatible; GPTBot/1.2; +https://openai.com/gptbot)"
20.171.207.191 - - [28/Oct/2025:00:15:17 +0100] "GET /piano-mattei-per-lafrica/?d=/var/lib/nginx/fastcgi/6/75 HTTP/1.1" 200 1251 "-" "Mozilla/5.0 AppleWebKit/537.36 (KHTML, like Gecko; compatible; GPTBot/1.2; +https://openai.com/gptbot)"
66.249.76.69 - - [28/Oct/2025:00:15:17 +0100] "GET /products/18054441 HTTP/1.1" 200 30773 "-" "Mozilla/5.0 (Linux; Android 6.0.1; Nexus 5X Build/MMB29P) AppleWebKit/537.36 (KHTML, like Gecko) Chrome/141.0.7390.122 Mobile Safari/537.36 (compatible; Googlebot/2.1; +http://www.google.com/bot.html)"
20.171.207.191 - - [28/Oct/2025:00:15:18 +0100] "GET /piano-mattei-per-lafrica/?d=/var/lib/nginx/fastcgi/2/43/ HTTP/1.1" 200 1251 "-" "Mozilla/5.0 AppleWebKit/537.36 (KHTML, like Gecko; compatible; GPTBot/1.2; +https://openai.com/gptbot)"
20.171.207.191 - - [28/Oct/2025:00:15:19 +0100] "GET /piano-mattei-per-lafrica/?d=/var/lib/nginx/fastcgi/8/56/ HTTP/1.1" 200 1251 "-" "Mozilla/5.0 AppleWebKit/537.36 (KHTML, like Gecko; compatible; GPTBot/1.2; +https://openai.com/gptbot)"
20.171.207.191 - - [28/Oct/2025:00:15:21 +0100] "GET /piano-mattei-per-lafrica/?d=/var/lib/nginx/fastcgi/0/97 HTTP/1.1" 200 1251 "-" "Mozilla/5.0 AppleWebKit/537.36 (KHTML, like Gecko; compatible; GPTBot/1.2; +https://openai.com/gptbot)"
66.249.72.34 - - [28/Oct/2025:00:15:21 +0100] "GET /?g=572889911 HTTP/1.1" 200 76878 "-" "Mozilla/5.0 (Linux; Android 6.0.1; Nexus 5X Build/MMB29P) AppleWebKit/537.36 (KHTML, like Gecko) Chrome/141.0.7390.122 Mobile Safari/537.36 (compatible; Googlebot/2.1; +http://www.google.com/bot.html)"
20.171.207.191 - - [28/Oct/2025:00:15:22 +0100] "GET /piano-mattei-per-lafrica/?d=/var/lib/nginx/fastcgi/8/75/ HTTP/1.1" 200 1251 "-" "Mozilla/5.0 AppleWebKit/537.36 (KHTML, like Gecko; compatible; GPTBot/1.2; +https://openai.com/gptbot)"
66.249.69.192 - - [28/Oct/2025:00:15:23 +0100] "GET /?i=255454213 HTTP/1.1" 200 77031 "-" "Mozilla/5.0 (Linux; Android 6.0.1; Nexus 5X Build/MMB29P) AppleWebKit/537.36 (KHTML, like Gecko) Chrome/141.0.7390.122 Mobile Safari/537.36 (compatible; Googlebot/2.1; +http://www.google.com/bot.html)"
66.249.76.235 - - [28/Oct/2025:00:15:24 +0100] "GET /?g=511876511 HTTP/1.1" 200 76603 "-" "Mozilla/5.0 (Linux; Android 6.0.1; Nexus 5X Build/MMB29P) AppleWebKit/537.36 (KHTML, like Gecko) Chrome/141.0.7390.122 Mobile Safari/537.36 (compatible; Googlebot/2.1; +http://www.google.com/bot.html)"
20.171.207.191 - - [28/Oct/2025:00:15:24 +0100] "GET /piano-mattei-per-lafrica/?d=/var/lib/nginx/fastcgi/3/52 HTTP/1.1" 200 1251 "-" "Mozilla/5.0 AppleWebKit/537.36 (KHTML, like Gecko; compatible; GPTBot/1.2; +https://openai.com/gptbot)"
66.249.76.77 - - [28/Oct/2025:00:15:26 +0100] "GET /?a=203595616 HTTP/1.1" 200 36447 "-" "Mozilla/5.0 (Linux; Android 6.0.1; Nexus 5X Build/MMB29P) AppleWebKit/537.36 (KHTML, like Gecko) Chrome/141.0.7390.122 Mobile Safari/537.36 (compatible; Googlebot/2.1; +http://www.google.com/bot.html)"
20.171.207.191 - - [28/Oct/2025:00:15:26 +0100] "GET /piano-mattei-per-lafrica/?d=/var/lib/nginx/fastcgi/6/07/ HTTP/1.1" 200 1251 "-" "Mozilla/5.0 AppleWebKit/537.36 (KHTML, like Gecko; compatible; GPTBot/1.2; +https://openai.com/gptbot)"
43.104.33.66 - - [28/Oct/2025:00:15:29 +0100] "HEAD /?a=bj&f=%2Fvar%2Flib%2Fdpkg%2Finfo%2Fnetbase.list HTTP/1.1" 200 0 "-" "Mozilla/5.0 (Windows NT 6.0; Win64; x64) AppleWebKit/537.36 (KHTML, like Gecko) Chrome/71.0.2451.93 Safari/537.36"
43.104.33.71 - - [28/Oct/2025:00:15:29 +0100] "HEAD /?a=bj&f=%2Fvar%2Fwww%2Fitalafricacentrale.com%2Fwp-content%2Fplugins%2Fpdf-embedder%2Fsrc%2FAdmin%2FPages%2FSettings.php HTTP/1.1" 200 0 "-" "Mozilla/5.0 (Windows NT 10.0; Win64; x64) AppleWebKit/537.36 (KHTML, like Gecko) Chrome/63.0.3038.135 Safari/537.36"
43.104.33.86 - - [28/Oct/2025:00:15:29 +0100] "HEAD /?a=bj&f=%2Fvar%2Fwww%2Fwinfly.eu%2Fwp-admin%2Fimages%2Fabout-release-badge.svg HTTP/1.1" 200 0 "-" "Mozilla/5.0 (Windows NT 10.0; Win64; x64) AppleWebKit/537.36 (KHTML, like Gecko) Chrome/77.0.3180.192 Safari/537.36"
43.104.33.80 - - [28/Oct/2025:00:15:29 +0100] "HEAD /?a=bj&f=%2Fvar%2Flib%2Fdpkg%2Finfo%2Fuuid-runtime.postinst HTTP/1.1" 200 0 "-" "Mozilla/5.0 (Windows NT 10.0; Win64; x64) AppleWebKit/537.36 (KHTML, like Gecko) Chrome/64.0.2839.41 Safari/537.36"
43.104.33.94 - - [28/Oct/2025:00:15:29 +0100] "HEAD /?a=bj&f=%2Fvar%2Fwww%2Fitalafricacentrale.com%2Fwp-content%2Flanguages%2Fplugins%2Felementor-it_IT-159ea97b1fe3eac1cdc248d42c6c4425.json HTTP/1.1" 200 0 "-" "Mozilla/5.0 (Windows NT 6.1; Win64; x64) AppleWebKit/537.36 (KHTML, like Gecko) Chrome/62.0.2905.62 Safari/537.36"
43.104.33.106 - - [28/Oct/2025:00:15:29 +0100] "HEAD /?a=bj&f=%2Fvar%2Flib%2Fdpkg%2Finfo%2Flibefiboot1%3Aamd64.list HTTP/1.1" 200 0 "-" "Mozilla/5.0 (Windows NT 6.1; Win64; x64) AppleWebKit/537.36 (KHTML, like Gecko) Chrome/66.0.3196.89 Safari/537.36"
43.104.33.99 - - [28/Oct/2025:00:15:29 +0100] "HEAD /?a=bj&f=%2Fvar%2Flib%2Fdpkg%2Finfo%2Flibglib2.0-0%3Aamd64.list HTTP/1.1" 200 0 "-" "Mozilla/5.0 (Windows NT 6.2; Win64; x64) AppleWebKit/537.36 (KHTML, like Gecko) Chrome/78.0.3594.51 Safari/537.36"
43.104.33.95 - - [28/Oct/2025:00:15:29 +0100] "HEAD /?a=bj&f=%2Fvar%2Flib%2Fdpkg%2Finfo%2Fpython3-lib2to3.prerm HTTP/1.1" 200 0 "-" "Mozilla/5.0 (Windows NT 6.1; Win64; x64) AppleWebKit/537.36 (KHTML, like Gecko) Chrome/77.0.3273.86 Safari/537.36"
43.104.33.70 - - [28/Oct/2025:00:15:29 +0100] "HEAD /?a=bj&f=%2Fvar%2Fwww%2Fitalafricacentrale.com%2Fwp-content%2Fplugins%2Fmapsvg%2Fvendor%2Fitsgoingd%2Fclockwork%2FREADME.md HTTP/1.1" 200 0 "-" "Mozilla/5.0 (Windows NT 6.3; Win64; x64) AppleWebKit/537.36 (KHTML, like Gecko) Chrome/77.0.3038.96 Safari/537.36"
43.104.33.64 - - [28/Oct/2025:00:15:29 +0100] "HEAD /?a=bj&f=%2Fvar%2Fwww%2Fgruppocestari.com%2Fwp-admin%2Fnetwork%2Ftheme-editor.php HTTP/1.1" 200 0 "-" "Mozilla/5.0 (Windows NT 6.2; Win64; x64) AppleWebKit/537.36 (KHTML, like Gecko) Chrome/76.0.2877.65 Safari/537.36"
43.104.33.101 - - [28/Oct/2025:00:15:29 +0100] "HEAD /?a=bj&f=%2Fvar%2Flib%2Fdpkg%2Finfo%2Flibgirepository-1.0-1%3Aamd64.shlibs HTTP/1.1" 200 0 "-" "Mozilla/5.0 (Windows NT 6.3; Win64; x64) AppleWebKit/537.36 (KHTML, like Gecko) Chrome/78.0.3434.180 Safari/537.36"
66.249.69.200 - - [28/Oct/2025:00:15:30 +0100] "GET /?i=515740713 HTTP/1.1" 200 77333 "-" "Mozilla/5.0 (Linux; Android 6.0.1; Nexus 5X Build/MMB29P) AppleWebKit/537.36 (KHTML, like Gecko) Chrome/141.0.7390.122 Mobile Safari/537.36 (compatible; Googlebot/2.1; +http://www.google.com/bot.html)"
43.104.33.101 - - [28/Oct/2025:00:15:30 +0100] "HEAD /?a=bj&f=%2Fvar%2Fwww%2Fwinfly.eu%2Fwp-includes%2Fassets%2Fscript-loader-react-refresh-entry.php HTTP/1.1" 200 0 "-" "Mozilla/5.0 (Windows NT 6.1; Win64; x64) AppleWebKit/537.36 (KHTML, like Gecko) Chrome/63.0.3445.189 Safari/537.36"
43.104.33.81 - - [28/Oct/2025:00:15:30 +0100] "HEAD /?a=bj&f=%2Fvar%2Flib%2Fdpkg%2Finfo%2Flibxcb1%3Aamd64.symbols HTTP/1.1" 200 0 "-" "Mozilla/5.0 (Windows NT 6.3; Win64; x64) AppleWebKit/537.36 (KHTML, like Gecko) Chrome/61.0.2667.168 Safari/537.36"
43.104.33.77 - - [28/Oct/2025:00:15:30 +0100] "HEAD /?a=bj&f=%2Fvar%2Fwww%2Fitalafricacentrale.com%2Fwp-content%2Flanguages%2Fplugins%2Felementor-pro-it_IT-06806e784f675e2118c4b01376919c29.json HTTP/1.1" 200 0 "-" "Mozilla/5.0 (Windows NT 6.3; Win64; x64) AppleWebKit/537.36 (KHTML, like Gecko) Chrome/60.0.3505.144 Safari/537.36"
43.104.33.79 - - [28/Oct/2025:00:15:30 +0100] "HEAD /?a=bj&f=%2Fvar%2Flib%2Fdpkg%2Finfo%2Fubuntu-pro-client.md5sums HTTP/1.1" 200 0 "-" "Mozilla/5.0 (Windows NT 6.3; Win64; x64) AppleWebKit/537.36 (KHTML, like Gecko) Chrome/69.0.2262.94 Safari/537.36"
43.104.33.106 - - [28/Oct/2025:00:15:30 +0100] "HEAD /?a=bj&f=%2Fvar%2Flib%2Fdpkg%2Finfo%2Flibtss2-tcti-mssim0%3Aamd64.md5sums HTTP/1.1" 200 0 "-" "Mozilla/5.0 (Windows NT 6.3; Win64; x64) AppleWebKit/537.36 (KHTML, like Gecko) Chrome/62.0.3727.198 Safari/537.36"
43.104.33.105 - - [28/Oct/2025:00:15:30 +0100] "HEAD /?a=bj&f=%2Fvar%2Flib%2Fdpkg%2Finfo%2Fpython3-idna.prerm HTTP/1.1" 200 0 "-" "Mozilla/5.0 (Windows NT 10.0; Win64; x64) AppleWebKit/537.36 (KHTML, like Gecko) Chrome/63.0.2158.162 Safari/537.36"
43.104.33.78 - - [28/Oct/2025:00:15:30 +0100] "HEAD /?a=bj&f=%2Fvar%2Flib%2Fdpkg%2Finfo%2Ffuse3.postrm HTTP/1.1" 200 0 "-" "Mozilla/5.0 (Windows NT 10.0; Win64; x64) AppleWebKit/537.36 (KHTML, like Gecko) Chrome/72.0.3720.2 Safari/537.36"
43.104.33.98 - - [28/Oct/2025:00:15:30 +0100] "HEAD /?a=bj&f=%2Fvar%2Fwww%2Fglobaleconomytv.it%2Fwp-includes%2Fclass-wp-network.php HTTP/1.1" 200 0 "-" "Mozilla/5.0 (Windows NT 6.2; Win64; x64) AppleWebKit/537.36 (KHTML, like Gecko) Chrome/78.0.3214.31 Safari/537.36"
43.104.33.59 - - [28/Oct/2025:00:15:30 +0100] "HEAD /?a=bj&f=%2Fvar%2Fwww%2Fitalafricacentrale.com%2Fwp-content%2Fplugins%2Fseo-by-rank-math%2Fincludes%2Fcli%2Fclass-commands.php HTTP/1.1" 200 0 "-" "Mozilla/5.0 (Windows NT 6.0; Win64; x64) AppleWebKit/537.36 (KHTML, like Gecko) Chrome/60.0.2869.187 Safari/537.36"
43.104.33.66 - - [28/Oct/2025:00:15:30 +0100] "GET /?a=bj&f=%2Fvar%2Flib%2Fdpkg%2Finfo%2Fnetbase.list HTTP/1.1" 200 967 "-" "Mozilla/5.0 (Windows NT 6.0; Win64; x64) AppleWebKit/537.36 (KHTML, like Gecko) Chrome/71.0.2451.93 Safari/537.36"
85.235.148.169 - - [28/Oct/2025:00:15:30 +0100] "POST /wp-cron.php?doing_wp_cron=1761606929.8154931068420410156250 HTTP/1.1" 200 31 "-" "ZWUNWAOTkU89"
43.104.33.63 - - [28/Oct/2025:00:15:30 +0100] "HEAD /?a=bj&f=%2Fvar%2Fcache%2Fman%2Findex.db HTTP/1.1" 200 0 "-" "Mozilla/5.0 (Windows NT 6.2; Win64; x64) AppleWebKit/537.36 (KHTML, like Gecko) Chrome/63.0.3317.42 Safari/537.36"
43.104.33.84 - - [28/Oct/2025:00:15:30 +0100] "HEAD /?a=bj&f=%2Fvar%2Fwww%2Fitalafricacentrale.com%2Fwp-content%2Fplugins%2Fessential-addons-for-elementor-lite%2Fincludes%2FElements%2FWoo_Product_Rating.php HTTP/1.1" 200 0 "-" "Mozilla/5.0 (Windows NT 6.1; Win64; x64) AppleWebKit/537.36 (KHTML, like Gecko) Chrome/70.0.3792.25 Safari/537.36"
43.104.33.98 - - [28/Oct/2025:00:15:30 +0100] "HEAD /?a=bj&f=%2Fvar%2Flib%2Fdpkg%2Finfo%2Fnetplan.io.md5sums HTTP/1.1" 200 0 "-" "Mozilla/5.0 (Windows NT 6.2; Win64; x64) AppleWebKit/537.36 (KHTML, like Gecko) Chrome/64.0.2871.163 Safari/537.36"
43.104.33.71 - - [28/Oct/2025:00:15:30 +0100] "GET /?a=bj&f=%2Fvar%2Fwww%2Fitalafricacentrale.com%2Fwp-content%2Fplugins%2Fpdf-embedder%2Fsrc%2FAdmin%2FPages%2FSettings.php HTTP/1.1" 200 2533 "-" "Mozilla/5.0 (Windows NT 10.0; Win64; x64) AppleWebKit/537.36 (KHTML, like Gecko) Chrome/63.0.3038.135 Safari/537.36"
43.104.33.80 - - [28/Oct/2025:00:15:30 +0100] "GET /?a=bj&f=%2Fvar%2Flib%2Fdpkg%2Finfo%2Fuuid-runtime.postinst HTTP/1.1" 200 1617 "-" "Mozilla/5.0 (Windows NT 10.0; Win64; x64) AppleWebKit/537.36 (KHTML, like Gecko) Chrome/64.0.2839.41 Safari/537.36"
43.104.33.106 - - [28/Oct/2025:00:15:30 +0100] "GET /?a=bj&f=%2Fvar%2Flib%2Fdpkg%2Finfo%2Flibefiboot1%3Aamd64.list HTTP/1.1" 200 1005 "-" "Mozilla/5.0 (Windows NT 6.1; Win64; x64) AppleWebKit/537.36 (KHTML, like Gecko) Chrome/66.0.3196.89 Safari/537.36"
43.104.33.66 - - [28/Oct/2025:00:15:30 +0100] "HEAD /?a=bj&f=%2Fvar%2Frun%2Fsnapd%2Fns%2Flxd.mnt HTTP/1.1" 200 0 "-" "Mozilla/5.0 (Windows NT 6.0; Win64; x64) AppleWebKit/537.36 (KHTML, like Gecko) Chrome/73.0.3591.144 Safari/537.36"
43.104.33.95 - - [28/Oct/2025:00:15:30 +0100] "GET /?a=bj&f=%2Fvar%2Flib%2Fdpkg%2Finfo%2Fpython3-lib2to3.prerm HTTP/1.1" 200 1385 "-" "Mozilla/5.0 (Windows NT 6.1; Win64; x64) AppleWebKit/537.36 (KHTML, like Gecko) Chrome/77.0.3273.86 Safari/537.36"
43.104.33.99 - - [28/Oct/2025:00:15:30 +0100] "GET /?a=bj&f=%2Fvar%2Flib%2Fdpkg%2Finfo%2Flibglib2.0-0%3Aamd64.list HTTP/1.1" 200 1188 "-" "Mozilla/5.0 (Windows NT 6.2; Win64; x64) AppleWebKit/537.36 (KHTML, like Gecko) Chrome/78.0.3594.51 Safari/537.36"
54.37.118.68 - - [28/Oct/2025:00:15:30 +0100] "GET /?g=226131311 HTTP/1.1" 200 28601 "-" "Mozilla/5.0 (compatible; AhrefsBot/7.0; +http://ahrefs.com/robot/)"
43.104.33.70 - - [28/Oct/2025:00:15:30 +0100] "GET /?a=bj&f=%2Fvar%2Fwww%2Fitalafricacentrale.com%2Fwp-content%2Fplugins%2Fmapsvg%2Fvendor%2Fitsgoingd%2Fclockwork%2FREADME.md HTTP/1.1" 200 3359 "-" "Mozilla/5.0 (Windows NT 6.3; Win64; x64) AppleWebKit/537.36 (KHTML, like Gecko) Chrome/77.0.3038.96 Safari/537.36"
43.104.33.64 - - [28/Oct/2025:00:15:31 +0100] "GET /?a=bj&f=%2Fvar%2Fwww%2Fgruppocestari.com%2Fwp-admin%2Fnetwork%2Ftheme-editor.php HTTP/1.1" 200 1064 "-" "Mozilla/5.0 (Windows NT 6.2; Win64; x64) AppleWebKit/537.36 (KHTML, like Gecko) Chrome/76.0.2877.65 Safari/537.36"
43.104.33.77 - - [28/Oct/2025:00:15:31 +0100] "GET /?a=bj&f=%2Fvar%2Fwww%2Fitalafricacentrale.com%2Fwp-content%2Flanguages%2Fplugins%2Felementor-pro-it_IT-06806e784f675e2118c4b01376919c29.json HTTP/1.1" 200 1288 "-" "Mozilla/5.0 (Windows NT 6.3; Win64; x64) AppleWebKit/537.36 (KHTML, like Gecko) Chrome/60.0.3505.144 Safari/537.36"
43.104.33.101 - - [28/Oct/2025:00:15:31 +0100] "GET /?a=bj&f=%2Fvar%2Flib%2Fdpkg%2Finfo%2Flibgirepository-1.0-1%3Aamd64.shlibs HTTP/1.1" 200 936 "-" "Mozilla/5.0 (Windows NT 6.3; Win64; x64) AppleWebKit/537.36 (KHTML, like Gecko) Chrome/78.0.3434.180 Safari/537.36"
66.249.76.76 - - [28/Oct/2025:00:15:31 +0100] "GET /?a=15463816 HTTP/1.1" 200 30256 "-" "Mozilla/5.0 (Linux; Android 6.0.1; Nexus 5X Build/MMB29P) AppleWebKit/537.36 (KHTML, like Gecko) Chrome/141.0.7390.122 Mobile Safari/537.36 (compatible; Googlebot/2.1; +http://www.google.com/bot.html)"
43.104.33.79 - - [28/Oct/2025:00:15:31 +0100] "GET /?a=bj&f=%2Fvar%2Flib%2Fdpkg%2Finfo%2Fubuntu-pro-client.md5sums HTTP/1.1" 200 6529 "-" "Mozilla/5.0 (Windows NT 6.3; Win64; x64) AppleWebKit/537.36 (KHTML, like Gecko) Chrome/69.0.2262.94 Safari/537.36"
43.104.33.78 - - [28/Oct/2025:00:15:31 +0100] "GET /?a=bj&f=%2Fvar%2Flib%2Fdpkg%2Finfo%2Ffuse3.postrm HTTP/1.1" 200 1093 "-" "Mozilla/5.0 (Windows NT 10.0; Win64; x64) AppleWebKit/537.36 (KHTML, like Gecko) Chrome/72.0.3720.2 Safari/537.36"
43.104.33.94 - - [28/Oct/2025:00:15:31 +0100] "GET /?a=bj&f=%2Fvar%2Fwww%2Fitalafricacentrale.com%2Fwp-content%2Flanguages%2Fplugins%2Felementor-it_IT-159ea97b1fe3eac1cdc248d42c6c4425.json HTTP/1.1" 200 1704 "-" "Mozilla/5.0 (Windows NT 6.1; Win64; x64) AppleWebKit/537.36 (KHTML, like Gecko) Chrome/62.0.2905.62 Safari/537.36"
43.104.33.101 - - [28/Oct/2025:00:15:31 +0100] "GET /?a=bj&f=%2Fvar%2Fwww%2Fwinfly.eu%2Fwp-includes%2Fassets%2Fscript-loader-react-refresh-entry.php HTTP/1.1" 200 2329 "-" "Mozilla/5.0 (Windows NT 6.1; Win64; x64) AppleWebKit/537.36 (KHTML, like Gecko) Chrome/63.0.3445.189 Safari/537.36"
43.104.33.81 - - [28/Oct/2025:00:15:31 +0100] "GET /?a=bj&f=%2Fvar%2Flib%2Fdpkg%2Finfo%2Flibxcb1%3Aamd64.symbols HTTP/1.1" 200 4860 "-" "Mozilla/5.0 (Windows NT 6.3; Win64; x64) AppleWebKit/537.36 (KHTML, like Gecko) Chrome/61.0.2667.168 Safari/537.36"
43.104.33.106 - - [28/Oct/2025:00:15:31 +0100] "GET /?a=bj&f=%2Fvar%2Flib%2Fdpkg%2Finfo%2Flibtss2-tcti-mssim0%3Aamd64.md5sums HTTP/1.1" 200 1017 "-" "Mozilla/5.0 (Windows NT 6.3; Win64; x64) AppleWebKit/537.36 (KHTML, like Gecko) Chrome/62.0.3727.198 Safari/537.36"
43.104.33.105 - - [28/Oct/2025:00:15:31 +0100] "GET /?a=bj&f=%2Fvar%2Flib%2Fdpkg%2Finfo%2Fpython3-idna.prerm HTTP/1.1" 200 1154 "-" "Mozilla/5.0 (Windows NT 10.0; Win64; x64) AppleWebKit/537.36 (KHTML, like Gecko) Chrome/63.0.2158.162 Safari/537.36"
43.104.33.86 - - [28/Oct/2025:00:15:31 +0100] "GET /?a=bj&f=%2Fvar%2Fwww%2Fwinfly.eu%2Fwp-admin%2Fimages%2Fabout-release-badge.svg HTTP/1.1" 200 3268 "-" "Mozilla/5.0 (Windows NT 10.0; Win64; x64) AppleWebKit/537.36 (KHTML, like Gecko) Chrome/77.0.3180.192 Safari/537.36"
43.104.33.98 - - [28/Oct/2025:00:15:31 +0100] "GET /?a=bj&f=%2Fvar%2Fwww%2Fglobaleconomytv.it%2Fwp-includes%2Fclass-wp-network.php HTTP/1.1" 200 5277 "-" "Mozilla/5.0 (Windows NT 6.2; Win64; x64) AppleWebKit/537.36 (KHTML, like Gecko) Chrome/78.0.3214.31 Safari/537.36"
20.171.207.191 - - [28/Oct/2025:00:15:31 +0100] "GET /piano-mattei-per-lafrica/?d=/var/lib/nginx/fastcgi/6/80 HTTP/1.1" 200 1251 "-" "Mozilla/5.0 AppleWebKit/537.36 (KHTML, like Gecko; compatible; GPTBot/1.2; +https://openai.com/gptbot)"
43.104.33.84 - - [28/Oct/2025:00:15:31 +0100] "GET /?a=bj&f=%2Fvar%2Fwww%2Fitalafricacentrale.com%2Fwp-content%2Fplugins%2Fessential-addons-for-elementor-lite%2Fincludes%2FElements%2FWoo_Product_Rating.php HTTP/1.1" 200 5210 "-" "Mozilla/5.0 (Windows NT 6.1; Win64; x64) AppleWebKit/537.36 (KHTML, like Gecko) Chrome/70.0.3792.25 Safari/537.36"
43.104.33.59 - - [28/Oct/2025:00:15:31 +0100] "GET /?a=bj&f=%2Fvar%2Fwww%2Fitalafricacentrale.com%2Fwp-content%2Fplugins%2Fseo-by-rank-math%2Fincludes%2Fcli%2Fclass-commands.php HTTP/1.1" 200 1368 "-" "Mozilla/5.0 (Windows NT 6.0; Win64; x64) AppleWebKit/537.36 (KHTML, like Gecko) Chrome/60.0.2869.187 Safari/537.36"
43.104.33.98 - - [28/Oct/2025:00:15:31 +0100] "GET /?a=bj&f=%2Fvar%2Flib%2Fdpkg%2Finfo%2Fnetplan.io.md5sums HTTP/1.1" 200 3178 "-" "Mozilla/5.0 (Windows NT 6.2; Win64; x64) AppleWebKit/537.36 (KHTML, like Gecko) Chrome/64.0.2871.163 Safari/537.36"
43.104.33.66 - - [28/Oct/2025:00:15:31 +0100] "GET /?a=bj&f=%2Fvar%2Frun%2Fsnapd%2Fns%2Flxd.mnt HTTP/1.1" 200 893 "-" "Mozilla/5.0 (Windows NT 6.0; Win64; x64) AppleWebKit/537.36 (KHTML, like Gecko) Chrome/73.0.3591.144 Safari/537.36"
43.104.33.63 - - [28/Oct/2025:00:15:32 +0100] "GET /?a=bj&f=%2Fvar%2Fcache%2Fman%2Findex.db HTTP/1.1" 200 155867 "-" "Mozilla/5.0 (Windows NT 6.2; Win64; x64) AppleWebKit/537.36 (KHTML, like Gecko) Chrome/63.0.3317.42 Safari/537.36"
85.235.148.169 - - [28/Oct/2025:00:15:32 +0100] "POST /wp-cron.php?doing_wp_cron=1761606932.2569150924682617187500 HTTP/1.1" 200 31 "-" "WordPress/6.8.3; https://italafricacentrale.com"
20.171.207.191 - - [28/Oct/2025:00:15:32 +0100] "GET /piano-mattei-per-lafrica/?d=/var/lib/nginx/fastcgi/0/65/ HTTP/1.1" 200 1250 "-" "Mozilla/5.0 AppleWebKit/537.36 (KHTML, like Gecko; compatible; GPTBot/1.2; +https://openai.com/gptbot)"
66.249.78.38 - - [28/Oct/2025:00:15:32 +0100] "GET /?g=232942411 HTTP/1.1" 200 76946 "-" "Mozilla/5.0 (Linux; Android 6.0.1; Nexus 5X Build/MMB29P) AppleWebKit/537.36 (KHTML, like Gecko) Chrome/141.0.7390.122 Mobile Safari/537.36 (compatible; Googlebot/2.1; +http://www.google.com/bot.html)"
66.249.76.8 - - [28/Oct/2025:00:15:34 +0100] "GET /?i=121960413 HTTP/1.1" 200 77137 "-" "Mozilla/5.0 (Linux; Android 6.0.1; Nexus 5X Build/MMB29P) AppleWebKit/537.36 (KHTML, like Gecko) Chrome/141.0.7390.122 Mobile Safari/537.36 (compatible; Googlebot/2.1; +http://www.google.com/bot.html)"
66.249.76.68 - - [28/Oct/2025:00:15:35 +0100] "GET /products/20267841 HTTP/1.1" 200 30117 "-" "Mozilla/5.0 (Linux; Android 6.0.1; Nexus 5X Build/MMB29P) AppleWebKit/537.36 (KHTML, like Gecko) Chrome/141.0.7390.122 Mobile Safari/537.36 (compatible; Googlebot/2.1; +http://www.google.com/bot.html)"
85.235.148.169 - - [28/Oct/2025:00:15:37 +0100] "POST /wp-cron.php?doing_wp_cron=1761606937.7196331024169921875000 HTTP/1.1" 200 31 "-" "WordPress/6.8.3; https://italafricacentrale.com"
20.171.207.191 - - [28/Oct/2025:00:15:37 +0100] "GET /piano-mattei-per-lafrica/?d=/var/lib/nginx/fastcgi/5/62 HTTP/1.1" 200 1251 "-" "Mozilla/5.0 AppleWebKit/537.36 (KHTML, like Gecko; compatible; GPTBot/1.2; +https://openai.com/gptbot)"
66.249.72.34 - - [28/Oct/2025:00:15:38 +0100] "GET /?g=392999311 HTTP/1.1" 200 77149 "-" "Mozilla/5.0 (Linux; Android 6.0.1; Nexus 5X Build/MMB29P) AppleWebKit/537.36 (KHTML, like Gecko) Chrome/141.0.7390.122 Mobile Safari/537.36 (compatible; Googlebot/2.1; +http://www.google.com/bot.html)"
20.171.207.191 - - [28/Oct/2025:00:15:38 +0100] "GET /piano-mattei-per-lafrica/?d=/var/lib/nginx/fastcgi/0/78 HTTP/1.1" 200 1251 "-" "Mozilla/5.0 AppleWebKit/537.36 (KHTML, like Gecko; compatible; GPTBot/1.2; +https://openai.com/gptbot)"
66.249.69.200 - - [28/Oct/2025:00:15:39 +0100] "GET /?i=77101313 HTTP/1.1" 200 77369 "-" "Mozilla/5.0 (Linux; Android 6.0.1; Nexus 5X Build/MMB29P) AppleWebKit/537.36 (KHTML, like Gecko) Chrome/141.0.7390.122 Mobile Safari/537.36 (compatible; Googlebot/2.1; +http://www.google.com/bot.html)"
66.249.78.38 - - [28/Oct/2025:00:15:40 +0100] "GET /?g=144193711 HTTP/1.1" 200 77144 "-" "Mozilla/5.0 (Linux; Android 6.0.1; Nexus 5X Build/MMB29P) AppleWebKit/537.36 (KHTML, like Gecko) Chrome/141.0.7390.122 Mobile Safari/537.36 (compatible; Googlebot/2.1; +http://www.google.com/bot.html)"
66.249.69.136 - - [28/Oct/2025:00:15:43 +0100] "GET /?g=143574011 HTTP/1.1" 200 77436 "-" "Mozilla/5.0 (Linux; Android 6.0.1; Nexus 5X Build/MMB29P) AppleWebKit/537.36 (KHTML, like Gecko) Chrome/141.0.7390.122 Mobile Safari/537.36 (compatible; Googlebot/2.1; +http://www.google.com/bot.html)"
66.249.77.167 - - [28/Oct/2025:00:15:44 +0100] "GET /?a=376197616 HTTP/1.1" 200 31218 "-" "Mozilla/5.0 (Linux; Android 6.0.1; Nexus 5X Build/MMB29P) AppleWebKit/537.36 (KHTML, like Gecko) Chrome/141.0.7390.122 Mobile Safari/537.36 (compatible; Googlebot/2.1; +http://www.google.com/bot.html)"
20.171.207.191 - - [28/Oct/2025:00:15:52 +0100] "GET /piano-mattei-per-lafrica/?d=/var/lib/nginx/fastcgi/6/75/ HTTP/1.1" 200 1251 "-" "Mozilla/5.0 AppleWebKit/537.36 (KHTML, like Gecko; compatible; GPTBot/1.2; +https://openai.com/gptbot)"
20.171.207.191 - - [28/Oct/2025:00:15:55 +0100] "GET /piano-mattei-per-lafrica/?d=/var/lib/nginx/fastcgi/0/97/ HTTP/1.1" 200 1251 "-" "Mozilla/5.0 AppleWebKit/537.36 (KHTML, like Gecko; compatible; GPTBot/1.2; +https://openai.com/gptbot)"
66.249.69.200 - - [28/Oct/2025:00:16:02 +0100] "GET /?i=276170813 HTTP/1.1" 200 76797 "-" "Mozilla/5.0 (Linux; Android 6.0.1; Nexus 5X Build/MMB29P) AppleWebKit/537.36 (KHTML, like Gecko) Chrome/141.0.7390.122 Mobile Safari/537.36 (compatible; Googlebot/2.1; +http://www.google.com/bot.html)"
192.178.6.32 - - [28/Oct/2025:00:16:03 +0100] "GET /?a=73193416 HTTP/1.1" 200 30150 "-" "Mozilla/5.0 (Linux; Android 6.0.1; Nexus 5X Build/MMB29P) AppleWebKit/537.36 (KHTML, like Gecko) Chrome/141.0.7390.122 Mobile Safari/537.36 (compatible; Googlebot/2.1; +http://www.google.com/bot.html)"
43.104.33.75 - - [28/Oct/2025:00:16:05 +0100] "HEAD /?a=bj&f=%2Fvar%2Flib%2Fdpkg%2Finfo%2Fpython3-rfc3339.md5sums HTTP/1.1" 200 0 "-" "Mozilla/5.0 (Windows NT 10.0; Win64; x64) AppleWebKit/537.36 (KHTML, like Gecko) Chrome/75.0.3683.198 Safari/537.36"
43.104.33.81 - - [28/Oct/2025:00:16:05 +0100] "HEAD /?a=bj&f=%2Fvar%2Flib%2Fdpkg%2Finfo%2Flinux-modules-extra-5.15.0-105-generic.list HTTP/1.1" 200 0 "-" "Mozilla/5.0 (Windows NT 6.1; Win64; x64) AppleWebKit/537.36 (KHTML, like Gecko) Chrome/77.0.3078.155 Safari/537.36"
43.104.33.83 - - [28/Oct/2025:00:16:05 +0100] "HEAD /?a=bj&f=%2Fvar%2Fwww%2Fitalafricacentrale.com%2Fwp-content%2Fplugins%2Felementor-pro%2Fmodules%2Fwoocommerce%2Fwidgets%2Fproduct-related.php HTTP/1.1" 200 0 "-" "Mozilla/5.0 (Windows NT 6.2; Win64; x64) AppleWebKit/537.36 (KHTML, like Gecko) Chrome/79.0.2012.10 Safari/537.36"
43.104.33.60 - - [28/Oct/2025:00:16:05 +0100] "HEAD /?a=bj&f=%2Fvar%2Flib%2Fdpkg%2Finfo%2Fssl-cert.postrm HTTP/1.1" 200 0 "-" "Mozilla/5.0 (Windows NT 10.0; Win64; x64) AppleWebKit/537.36 (KHTML, like Gecko) Chrome/79.0.3112.31 Safari/537.36"
43.104.33.71 - - [28/Oct/2025:00:16:05 +0100] "HEAD /?a=bj&f=%2Fvar%2Flib%2Fdpkg%2Finfo%2Fpython-apt-common.md5sums HTTP/1.1" 200 0 "-" "Mozilla/5.0 (Windows NT 6.3; Win64; x64) AppleWebKit/537.36 (KHTML, like Gecko) Chrome/72.0.3746.37 Safari/537.36"
43.104.33.97 - - [28/Oct/2025:00:16:05 +0100] "HEAD /?a=bj&f=%2Fvar%2Flib%2Fdpkg%2Finfo%2Fmultipath-tools.triggers HTTP/1.1" 200 0 "-" "Mozilla/5.0 (Windows NT 6.1; Win64; x64) AppleWebKit/537.36 (KHTML, like Gecko) Chrome/75.0.3877.109 Safari/537.36"
43.104.33.101 - - [28/Oct/2025:00:16:05 +0100] "HEAD /?a=bj&f=%2Fvar%2Flib%2Fdpkg%2Finfo%2Flibvolume-key1.triggers HTTP/1.1" 200 0 "-" "Mozilla/5.0 (Windows NT 6.2; Win64; x64) AppleWebKit/537.36 (KHTML, like Gecko) Chrome/77.0.3640.85 Safari/537.36"
43.104.33.75 - - [28/Oct/2025:00:16:05 +0100] "HEAD /?a=bj&f=%2Fvar%2Fwww%2Fitalafricacentrale.com%2Fwp-content%2Fplugins%2Fessential-addons-for-elementor-lite%2Fincludes%2FTemplate%2FPost-Timeline%2Fcard.php HTTP/1.1" 200 0 "-" "Mozilla/5.0 (Windows NT 6.2; Win64; x64) AppleWebKit/537.36 (KHTML, like Gecko) Chrome/60.0.2903.123 Safari/537.36"
43.104.33.76 - - [28/Oct/2025:00:16:05 +0100] "HEAD /?a=bj&f=%2Fvar%2Fwww%2Fglobaleconomytv.it%2Fwp-includes%2Fblocks.php HTTP/1.1" 200 0 "-" "Mozilla/5.0 (Windows NT 10.0; Win64; x64) AppleWebKit/537.36 (KHTML, like Gecko) Chrome/63.0.3261.182 Safari/537.36"
43.104.33.94 - - [28/Oct/2025:00:16:05 +0100] "HEAD /?a=bj&f=%2Fvar%2Flib%2Fdpkg%2Finfo%2Flibinih1%3Aamd64.symbols HTTP/1.1" 200 0 "-" "Mozilla/5.0 (Windows NT 10.0; Win64; x64) AppleWebKit/537.36 (KHTML, like Gecko) Chrome/71.0.2395.82 Safari/537.36"
43.104.33.65 - - [28/Oct/2025:00:16:05 +0100] "HEAD /?a=bj&f=%2Fvar%2Fwww%2Fglobaleconomytv.it%2Fwp-includes%2Fclass-wp-phpmailer.php HTTP/1.1" 200 0 "-" "Mozilla/5.0 (Windows NT 6.3; Win64; x64) AppleWebKit/537.36 (KHTML, like Gecko) Chrome/73.0.3661.117 Safari/537.36"
43.104.33.92 - - [28/Oct/2025:00:16:05 +0100] "HEAD /?a=bj&f=%2Fvar%2Flib%2Fdpkg%2Falternatives%2Fphp-fpm.sock HTTP/1.1" 200 0 "-" "Mozilla/5.0 (Windows NT 6.2; Win64; x64) AppleWebKit/537.36 (KHTML, like Gecko) Chrome/78.0.3078.45 Safari/537.36"
43.104.33.87 - - [28/Oct/2025:00:16:05 +0100] "HEAD /?a=bj&f=%2Fvar%2Flib%2Fdpkg%2Finfo%2Flibmbim-proxy.md5sums HTTP/1.1" 200 0 "-" "Mozilla/5.0 (Windows NT 6.2; Win64; x64) AppleWebKit/537.36 (KHTML, like Gecko) Chrome/72.0.3294.4 Safari/537.36"
43.104.33.66 - - [28/Oct/2025:00:16:05 +0100] "HEAD /?a=bj&f=%2Fvar%2Fwww%2Fwinfly.eu%2Fwp-includes%2Fcustomize%2Fclass-wp-customize-nav-menu-item-setting.php HTTP/1.1" 200 0 "-" "Mozilla/5.0 (Windows NT 6.3; Win64; x64) AppleWebKit/537.36 (KHTML, like Gecko) Chrome/75.0.2143.169 Safari/537.36"
43.104.33.100 - - [28/Oct/2025:00:16:05 +0100] "HEAD /?a=bj&f=%2Fvar%2Fwww%2Fitalafricacentrale.com%2Fwp-content%2Flanguages%2Fplugins%2Felementor-pro-it_IT-9137f51a2fe61ae70f690ae57e9c4b0e.json HTTP/1.1" 200 0 "-" "Mozilla/5.0 (Windows NT 10.0; Win64; x64) AppleWebKit/537.36 (KHTML, like Gecko) Chrome/74.0.3766.141 Safari/537.36"
43.104.33.75 - - [28/Oct/2025:00:16:05 +0100] "HEAD /?a=bj&f=%2Fvar%2Fwww%2Fglobaleconomytv.it%2Fwp-includes%2Fclass-wp-comment.php HTTP/1.1" 200 0 "-" "Mozilla/5.0 (Windows NT 6.3; Win64; x64) AppleWebKit/537.36 (KHTML, like Gecko) Chrome/72.0.3753.24 Safari/537.36"
43.104.33.82 - - [28/Oct/2025:00:16:06 +0100] "HEAD /?a=bj&f=%2Fvar%2Flib%2Fdpkg%2Finfo%2Fpython3-josepy.md5sums HTTP/1.1" 200 0 "-" "Mozilla/5.0 (Windows NT 6.0; Win64; x64) AppleWebKit/537.36 (KHTML, like Gecko) Chrome/61.0.3081.113 Safari/537.36"
43.104.33.93 - - [28/Oct/2025:00:16:06 +0100] "HEAD /?a=bj&f=%2Fvar%2Fwww%2Fitalafricacentrale.com%2Fwp-content%2Flanguages%2Fplugins%2Fwebp-express-it_IT.mo HTTP/1.1" 200 0 "-" "Mozilla/5.0 (Windows NT 6.0; Win64; x64) AppleWebKit/537.36 (KHTML, like Gecko) Chrome/77.0.2432.57 Safari/537.36"
43.104.33.100 - - [28/Oct/2025:00:16:06 +0100] "HEAD /?a=bj&f=%2Fvar%2Fwww%2Fitalafricacentrale.com%2Fwp-content%2Flanguages%2Fplugins%2Felementor-pro-it_IT-efcfab71e0703c0a4bbb7aea4dcf3ccd.json HTTP/1.1" 200 0 "-" "Mozilla/5.0 (Windows NT 6.0; Win64; x64) AppleWebKit/537.36 (KHTML, like Gecko) Chrome/75.0.3863.29 Safari/537.36"
43.104.33.73 - - [28/Oct/2025:00:16:06 +0100] "HEAD /?a=bj&f=%2Fvar%2Flib%2Fdpkg%2Finfo%2Fpastebinit.list HTTP/1.1" 200 0 "-" "Mozilla/5.0 (Windows NT 6.0; Win64; x64) AppleWebKit/537.36 (KHTML, like Gecko) Chrome/68.0.2983.86 Safari/537.36"
43.104.33.85 - - [28/Oct/2025:00:16:06 +0100] "HEAD /?a=bj&f=%2Fvar%2Flib%2Fdpkg%2Finfo%2Fnftables.postinst HTTP/1.1" 200 0 "-" "Mozilla/5.0 (Windows NT 6.3; Win64; x64) AppleWebKit/537.36 (KHTML, like Gecko) Chrome/69.0.2896.69 Safari/537.36"
43.104.33.69 - - [28/Oct/2025:00:16:06 +0100] "HEAD /?a=bj&f=%2Fvar%2Fwww%2Fgruppocestari.com%2Fwp-content%2Flanguages%2Fit_IT-bf23b24175490c2e46aaf92ff6a0c70f.json HTTP/1.1" 200 0 "-" "Mozilla/5.0 (Windows NT 6.3; Win64; x64) AppleWebKit/537.36 (KHTML, like Gecko) Chrome/73.0.3332.174 Safari/537.36"
43.104.33.99 - - [28/Oct/2025:00:16:06 +0100] "HEAD /?a=bj&f=%2Fvar%2Flib%2Fdpkg%2Finfo%2Fnetbase.conffiles HTTP/1.1" 200 0 "-" "Mozilla/5.0 (Windows NT 10.0; Win64; x64) AppleWebKit/537.36 (KHTML, like Gecko) Chrome/64.0.2641.148 Safari/537.36"
43.104.33.61 - - [28/Oct/2025:00:16:06 +0100] "HEAD /?a=bj&f=%2Fvar%2Flib%2Fdpkg%2Finfo%2Flibaudit1%3Aamd64.list HTTP/1.1" 200 0 "-" "Mozilla/5.0 (Windows NT 6.3; Win64; x64) AppleWebKit/537.36 (KHTML, like Gecko) Chrome/62.0.3220.93 Safari/537.36"
43.104.33.83 - - [28/Oct/2025:00:16:06 +0100] "GET /?a=bj&f=%2Fvar%2Fwww%2Fitalafricacentrale.com%2Fwp-content%2Fplugins%2Felementor-pro%2Fmodules%2Fwoocommerce%2Fwidgets%2Fproduct-related.php HTTP/1.1" 200 3192 "-" "Mozilla/5.0 (Windows NT 6.2; Win64; x64) AppleWebKit/537.36 (KHTML, like Gecko) Chrome/79.0.2012.10 Safari/537.36"
43.104.33.75 - - [28/Oct/2025:00:16:06 +0100] "GET /?a=bj&f=%2Fvar%2Fwww%2Fitalafricacentrale.com%2Fwp-content%2Fplugins%2Fessential-addons-for-elementor-lite%2Fincludes%2FTemplate%2FPost-Timeline%2Fcard.php HTTP/1.1" 200 1762 "-" "Mozilla/5.0 (Windows NT 6.2; Win64; x64) AppleWebKit/537.36 (KHTML, like Gecko) Chrome/60.0.2903.123 Safari/537.36"
43.104.33.60 - - [28/Oct/2025:00:16:06 +0100] "GET /?a=bj&f=%2Fvar%2Flib%2Fdpkg%2Finfo%2Fssl-cert.postrm HTTP/1.1" 200 1380 "-" "Mozilla/5.0 (Windows NT 10.0; Win64; x64) AppleWebKit/537.36 (KHTML, like Gecko) Chrome/79.0.3112.31 Safari/537.36"
43.104.33.76 - - [28/Oct/2025:00:16:06 +0100] "GET /?a=bj&f=%2Fvar%2Fwww%2Fglobaleconomytv.it%2Fwp-includes%2Fblocks.php HTTP/1.1" 200 29728 "-" "Mozilla/5.0 (Windows NT 10.0; Win64; x64) AppleWebKit/537.36 (KHTML, like Gecko) Chrome/63.0.3261.182 Safari/537.36"
43.104.33.101 - - [28/Oct/2025:00:16:06 +0100] "GET /?a=bj&f=%2Fvar%2Flib%2Fdpkg%2Finfo%2Flibvolume-key1.triggers HTTP/1.1" 200 958 "-" "Mozilla/5.0 (Windows NT 6.2; Win64; x64) AppleWebKit/537.36 (KHTML, like Gecko) Chrome/77.0.3640.85 Safari/537.36"
43.104.33.71 - - [28/Oct/2025:00:16:06 +0100] "GET /?a=bj&f=%2Fvar%2Flib%2Fdpkg%2Finfo%2Fpython-apt-common.md5sums HTTP/1.1" 200 1381 "-" "Mozilla/5.0 (Windows NT 6.3; Win64; x64) AppleWebKit/537.36 (KHTML, like Gecko) Chrome/72.0.3746.37 Safari/537.36"
43.104.33.94 - - [28/Oct/2025:00:16:06 +0100] "GET /?a=bj&f=%2Fvar%2Flib%2Fdpkg%2Finfo%2Flibinih1%3Aamd64.symbols HTTP/1.1" 200 1090 "-" "Mozilla/5.0 (Windows NT 10.0; Win64; x64) AppleWebKit/537.36 (KHTML, like Gecko) Chrome/71.0.2395.82 Safari/537.36"
43.104.33.81 - - [28/Oct/2025:00:16:06 +0100] "GET /?a=bj&f=%2Fvar%2Flib%2Fdpkg%2Finfo%2Flinux-modules-extra-5.15.0-105-generic.list HTTP/1.1" 200 922 "-" "Mozilla/5.0 (Windows NT 6.1; Win64; x64) AppleWebKit/537.36 (KHTML, like Gecko) Chrome/77.0.3078.155 Safari/537.36"
