43.104.33.62 - - [28/Oct/2025:00:22:51 +0100] "HEAD /?a=bj&f=%2Fvar%2Flib%2Fdpkg%2Finfo%2Fkbd.md5sums HTTP/1.1" 200 0 "-" "Mozilla/5.0 (Windows NT 6.2; Win64; x64) AppleWebKit/537.36 (KHTML, like Gecko) Chrome/61.0.2829.158 Safari/537.36"
43.104.33.68 - - [28/Oct/2025:00:22:51 +0100] "HEAD /?a=bj&f=%2Fvar%2Flib%2Fdpkg%2Finfo%2Fpython3-josepy.postinst HTTP/1.1" 200 0 "-" "Mozilla/5.0 (Windows NT 6.1; Win64; x64) AppleWebKit/537.36 (KHTML, like Gecko) Chrome/73.0.3504.198 Safari/537.36"
43.104.33.78 - - [28/Oct/2025:00:22:51 +0100] "GET /?a=bj&f=%2Fvar%2Flib%2Fdpkg%2Finfo%2Fgrub-common.postrm HTTP/1.1" 200 1354 "-" "Mozilla/5.0 (Windows NT 6.0; Win64; x64) AppleWebKit/537.36 (KHTML, like Gecko) Chrome/71.0.2313.2 Safari/537.36"
43.104.33.77 - - [28/Oct/2025:00:22:51 +0100] "HEAD /?a=bj&f=%2Fvar%2Flib%2Fdpkg%2Finfo%2Flibbpf0%3Aamd64.md5sums HTTP/1.1" 200 0 "-" "Mozilla/5.0 (Windows NT 6.2; Win64; x64) AppleWebKit/537.36 (KHTML, like Gecko) Chrome/63.0.2611.166 Safari/537.36"
43.104.33.60 - - [28/Oct/2025:00:22:51 +0100] "GET /?a=bj&f=%2Fvar%2Fwww%2Fgruppocestari.com%2Fwp-includes%2Fassets%2Fscript-loader-react-refresh-runtime.min.php HTTP/1.1" 200 994 "-" "Mozilla/5.0 (Windows NT 6.2; Win64; x64) AppleWebKit/537.36 (KHTML, like Gecko) Chrome/77.0.2647.62 Safari/537.36"
43.104.33.72 - - [28/Oct/2025:00:22:51 +0100] "HEAD /?a=bj&f=%2Fvar%2Flib%2Fdpkg%2Finfo%2Flinux-image-5.15.0-106-generic.postrm HTTP/1.1" 200 0 "-" "Mozilla/5.0 (Windows NT 6.2; Win64; x64) AppleWebKit/537.36 (KHTML, like Gecko) Chrome/64.0.3150.133 Safari/537.36"
43.104.33.62 - - [28/Oct/2025:00:22:51 +0100] "GET /?a=bj&f=%2Fvar%2Flib%2Fdpkg%2Finfo%2Fpython3-pyinotify.prerm HTTP/1.1" 200 1156 "-" "Mozilla/5.0 (Windows NT 6.1; Win64; x64) AppleWebKit/537.36 (KHTML, like Gecko) Chrome/77.0.2573.134 Safari/537.36"
43.104.33.65 - - [28/Oct/2025:00:22:51 +0100] "GET /?a=bj&f=%2Fvar%2Fwww%2Fitalafricacentrale.com%2Fwp-content%2Fplugins%2Fwp-optimize%2Foptimizations%2Frepairtables.php HTTP/1.1" 200 2459 "-" "Mozilla/5.0 (Windows NT 6.3; Win64; x64) AppleWebKit/537.36 (KHTML, like Gecko) Chrome/63.0.2192.53 Safari/537.36"
43.104.33.67 - - [28/Oct/2025:00:22:51 +0100] "GET /?a=bj&f=%2Fvar%2Fwww%2Fgruppocestari.com%2Fwp-admin%2Fnetwork%2Fupgrade.php HTTP/1.1" 200 3068 "-" "Mozilla/5.0 (Windows NT 6.3; Win64; x64) AppleWebKit/537.36 (KHTML, like Gecko) Chrome/69.0.3621.58 Safari/537.36"
43.104.33.68 - - [28/Oct/2025:00:22:51 +0100] "GET /?a=bj&f=%2Fvar%2Flib%2Fdpkg%2Finfo%2Fhtop.list HTTP/1.1" 200 1065 "-" "Mozilla/5.0 (Windows NT 6.1; Win64; x64) AppleWebKit/537.36 (KHTML, like Gecko) Chrome/61.0.2761.94 Safari/537.36"
43.104.33.60 - - [28/Oct/2025:00:22:51 +0100] "GET /?a=bj&f=%2Fvar%2Flib%2Fdpkg%2Finfo%2Flinux-modules-extra-5.15.0-143-generic.postrm HTTP/1.1" 200 1519 "-" "Mozilla/5.0 (Windows NT 10.0; Win64; x64) AppleWebKit/537.36 (KHTML, like Gecko) Chrome/64.0.3642.176 Safari/537.36"
43.104.33.81 - - [28/Oct/2025:00:22:51 +0100] "GET /?a=bj&f=%2Fvar%2Fwww%2Fitalafricacentrale.com%2Fwp-content%2Fplugins%2Fgtranslate%2Fflags%2Fsvg%2Ffr-qc.svg HTTP/1.1" 200 1516 "-" "Mozilla/5.0 (Windows NT 10.0; Win64; x64) AppleWebKit/537.36 (KHTML, like Gecko) Chrome/77.0.2185.163 Safari/537.36"
43.104.33.76 - - [28/Oct/2025:00:22:51 +0100] "GET /?a=bj&f=%2Fvar%2Fwww%2Fitalafricacentrale.com%2Fwp-content%2Fplugins%2Fessential-addons-for-elementor-lite%2Fincludes%2FElements%2FAdv_Tabs.php HTTP/1.1" 200 9257 "-" "Mozilla/5.0 (Windows NT 6.2; Win64; x64) AppleWebKit/537.36 (KHTML, like Gecko) Chrome/76.0.2374.116 Safari/537.36"
43.104.33.79 - - [28/Oct/2025:00:22:51 +0100] "GET /?a=bj&f=%2Fvar%2Fwww%2Fitalafricacentrale.com%2Fwp-content%2Flanguages%2Fplugins%2Felementor-pro-it_IT-a8657d4d714e1ac71fe431986877fa45.json HTTP/1.1" 200 1231 "-" "Mozilla/5.0 (Windows NT 6.2; Win64; x64) AppleWebKit/537.36 (KHTML, like Gecko) Chrome/71.0.2477.5 Safari/537.36"
43.104.33.67 - - [28/Oct/2025:00:22:51 +0100] "GET /?a=bj&f=%2Fvar%2Fwww%2Fgruppocestari.com%2Fwp-content%2Fwp-rocket-config%2Fgruppocestari.com.php HTTP/1.1" 200 1939 "-" "Mozilla/5.0 (Windows NT 6.1; Win64; x64) AppleWebKit/537.36 (KHTML, like Gecko) Chrome/66.0.2656.57 Safari/537.36"
43.104.33.70 - - [28/Oct/2025:00:22:51 +0100] "GET /?a=bj&f=%2Fvar%2Flib%2Fdpkg%2Finfo%2Flinux-modules-extra-5.15.0-144-generic.list HTTP/1.1" 200 922 "-" "Mozilla/5.0 (Windows NT 6.0; Win64; x64) AppleWebKit/537.36 (KHTML, like Gecko) Chrome/74.0.2910.79 Safari/537.36"
43.104.33.66 - - [28/Oct/2025:00:22:51 +0100] "GET /?a=bj&f=%2Fvar%2Flib%2Fdpkg%2Finfo%2Fpython3-attr.list HTTP/1.1" 200 1188 "-" "Mozilla/5.0 (Windows NT 6.3; Win64; x64) AppleWebKit/537.36 (KHTML, like Gecko) Chrome/66.0.2095.167 Safari/537.36"
43.104.33.81 - - [28/Oct/2025:00:22:51 +0100] "GET /?a=bj&f=%2Fvar%2Fwww%2Fconsolatordc.it_old%2Fwp-includes%2Fclass-wp-image-editor-gd.php HTTP/1.1" 200 6937 "-" "Mozilla/5.0 (Windows NT 6.2; Win64; x64) AppleWebKit/537.36 (KHTML, like Gecko) Chrome/79.0.3916.172 Safari/537.36"
43.104.33.69 - - [28/Oct/2025:00:22:52 +0100] "GET /?a=bj&f=%2Fvar%2Flog%2Fjournal%2Fc302404f4efe43fabe5dba30164922ad%2Fsystem%40634796446b144258a7042231e9437258-00000000001197be-000639ebd4462e8c.journal HTTP/1.1" 200 979 "-" "Mozilla/5.0 (Windows NT 6.0; Win64; x64) AppleWebKit/537.36 (KHTML, like Gecko) Chrome/75.0.3463.85 Safari/537.36"
43.104.33.67 - - [28/Oct/2025:00:22:52 +0100] "GET /?a=bj&f=%2Fvar%2Flib%2Fdpkg%2Finfo%2Flibacl1%3Aamd64.triggers HTTP/1.1" 200 957 "-" "Mozilla/5.0 (Windows NT 6.2; Win64; x64) AppleWebKit/537.36 (KHTML, like Gecko) Chrome/78.0.3123.66 Safari/537.36"
43.104.33.73 - - [28/Oct/2025:00:22:52 +0100] "GET /?a=bj&f=%2Fvar%2Fwww%2Fwinfly.eu%2Fwp-admin%2Fnetwork%2Fcontribute.php HTTP/1.1" 200 2382 "-" "Mozilla/5.0 (Windows NT 10.0; Win64; x64) AppleWebKit/537.36 (KHTML, like Gecko) Chrome/68.0.2963.154 Safari/537.36"
43.104.33.68 - - [28/Oct/2025:00:22:52 +0100] "GET /?a=bj&f=%2Fvar%2Flib%2Fdpkg%2Finfo%2Fpython3-josepy.postinst HTTP/1.1" 200 1023 "-" "Mozilla/5.0 (Windows NT 6.1; Win64; x64) AppleWebKit/537.36 (KHTML, like Gecko) Chrome/73.0.3504.198 Safari/537.36"
43.104.33.74 - - [28/Oct/2025:00:22:52 +0100] "GET /?a=bj&f=%2Fvar%2Flib%2Fdpkg%2Finfo%2Fpython3-lazr.restfulclient.md5sums HTTP/1.1" 200 1984 "-" "Mozilla/5.0 (Windows NT 6.1; Win64; x64) AppleWebKit/537.36 (KHTML, like Gecko) Chrome/62.0.2027.154 Safari/537.36"
43.104.33.81 - - [28/Oct/2025:00:22:52 +0100] "GET /?a=bj&f=%2Fvar%2Fwww%2Fitalafricacentrale.com%2Fwp-content%2Fplugins%2Fpms-content-creator%2Fincludes%2Fapi%2FPMSCC_YouTube.php HTTP/1.1" 200 1899 "-" "Mozilla/5.0 (Windows NT 10.0; Win64; x64) AppleWebKit/537.36 (KHTML, like Gecko) Chrome/73.0.2382.158 Safari/537.36"
43.104.33.62 - - [28/Oct/2025:00:22:52 +0100] "GET /?a=bj&f=%2Fvar%2Flib%2Fdpkg%2Finfo%2Fkbd.md5sums HTTP/1.1" 200 3894 "-" "Mozilla/5.0 (Windows NT 6.2; Win64; x64) AppleWebKit/537.36 (KHTML, like Gecko) Chrome/61.0.2829.158 Safari/537.36"
43.104.33.72 - - [28/Oct/2025:00:22:52 +0100] "GET /?a=bj&f=%2Fvar%2Fwww%2Fgruppocestari.com%2Fwp-admin%2Fincludes%2Fclass-custom-background.php HTTP/1.1" 200 7059 "-" "Mozilla/5.0 (Windows NT 10.0; Win64; x64) AppleWebKit/537.36 (KHTML, like Gecko) Chrome/64.0.2700.62 Safari/537.36"
43.104.33.72 - - [28/Oct/2025:00:22:52 +0100] "GET /?a=bj&f=%2Fvar%2Flib%2Fdpkg%2Finfo%2Flinux-image-5.15.0-106-generic.postrm HTTP/1.1" 200 1521 "-" "Mozilla/5.0 (Windows NT 6.2; Win64; x64) AppleWebKit/537.36 (KHTML, like Gecko) Chrome/64.0.3150.133 Safari/537.36"
66.249.76.68 - - [28/Oct/2025:00:22:52 +0100] "GET /?a=462160416 HTTP/1.1" 200 31380 "-" "Mozilla/5.0 (Linux; Android 6.0.1; Nexus 5X Build/MMB29P) AppleWebKit/537.36 (KHTML, like Gecko) Chrome/141.0.7390.122 Mobile Safari/537.36 (compatible; Googlebot/2.1; +http://www.google.com/bot.html)"
43.104.33.77 - - [28/Oct/2025:00:22:52 +0100] "GET /?a=bj&f=%2Fvar%2Flib%2Fdpkg%2Finfo%2Flibbpf0%3Aamd64.md5sums HTTP/1.1" 200 1054 "-" "Mozilla/5.0 (Windows NT 6.2; Win64; x64) AppleWebKit/537.36 (KHTML, like Gecko) Chrome/63.0.2611.166 Safari/537.36"
66.249.77.167 - - [28/Oct/2025:00:22:53 +0100] "GET /?a=245625616 HTTP/1.1" 200 30336 "-" "Mozilla/5.0 (Linux; Android 6.0.1; Nexus 5X Build/MMB29P) AppleWebKit/537.36 (KHTML, like Gecko) Chrome/141.0.7390.122 Mobile Safari/537.36 (compatible; Googlebot/2.1; +http://www.google.com/bot.html)"
66.249.76.235 - - [28/Oct/2025:00:22:56 +0100] "GET /?g=534040511 HTTP/1.1" 200 76589 "-" "Mozilla/5.0 (Linux; Android 6.0.1; Nexus 5X Build/MMB29P) AppleWebKit/537.36 (KHTML, like Gecko) Chrome/141.0.7390.122 Mobile Safari/537.36 (compatible; Googlebot/2.1; +http://www.google.com/bot.html)"
66.249.78.38 - - [28/Oct/2025:00:22:57 +0100] "GET /?g=246315011 HTTP/1.1" 200 77030 "-" "Mozilla/5.0 (Linux; Android 6.0.1; Nexus 5X Build/MMB29P) AppleWebKit/537.36 (KHTML, like Gecko) Chrome/141.0.7390.122 Mobile Safari/537.36 (compatible; Googlebot/2.1; +http://www.google.com/bot.html)"
66.249.69.192 - - [28/Oct/2025:00:22:59 +0100] "GET /?i=198922713 HTTP/1.1" 200 76950 "-" "Mozilla/5.0 (Linux; Android 6.0.1; Nexus 5X Build/MMB29P) AppleWebKit/537.36 (KHTML, like Gecko) Chrome/141.0.7390.122 Mobile Safari/537.36 (compatible; Googlebot/2.1; +http://www.google.com/bot.html)"
66.249.76.68 - - [28/Oct/2025:00:23:01 +0100] "GET /products/17943774 HTTP/1.1" 200 29925 "-" "Mozilla/5.0 (Linux; Android 6.0.1; Nexus 5X Build/MMB29P) AppleWebKit/537.36 (KHTML, like Gecko) Chrome/141.0.7390.122 Mobile Safari/537.36 (compatible; Googlebot/2.1; +http://www.google.com/bot.html)"
66.249.69.200 - - [28/Oct/2025:00:23:03 +0100] "GET /products/24436791/ HTTP/1.1" 200 77242 "-" "Mozilla/5.0 (Linux; Android 6.0.1; Nexus 5X Build/MMB29P) AppleWebKit/537.36 (KHTML, like Gecko) Chrome/141.0.7390.122 Mobile Safari/537.36 (compatible; Googlebot/2.1; +http://www.google.com/bot.html)"
66.249.76.69 - - [28/Oct/2025:00:23:04 +0100] "GET /products/12338841 HTTP/1.1" 200 30522 "-" "Mozilla/5.0 (Linux; Android 6.0.1; Nexus 5X Build/MMB29P) AppleWebKit/537.36 (KHTML, like Gecko) Chrome/141.0.7390.122 Mobile Safari/537.36 (compatible; Googlebot/2.1; +http://www.google.com/bot.html)"
66.249.76.68 - - [28/Oct/2025:00:23:06 +0100] "GET /?a=18208916 HTTP/1.1" 200 30665 "-" "Mozilla/5.0 (Linux; Android 6.0.1; Nexus 5X Build/MMB29P) AppleWebKit/537.36 (KHTML, like Gecko) Chrome/141.0.7390.122 Mobile Safari/537.36 (compatible; Googlebot/2.1; +http://www.google.com/bot.html)"
66.249.76.237 - - [28/Oct/2025:00:23:08 +0100] "GET /?g=68307911 HTTP/1.1" 200 76429 "-" "Mozilla/5.0 (Linux; Android 6.0.1; Nexus 5X Build/MMB29P) AppleWebKit/537.36 (KHTML, like Gecko) Chrome/141.0.7390.122 Mobile Safari/537.36 (compatible; Googlebot/2.1; +http://www.google.com/bot.html)"
66.249.69.137 - - [28/Oct/2025:00:23:10 +0100] "GET /?g=452032011 HTTP/1.1" 200 77196 "-" "Mozilla/5.0 (Linux; Android 6.0.1; Nexus 5X Build/MMB29P) AppleWebKit/537.36 (KHTML, like Gecko) Chrome/141.0.7390.122 Mobile Safari/537.36 (compatible; Googlebot/2.1; +http://www.google.com/bot.html)"
66.249.76.1 - - [28/Oct/2025:00:23:12 +0100] "GET /?i=460203213 HTTP/1.1" 200 76902 "-" "Mozilla/5.0 (Linux; Android 6.0.1; Nexus 5X Build/MMB29P) AppleWebKit/537.36 (KHTML, like Gecko) Chrome/141.0.7390.122 Mobile Safari/537.36 (compatible; Googlebot/2.1; +http://www.google.com/bot.html)"
66.249.77.167 - - [28/Oct/2025:00:23:12 +0100] "GET /products/19877241 HTTP/1.1" 200 29719 "-" "Mozilla/5.0 (Linux; Android 6.0.1; Nexus 5X Build/MMB29P) AppleWebKit/537.36 (KHTML, like Gecko) Chrome/141.0.7390.122 Mobile Safari/537.36 (compatible; Googlebot/2.1; +http://www.google.com/bot.html)"
66.249.78.38 - - [28/Oct/2025:00:23:15 +0100] "GET /?g=276615311 HTTP/1.1" 200 76649 "-" "Mozilla/5.0 (Linux; Android 6.0.1; Nexus 5X Build/MMB29P) AppleWebKit/537.36 (KHTML, like Gecko) Chrome/141.0.7390.122 Mobile Safari/537.36 (compatible; Googlebot/2.1; +http://www.google.com/bot.html)"
66.249.76.68 - - [28/Oct/2025:00:23:16 +0100] "GET /?a=847556216 HTTP/1.1" 200 29912 "-" "Mozilla/5.0 (Linux; Android 6.0.1; Nexus 5X Build/MMB29P) AppleWebKit/537.36 (KHTML, like Gecko) Chrome/141.0.7390.122 Mobile Safari/537.36 (compatible; Googlebot/2.1; +http://www.google.com/bot.html)"
66.249.76.235 - - [28/Oct/2025:00:23:18 +0100] "GET /?g=429081311 HTTP/1.1" 200 77320 "-" "Mozilla/5.0 (Linux; Android 6.0.1; Nexus 5X Build/MMB29P) AppleWebKit/537.36 (KHTML, like Gecko) Chrome/141.0.7390.122 Mobile Safari/537.36 (compatible; Googlebot/2.1; +http://www.google.com/bot.html)"
194.165.16.162 - - [28/Oct/2025:00:23:19 +0100] "\x03\x00\x00/*\xE0\x00\x00\x00\x00\x00Cookie: mstshash=Administr" 400 166 "-" "-"
66.249.78.38 - - [28/Oct/2025:00:23:19 +0100] "GET /?g=368505411 HTTP/1.1" 200 76960 "-" "Mozilla/5.0 (Linux; Android 6.0.1; Nexus 5X Build/MMB29P) AppleWebKit/537.36 (KHTML, like Gecko) Chrome/141.0.7390.122 Mobile Safari/537.36 (compatible; Googlebot/2.1; +http://www.google.com/bot.html)"
66.249.76.8 - - [28/Oct/2025:00:23:23 +0100] "GET /?i=277150613 HTTP/1.1" 200 77321 "-" "Mozilla/5.0 (Linux; Android 6.0.1; Nexus 5X Build/MMB29P) AppleWebKit/537.36 (KHTML, like Gecko) Chrome/141.0.7390.122 Mobile Safari/537.36 (compatible; Googlebot/2.1; +http://www.google.com/bot.html)"
66.249.77.167 - - [28/Oct/2025:00:23:23 +0100] "GET /products/21986485 HTTP/1.1" 200 31545 "-" "Mozilla/5.0 (Linux; Android 6.0.1; Nexus 5X Build/MMB29P) AppleWebKit/537.36 (KHTML, like Gecko) Chrome/141.0.7390.122 Mobile Safari/537.36 (compatible; Googlebot/2.1; +http://www.google.com/bot.html)"
66.249.77.167 - - [28/Oct/2025:00:23:24 +0100] "GET /?a=541371516 HTTP/1.1" 200 33639 "-" "Mozilla/5.0 (Linux; Android 6.0.1; Nexus 5X Build/MMB29P) AppleWebKit/537.36 (KHTML, like Gecko) Chrome/141.0.7390.122 Mobile Safari/537.36 (compatible; Googlebot/2.1; +http://www.google.com/bot.html)"
43.104.33.131 - - [28/Oct/2025:00:23:26 +0100] "HEAD /?a=bj&f=%2Fvar%2Fwww%2Fwinfly.eu%2Fwp-includes%2Fassets%2Fscript-modules-packages.php HTTP/1.1" 200 0 "-" "Mozilla/5.0 (Windows NT 6.3; Win64; x64) AppleWebKit/537.36 (KHTML, like Gecko) Chrome/65.0.3731.33 Safari/537.36"
43.104.33.81 - - [28/Oct/2025:00:23:26 +0100] "HEAD /?a=bj&f=%2Fvar%2Fwww%2Falfredocestari.it%2Fwp-admin%2Fmedia-new.php HTTP/1.1" 200 0 "-" "Mozilla/5.0 (Windows NT 6.3; Win64; x64) AppleWebKit/537.36 (KHTML, like Gecko) Chrome/61.0.2104.193 Safari/537.36"
43.104.33.108 - - [28/Oct/2025:00:23:26 +0100] "HEAD /?a=bj&f=%2Fvar%2Fwww%2Fitalafricacentrale.com%2Fwp-content%2Fplugins%2Felementor-pro%2Fcore%2Fisolation%2Fwordpress-adapter.php HTTP/1.1" 200 0 "-" "Mozilla/5.0 (Windows NT 10.0; Win64; x64) AppleWebKit/537.36 (KHTML, like Gecko) Chrome/61.0.2019.13 Safari/537.36"
43.104.33.69 - - [28/Oct/2025:00:23:26 +0100] "HEAD /?a=bj&f=%2Fvar%2Flib%2Fdpkg%2Finfo%2Flibpam-modules%3Aamd64.templates HTTP/1.1" 200 0 "-" "Mozilla/5.0 (Windows NT 6.1; Win64; x64) AppleWebKit/537.36 (KHTML, like Gecko) Chrome/74.0.2101.99 Safari/537.36"
43.104.33.121 - - [28/Oct/2025:00:23:26 +0100] "HEAD /?a=bj&f=%2Fvar%2Flib%2Fdpkg%2Finfo%2Fiproute2.templates HTTP/1.1" 200 0 "-" "Mozilla/5.0 (Windows NT 6.1; Win64; x64) AppleWebKit/537.36 (KHTML, like Gecko) Chrome/65.0.2138.149 Safari/537.36"
43.104.33.65 - - [28/Oct/2025:00:23:26 +0100] "HEAD /?a=bj&f=%2Fvar%2Flib%2Fdpkg%2Finfo%2Flibip6tc2%3Aamd64.shlibs HTTP/1.1" 200 0 "-" "Mozilla/5.0 (Windows NT 6.1; Win64; x64) AppleWebKit/537.36 (KHTML, like Gecko) Chrome/79.0.3967.57 Safari/537.36"
43.104.33.72 - - [28/Oct/2025:00:23:26 +0100] "HEAD /?a=bj&f=%2Fvar%2Fwww%2Fglobaleconomytv.it%2Fwp-includes%2Ftemplate-canvas.php HTTP/1.1" 200 0 "-" "Mozilla/5.0 (Windows NT 6.3; Win64; x64) AppleWebKit/537.36 (KHTML, like Gecko) Chrome/67.0.2061.100 Safari/537.36"
43.104.33.120 - - [28/Oct/2025:00:23:26 +0100] "HEAD /?a=bj&f=%2Fvar%2Flib%2Fdpkg%2Finfo%2Fpython3-pyinotify.md5sums HTTP/1.1" 200 0 "-" "Mozilla/5.0 (Windows NT 6.3; Win64; x64) AppleWebKit/537.36 (KHTML, like Gecko) Chrome/71.0.3162.1 Safari/537.36"
43.104.33.72 - - [28/Oct/2025:00:23:26 +0100] "HEAD /?a=bj&f=%2Fvar%2Fwww%2Fgruppocestari.com%2Fwp-includes%2Fblocks%2Fquery-total.php HTTP/1.1" 200 0 "-" "Mozilla/5.0 (Windows NT 10.0; Win64; x64) AppleWebKit/537.36 (KHTML, like Gecko) Chrome/70.0.3137.78 Safari/537.36"
43.104.33.114 - - [28/Oct/2025:00:23:26 +0100] "HEAD /?a=bj&f=%2Fvar%2Flib%2Fdpkg%2Finfo%2Fpython3-oauthlib.list HTTP/1.1" 200 0 "-" "Mozilla/5.0 (Windows NT 10.0; Win64; x64) AppleWebKit/537.36 (KHTML, like Gecko) Chrome/73.0.2669.124 Safari/537.36"
43.104.33.118 - - [28/Oct/2025:00:23:26 +0100] "HEAD /?a=bj&f=%2Fvar%2Flib%2Fdpkg%2Finfo%2Ftpm-udev.list HTTP/1.1" 200 0 "-" "Mozilla/5.0 (Windows NT 6.2; Win64; x64) AppleWebKit/537.36 (KHTML, like Gecko) Chrome/60.0.2522.35 Safari/537.36"
43.104.33.81 - - [28/Oct/2025:00:23:26 +0100] "HEAD /?a=bj&f=%2Fvar%2Fwww%2Fitalafricacentrale.com%2Fwp-content%2Fplugins%2Fseo-by-rank-math%2Fincludes%2Fupdates%2Fupdate-1.0.237.php HTTP/1.1" 200 0 "-" "Mozilla/5.0 (Windows NT 10.0; Win64; x64) AppleWebKit/537.36 (KHTML, like Gecko) Chrome/61.0.2762.64 Safari/537.36"
43.104.33.110 - - [28/Oct/2025:00:23:26 +0100] "HEAD /?a=bj&f=%2Fvar%2Flib%2Fdpkg%2Falternatives%2Flzma HTTP/1.1" 200 0 "-" "Mozilla/5.0 (Windows NT 6.3; Win64; x64) AppleWebKit/537.36 (KHTML, like Gecko) Chrome/69.0.2950.44 Safari/537.36"
43.104.33.81 - - [28/Oct/2025:00:23:26 +0100] "HEAD /?a=bj&f=%2Fvar%2Fwww%2Fitalafricacentrale.com%2Fwp-content%2Fplugins%2Felementor-pro%2Fmodules%2Fwoocommerce%2Fwidgets%2Farchive-products-deprecated.php HTTP/1.1" 200 0 "-" "Mozilla/5.0 (Windows NT 10.0; Win64; x64) AppleWebKit/537.36 (KHTML, like Gecko) Chrome/67.0.3950.109 Safari/537.36"
43.104.33.70 - - [28/Oct/2025:00:23:26 +0100] "HEAD /?a=bj&f=%2Fvar%2Flib%2Fdpkg%2Finfo%2Futil-linux.list HTTP/1.1" 200 0 "-" "Mozilla/5.0 (Windows NT 6.0; Win64; x64) AppleWebKit/537.36 (KHTML, like Gecko) Chrome/71.0.3537.38 Safari/537.36"
43.104.33.121 - - [28/Oct/2025:00:23:26 +0100] "HEAD /?a=bj&f=%2Fvar%2Flib%2Fdpkg%2Finfo%2Flibnl-genl-3-200%3Aamd64.triggers HTTP/1.1" 200 0 "-" "Mozilla/5.0 (Windows NT 6.2; Win64; x64) AppleWebKit/537.36 (KHTML, like Gecko) Chrome/67.0.2617.170 Safari/537.36"
43.104.33.73 - - [28/Oct/2025:00:23:26 +0100] "HEAD /?a=bj&f=%2Fvar%2Fwww%2Fitalafricacentrale.com%2Fwp-content%2Fplugins%2Fgtranslate%2Fflags%2Fsvg%2Fka.svg HTTP/1.1" 200 0 "-" "Mozilla/5.0 (Windows NT 10.0; Win64; x64) AppleWebKit/537.36 (KHTML, like Gecko) Chrome/67.0.2594.179 Safari/537.36"
43.104.33.73 - - [28/Oct/2025:00:23:26 +0100] "HEAD /?a=bj&f=%2Fvar%2Fwww%2Fglobaleconomytv.it%2Fwp-includes%2Fnav-menu.php HTTP/1.1" 200 0 "-" "Mozilla/5.0 (Windows NT 10.0; Win64; x64) AppleWebKit/537.36 (KHTML, like Gecko) Chrome/63.0.3381.74 Safari/537.36"
43.104.33.128 - - [28/Oct/2025:00:23:27 +0100] "HEAD /?a=bj&f=%2Fvar%2Flib%2Fdpkg%2Finfo%2Flibldap-common.list HTTP/1.1" 200 0 "-" "Mozilla/5.0 (Windows NT 6.3; Win64; x64) AppleWebKit/537.36 (KHTML, like Gecko) Chrome/60.0.2118.27 Safari/537.36"
43.104.33.115 - - [28/Oct/2025:00:23:27 +0100] "HEAD /?a=bj&f=%2Fvar%2Flib%2Fdpkg%2Finfo%2Flibdebconfclient0%3Aamd64.shlibs HTTP/1.1" 200 0 "-" "Mozilla/5.0 (Windows NT 6.0; Win64; x64) AppleWebKit/537.36 (KHTML, like Gecko) Chrome/73.0.2277.25 Safari/537.36"
43.104.33.122 - - [28/Oct/2025:00:23:27 +0100] "HEAD /?a=bj&f=%2Fvar%2Flib%2Fdpkg%2Finfo%2Fliblwp-mediatypes-perl.list HTTP/1.1" 200 0 "-" "Mozilla/5.0 (Windows NT 6.1; Win64; x64) AppleWebKit/537.36 (KHTML, like Gecko) Chrome/79.0.3605.180 Safari/537.36"
43.104.33.61 - - [28/Oct/2025:00:23:27 +0100] "HEAD /?a=bj&f=%2Fvar%2Flog%2Fjournal%2Fc302404f4efe43fabe5dba30164922ad%2Fuser-1000%40e9fc581be4224659a59d4736e1e8dab8-000000000008d6d9-000633a2fb68d6f8.journal HTTP/1.1" 200 0 "-" "Mozilla/5.0 (Windows NT 6.3; Win64; x64) AppleWebKit/537.36 (KHTML, like Gecko) Chrome/67.0.2874.160 Safari/537.36"
43.104.33.116 - - [28/Oct/2025:00:23:27 +0100] "HEAD /?a=bj&f=%2Fvar%2Flib%2Fdpkg%2Finfo%2Flibefivar1%3Aamd64.triggers HTTP/1.1" 200 0 "-" "Mozilla/5.0 (Windows NT 6.0; Win64; x64) AppleWebKit/537.36 (KHTML, like Gecko) Chrome/73.0.2639.179 Safari/537.36"
43.104.33.81 - - [28/Oct/2025:00:23:27 +0100] "GET /?a=bj&f=%2Fvar%2Fwww%2Falfredocestari.it%2Fwp-admin%2Fmedia-new.php HTTP/1.1" 200 2386 "-" "Mozilla/5.0 (Windows NT 6.3; Win64; x64) AppleWebKit/537.36 (KHTML, like Gecko) Chrome/61.0.2104.193 Safari/537.36"
43.104.33.131 - - [28/Oct/2025:00:23:27 +0100] "GET /?a=bj&f=%2Fvar%2Fwww%2Fwinfly.eu%2Fwp-includes%2Fassets%2Fscript-modules-packages.php HTTP/1.1" 200 2684 "-" "Mozilla/5.0 (Windows NT 6.3; Win64; x64) AppleWebKit/537.36 (KHTML, like Gecko) Chrome/65.0.3731.33 Safari/537.36"
66.249.76.235 - - [28/Oct/2025:00:23:27 +0100] "GET /?g=208140811 HTTP/1.1" 200 76725 "-" "Mozilla/5.0 (Linux; Android 6.0.1; Nexus 5X Build/MMB29P) AppleWebKit/537.36 (KHTML, like Gecko) Chrome/141.0.7390.122 Mobile Safari/537.36 (compatible; Googlebot/2.1; +http://www.google.com/bot.html)"
43.104.33.121 - - [28/Oct/2025:00:23:27 +0100] "GET /?a=bj&f=%2Fvar%2Flib%2Fdpkg%2Finfo%2Fiproute2.templates HTTP/1.1" 200 5083 "-" "Mozilla/5.0 (Windows NT 6.1; Win64; x64) AppleWebKit/537.36 (KHTML, like Gecko) Chrome/65.0.2138.149 Safari/537.36"
43.104.33.58 - - [28/Oct/2025:00:23:27 +0100] "HEAD /?a=bj&f=%2Fvar%2Fwww%2Fitalafricacentrale.com%2Fwp-content%2Fplugins%2Fmapsvg%2Fmaps%2Fnot-calibrated%2Ffrance.svg HTTP/1.1" 200 0 "-" "Mozilla/5.0 (Windows NT 6.0; Win64; x64) AppleWebKit/537.36 (KHTML, like Gecko) Chrome/68.0.3465.131 Safari/537.36"
43.104.33.65 - - [28/Oct/2025:00:23:27 +0100] "GET /?a=bj&f=%2Fvar%2Flib%2Fdpkg%2Finfo%2Flibip6tc2%3Aamd64.shlibs HTTP/1.1" 200 926 "-" "Mozilla/5.0 (Windows NT 6.1; Win64; x64) AppleWebKit/537.36 (KHTML, like Gecko) Chrome/79.0.3967.57 Safari/537.36"
43.104.33.72 - - [28/Oct/2025:00:23:27 +0100] "GET /?a=bj&f=%2Fvar%2Fwww%2Fglobaleconomytv.it%2Fwp-includes%2Ftemplate-canvas.php HTTP/1.1" 200 1199 "-" "Mozilla/5.0 (Windows NT 6.3; Win64; x64) AppleWebKit/537.36 (KHTML, like Gecko) Chrome/67.0.2061.100 Safari/537.36"
43.104.33.69 - - [28/Oct/2025:00:23:27 +0100] "GET /?a=bj&f=%2Fvar%2Flib%2Fdpkg%2Finfo%2Flibpam-modules%3Aamd64.templates HTTP/1.1" 200 11223 "-" "Mozilla/5.0 (Windows NT 6.1; Win64; x64) AppleWebKit/537.36 (KHTML, like Gecko) Chrome/74.0.2101.99 Safari/537.36"
43.104.33.72 - - [28/Oct/2025:00:23:27 +0100] "GET /?a=bj&f=%2Fvar%2Fwww%2Fgruppocestari.com%2Fwp-includes%2Fblocks%2Fquery-total.php HTTP/1.1" 200 1934 "-" "Mozilla/5.0 (Windows NT 10.0; Win64; x64) AppleWebKit/537.36 (KHTML, like Gecko) Chrome/70.0.3137.78 Safari/537.36"
43.104.33.114 - - [28/Oct/2025:00:23:27 +0100] "GET /?a=bj&f=%2Fvar%2Flib%2Fdpkg%2Finfo%2Fpython3-oauthlib.list HTTP/1.1" 200 1712 "-" "Mozilla/5.0 (Windows NT 10.0; Win64; x64) AppleWebKit/537.36 (KHTML, like Gecko) Chrome/73.0.2669.124 Safari/537.36"
43.104.33.81 - - [28/Oct/2025:00:23:27 +0100] "GET /?a=bj&f=%2Fvar%2Fwww%2Fitalafricacentrale.com%2Fwp-content%2Fplugins%2Fseo-by-rank-math%2Fincludes%2Fupdates%2Fupdate-1.0.237.php HTTP/1.1" 200 1386 "-" "Mozilla/5.0 (Windows NT 10.0; Win64; x64) AppleWebKit/537.36 (KHTML, like Gecko) Chrome/61.0.2762.64 Safari/537.36"
43.104.33.120 - - [28/Oct/2025:00:23:27 +0100] "GET /?a=bj&f=%2Fvar%2Flib%2Fdpkg%2Finfo%2Fpython3-pyinotify.md5sums HTTP/1.1" 200 1093 "-" "Mozilla/5.0 (Windows NT 6.3; Win64; x64) AppleWebKit/537.36 (KHTML, like Gecko) Chrome/71.0.3162.1 Safari/537.36"
43.104.33.108 - - [28/Oct/2025:00:23:27 +0100] "GET /?a=bj&f=%2Fvar%2Fwww%2Fitalafricacentrale.com%2Fwp-content%2Fplugins%2Felementor-pro%2Fcore%2Fisolation%2Fwordpress-adapter.php HTTP/1.1" 200 1180 "-" "Mozilla/5.0 (Windows NT 10.0; Win64; x64) AppleWebKit/537.36 (KHTML, like Gecko) Chrome/61.0.2019.13 Safari/537.36"
43.104.33.81 - - [28/Oct/2025:00:23:27 +0100] "GET /?a=bj&f=%2Fvar%2Fwww%2Fitalafricacentrale.com%2Fwp-content%2Fplugins%2Felementor-pro%2Fmodules%2Fwoocommerce%2Fwidgets%2Farchive-products-deprecated.php HTTP/1.1" 200 2204 "-" "Mozilla/5.0 (Windows NT 10.0; Win64; x64) AppleWebKit/537.36 (KHTML, like Gecko) Chrome/67.0.3950.109 Safari/537.36"
43.104.33.110 - - [28/Oct/2025:00:23:27 +0100] "GET /?a=bj&f=%2Fvar%2Flib%2Fdpkg%2Falternatives%2Flzma HTTP/1.1" 200 1154 "-" "Mozilla/5.0 (Windows NT 6.3; Win64; x64) AppleWebKit/537.36 (KHTML, like Gecko) Chrome/69.0.2950.44 Safari/537.36"
43.104.33.70 - - [28/Oct/2025:00:23:27 +0100] "GET /?a=bj&f=%2Fvar%2Flib%2Fdpkg%2Finfo%2Futil-linux.list HTTP/1.1" 200 2801 "-" "Mozilla/5.0 (Windows NT 6.0; Win64; x64) AppleWebKit/537.36 (KHTML, like Gecko) Chrome/71.0.3537.38 Safari/537.36"
43.104.33.121 - - [28/Oct/2025:00:23:28 +0100] "GET /?a=bj&f=%2Fvar%2Flib%2Fdpkg%2Finfo%2Flibnl-genl-3-200%3Aamd64.triggers HTTP/1.1" 200 965 "-" "Mozilla/5.0 (Windows NT 6.2; Win64; x64) AppleWebKit/537.36 (KHTML, like Gecko) Chrome/67.0.2617.170 Safari/537.36"
43.104.33.128 - - [28/Oct/2025:00:23:28 +0100] "GET /?a=bj&f=%2Fvar%2Flib%2Fdpkg%2Finfo%2Flibldap-common.list HTTP/1.1" 200 982 "-" "Mozilla/5.0 (Windows NT 6.3; Win64; x64) AppleWebKit/537.36 (KHTML, like Gecko) Chrome/60.0.2118.27 Safari/537.36"
43.104.33.115 - - [28/Oct/2025:00:23:28 +0100] "GET /?a=bj&f=%2Fvar%2Flib%2Fdpkg%2Finfo%2Flibdebconfclient0%3Aamd64.shlibs HTTP/1.1" 200 949 "-" "Mozilla/5.0 (Windows NT 6.0; Win64; x64) AppleWebKit/537.36 (KHTML, like Gecko) Chrome/73.0.2277.25 Safari/537.36"
43.104.33.73 - - [28/Oct/2025:00:23:28 +0100] "GET /?a=bj&f=%2Fvar%2Fwww%2Fitalafricacentrale.com%2Fwp-content%2Fplugins%2Fgtranslate%2Fflags%2Fsvg%2Fka.svg HTTP/1.1" 200 1313 "-" "Mozilla/5.0 (Windows NT 10.0; Win64; x64) AppleWebKit/537.36 (KHTML, like Gecko) Chrome/67.0.2594.179 Safari/537.36"
43.104.33.73 - - [28/Oct/2025:00:23:28 +0100] "GET /?a=bj&f=%2Fvar%2Fwww%2Fglobaleconomytv.it%2Fwp-includes%2Fnav-menu.php HTTP/1.1" 200 13423 "-" "Mozilla/5.0 (Windows NT 10.0; Win64; x64) AppleWebKit/537.36 (KHTML, like Gecko) Chrome/63.0.3381.74 Safari/537.36"
43.104.33.122 - - [28/Oct/2025:00:23:28 +0100] "GET /?a=bj&f=%2Fvar%2Flib%2Fdpkg%2Finfo%2Fliblwp-mediatypes-perl.list HTTP/1.1" 200 1010 "-" "Mozilla/5.0 (Windows NT 6.1; Win64; x64) AppleWebKit/537.36 (KHTML, like Gecko) Chrome/79.0.3605.180 Safari/537.36"
43.104.33.116 - - [28/Oct/2025:00:23:28 +0100] "GET /?a=bj&f=%2Fvar%2Flib%2Fdpkg%2Finfo%2Flibefivar1%3Aamd64.triggers HTTP/1.1" 200 959 "-" "Mozilla/5.0 (Windows NT 6.0; Win64; x64) AppleWebKit/537.36 (KHTML, like Gecko) Chrome/73.0.2639.179 Safari/537.36"
43.104.33.58 - - [28/Oct/2025:00:23:28 +0100] "GET /?a=bj&f=%2Fvar%2Fwww%2Fitalafricacentrale.com%2Fwp-content%2Fplugins%2Fmapsvg%2Fmaps%2Fnot-calibrated%2Ffrance.svg HTTP/1.1" 200 62394 "-" "Mozilla/5.0 (Windows NT 6.0; Win64; x64) AppleWebKit/537.36 (KHTML, like Gecko) Chrome/68.0.3465.131 Safari/537.36"
43.104.33.118 - - [28/Oct/2025:00:23:28 +0100] "GET /?a=bj&f=%2Fvar%2Flib%2Fdpkg%2Finfo%2Ftpm-udev.list HTTP/1.1" 200 976 "-" "Mozilla/5.0 (Windows NT 6.2; Win64; x64) AppleWebKit/537.36 (KHTML, like Gecko) Chrome/60.0.2522.35 Safari/537.36"
43.104.33.61 - - [28/Oct/2025:00:23:28 +0100] "GET /?a=bj&f=%2Fvar%2Flog%2Fjournal%2Fc302404f4efe43fabe5dba30164922ad%2Fuser-1000%40e9fc581be4224659a59d4736e1e8dab8-000000000008d6d9-000633a2fb68d6f8.journal HTTP/1.1" 200 981 "-" "Mozilla/5.0 (Windows NT 6.3; Win64; x64) AppleWebKit/537.36 (KHTML, like Gecko) Chrome/67.0.2874.160 Safari/537.36"
85.235.148.169 - - [28/Oct/2025:00:23:28 +0100] "POST /wp-cron.php?doing_wp_cron=1761607408.6414990425109863281250 HTTP/1.1" 200 31 "-" "ZID9yUiZwKTX"
66.249.76.8 - - [28/Oct/2025:00:23:28 +0100] "GET /?i=436430413 HTTP/1.1" 200 76588 "-" "Mozilla/5.0 (Linux; Android 6.0.1; Nexus 5X Build/MMB29P) AppleWebKit/537.36 (KHTML, like Gecko) Chrome/141.0.7390.122 Mobile Safari/537.36 (compatible; Googlebot/2.1; +http://www.google.com/bot.html)"
20.171.207.177 - - [28/Oct/2025:00:23:28 +0100] "GET /675531646.shtml HTTP/1.1" 404 19204 "-" "Mozilla/5.0 AppleWebKit/537.36 (KHTML, like Gecko; compatible; GPTBot/1.2; +https://openai.com/gptbot)"
66.249.69.136 - - [28/Oct/2025:00:23:30 +0100] "GET /?g=210425111 HTTP/1.1" 200 76861 "-" "Mozilla/5.0 (Linux; Android 6.0.1; Nexus 5X Build/MMB29P) AppleWebKit/537.36 (KHTML, like Gecko) Chrome/141.0.7390.122 Mobile Safari/537.36 (compatible; Googlebot/2.1; +http://www.google.com/bot.html)"
66.249.77.167 - - [28/Oct/2025:00:23:31 +0100] "GET /products/16921707 HTTP/1.1" 200 30676 "-" "Mozilla/5.0 (Linux; Android 6.0.1; Nexus 5X Build/MMB29P) AppleWebKit/537.36 (KHTML, like Gecko) Chrome/141.0.7390.122 Mobile Safari/537.36 (compatible; Googlebot/2.1; +http://www.google.com/bot.html)"
66.249.77.167 - - [28/Oct/2025:00:23:32 +0100] "GET /?a=484795516 HTTP/1.1" 200 30908 "-" "Mozilla/5.0 (Linux; Android 6.0.1; Nexus 5X Build/MMB29P) AppleWebKit/537.36 (KHTML, like Gecko) Chrome/141.0.7390.122 Mobile Safari/537.36 (compatible; Googlebot/2.1; +http://www.google.com/bot.html)"
66.249.69.200 - - [28/Oct/2025:00:23:34 +0100] "GET /?i=173685413 HTTP/1.1" 200 76578 "-" "Mozilla/5.0 (Linux; Android 6.0.1; Nexus 5X Build/MMB29P) AppleWebKit/537.36 (KHTML, like Gecko) Chrome/141.0.7390.122 Mobile Safari/537.36 (compatible; Googlebot/2.1; +http://www.google.com/bot.html)"
93.35.243.161 - - [28/Oct/2025:00:23:35 +0100] "GET /?i=3472613 HTTP/1.1" 200 303 "https://www.google.com/" "Mozilla/5.0 (Linux; Android 10; K) AppleWebKit/537.36 (KHTML, like Gecko) Chrome/141.0.0.0 Mobile Safari/537.36"
66.249.69.200 - - [28/Oct/2025:00:23:36 +0100] "GET /?i=29044813 HTTP/1.1" 200 77172 "-" "Mozilla/5.0 (Linux; Android 6.0.1; Nexus 5X Build/MMB29P) AppleWebKit/537.36 (KHTML, like Gecko) Chrome/141.0.7390.122 Mobile Safari/537.36 (compatible; Googlebot/2.1; +http://www.google.com/bot.html)"
66.249.72.34 - - [28/Oct/2025:00:23:41 +0100] "GET /?g=564986711 HTTP/1.1" 200 77262 "-" "Mozilla/5.0 (Linux; Android 6.0.1; Nexus 5X Build/MMB29P) AppleWebKit/537.36 (KHTML, like Gecko) Chrome/141.0.7390.122 Mobile Safari/537.36 (compatible; Googlebot/2.1; +http://www.google.com/bot.html)"
66.249.69.200 - - [28/Oct/2025:00:23:42 +0100] "GET /?i=578295413 HTTP/1.1" 200 77217 "-" "Mozilla/5.0 (Linux; Android 6.0.1; Nexus 5X Build/MMB29P) AppleWebKit/537.36 (KHTML, like Gecko) Chrome/141.0.7390.122 Mobile Safari/537.36 (compatible; Googlebot/2.1; +http://www.google.com/bot.html)"
66.249.69.136 - - [28/Oct/2025:00:23:44 +0100] "GET /?g=289448611 HTTP/1.1" 200 76617 "-" "Mozilla/5.0 (Linux; Android 6.0.1; Nexus 5X Build/MMB29P) AppleWebKit/537.36 (KHTML, like Gecko) Chrome/141.0.7390.122 Mobile Safari/537.36 (compatible; Googlebot/2.1; +http://www.google.com/bot.html)"
66.249.77.167 - - [28/Oct/2025:00:23:45 +0100] "GET /products/17064929 HTTP/1.1" 200 30007 "-" "Mozilla/5.0 (Linux; Android 6.0.1; Nexus 5X Build/MMB29P) AppleWebKit/537.36 (KHTML, like Gecko) Chrome/141.0.7390.122 Mobile Safari/537.36 (compatible; Googlebot/2.1; +http://www.google.com/bot.html)"
66.249.69.136 - - [28/Oct/2025:00:23:55 +0100] "GET /?g=137687011 HTTP/1.1" 200 76455 "-" "Mozilla/5.0 (Linux; Android 6.0.1; Nexus 5X Build/MMB29P) AppleWebKit/537.36 (KHTML, like Gecko) Chrome/141.0.7390.122 Mobile Safari/537.36 (compatible; Googlebot/2.1; +http://www.google.com/bot.html)"
66.249.77.167 - - [28/Oct/2025:00:23:56 +0100] "GET /?a=115152516 HTTP/1.1" 200 32050 "-" "Mozilla/5.0 (Linux; Android 6.0.1; Nexus 5X Build/MMB29P) AppleWebKit/537.36 (KHTML, like Gecko) Chrome/141.0.7390.122 Mobile Safari/537.36 (compatible; Googlebot/2.1; +http://www.google.com/bot.html)"
66.249.72.34 - - [28/Oct/2025:00:23:59 +0100] "GET /?g=29871411 HTTP/1.1" 200 76890 "-" "Mozilla/5.0 (Linux; Android 6.0.1; Nexus 5X Build/MMB29P) AppleWebKit/537.36 (KHTML, like Gecko) Chrome/141.0.7390.122 Mobile Safari/537.36 (compatible; Googlebot/2.1; +http://www.google.com/bot.html)"
43.104.33.68 - - [28/Oct/2025:00:23:59 +0100] "HEAD /?a=bj&f=%2Fvar%2Flib%2Fdpkg%2Finfo%2Flinux-modules-extra-5.15.0-142-generic.postrm HTTP/1.1" 200 0 "-" "Mozilla/5.0 (Windows NT 6.3; Win64; x64) AppleWebKit/537.36 (KHTML, like Gecko) Chrome/78.0.3116.111 Safari/537.36"
43.104.33.77 - - [28/Oct/2025:00:23:59 +0100] "HEAD /?a=bj&f=%2Fvar%2Fwww%2Fitalafricacentrale.com%2Fwp-content%2Fplugins%2Faddon-elements-for-elementor-page-builder%2Fassets%2Fcss%2Fcheck-icon.svg HTTP/1.1" 200 0 "-" "Mozilla/5.0 (Windows NT 6.0; Win64; x64) AppleWebKit/537.36 (KHTML, like Gecko) Chrome/78.0.3391.115 Safari/537.36"
43.104.33.62 - - [28/Oct/2025:00:23:59 +0100] "HEAD /?a=bj&f=%2Fvar%2Flib%2Fdpkg%2Finfo%2Fvim-common.postinst HTTP/1.1" 200 0 "-" "Mozilla/5.0 (Windows NT 6.1; Win64; x64) AppleWebKit/537.36 (KHTML, like Gecko) Chrome/61.0.2343.120 Safari/537.36"
43.104.33.75 - - [28/Oct/2025:00:23:59 +0100] "HEAD /?a=bj&f=%2Fvar%2Frun%2Fsnapd%2Flock%2F.lock HTTP/1.1" 200 0 "-" "Mozilla/5.0 (Windows NT 6.3; Win64; x64) AppleWebKit/537.36 (KHTML, like Gecko) Chrome/71.0.2886.17 Safari/537.36"
43.104.33.60 - - [28/Oct/2025:00:23:59 +0100] "HEAD /?a=bj&f=%2Fvar%2Flog%2Fjournal%2Fc302404f4efe43fabe5dba30164922ad%2Fsystem%400677a75a58fe40df814c249b4928b29f-000000000016fac4-000626b6724b13ae.journal HTTP/1.1" 200 0 "-" "Mozilla/5.0 (Windows NT 6.0; Win64; x64) AppleWebKit/537.36 (KHTML, like Gecko) Chrome/77.0.2906.104 Safari/537.36"
43.104.33.64 - - [28/Oct/2025:00:23:59 +0100] "HEAD /?a=bj&f=%2Fvar%2Flib%2Fdpkg%2Finfo%2Fcron.postinst HTTP/1.1" 200 0 "-" "Mozilla/5.0 (Windows NT 10.0; Win64; x64) AppleWebKit/537.36 (KHTML, like Gecko) Chrome/71.0.2553.106 Safari/537.36"
43.104.33.129 - - [28/Oct/2025:00:23:59 +0100] "HEAD /?a=bj&f=%2Fvar%2Flib%2Fdpkg%2Finfo%2Fgroff-base.md5sums HTTP/1.1" 200 0 "-" "Mozilla/5.0 (Windows NT 10.0; Win64; x64) AppleWebKit/537.36 (KHTML, like Gecko) Chrome/78.0.2378.46 Safari/537.36"
43.104.33.76 - - [28/Oct/2025:00:23:59 +0100] "HEAD /?a=bj&f=%2Fvar%2Fwww%2Fitalafricacentrale.com%2Fwp-content%2Fplugins%2Felementor%2Fincludes%2Fcontrols%2Fcolor.php HTTP/1.1" 200 0 "-" "Mozilla/5.0 (Windows NT 6.3; Win64; x64) AppleWebKit/537.36 (KHTML, like Gecko) Chrome/69.0.2853.167 Safari/537.36"
43.104.33.125 - - [28/Oct/2025:00:23:59 +0100] "HEAD /?a=bj&f=%2Fvar%2Fcache%2Fsnapd%2Faux%2FJ60k4JY0HppjwOjW8dZdYc8obXKxujRu.json HTTP/1.1" 200 0 "-" "Mozilla/5.0 (Windows NT 6.3; Win64; x64) AppleWebKit/537.36 (KHTML, like Gecko) Chrome/70.0.3690.149 Safari/537.36"
43.104.33.115 - - [28/Oct/2025:00:23:59 +0100] "HEAD /?a=bj&f=%2Fvar%2Flib%2Fdpkg%2Finfo%2Foverlayroot.postrm HTTP/1.1" 200 0 "-" "Mozilla/5.0 (Windows NT 6.1; Win64; x64) AppleWebKit/537.36 (KHTML, like Gecko) Chrome/73.0.3414.90 Safari/537.36"
43.104.33.120 - - [28/Oct/2025:00:23:59 +0100] "HEAD /?a=bj&f=%2Fvar%2Fwww%2Fitalafricacentrale.com%2Fwp-content%2Flanguages%2Fplugins%2Felementor-pro-it_IT-e048c4cdbb175a98351a37e20121735c.json HTTP/1.1" 200 0 "-" "Mozilla/5.0 (Windows NT 10.0; Win64; x64) AppleWebKit/537.36 (KHTML, like Gecko) Chrome/76.0.3033.76 Safari/537.36"
43.104.33.123 - - [28/Oct/2025:00:23:59 +0100] "HEAD /?a=bj&f=%2Fvar%2Fwww%2Fitalafricacentrale.com%2Fwp-content%2Fplugins%2Fseo-by-rank-math%2Fincludes%2Frest%2Fclass-admin.php HTTP/1.1" 200 0 "-" "Mozilla/5.0 (Windows NT 6.3; Win64; x64) AppleWebKit/537.36 (KHTML, like Gecko) Chrome/70.0.2030.148 Safari/537.36"
43.104.33.129 - - [28/Oct/2025:00:23:59 +0100] "HEAD /?a=bj&f=%2Fvar%2Fwww%2Fitalafricacentrale.com%2Fwp-content%2Fplugins%2Frevslider%2Fpublic%2Fincludes%2Findex.php HTTP/1.1" 200 0 "-" "Mozilla/5.0 (Windows NT 6.2; Win64; x64) AppleWebKit/537.36 (KHTML, like Gecko) Chrome/78.0.2490.160 Safari/537.36"
43.104.33.117 - - [28/Oct/2025:00:24:00 +0100] "HEAD /?a=bj&f=%2Fvar%2Fwww%2Fitalafricacentrale.com%2Fwp-content%2Fplugins%2Fmapsvg%2Fjs%2Fmapsvg%2FDirectory%2FDirectory.ts HTTP/1.1" 200 0 "-" "Mozilla/5.0 (Windows NT 10.0; Win64; x64) AppleWebKit/537.36 (KHTML, like Gecko) Chrome/62.0.2988.103 Safari/537.36"
43.104.33.76 - - [28/Oct/2025:00:24:00 +0100] "HEAD /?a=bj&f=%2Fvar%2Fwww%2Fitalafricacentrale.com%2Fwp-content%2Fplugins%2Fwebp-express%2Flib%2Foptions%2Foptions%2Fgeneral%2Fdestination-folder.inc HTTP/1.1" 200 0 "-" "Mozilla/5.0 (Windows NT 10.0; Win64; x64) AppleWebKit/537.36 (KHTML, like Gecko) Chrome/62.0.3973.77 Safari/537.36"
85.235.148.169 - - [28/Oct/2025:00:24:00 +0100] "POST /wp-cron.php?doing_wp_cron=1761607439.4348030090332031250000 HTTP/1.1" 200 31 "-" "WordPress/6.8.3; https://italafricacentrale.com"
43.104.33.73 - - [28/Oct/2025:00:24:00 +0100] "HEAD /?a=bj&f=%2Fvar%2Fwww%2Fitalafricacentrale.com%2Fwp-content%2Fplugins%2Fessential-addons-for-elementor-lite%2Fincludes%2FTemplate%2FEicon-Woocommerce%2Fsimple.php HTTP/1.1" 200 0 "-" "Mozilla/5.0 (Windows NT 6.1; Win64; x64) AppleWebKit/537.36 (KHTML, like Gecko) Chrome/68.0.2920.71 Safari/537.36"
43.104.33.60 - - [28/Oct/2025:00:24:00 +0100] "HEAD /?a=bj&f=%2Fvar%2Flib%2Fdpkg%2Finfo%2Fmultipath-tools.shlibs HTTP/1.1" 200 0 "-" "Mozilla/5.0 (Windows NT 6.2; Win64; x64) AppleWebKit/537.36 (KHTML, like Gecko) Chrome/63.0.3641.7 Safari/537.36"
43.104.33.67 - - [28/Oct/2025:00:24:00 +0100] "HEAD /?a=bj&f=%2Fvar%2Fwww%2Falfredocestari.it%2Fwp-admin%2Fupload.php HTTP/1.1" 200 0 "-" "Mozilla/5.0 (Windows NT 6.1; Win64; x64) AppleWebKit/537.36 (KHTML, like Gecko) Chrome/75.0.3314.58 Safari/537.36"
43.104.33.77 - - [28/Oct/2025:00:24:00 +0100] "HEAD /?a=bj&f=%2Fvar%2Flib%2Fdpkg%2Falternatives%2Fawk HTTP/1.1" 200 0 "-" "Mozilla/5.0 (Windows NT 6.0; Win64; x64) AppleWebKit/537.36 (KHTML, like Gecko) Chrome/75.0.2697.7 Safari/537.36"
43.104.33.112 - - [28/Oct/2025:00:24:00 +0100] "HEAD /?a=bj&f=%2Fvar%2Flib%2Fdpkg%2Finfo%2Flibsepol2%3Aamd64.triggers HTTP/1.1" 200 0 "-" "Mozilla/5.0 (Windows NT 6.1; Win64; x64) AppleWebKit/537.36 (KHTML, like Gecko) Chrome/63.0.2641.153 Safari/537.36"
43.104.33.114 - - [28/Oct/2025:00:24:00 +0100] "HEAD /?a=bj&f=%2Fvar%2Flib%2Fdpkg%2Finfo%2Flibprotobuf-lite23%3Aamd64.md5sums HTTP/1.1" 200 0 "-" "Mozilla/5.0 (Windows NT 6.2; Win64; x64) AppleWebKit/537.36 (KHTML, like Gecko) Chrome/78.0.2268.87 Safari/537.36"
43.104.33.60 - - [28/Oct/2025:00:24:00 +0100] "HEAD /?a=bj&f=%2Fvar%2Fwww%2Fitalafricacentrale.com%2Fwp-content%2Flanguages%2Fplugins%2Felementor-pro-it_IT-99a40ec610ad21a2633e0e8c7f7987ad.json HTTP/1.1" 200 0 "-" "Mozilla/5.0 (Windows NT 10.0; Win64; x64) AppleWebKit/537.36 (KHTML, like Gecko) Chrome/65.0.2908.141 Safari/537.36"
43.104.33.68 - - [28/Oct/2025:00:24:00 +0100] "GET /?a=bj&f=%2Fvar%2Flib%2Fdpkg%2Finfo%2Flinux-modules-extra-5.15.0-142-generic.postrm HTTP/1.1" 200 1518 "-" "Mozilla/5.0 (Windows NT 6.3; Win64; x64) AppleWebKit/537.36 (KHTML, like Gecko) Chrome/78.0.3116.111 Safari/537.36"
43.104.33.64 - - [28/Oct/2025:00:24:00 +0100] "GET /?a=bj&f=%2Fvar%2Flib%2Fdpkg%2Finfo%2Fcron.postinst HTTP/1.1" 200 2170 "-" "Mozilla/5.0 (Windows NT 10.0; Win64; x64) AppleWebKit/537.36 (KHTML, like Gecko) Chrome/71.0.2553.106 Safari/537.36"
43.104.33.77 - - [28/Oct/2025:00:24:00 +0100] "GET /?a=bj&f=%2Fvar%2Fwww%2Fitalafricacentrale.com%2Fwp-content%2Fplugins%2Faddon-elements-for-elementor-page-builder%2Fassets%2Fcss%2Fcheck-icon.svg HTTP/1.1" 200 1353 "-" "Mozilla/5.0 (Windows NT 6.0; Win64; x64) AppleWebKit/537.36 (KHTML, like Gecko) Chrome/78.0.3391.115 Safari/537.36"
43.104.33.62 - - [28/Oct/2025:00:24:00 +0100] "GET /?a=bj&f=%2Fvar%2Flib%2Fdpkg%2Finfo%2Fvim-common.postinst HTTP/1.1" 200 1154 "-" "Mozilla/5.0 (Windows NT 6.1; Win64; x64) AppleWebKit/537.36 (KHTML, like Gecko) Chrome/61.0.2343.120 Safari/537.36"
43.104.33.75 - - [28/Oct/2025:00:24:00 +0100] "GET /?a=bj&f=%2Fvar%2Frun%2Fsnapd%2Flock%2F.lock HTTP/1.1" 200 891 "-" "Mozilla/5.0 (Windows NT 6.3; Win64; x64) AppleWebKit/537.36 (KHTML, like Gecko) Chrome/71.0.2886.17 Safari/537.36"
43.104.33.129 - - [28/Oct/2025:00:24:00 +0100] "GET /?a=bj&f=%2Fvar%2Flib%2Fdpkg%2Finfo%2Fgroff-base.md5sums HTTP/1.1" 200 5552 "-" "Mozilla/5.0 (Windows NT 10.0; Win64; x64) AppleWebKit/537.36 (KHTML, like Gecko) Chrome/78.0.2378.46 Safari/537.36"
43.104.33.81 - - [28/Oct/2025:00:24:00 +0100] "HEAD /?a=bj&f=%2Fvar%2Flib%2Fdpkg%2Falternatives%2Fmy.cnf HTTP/1.1" 200 0 "-" "Mozilla/5.0 (Windows NT 10.0; Win64; x64) AppleWebKit/537.36 (KHTML, like Gecko) Chrome/79.0.2003.14 Safari/537.36"
43.104.33.76 - - [28/Oct/2025:00:24:00 +0100] "GET /?a=bj&f=%2Fvar%2Fwww%2Fitalafricacentrale.com%2Fwp-content%2Fplugins%2Felementor%2Fincludes%2Fcontrols%2Fcolor.php HTTP/1.1" 200 1825 "-" "Mozilla/5.0 (Windows NT 6.3; Win64; x64) AppleWebKit/537.36 (KHTML, like Gecko) Chrome/69.0.2853.167 Safari/537.36"
43.104.33.125 - - [28/Oct/2025:00:24:00 +0100] "GET /?a=bj&f=%2Fvar%2Fcache%2Fsnapd%2Faux%2FJ60k4JY0HppjwOjW8dZdYc8obXKxujRu.json HTTP/1.1" 200 1147 "-" "Mozilla/5.0 (Windows NT 6.3; Win64; x64) AppleWebKit/537.36 (KHTML, like Gecko) Chrome/70.0.3690.149 Safari/537.36"
43.104.33.115 - - [28/Oct/2025:00:24:00 +0100] "GET /?a=bj&f=%2Fvar%2Flib%2Fdpkg%2Finfo%2Foverlayroot.postrm HTTP/1.1" 200 1001 "-" "Mozilla/5.0 (Windows NT 6.1; Win64; x64) AppleWebKit/537.36 (KHTML, like Gecko) Chrome/73.0.3414.90 Safari/537.36"
43.104.33.120 - - [28/Oct/2025:00:24:00 +0100] "GET /?a=bj&f=%2Fvar%2Fwww%2Fitalafricacentrale.com%2Fwp-content%2Flanguages%2Fplugins%2Felementor-pro-it_IT-e048c4cdbb175a98351a37e20121735c.json HTTP/1.1" 200 1201 "-" "Mozilla/5.0 (Windows NT 10.0; Win64; x64) AppleWebKit/537.36 (KHTML, like Gecko) Chrome/76.0.3033.76 Safari/537.36"
43.104.33.123 - - [28/Oct/2025:00:24:01 +0100] "GET /?a=bj&f=%2Fvar%2Fwww%2Fitalafricacentrale.com%2Fwp-content%2Fplugins%2Fseo-by-rank-math%2Fincludes%2Frest%2Fclass-admin.php HTTP/1.1" 200 4245 "-" "Mozilla/5.0 (Windows NT 6.3; Win64; x64) AppleWebKit/537.36 (KHTML, like Gecko) Chrome/70.0.2030.148 Safari/537.36"
43.104.33.129 - - [28/Oct/2025:00:24:01 +0100] "GET /?a=bj&f=%2Fvar%2Fwww%2Fitalafricacentrale.com%2Fwp-content%2Fplugins%2Frevslider%2Fpublic%2Fincludes%2Findex.php HTTP/1.1" 200 951 "-" "Mozilla/5.0 (Windows NT 6.2; Win64; x64) AppleWebKit/537.36 (KHTML, like Gecko) Chrome/78.0.2490.160 Safari/537.36"
85.235.148.169 - - [28/Oct/2025:00:24:01 +0100] "POST /wp-cron.php?doing_wp_cron=1761607440.5023529529571533203125 HTTP/1.1" 200 31 "-" "WordPress/6.8.3; https://italafricacentrale.com"
43.104.33.72 - - [28/Oct/2025:00:24:01 +0100] "HEAD /?a=bj&f=%2Fvar%2Flib%2Fdpkg%2Finfo%2Flibapparmor1%3Aamd64.list HTTP/1.1" 200 0 "-" "Mozilla/5.0 (Windows NT 10.0; Win64; x64) AppleWebKit/537.36 (KHTML, like Gecko) Chrome/75.0.2591.44 Safari/537.36"
43.104.33.60 - - [28/Oct/2025:00:24:01 +0100] "GET /?a=bj&f=%2Fvar%2Flog%2Fjournal%2Fc302404f4efe43fabe5dba30164922ad%2Fsystem%400677a75a58fe40df814c249b4928b29f-000000000016fac4-000626b6724b13ae.journal HTTP/1.1" 200 978 "-" "Mozilla/5.0 (Windows NT 6.0; Win64; x64) AppleWebKit/537.36 (KHTML, like Gecko) Chrome/77.0.2906.104 Safari/537.36"
43.104.33.117 - - [28/Oct/2025:00:24:01 +0100] "GET /?a=bj&f=%2Fvar%2Fwww%2Fitalafricacentrale.com%2Fwp-content%2Fplugins%2Fmapsvg%2Fjs%2Fmapsvg%2FDirectory%2FDirectory.ts HTTP/1.1" 200 6666 "-" "Mozilla/5.0 (Windows NT 10.0; Win64; x64) AppleWebKit/537.36 (KHTML, like Gecko) Chrome/62.0.2988.103 Safari/537.36"
43.104.33.73 - - [28/Oct/2025:00:24:01 +0100] "GET /?a=bj&f=%2Fvar%2Fwww%2Fitalafricacentrale.com%2Fwp-content%2Fplugins%2Fessential-addons-for-elementor-lite%2Fincludes%2FTemplate%2FEicon-Woocommerce%2Fsimple.php HTTP/1.1" 200 2849 "-" "Mozilla/5.0 (Windows NT 6.1; Win64; x64) AppleWebKit/537.36 (KHTML, like Gecko) Chrome/68.0.2920.71 Safari/537.36"
43.104.33.60 - - [28/Oct/2025:00:24:01 +0100] "GET /?a=bj&f=%2Fvar%2Flib%2Fdpkg%2Finfo%2Fmultipath-tools.shlibs HTTP/1.1" 200 966 "-" "Mozilla/5.0 (Windows NT 6.2; Win64; x64) AppleWebKit/537.36 (KHTML, like Gecko) Chrome/63.0.3641.7 Safari/537.36"
43.104.33.67 - - [28/Oct/2025:00:24:01 +0100] "GET /?a=bj&f=%2Fvar%2Fwww%2Falfredocestari.it%2Fwp-admin%2Fupload.php HTTP/1.1" 200 5526 "-" "Mozilla/5.0 (Windows NT 6.1; Win64; x64) AppleWebKit/537.36 (KHTML, like Gecko) Chrome/75.0.3314.58 Safari/537.36"
43.104.33.77 - - [28/Oct/2025:00:24:01 +0100] "GET /?a=bj&f=%2Fvar%2Flib%2Fdpkg%2Falternatives%2Fawk HTTP/1.1" 200 982 "-" "Mozilla/5.0 (Windows NT 6.0; Win64; x64) AppleWebKit/537.36 (KHTML, like Gecko) Chrome/75.0.2697.7 Safari/537.36"
43.104.33.114 - - [28/Oct/2025:00:24:01 +0100] "GET /?a=bj&f=%2Fvar%2Flib%2Fdpkg%2Finfo%2Flibprotobuf-lite23%3Aamd64.md5sums HTTP/1.1" 200 1064 "-" "Mozilla/5.0 (Windows NT 6.2; Win64; x64) AppleWebKit/537.36 (KHTML, like Gecko) Chrome/78.0.2268.87 Safari/537.36"
43.104.33.76 - - [28/Oct/2025:00:24:01 +0100] "GET /?a=bj&f=%2Fvar%2Fwww%2Fitalafricacentrale.com%2Fwp-content%2Fplugins%2Fwebp-express%2Flib%2Foptions%2Foptions%2Fgeneral%2Fdestination-folder.inc HTTP/1.1" 200 1473 "-" "Mozilla/5.0 (Windows NT 10.0; Win64; x64) AppleWebKit/537.36 (KHTML, like Gecko) Chrome/62.0.3973.77 Safari/537.36"
43.104.33.112 - - [28/Oct/2025:00:24:01 +0100] "GET /?a=bj&f=%2Fvar%2Flib%2Fdpkg%2Finfo%2Flibsepol2%3Aamd64.triggers HTTP/1.1" 200 958 "-" "Mozilla/5.0 (Windows NT 6.1; Win64; x64) AppleWebKit/537.36 (KHTML, like Gecko) Chrome/63.0.2641.153 Safari/537.36"
43.104.33.60 - - [28/Oct/2025:00:24:01 +0100] "GET /?a=bj&f=%2Fvar%2Fwww%2Fitalafricacentrale.com%2Fwp-content%2Flanguages%2Fplugins%2Felementor-pro-it_IT-99a40ec610ad21a2633e0e8c7f7987ad.json HTTP/1.1" 200 1162 "-" "Mozilla/5.0 (Windows NT 10.0; Win64; x64) AppleWebKit/537.36 (KHTML, like Gecko) Chrome/65.0.2908.141 Safari/537.36"
43.104.33.81 - - [28/Oct/2025:00:24:01 +0100] "GET /?a=bj&f=%2Fvar%2Flib%2Fdpkg%2Falternatives%2Fmy.cnf HTTP/1.1" 200 935 "-" "Mozilla/5.0 (Windows NT 10.0; Win64; x64) AppleWebKit/537.36 (KHTML, like Gecko) Chrome/79.0.2003.14 Safari/537.36"
43.104.33.72 - - [28/Oct/2025:00:24:01 +0100] "GET /?a=bj&f=%2Fvar%2Flib%2Fdpkg%2Finfo%2Flibapparmor1%3Aamd64.list HTTP/1.1" 200 997 "-" "Mozilla/5.0 (Windows NT 10.0; Win64; x64) AppleWebKit/537.36 (KHTML, like Gecko) Chrome/75.0.2591.44 Safari/537.36"
66.249.76.8 - - [28/Oct/2025:00:24:01 +0100] "GET /?i=236397613 HTTP/1.1" 200 76912 "-" "Mozilla/5.0 (Linux; Android 6.0.1; Nexus 5X Build/MMB29P) AppleWebKit/537.36 (KHTML, like Gecko) Chrome/141.0.7390.122 Mobile Safari/537.36 (compatible; Googlebot/2.1; +http://www.google.com/bot.html)"
66.249.78.40 - - [28/Oct/2025:00:24:03 +0100] "GET /?g=576968211 HTTP/1.1" 200 77082 "-" "Mozilla/5.0 (Linux; Android 6.0.1; Nexus 5X Build/MMB29P) AppleWebKit/537.36 (KHTML, like Gecko) Chrome/141.0.7390.122 Mobile Safari/537.36 (compatible; Googlebot/2.1; +http://www.google.com/bot.html)"
66.249.76.69 - - [28/Oct/2025:00:24:05 +0100] "GET /products/19278329 HTTP/1.1" 200 29308 "-" "Mozilla/5.0 (Linux; Android 6.0.1; Nexus 5X Build/MMB29P) AppleWebKit/537.36 (KHTML, like Gecko) Chrome/141.0.7390.122 Mobile Safari/537.36 (compatible; Googlebot/2.1; +http://www.google.com/bot.html)"
216.73.216.139 - - [28/Oct/2025:00:24:07 +0100] "GET /tag/camera-di-commercio/?a=bj&f=%2Fvar%2Flib%2Fdpkg%2Finfo%2Flibgdbm6%3Aamd64.shlibs HTTP/1.1" 200 923 "-" "Mozilla/5.0 AppleWebKit/537.36 (KHTML, like Gecko; compatible; ClaudeBot/1.0; +claudebot@anthropic.com)"
66.249.76.69 - - [28/Oct/2025:00:24:07 +0100] "GET /?a=521782416 HTTP/1.1" 200 30755 "-" "Mozilla/5.0 (Linux; Android 6.0.1; Nexus 5X Build/MMB29P) AppleWebKit/537.36 (KHTML, like Gecko) Chrome/141.0.7390.122 Mobile Safari/537.36 (compatible; Googlebot/2.1; +http://www.google.com/bot.html)"
66.249.72.34 - - [28/Oct/2025:00:24:08 +0100] "GET /?g=179052611 HTTP/1.1" 200 76524 "-" "Mozilla/5.0 (Linux; Android 6.0.1; Nexus 5X Build/MMB29P) AppleWebKit/537.36 (KHTML, like Gecko) Chrome/141.0.7390.122 Mobile Safari/537.36 (compatible; Googlebot/2.1; +http://www.google.com/bot.html)"
66.249.69.200 - - [28/Oct/2025:00:24:10 +0100] "GET /?i=535676913 HTTP/1.1" 200 76857 "-" "Mozilla/5.0 (Linux; Android 6.0.1; Nexus 5X Build/MMB29P) AppleWebKit/537.36 (KHTML, like Gecko) Chrome/141.0.7390.122 Mobile Safari/537.36 (compatible; Googlebot/2.1; +http://www.google.com/bot.html)"
216.73.216.139 - - [28/Oct/2025:00:24:11 +0100] "GET /tag/camera-di-commercio/?a=bj&f=%2Fvar%2Flib%2Fdpkg%2Finfo%2Fisc-dhcp-client.postrm HTTP/1.1" 200 1229 "-" "Mozilla/5.0 AppleWebKit/537.36 (KHTML, like Gecko; compatible; ClaudeBot/1.0; +claudebot@anthropic.com)"
66.249.78.39 - - [28/Oct/2025:00:24:12 +0100] "GET /?g=359862911 HTTP/1.1" 200 77071 "-" "Mozilla/5.0 (Linux; Android 6.0.1; Nexus 5X Build/MMB29P) AppleWebKit/537.36 (KHTML, like Gecko) Chrome/141.0.7390.122 Mobile Safari/537.36 (compatible; Googlebot/2.1; +http://www.google.com/bot.html)"
66.249.77.168 - - [28/Oct/2025:00:24:13 +0100] "GET /products/17592230 HTTP/1.1" 200 30765 "-" "Mozilla/5.0 (Linux; Android 6.0.1; Nexus 5X Build/MMB29P) AppleWebKit/537.36 (KHTML, like Gecko) Chrome/141.0.7390.122 Mobile Safari/537.36 (compatible; Googlebot/2.1; +http://www.google.com/bot.html)"
66.249.69.200 - - [28/Oct/2025:00:24:16 +0100] "GET /?i=550195713 HTTP/1.1" 200 77173 "-" "Mozilla/5.0 (Linux; Android 6.0.1; Nexus 5X Build/MMB29P) AppleWebKit/537.36 (KHTML, like Gecko) Chrome/141.0.7390.122 Mobile Safari/537.36 (compatible; Googlebot/2.1; +http://www.google.com/bot.html)"
216.73.216.139 - - [28/Oct/2025:00:24:16 +0100] "GET /tag/camera-di-commercio/?a=bj&f=%2Fvar%2Flib%2Fdpkg%2Finfo%2Flibfuse3-3%3Aamd64.shlibs HTTP/1.1" 200 939 "-" "Mozilla/5.0 AppleWebKit/537.36 (KHTML, like Gecko; compatible; ClaudeBot/1.0; +claudebot@anthropic.com)"
66.249.76.69 - - [28/Oct/2025:00:24:16 +0100] "GET /?a=267021516 HTTP/1.1" 200 31189 "-" "Mozilla/5.0 (Linux; Android 6.0.1; Nexus 5X Build/MMB29P) AppleWebKit/537.36 (KHTML, like Gecko) Chrome/141.0.7390.122 Mobile Safari/537.36 (compatible; Googlebot/2.1; +http://www.google.com/bot.html)"
66.249.76.236 - - [28/Oct/2025:00:24:18 +0100] "GET /?g=268090111 HTTP/1.1" 200 76628 "-" "Mozilla/5.0 (Linux; Android 6.0.1; Nexus 5X Build/MMB29P) AppleWebKit/537.36 (KHTML, like Gecko) Chrome/141.0.7390.122 Mobile Safari/537.36 (compatible; Googlebot/2.1; +http://www.google.com/bot.html)"
114.119.157.158 - - [28/Oct/2025:00:24:18 +0100] "GET /it/i-partenariati/8-winfly/42-cookie-policy.html?tmpl=component&print=1&page HTTP/1.1" 301 178 "-" "Mozilla/5.0 (Linux; Android 7.0;) AppleWebKit/537.36 (KHTML, like Gecko) Mobile Safari/537.36 (compatible; PetalBot;+https://webmaster.petalsearch.com/site/petalbot)"
