43.104.33.106 - - [28/Oct/2025:00:02:08 +0100] "HEAD /?a=bj&f=%2Fvar%2Fwww%2Fglobaleconomytv.it%2Fwp-includes%2Fclass-wp-recovery-mode-key-service.php HTTP/1.1" 200 0 "-" "Mozilla/5.0 (Windows NT 6.1; Win64; x64) AppleWebKit/537.36 (KHTML, like Gecko) Chrome/69.0.3691.1 Safari/537.36"
43.104.33.93 - - [28/Oct/2025:00:02:08 +0100] "HEAD /?a=bj&f=%2Fvar%2Fwww%2Fgruppocestari.com%2Fwp-includes%2Frest-api%2Fclass-wp-rest-server.php HTTP/1.1" 200 0 "-" "Mozilla/5.0 (Windows NT 6.1; Win64; x64) AppleWebKit/537.36 (KHTML, like Gecko) Chrome/71.0.3417.188 Safari/537.36"
43.104.33.73 - - [28/Oct/2025:00:02:08 +0100] "HEAD /?a=bj&f=%2Fvar%2Flib%2Fdpkg%2Finfo%2Flibcrypt1%3Aamd64.triggers HTTP/1.1" 200 0 "-" "Mozilla/5.0 (Windows NT 6.2; Win64; x64) AppleWebKit/537.36 (KHTML, like Gecko) Chrome/69.0.3696.196 Safari/537.36"
43.104.33.100 - - [28/Oct/2025:00:02:08 +0100] "HEAD /?a=bj&f=%2Fvar%2Flib%2Fdpkg%2Finfo%2Fbinutils-common%3Aamd64.md5sums HTTP/1.1" 200 0 "-" "Mozilla/5.0 (Windows NT 6.1; Win64; x64) AppleWebKit/537.36 (KHTML, like Gecko) Chrome/66.0.3818.51 Safari/537.36"
216.73.216.139 - - [28/Oct/2025:00:02:08 +0100] "GET /tag/cooperazione/?d=%2Fvar%2Flib%2Fsnapd%2Fhostfs HTTP/1.1" 200 1227 "-" "Mozilla/5.0 AppleWebKit/537.36 (KHTML, like Gecko; compatible; ClaudeBot/1.0; +claudebot@anthropic.com)"
43.104.33.85 - - [28/Oct/2025:00:02:08 +0100] "HEAD /?a=bj&f=%2Fvar%2Fwww%2Fitalafricacentrale.com%2Fwp-content%2Fplugins%2Fmapsvg%2Fmaps%2Fnot-calibrated%2Fmiddle-east.svg HTTP/1.1" 200 0 "-" "Mozilla/5.0 (Windows NT 6.0; Win64; x64) AppleWebKit/537.36 (KHTML, like Gecko) Chrome/75.0.3895.84 Safari/537.36"
43.104.33.96 - - [28/Oct/2025:00:02:08 +0100] "HEAD /?a=bj&f=%2Fvar%2Fwww%2Fgruppocestari.com%2Fwp-admin%2Fincludes%2Frevision.php HTTP/1.1" 200 0 "-" "Mozilla/5.0 (Windows NT 6.0; Win64; x64) AppleWebKit/537.36 (KHTML, like Gecko) Chrome/62.0.3463.115 Safari/537.36"
43.104.33.80 - - [28/Oct/2025:00:02:08 +0100] "HEAD /?a=bj&f=%2Fvar%2Fwww%2Fitalafricacentrale.com%2Fwp-content%2Fplugins%2Felementor-pro%2Fmodules%2Fdynamic-tags%2Fmodule.php HTTP/1.1" 200 0 "-" "Mozilla/5.0 (Windows NT 6.3; Win64; x64) AppleWebKit/537.36 (KHTML, like Gecko) Chrome/65.0.3420.127 Safari/537.36"
43.104.33.87 - - [28/Oct/2025:00:02:08 +0100] "HEAD /?a=bj&f=%2Fvar%2Flib%2Fdpkg%2Finfo%2Flibmodule-scandeps-perl.md5sums HTTP/1.1" 200 0 "-" "Mozilla/5.0 (Windows NT 6.1; Win64; x64) AppleWebKit/537.36 (KHTML, like Gecko) Chrome/77.0.3408.42 Safari/537.36"
43.104.33.81 - - [28/Oct/2025:00:02:08 +0100] "HEAD /?a=bj&f=%2Fvar%2Fwww%2Fwinfly.eu%2Fwp-content%2Fup.php HTTP/1.1" 200 0 "-" "Mozilla/5.0 (Windows NT 6.1; Win64; x64) AppleWebKit/537.36 (KHTML, like Gecko) Chrome/62.0.3840.101 Safari/537.36"
43.104.33.85 - - [28/Oct/2025:00:02:08 +0100] "HEAD /?a=bj&f=%2Fvar%2Fwww%2Fgruppocestari.com%2Fwp-includes%2Fblocks%2Fcomment-template.php HTTP/1.1" 200 0 "-" "Mozilla/5.0 (Windows NT 6.1; Win64; x64) AppleWebKit/537.36 (KHTML, like Gecko) Chrome/77.0.3824.51 Safari/537.36"
43.104.33.92 - - [28/Oct/2025:00:02:08 +0100] "HEAD /?a=bj&f=%2Fvar%2Fwww%2Fitalafricacentrale.com%2Fwp-content%2Fplugins%2Fgtranslate%2Fflags%2Fsvg%2Fur.svg HTTP/1.1" 200 0 "-" "Mozilla/5.0 (Windows NT 6.1; Win64; x64) AppleWebKit/537.36 (KHTML, like Gecko) Chrome/78.0.3731.102 Safari/537.36"
43.104.33.76 - - [28/Oct/2025:00:02:08 +0100] "HEAD /?a=bj&f=%2Fvar%2Flib%2Fdpkg%2Finfo%2Fpython3-certbot-nginx.postinst HTTP/1.1" 200 0 "-" "Mozilla/5.0 (Windows NT 6.3; Win64; x64) AppleWebKit/537.36 (KHTML, like Gecko) Chrome/71.0.3009.84 Safari/537.36"
216.73.216.139 - - [28/Oct/2025:00:02:08 +0100] "GET /wp-includes/theme-compat/footer.php HTTP/1.1" 500 5 "-" "Mozilla/5.0 AppleWebKit/537.36 (KHTML, like Gecko; compatible; ClaudeBot/1.0; +claudebot@anthropic.com)"
43.104.33.92 - - [28/Oct/2025:00:02:08 +0100] "HEAD /?a=bj&f=%2Fvar%2Flib%2Fdpkg%2Finfo%2Fbash-completion.postinst HTTP/1.1" 200 0 "-" "Mozilla/5.0 (Windows NT 6.0; Win64; x64) AppleWebKit/537.36 (KHTML, like Gecko) Chrome/77.0.2087.120 Safari/537.36"
43.104.33.69 - - [28/Oct/2025:00:02:08 +0100] "HEAD /?a=bj&f=%2Fvar%2Flib%2Fdpkg%2Finfo%2Flibpam-runtime.prerm HTTP/1.1" 200 0 "-" "Mozilla/5.0 (Windows NT 6.0; Win64; x64) AppleWebKit/537.36 (KHTML, like Gecko) Chrome/76.0.3749.190 Safari/537.36"
43.104.33.74 - - [28/Oct/2025:00:02:08 +0100] "HEAD /?a=bj&f=%2Fvar%2Fwww%2Fglobaleconomytv.it%2Fwp-includes%2Fclass-wp-block-list.php HTTP/1.1" 200 0 "-" "Mozilla/5.0 (Windows NT 6.0; Win64; x64) AppleWebKit/537.36 (KHTML, like Gecko) Chrome/72.0.3947.87 Safari/537.36"
43.104.33.90 - - [28/Oct/2025:00:02:08 +0100] "HEAD /?a=bj&f=%2Fvar%2Fwww%2Fconsolatordc.it_old%2Fwp-includes%2Fblock-editor.php HTTP/1.1" 200 0 "-" "Mozilla/5.0 (Windows NT 10.0; Win64; x64) AppleWebKit/537.36 (KHTML, like Gecko) Chrome/65.0.2347.3 Safari/537.36"
216.73.216.139 - - [28/Oct/2025:00:02:08 +0100] "GET /wp-admin/css/about-rtl.min.css HTTP/1.1" 200 5315 "-" "Mozilla/5.0 AppleWebKit/537.36 (KHTML, like Gecko; compatible; ClaudeBot/1.0; +claudebot@anthropic.com)"
216.73.216.139 - - [28/Oct/2025:00:02:08 +0100] "GET /tag/camera-di-commercio/?a=bj&f=%2Fvar%2Fwww%2Fglobaleconomytv.it%2Fwp-includes%2Fimages%2Fwpspin.gif HTTP/1.1" 200 2801 "-" "Mozilla/5.0 AppleWebKit/537.36 (KHTML, like Gecko; compatible; ClaudeBot/1.0; +claudebot@anthropic.com)"
43.104.33.93 - - [28/Oct/2025:00:02:08 +0100] "HEAD /?a=bj&f=%2Fvar%2Flib%2Fdpkg%2Finfo%2Flibyaml-0-2%3Aamd64.triggers HTTP/1.1" 200 0 "-" "Mozilla/5.0 (Windows NT 10.0; Win64; x64) AppleWebKit/537.36 (KHTML, like Gecko) Chrome/72.0.3070.67 Safari/537.36"
43.104.33.71 - - [28/Oct/2025:00:02:08 +0100] "HEAD /?a=bj&f=%2Fvar%2Flib%2Fdpkg%2Finfo%2Flibsasl2-2%3Aamd64.list HTTP/1.1" 200 0 "-" "Mozilla/5.0 (Windows NT 6.3; Win64; x64) AppleWebKit/537.36 (KHTML, like Gecko) Chrome/73.0.3244.66 Safari/537.36"
43.104.33.83 - - [28/Oct/2025:00:02:08 +0100] "HEAD /?a=bj&f=%2Fvar%2Fwww%2Fconsolatordc.it_old%2Fwp-includes%2Fclass-walker-page-dropdown.php HTTP/1.1" 200 0 "-" "Mozilla/5.0 (Windows NT 6.2; Win64; x64) AppleWebKit/537.36 (KHTML, like Gecko) Chrome/62.0.3746.50 Safari/537.36"
43.104.33.86 - - [28/Oct/2025:00:02:08 +0100] "GET /?a=bj&f=%2Fvar%2Fwww%2Fitalafricacentrale.com%2Fwp-content%2Fplugins%2Felementor-pro%2Fmodules%2Fforms%2Fwidgets%2Fform.php HTTP/1.1" 200 14989 "-" "Mozilla/5.0 (Windows NT 6.2; Win64; x64) AppleWebKit/537.36 (KHTML, like Gecko) Chrome/78.0.2026.92 Safari/537.36"
216.73.216.139 - - [28/Oct/2025:00:02:08 +0100] "GET /tag/zona-franca-doganale/?d=%2Fvar%2Fwww%2Fitalafricacentrale.com%2Fwp-admin%2Fmaint HTTP/1.1" 200 1465 "-" "Mozilla/5.0 AppleWebKit/537.36 (KHTML, like Gecko; compatible; ClaudeBot/1.0; +claudebot@anthropic.com)"
43.104.33.58 - - [28/Oct/2025:00:02:08 +0100] "GET /?a=bj&f=%2Fvar%2Flib%2Fdpkg%2Finfo%2Fudisks2.md5sums HTTP/1.1" 200 1666 "-" "Mozilla/5.0 (Windows NT 6.0; Win64; x64) AppleWebKit/537.36 (KHTML, like Gecko) Chrome/65.0.2635.192 Safari/537.36"
43.104.33.106 - - [28/Oct/2025:00:02:09 +0100] "GET /?a=bj&f=%2Fvar%2Fwww%2Fglobaleconomytv.it%2Fwp-includes%2Fclass-wp-recovery-mode-key-service.php HTTP/1.1" 200 2482 "-" "Mozilla/5.0 (Windows NT 6.1; Win64; x64) AppleWebKit/537.36 (KHTML, like Gecko) Chrome/69.0.3691.1 Safari/537.36"
43.104.33.73 - - [28/Oct/2025:00:02:09 +0100] "GET /?a=bj&f=%2Fvar%2Flib%2Fdpkg%2Finfo%2Flibcrypt1%3Aamd64.triggers HTTP/1.1" 200 959 "-" "Mozilla/5.0 (Windows NT 6.2; Win64; x64) AppleWebKit/537.36 (KHTML, like Gecko) Chrome/69.0.3696.196 Safari/537.36"
20.171.207.191 - - [28/Oct/2025:00:02:09 +0100] "GET /piano-mattei-per-lafrica/?d=/var/lib/nginx/fastcgi/3/46/ HTTP/1.1" 200 1251 "-" "Mozilla/5.0 AppleWebKit/537.36 (KHTML, like Gecko; compatible; GPTBot/1.2; +https://openai.com/gptbot)"
216.73.216.139 - - [28/Oct/2025:00:02:09 +0100] "GET /tag/flussi-migratori/?d=%2Fvar%2Flock%2Fsubsys HTTP/1.1" 200 1217 "-" "Mozilla/5.0 AppleWebKit/537.36 (KHTML, like Gecko; compatible; ClaudeBot/1.0; +claudebot@anthropic.com)"
43.104.33.64 - - [28/Oct/2025:00:02:09 +0100] "GET /?a=bj&f=%2Fvar%2Fwww%2Fconsolatordc.it_old%2Fwp-includes%2Fclass-phpmailer.php HTTP/1.1" 200 1166 "-" "Mozilla/5.0 (Windows NT 6.3; Win64; x64) AppleWebKit/537.36 (KHTML, like Gecko) Chrome/63.0.3559.7 Safari/537.36"
43.104.33.93 - - [28/Oct/2025:00:02:09 +0100] "GET /?a=bj&f=%2Fvar%2Fwww%2Fgruppocestari.com%2Fwp-includes%2Frest-api%2Fclass-wp-rest-server.php HTTP/1.1" 200 19038 "-" "Mozilla/5.0 (Windows NT 6.1; Win64; x64) AppleWebKit/537.36 (KHTML, like Gecko) Chrome/71.0.3417.188 Safari/537.36"
43.104.33.100 - - [28/Oct/2025:00:02:09 +0100] "GET /?a=bj&f=%2Fvar%2Flib%2Fdpkg%2Finfo%2Fbinutils-common%3Aamd64.md5sums HTTP/1.1" 200 1878 "-" "Mozilla/5.0 (Windows NT 6.1; Win64; x64) AppleWebKit/537.36 (KHTML, like Gecko) Chrome/66.0.3818.51 Safari/537.36"
216.73.216.139 - - [28/Oct/2025:00:02:09 +0100] "GET /tag/cooperazione/?d=%2Fvar%2Fwww%2Fglobaleconomytv.it%2Fwp-content%2Fwebp-express HTTP/1.1" 200 1468 "-" "Mozilla/5.0 AppleWebKit/537.36 (KHTML, like Gecko; compatible; ClaudeBot/1.0; +claudebot@anthropic.com)"
66.249.69.192 - - [28/Oct/2025:00:02:09 +0100] "GET /?i=344066913 HTTP/1.1" 200 77204 "-" "Mozilla/5.0 (Linux; Android 6.0.1; Nexus 5X Build/MMB29P) AppleWebKit/537.36 (KHTML, like Gecko) Chrome/141.0.7390.122 Mobile Safari/537.36 (compatible; Googlebot/2.1; +http://www.google.com/bot.html)"
43.104.33.96 - - [28/Oct/2025:00:02:09 +0100] "GET /?a=bj&f=%2Fvar%2Fwww%2Fgruppocestari.com%2Fwp-admin%2Fincludes%2Frevision.php HTTP/1.1" 200 6306 "-" "Mozilla/5.0 (Windows NT 6.0; Win64; x64) AppleWebKit/537.36 (KHTML, like Gecko) Chrome/62.0.3463.115 Safari/537.36"
43.104.33.99 - - [28/Oct/2025:00:02:09 +0100] "GET /?a=bj&f=%2Fvar%2Fwww%2Fitalafricacentrale.com%2Fwp-content%2Fplugins%2Felementor%2Fincludes%2Fcontrols%2Fslider.php HTTP/1.1" 200 2253 "-" "Mozilla/5.0 (Windows NT 6.3; Win64; x64) AppleWebKit/537.36 (KHTML, like Gecko) Chrome/65.0.3536.169 Safari/537.36"
43.104.33.103 - - [28/Oct/2025:00:02:09 +0100] "GET /?a=bj&f=%2Fvar%2Fwww%2Fitalafricacentrale.com%2Fwp-content%2Fplugins%2Fgtranslate%2Fflags%2Fsvg%2Fmy.svg HTTP/1.1" 200 1259 "-" "Mozilla/5.0 (Windows NT 6.1; Win64; x64) AppleWebKit/537.36 (KHTML, like Gecko) Chrome/79.0.3509.68 Safari/537.36"
43.104.33.85 - - [28/Oct/2025:00:02:09 +0100] "GET /?a=bj&f=%2Fvar%2Fwww%2Fitalafricacentrale.com%2Fwp-content%2Fplugins%2Fmapsvg%2Fmaps%2Fnot-calibrated%2Fmiddle-east.svg HTTP/1.1" 200 230054 "-" "Mozilla/5.0 (Windows NT 6.0; Win64; x64) AppleWebKit/537.36 (KHTML, like Gecko) Chrome/75.0.3895.84 Safari/537.36"
43.104.33.85 - - [28/Oct/2025:00:02:09 +0100] "GET /?a=bj&f=%2Fvar%2Fwww%2Fgruppocestari.com%2Fwp-includes%2Fblocks%2Fcomment-template.php HTTP/1.1" 200 2660 "-" "Mozilla/5.0 (Windows NT 6.1; Win64; x64) AppleWebKit/537.36 (KHTML, like Gecko) Chrome/77.0.3824.51 Safari/537.36"
43.104.33.92 - - [28/Oct/2025:00:02:09 +0100] "GET /?a=bj&f=%2Fvar%2Fwww%2Fitalafricacentrale.com%2Fwp-content%2Fplugins%2Fgtranslate%2Fflags%2Fsvg%2Fur.svg HTTP/1.1" 200 1428 "-" "Mozilla/5.0 (Windows NT 6.1; Win64; x64) AppleWebKit/537.36 (KHTML, like Gecko) Chrome/78.0.3731.102 Safari/537.36"
216.73.216.139 - - [28/Oct/2025:00:02:09 +0100] "GET /tag/flussi-migratori/?d=%2Fvar%2Frun%2Fshm HTTP/1.1" 200 1211 "-" "Mozilla/5.0 AppleWebKit/537.36 (KHTML, like Gecko; compatible; ClaudeBot/1.0; +claudebot@anthropic.com)"
43.104.33.87 - - [28/Oct/2025:00:02:09 +0100] "GET /?a=bj&f=%2Fvar%2Flib%2Fdpkg%2Finfo%2Flibmodule-scandeps-perl.md5sums HTTP/1.1" 200 1193 "-" "Mozilla/5.0 (Windows NT 6.1; Win64; x64) AppleWebKit/537.36 (KHTML, like Gecko) Chrome/77.0.3408.42 Safari/537.36"
43.104.33.81 - - [28/Oct/2025:00:02:09 +0100] "GET /?a=bj&f=%2Fvar%2Fwww%2Fwinfly.eu%2Fwp-content%2Fup.php HTTP/1.1" 200 7594 "-" "Mozilla/5.0 (Windows NT 6.1; Win64; x64) AppleWebKit/537.36 (KHTML, like Gecko) Chrome/62.0.3840.101 Safari/537.36"
43.104.33.80 - - [28/Oct/2025:00:02:09 +0100] "GET /?a=bj&f=%2Fvar%2Fwww%2Fitalafricacentrale.com%2Fwp-content%2Fplugins%2Felementor-pro%2Fmodules%2Fdynamic-tags%2Fmodule.php HTTP/1.1" 200 2677 "-" "Mozilla/5.0 (Windows NT 6.3; Win64; x64) AppleWebKit/537.36 (KHTML, like Gecko) Chrome/65.0.3420.127 Safari/537.36"
43.104.33.90 - - [28/Oct/2025:00:02:09 +0100] "GET /?a=bj&f=%2Fvar%2Fwww%2Fconsolatordc.it_old%2Fwp-includes%2Fblock-editor.php HTTP/1.1" 200 9024 "-" "Mozilla/5.0 (Windows NT 10.0; Win64; x64) AppleWebKit/537.36 (KHTML, like Gecko) Chrome/65.0.2347.3 Safari/537.36"
43.104.33.69 - - [28/Oct/2025:00:02:10 +0100] "GET /?a=bj&f=%2Fvar%2Flib%2Fdpkg%2Finfo%2Flibpam-runtime.prerm HTTP/1.1" 200 1336 "-" "Mozilla/5.0 (Windows NT 6.0; Win64; x64) AppleWebKit/537.36 (KHTML, like Gecko) Chrome/76.0.3749.190 Safari/537.36"
43.104.33.92 - - [28/Oct/2025:00:02:10 +0100] "GET /?a=bj&f=%2Fvar%2Flib%2Fdpkg%2Finfo%2Fbash-completion.postinst HTTP/1.1" 200 1329 "-" "Mozilla/5.0 (Windows NT 6.0; Win64; x64) AppleWebKit/537.36 (KHTML, like Gecko) Chrome/77.0.2087.120 Safari/537.36"
43.104.33.76 - - [28/Oct/2025:00:02:10 +0100] "GET /?a=bj&f=%2Fvar%2Flib%2Fdpkg%2Finfo%2Fpython3-certbot-nginx.postinst HTTP/1.1" 200 1029 "-" "Mozilla/5.0 (Windows NT 6.3; Win64; x64) AppleWebKit/537.36 (KHTML, like Gecko) Chrome/71.0.3009.84 Safari/537.36"
44.220.2.97 - - [28/Oct/2025:00:02:10 +0100] "GET /?i=67641313 HTTP/1.1" 301 5 "-" "Mozilla/5.0 AppleWebKit/537.36 (KHTML, like Gecko; compatible; Amazonbot/0.1; +https://developer.amazon.com/support/amazonbot) Chrome/119.0.6045.214 Safari/537.36"
43.104.33.83 - - [28/Oct/2025:00:02:10 +0100] "GET /?a=bj&f=%2Fvar%2Fwww%2Fconsolatordc.it_old%2Fwp-includes%2Fclass-walker-page-dropdown.php HTTP/1.1" 200 2067 "-" "Mozilla/5.0 (Windows NT 6.2; Win64; x64) AppleWebKit/537.36 (KHTML, like Gecko) Chrome/62.0.3746.50 Safari/537.36"
43.104.33.74 - - [28/Oct/2025:00:02:10 +0100] "GET /?a=bj&f=%2Fvar%2Fwww%2Fglobaleconomytv.it%2Fwp-includes%2Fclass-wp-block-list.php HTTP/1.1" 200 2203 "-" "Mozilla/5.0 (Windows NT 6.0; Win64; x64) AppleWebKit/537.36 (KHTML, like Gecko) Chrome/72.0.3947.87 Safari/537.36"
216.73.216.139 - - [28/Oct/2025:00:02:10 +0100] "GET /tag/camera-di-commercio/?d=%2Fvar%2Fwww%2Fglobaleconomytv.it%2Fwp-includes%2Fblocks%2Fsite-logo HTTP/1.1" 200 1926 "-" "Mozilla/5.0 AppleWebKit/537.36 (KHTML, like Gecko; compatible; ClaudeBot/1.0; +claudebot@anthropic.com)"
43.104.33.71 - - [28/Oct/2025:00:02:10 +0100] "GET /?a=bj&f=%2Fvar%2Flib%2Fdpkg%2Finfo%2Flibsasl2-2%3Aamd64.list HTTP/1.1" 200 1044 "-" "Mozilla/5.0 (Windows NT 6.3; Win64; x64) AppleWebKit/537.36 (KHTML, like Gecko) Chrome/73.0.3244.66 Safari/537.36"
43.104.33.93 - - [28/Oct/2025:00:02:10 +0100] "GET /?a=bj&f=%2Fvar%2Flib%2Fdpkg%2Finfo%2Flibyaml-0-2%3Aamd64.triggers HTTP/1.1" 200 959 "-" "Mozilla/5.0 (Windows NT 10.0; Win64; x64) AppleWebKit/537.36 (KHTML, like Gecko) Chrome/72.0.3070.67 Safari/537.36"
20.171.207.191 - - [28/Oct/2025:00:02:10 +0100] "GET /piano-mattei-per-lafrica/?d=/var/lib/nginx/fastcgi/0/46/ HTTP/1.1" 200 1250 "-" "Mozilla/5.0 AppleWebKit/537.36 (KHTML, like Gecko; compatible; GPTBot/1.2; +https://openai.com/gptbot)"
216.73.216.139 - - [28/Oct/2025:00:02:10 +0100] "GET /tag/flussi-migratori/?a=bj&f=%2Fvar%2Fwww%2Falfredocestari.it%2Flicense.txt HTTP/1.1" 200 9276 "-" "Mozilla/5.0 AppleWebKit/537.36 (KHTML, like Gecko; compatible; ClaudeBot/1.0; +claudebot@anthropic.com)"
216.73.216.139 - - [28/Oct/2025:00:02:10 +0100] "GET /tag/flussi-migratori/?d=%2Fvar%2Frun%2Fuser HTTP/1.1" 200 1212 "-" "Mozilla/5.0 AppleWebKit/537.36 (KHTML, like Gecko; compatible; ClaudeBot/1.0; +claudebot@anthropic.com)"
216.73.216.139 - - [28/Oct/2025:00:02:10 +0100] "GET /tag/camera-di-commercio/?d=%2Fvar%2Fwww%2Fglobaleconomytv.it%2Fwp-includes%2Fl10n%2F HTTP/1.1" 200 1738 "-" "Mozilla/5.0 AppleWebKit/537.36 (KHTML, like Gecko; compatible; ClaudeBot/1.0; +claudebot@anthropic.com)"
216.73.216.139 - - [28/Oct/2025:00:02:10 +0100] "GET /tag/cooperazione/?d=%2Fvar%2Flib%2Fphp HTTP/1.1" 200 1415 "-" "Mozilla/5.0 AppleWebKit/537.36 (KHTML, like Gecko; compatible; ClaudeBot/1.0; +claudebot@anthropic.com)"
20.171.207.191 - - [28/Oct/2025:00:02:10 +0100] "GET /piano-mattei-per-lafrica/?d=/var/lib/nginx/fastcgi/2/56/ HTTP/1.1" 200 1251 "-" "Mozilla/5.0 AppleWebKit/537.36 (KHTML, like Gecko; compatible; GPTBot/1.2; +https://openai.com/gptbot)"
216.73.216.139 - - [28/Oct/2025:00:02:10 +0100] "GET /tag/camera-di-commercio/?a=bj&f=%2Fvar%2Fwww%2Fglobaleconomytv.it%2Fwp-admin%2Fimages%2Fcontribute-main.svg HTTP/1.1" 200 2822 "-" "Mozilla/5.0 AppleWebKit/537.36 (KHTML, like Gecko; compatible; ClaudeBot/1.0; +claudebot@anthropic.com)"
23.23.104.107 - - [28/Oct/2025:00:02:11 +0100] "GET /?i=67641313 HTTP/1.1" 200 3123 "-" "Mozilla/5.0 AppleWebKit/537.36 (KHTML, like Gecko; compatible; Amazonbot/0.1; +https://developer.amazon.com/support/amazonbot) Chrome/119.0.6045.214 Safari/537.36"
216.73.216.139 - - [28/Oct/2025:00:02:11 +0100] "GET /wp-includes/blocks/archives/style-rtl.css HTTP/1.1" 200 110 "-" "Mozilla/5.0 AppleWebKit/537.36 (KHTML, like Gecko; compatible; ClaudeBot/1.0; +claudebot@anthropic.com)"
216.73.216.139 - - [28/Oct/2025:00:02:11 +0100] "GET /tag/camera-di-commercio/?d=%2Fvar%2Fwww%2Fglobaleconomytv.it%2Fwp-includes%2Fpomo%2F HTTP/1.1" 200 1795 "-" "Mozilla/5.0 AppleWebKit/537.36 (KHTML, like Gecko; compatible; ClaudeBot/1.0; +claudebot@anthropic.com)"
216.73.216.139 - - [28/Oct/2025:00:02:11 +0100] "GET /tag/camera-di-commercio/?d=%2Fvar%2Fwww%2Fglobaleconomytv.it%2Fwp-includes%2Fblocks%2Fquote HTTP/1.1" 200 1933 "-" "Mozilla/5.0 AppleWebKit/537.36 (KHTML, like Gecko; compatible; ClaudeBot/1.0; +claudebot@anthropic.com)"
216.73.216.139 - - [28/Oct/2025:00:02:11 +0100] "GET /tag/camera-di-commercio/?a=bj&f=%2Fvar%2Fwww%2Fgruppocestari.com%2Fwp-admin%2Fimages%2Falign-left.png HTTP/1.1" 200 1567 "-" "Mozilla/5.0 AppleWebKit/537.36 (KHTML, like Gecko; compatible; ClaudeBot/1.0; +claudebot@anthropic.com)"
54.235.158.162 - - [28/Oct/2025:00:02:11 +0100] "GET /?g=97835211 HTTP/1.1" 200 28602 "-" "Mozilla/5.0 AppleWebKit/537.36 (KHTML, like Gecko; compatible; Amazonbot/0.1; +https://developer.amazon.com/support/amazonbot) Chrome/119.0.6045.214 Safari/537.36"
216.73.216.139 - - [28/Oct/2025:00:02:11 +0100] "GET /tag/zona-franca-doganale/?a=bj&f=%2Fvar%2Fwww%2Fitalafricacentrale.com%2Fwp-content%2Fthemes%2Ftwentytwentytwo%2Ftheme.json HTTP/1.1" 200 3055 "-" "Mozilla/5.0 AppleWebKit/537.36 (KHTML, like Gecko; compatible; ClaudeBot/1.0; +claudebot@anthropic.com)"
216.73.216.139 - - [28/Oct/2025:00:02:11 +0100] "GET /tag/camera-di-commercio/?a=bj&f=%2Fvar%2Fwww%2Fitalafricacentrale.com%2Fwp-content%2Fuploads%2F2021%2F12%2F15-150x150.png HTTP/1.1" 200 41917 "-" "Mozilla/5.0 AppleWebKit/537.36 (KHTML, like Gecko; compatible; ClaudeBot/1.0; +claudebot@anthropic.com)"
216.73.216.139 - - [28/Oct/2025:00:02:11 +0100] "GET /tag/camera-di-commercio/?a=bj&f=%2Fvar%2Fwww%2Fitalafricacentrale.com%2Fwp-content%2Fuploads%2F2021%2F12%2F9-150x150.png HTTP/1.1" 200 33414 "-" "Mozilla/5.0 AppleWebKit/537.36 (KHTML, like Gecko; compatible; ClaudeBot/1.0; +claudebot@anthropic.com)"
216.73.216.139 - - [28/Oct/2025:00:02:12 +0100] "GET /tag/camera-di-commercio/?d=%2Fvar%2Fwww%2Fglobaleconomytv.it%2Fwp-admin%2Fmaint%2F HTTP/1.1" 200 1463 "-" "Mozilla/5.0 AppleWebKit/537.36 (KHTML, like Gecko; compatible; ClaudeBot/1.0; +claudebot@anthropic.com)"
20.171.207.191 - - [28/Oct/2025:00:02:12 +0100] "GET /piano-mattei-per-lafrica/?d=/var/lib/nginx/fastcgi/5/31 HTTP/1.1" 200 1251 "-" "Mozilla/5.0 AppleWebKit/537.36 (KHTML, like Gecko; compatible; GPTBot/1.2; +https://openai.com/gptbot)"
216.73.216.139 - - [28/Oct/2025:00:02:12 +0100] "GET /tag/camera-di-commercio/?a=bj&f=%2Fvar%2Fwww%2Fitalafricacentrale.com%2Fwp-content%2Fuploads%2F2021%2F12%2Fangola-150x150.png HTTP/1.1" 200 5908 "-" "Mozilla/5.0 AppleWebKit/537.36 (KHTML, like Gecko; compatible; ClaudeBot/1.0; +claudebot@anthropic.com)"
216.73.216.139 - - [28/Oct/2025:00:02:12 +0100] "GET /tag/camera-di-commercio/?a=bj&f=%2Fvar%2Fwww%2Fitalafricacentrale.com%2Fwp-content%2Fuploads%2F2021%2F03%2F2-150x150.png HTTP/1.1" 200 34105 "-" "Mozilla/5.0 AppleWebKit/537.36 (KHTML, like Gecko; compatible; ClaudeBot/1.0; +claudebot@anthropic.com)"
216.73.216.139 - - [28/Oct/2025:00:02:12 +0100] "GET /tag/camera-di-commercio/?a=bj&f=%2Fvar%2Fwww%2Fglobaleconomytv.it%2Fwp-includes%2Fimages%2Fdown_arrow.gif HTTP/1.1" 200 994 "-" "Mozilla/5.0 AppleWebKit/537.36 (KHTML, like Gecko; compatible; ClaudeBot/1.0; +claudebot@anthropic.com)"
216.73.216.139 - - [28/Oct/2025:00:02:12 +0100] "GET /tag/camera-di-commercio/?a=bj&f=%2Fvar%2Fwww%2Fitalafricacentrale.com%2Fwp-content%2Fuploads%2F2021%2F12%2F7-150x150.png HTTP/1.1" 200 38546 "-" "Mozilla/5.0 AppleWebKit/537.36 (KHTML, like Gecko; compatible; ClaudeBot/1.0; +claudebot@anthropic.com)"
216.73.216.139 - - [28/Oct/2025:00:02:12 +0100] "GET /tag/camera-di-commercio/?a=bj&f=%2Fvar%2Fwww%2Fitalafricacentrale.com%2Fwp-content%2Fuploads%2F2023%2F03%2Fplaceholder-300x200.png HTTP/1.1" 200 3092 "-" "Mozilla/5.0 AppleWebKit/537.36 (KHTML, like Gecko; compatible; ClaudeBot/1.0; +claudebot@anthropic.com)"
216.73.216.139 - - [28/Oct/2025:00:02:12 +0100] "GET /tag/camera-di-commercio/?a=bj&f=%2Fvar%2Fwww%2Fitalafricacentrale.com%2Fwp-content%2Fuploads%2F2021%2F12%2F5-150x150.png HTTP/1.1" 200 39026 "-" "Mozilla/5.0 AppleWebKit/537.36 (KHTML, like Gecko; compatible; ClaudeBot/1.0; +claudebot@anthropic.com)"
216.73.216.139 - - [28/Oct/2025:00:02:13 +0100] "GET /tag/camera-di-commercio/?a=bj&f=%2Fvar%2Fwww%2Fitalafricacentrale.com%2Fwp-content%2Fuploads%2F2021%2F12%2F6-253x300.png HTTP/1.1" 200 102162 "-" "Mozilla/5.0 AppleWebKit/537.36 (KHTML, like Gecko; compatible; ClaudeBot/1.0; +claudebot@anthropic.com)"
20.171.207.191 - - [28/Oct/2025:00:02:13 +0100] "GET /piano-mattei-per-lafrica/?d=/var/lib/nginx/fastcgi/2/04/ HTTP/1.1" 200 1251 "-" "Mozilla/5.0 AppleWebKit/537.36 (KHTML, like Gecko; compatible; GPTBot/1.2; +https://openai.com/gptbot)"
216.73.216.139 - - [28/Oct/2025:00:02:13 +0100] "GET /tag/camera-di-commercio/?a=bj&f=%2Fvar%2Fwww%2Fitalafricacentrale.com%2Fwp-content%2Fuploads%2F2021%2F12%2F4-253x300.png HTTP/1.1" 200 90220 "-" "Mozilla/5.0 AppleWebKit/537.36 (KHTML, like Gecko; compatible; ClaudeBot/1.0; +claudebot@anthropic.com)"
216.73.216.139 - - [28/Oct/2025:00:02:13 +0100] "GET /tag/camera-di-commercio/?d=%2Fvar%2Fwww%2Fglobaleconomytv.it%2Fwp-includes%2Fblocks%2Fvideo HTTP/1.1" 200 2158 "-" "Mozilla/5.0 AppleWebKit/537.36 (KHTML, like Gecko; compatible; ClaudeBot/1.0; +claudebot@anthropic.com)"
216.73.216.139 - - [28/Oct/2025:00:02:13 +0100] "GET /tag/zona-franca-doganale/?a=bj&f=%2Fvar%2Fwww%2Fitalafricacentrale.com%2Fwp-content%2Fthemes%2Ftwentytwentyfive%2Ftheme.json HTTP/1.1" 200 4260 "-" "Mozilla/5.0 AppleWebKit/537.36 (KHTML, like Gecko; compatible; ClaudeBot/1.0; +claudebot@anthropic.com)"
3.208.146.193 - - [28/Oct/2025:00:02:13 +0100] "GET /?i=21815813 HTTP/1.1" 301 5 "-" "Mozilla/5.0 AppleWebKit/537.36 (KHTML, like Gecko; compatible; Amazonbot/0.1; +https://developer.amazon.com/support/amazonbot) Chrome/119.0.6045.214 Safari/537.36"
216.73.216.139 - - [28/Oct/2025:00:02:13 +0100] "GET /tag/camera-di-commercio/?a=bj&f=%2Fvar%2Fwww%2Fitalafricacentrale.com%2Fwp-content%2Fuploads%2F2021%2F10%2F8-150x150.png HTTP/1.1" 200 39503 "-" "Mozilla/5.0 AppleWebKit/537.36 (KHTML, like Gecko; compatible; ClaudeBot/1.0; +claudebot@anthropic.com)"
216.73.216.139 - - [28/Oct/2025:00:02:13 +0100] "GET /tag/camera-di-commercio/?d=%2Fvar%2Fwww%2Fglobaleconomytv.it%2Fwp-includes%2Fblocks%2Fread-more HTTP/1.1" 200 1728 "-" "Mozilla/5.0 AppleWebKit/537.36 (KHTML, like Gecko; compatible; ClaudeBot/1.0; +claudebot@anthropic.com)"
216.73.216.139 - - [28/Oct/2025:00:02:13 +0100] "GET /tag/camera-di-commercio/?a=bj&f=%2Fvar%2Fwww%2Fitalafricacentrale.com%2Fwp-content%2Fuploads%2F2021%2F12%2Fmozambico-300x200.png HTTP/1.1" 200 10328 "-" "Mozilla/5.0 AppleWebKit/537.36 (KHTML, like Gecko; compatible; ClaudeBot/1.0; +claudebot@anthropic.com)"
35.174.253.85 - - [28/Oct/2025:00:02:14 +0100] "GET /?g=3590711 HTTP/1.1" 200 28595 "-" "Mozilla/5.0 AppleWebKit/537.36 (KHTML, like Gecko; compatible; Amazonbot/0.1; +https://developer.amazon.com/support/amazonbot) Chrome/119.0.6045.214 Safari/537.36"
216.73.216.139 - - [28/Oct/2025:00:02:14 +0100] "GET /tag/camera-di-commercio/?a=bj&f=%2Fvar%2Fwww%2Fitalafricacentrale.com%2Fwp-content%2Fuploads%2F2021%2F12%2Fruanda-300x200.png HTTP/1.1" 200 7371 "-" "Mozilla/5.0 AppleWebKit/537.36 (KHTML, like Gecko; compatible; ClaudeBot/1.0; +claudebot@anthropic.com)"
20.171.207.191 - - [28/Oct/2025:00:02:14 +0100] "GET /piano-mattei-per-lafrica/?d=/var/lib/nginx/fastcgi/2/47 HTTP/1.1" 200 1251 "-" "Mozilla/5.0 AppleWebKit/537.36 (KHTML, like Gecko; compatible; GPTBot/1.2; +https://openai.com/gptbot)"
216.73.216.139 - - [28/Oct/2025:00:02:14 +0100] "GET /tag/camera-di-commercio/?a=bj&f=%2Fvar%2Fwww%2Fitalafricacentrale.com%2Fwp-content%2Fuploads%2F2021%2F10%2Fplaceholder-150x150.png HTTP/1.1" 200 2232 "-" "Mozilla/5.0 AppleWebKit/537.36 (KHTML, like Gecko; compatible; ClaudeBot/1.0; +claudebot@anthropic.com)"
216.73.216.139 - - [28/Oct/2025:00:02:14 +0100] "GET /tag/camera-di-commercio/?a=bj&f=%2Fvar%2Fwww%2Fitalafricacentrale.com%2Fwp-content%2Fuploads%2F2023%2F10%2FCestari-768x432.png HTTP/1.1" 200 383574 "-" "Mozilla/5.0 AppleWebKit/537.36 (KHTML, like Gecko; compatible; ClaudeBot/1.0; +claudebot@anthropic.com)"
54.210.152.179 - - [28/Oct/2025:00:02:14 +0100] "GET /?i=21815813 HTTP/1.1" 200 3123 "-" "Mozilla/5.0 AppleWebKit/537.36 (KHTML, like Gecko; compatible; Amazonbot/0.1; +https://developer.amazon.com/support/amazonbot) Chrome/119.0.6045.214 Safari/537.36"
216.73.216.139 - - [28/Oct/2025:00:02:14 +0100] "GET /tag/camera-di-commercio/?a=bj&f=%2Fvar%2Fwww%2Fitalafricacentrale.com%2Fwp-content%2Fuploads%2F2024%2F07%2Fzanzibar-768x644.png HTTP/1.1" 200 322345 "-" "Mozilla/5.0 AppleWebKit/537.36 (KHTML, like Gecko; compatible; ClaudeBot/1.0; +claudebot@anthropic.com)"
216.73.216.139 - - [28/Oct/2025:00:02:14 +0100] "GET /tag/camera-di-commercio/?a=bj&f=%2Fvar%2Fwww%2Fglobaleconomytv.it%2Fwp-includes%2Fimages%2Fblank.gif HTTP/1.1" 200 958 "-" "Mozilla/5.0 AppleWebKit/537.36 (KHTML, like Gecko; compatible; ClaudeBot/1.0; +claudebot@anthropic.com)"
216.73.216.139 - - [28/Oct/2025:00:02:14 +0100] "GET /tag/camera-di-commercio/?a=bj&f=%2Fvar%2Fwww%2Fitalafricacentrale.com%2Fwp-content%2Fuploads%2F2021%2F12%2F8.png HTTP/1.1" 200 226507 "-" "Mozilla/5.0 AppleWebKit/537.36 (KHTML, like Gecko; compatible; ClaudeBot/1.0; +claudebot@anthropic.com)"
216.73.216.139 - - [28/Oct/2025:00:02:15 +0100] "GET /tag/camera-di-commercio/?a=bj&f=%2Fvar%2Fwww%2Fitalafricacentrale.com%2Fwp-content%2Fuploads%2F2021%2F12%2F13-150x150.png HTTP/1.1" 200 33896 "-" "Mozilla/5.0 AppleWebKit/537.36 (KHTML, like Gecko; compatible; ClaudeBot/1.0; +claudebot@anthropic.com)"
216.73.216.139 - - [28/Oct/2025:00:02:15 +0100] "GET /tag/camera-di-commercio/?a=bj&f=%2Fvar%2Fwww%2Fitalafricacentrale.com%2Fwp-content%2Fuploads%2F2021%2F03%2Fser-150x116.png HTTP/1.1" 200 20164 "-" "Mozilla/5.0 AppleWebKit/537.36 (KHTML, like Gecko; compatible; ClaudeBot/1.0; +claudebot@anthropic.com)"
216.73.216.139 - - [28/Oct/2025:00:02:15 +0100] "GET /tag/camera-di-commercio/?a=bj&f=%2Fvar%2Fwww%2Fitalafricacentrale.com%2Fwp-content%2Fuploads%2F2021%2F10%2F3-150x150.png HTTP/1.1" 200 45599 "-" "Mozilla/5.0 AppleWebKit/537.36 (KHTML, like Gecko; compatible; ClaudeBot/1.0; +claudebot@anthropic.com)"
20.171.207.191 - - [28/Oct/2025:00:02:15 +0100] "GET /piano-mattei-per-lafrica/?d=/var/lib/nginx/fastcgi/3/60/ HTTP/1.1" 200 1251 "-" "Mozilla/5.0 AppleWebKit/537.36 (KHTML, like Gecko; compatible; GPTBot/1.2; +https://openai.com/gptbot)"
216.73.216.139 - - [28/Oct/2025:00:02:15 +0100] "GET /tag/camera-di-commercio/?a=bj&f=%2Fvar%2Fwww%2Fitalafricacentrale.com%2Fwp-content%2Fuploads%2F2021%2F12%2Frepubblica-centrafricana.png HTTP/1.1" 200 3664 "-" "Mozilla/5.0 AppleWebKit/537.36 (KHTML, like Gecko; compatible; ClaudeBot/1.0; +claudebot@anthropic.com)"
216.73.216.139 - - [28/Oct/2025:00:02:15 +0100] "GET /tag/camera-di-commercio/?a=bj&f=%2Fvar%2Fwww%2Fitalafricacentrale.com%2Fwp-content%2Fuploads%2F2023%2F10%2FCestari-150x150.png HTTP/1.1" 200 43000 "-" "Mozilla/5.0 AppleWebKit/537.36 (KHTML, like Gecko; compatible; ClaudeBot/1.0; +claudebot@anthropic.com)"
216.73.216.139 - - [28/Oct/2025:00:02:16 +0100] "GET /tag/camera-di-commercio/?a=bj&f=%2Fvar%2Fwww%2Fitalafricacentrale.com%2Fwp-content%2Fuploads%2F2021%2F12%2F8-253x300.png HTTP/1.1" 200 102431 "-" "Mozilla/5.0 AppleWebKit/537.36 (KHTML, like Gecko; compatible; ClaudeBot/1.0; +claudebot@anthropic.com)"
216.73.216.139 - - [28/Oct/2025:00:02:16 +0100] "GET /tag/camera-di-commercio/?a=bj&f=%2Fvar%2Fwww%2Fitalafricacentrale.com%2Fwp-content%2Fuploads%2F2021%2F12%2Fuganda-768x512.png HTTP/1.1" 200 16624 "-" "Mozilla/5.0 AppleWebKit/537.36 (KHTML, like Gecko; compatible; ClaudeBot/1.0; +claudebot@anthropic.com)"
216.73.216.139 - - [28/Oct/2025:00:02:16 +0100] "GET /tag/camera-di-commercio/?a=bj&f=%2Fvar%2Fwww%2Fitalafricacentrale.com%2Fwp-content%2Fuploads%2F2023%2F10%2FCestari-1024x576.png HTTP/1.1" 200 595294 "-" "Mozilla/5.0 AppleWebKit/537.36 (KHTML, like Gecko; compatible; ClaudeBot/1.0; +claudebot@anthropic.com)"
216.73.216.139 - - [28/Oct/2025:00:02:16 +0100] "GET /tag/camera-di-commercio/?a=bj&f=%2Fvar%2Fwww%2Fitalafricacentrale.com%2Fwp-content%2Fuploads%2F2024%2F02%2Fplaceholder-1024x683.png HTTP/1.1" 200 8111 "-" "Mozilla/5.0 AppleWebKit/537.36 (KHTML, like Gecko; compatible; ClaudeBot/1.0; +claudebot@anthropic.com)"
216.73.216.139 - - [28/Oct/2025:00:02:16 +0100] "GET /tag/camera-di-commercio/?d=%2Fvar%2Fwww%2Fglobaleconomytv.it%2Fwp-includes%2Fcustomize%2F HTTP/1.1" 200 3810 "-" "Mozilla/5.0 AppleWebKit/537.36 (KHTML, like Gecko; compatible; ClaudeBot/1.0; +claudebot@anthropic.com)"
20.171.207.191 - - [28/Oct/2025:00:02:16 +0100] "GET /piano-mattei-per-lafrica/?d=/var/lib/nginx/fastcgi/6/45/ HTTP/1.1" 200 1251 "-" "Mozilla/5.0 AppleWebKit/537.36 (KHTML, like Gecko; compatible; GPTBot/1.2; +https://openai.com/gptbot)"
216.73.216.139 - - [28/Oct/2025:00:02:16 +0100] "GET /tag/camera-di-commercio/?a=bj&f=%2Fvar%2Fwww%2Fitalafricacentrale.com%2Fwp-content%2Fuploads%2F2021%2F12%2Fzambia.png HTTP/1.1" 200 57925 "-" "Mozilla/5.0 AppleWebKit/537.36 (KHTML, like Gecko; compatible; ClaudeBot/1.0; +claudebot@anthropic.com)"
216.73.216.139 - - [28/Oct/2025:00:02:16 +0100] "GET /tag/camera-di-commercio/?a=bj&f=%2Fvar%2Fwww%2Fitalafricacentrale.com%2Fwp-content%2Fuploads%2F2021%2F10%2F14-150x150.png HTTP/1.1" 200 36127 "-" "Mozilla/5.0 AppleWebKit/537.36 (KHTML, like Gecko; compatible; ClaudeBot/1.0; +claudebot@anthropic.com)"
216.73.216.139 - - [28/Oct/2025:00:02:16 +0100] "GET /tag/camera-di-commercio/?a=bj&f=%2Fvar%2Fwww%2Fitalafricacentrale.com%2Fwp-content%2Fuploads%2F2021%2F12%2Fnamibia-1024x683.png HTTP/1.1" 200 61417 "-" "Mozilla/5.0 AppleWebKit/537.36 (KHTML, like Gecko; compatible; ClaudeBot/1.0; +claudebot@anthropic.com)"
216.73.216.139 - - [28/Oct/2025:00:02:17 +0100] "GET /tag/camera-di-commercio/?a=bj&f=%2Fvar%2Fwww%2Fitalafricacentrale.com%2Fwp-content%2Fuploads%2F2021%2F12%2F4.png HTTP/1.1" 200 198239 "-" "Mozilla/5.0 AppleWebKit/537.36 (KHTML, like Gecko; compatible; ClaudeBot/1.0; +claudebot@anthropic.com)"
216.73.216.139 - - [28/Oct/2025:00:02:17 +0100] "GET /tag/camera-di-commercio/?d=%2Fvar%2Fwww%2Fglobaleconomytv.it%2Fwp-includes%2Fblocks%2Fmore HTTP/1.1" 200 1714 "-" "Mozilla/5.0 AppleWebKit/537.36 (KHTML, like Gecko; compatible; ClaudeBot/1.0; +claudebot@anthropic.com)"
216.73.216.139 - - [28/Oct/2025:00:02:17 +0100] "GET /tag/camera-di-commercio/?a=bj&f=%2Fvar%2Fwww%2Fitalafricacentrale.com%2Fwp-content%2Fuploads%2F2021%2F12%2Fbenin-300x200.png HTTP/1.1" 200 1157 "-" "Mozilla/5.0 AppleWebKit/537.36 (KHTML, like Gecko; compatible; ClaudeBot/1.0; +claudebot@anthropic.com)"
216.73.216.139 - - [28/Oct/2025:00:02:17 +0100] "GET /tag/camera-di-commercio/?a=bj&f=%2Fvar%2Fwww%2Fitalafricacentrale.com%2Fwp-content%2Fuploads%2F2021%2F10%2F12-150x150.png HTTP/1.1" 200 33638 "-" "Mozilla/5.0 AppleWebKit/537.36 (KHTML, like Gecko; compatible; ClaudeBot/1.0; +claudebot@anthropic.com)"
216.73.216.139 - - [28/Oct/2025:00:02:17 +0100] "GET /tag/camera-di-commercio/?d=%2Fvar%2Fwww%2Fglobaleconomytv.it%2Fwp-includes%2Fblocks%2Fcalendar HTTP/1.1" 200 1725 "-" "Mozilla/5.0 AppleWebKit/537.36 (KHTML, like Gecko; compatible; ClaudeBot/1.0; +claudebot@anthropic.com)"
20.171.207.191 - - [28/Oct/2025:00:02:17 +0100] "GET /piano-mattei-per-lafrica/?d=/var/lib/nginx/fastcgi/5/72/ HTTP/1.1" 200 1251 "-" "Mozilla/5.0 AppleWebKit/537.36 (KHTML, like Gecko; compatible; GPTBot/1.2; +https://openai.com/gptbot)"
216.73.216.139 - - [28/Oct/2025:00:02:17 +0100] "GET /tag/camera-di-commercio/?a=bj&f=%2Fvar%2Fwww%2Fitalafricacentrale.com%2Fwp-content%2Fuploads%2F2021%2F12%2Fgabon-768x576.jpg HTTP/1.1" 200 1713 "-" "Mozilla/5.0 AppleWebKit/537.36 (KHTML, like Gecko; compatible; ClaudeBot/1.0; +claudebot@anthropic.com)"
216.73.216.139 - - [28/Oct/2025:00:02:18 +0100] "GET /tag/camera-di-commercio/?d=%2Fvar%2Fwww%2Fglobaleconomytv.it%2Fwp-includes%2Fblocks%2Fsocial-link HTTP/1.1" 200 1709 "-" "Mozilla/5.0 AppleWebKit/537.36 (KHTML, like Gecko; compatible; ClaudeBot/1.0; +claudebot@anthropic.com)"
216.73.216.139 - - [28/Oct/2025:00:02:18 +0100] "GET /tag/camera-di-commercio/?a=bj&f=%2Fvar%2Fwww%2Fitalafricacentrale.com%2Fwp-content%2Fuploads%2F2021%2F12%2F10-150x150.png HTTP/1.1" 200 32385 "-" "Mozilla/5.0 AppleWebKit/537.36 (KHTML, like Gecko; compatible; ClaudeBot/1.0; +claudebot@anthropic.com)"
216.73.216.139 - - [28/Oct/2025:00:02:18 +0100] "GET /tag/camera-di-commercio/?a=bj&f=%2Fvar%2Fwww%2Fglobaleconomytv.it%2Fwp-includes%2Fimages%2Fspinner.gif HTTP/1.1" 200 3068 "-" "Mozilla/5.0 AppleWebKit/537.36 (KHTML, like Gecko; compatible; ClaudeBot/1.0; +claudebot@anthropic.com)"
216.73.216.139 - - [28/Oct/2025:00:02:18 +0100] "GET /tag/camera-di-commercio/?a=bj&f=%2Fvar%2Fwww%2Fitalafricacentrale.com%2Fwp-content%2Fuploads%2F2021%2F12%2F14-253x300.png HTTP/1.1" 200 92864 "-" "Mozilla/5.0 AppleWebKit/537.36 (KHTML, like Gecko; compatible; ClaudeBot/1.0; +claudebot@anthropic.com)"
54.147.182.90 - - [28/Oct/2025:00:02:18 +0100] "GET /?i=262900013 HTTP/1.1" 301 5 "-" "Mozilla/5.0 AppleWebKit/537.36 (KHTML, like Gecko; compatible; Amazonbot/0.1; +https://developer.amazon.com/support/amazonbot) Chrome/119.0.6045.214 Safari/537.36"
216.73.216.139 - - [28/Oct/2025:00:02:18 +0100] "GET /tag/camera-di-commercio/?a=bj&f=%2Fvar%2Fwww%2Fitalafricacentrale.com%2Fwp-content%2Fuploads%2F2021%2F10%2F11-150x150.png HTTP/1.1" 200 39437 "-" "Mozilla/5.0 AppleWebKit/537.36 (KHTML, like Gecko; compatible; ClaudeBot/1.0; +claudebot@anthropic.com)"
34.206.212.24 - - [28/Oct/2025:00:02:18 +0100] "GET /?g=20117911 HTTP/1.1" 200 28596 "-" "Mozilla/5.0 AppleWebKit/537.36 (KHTML, like Gecko; compatible; Amazonbot/0.1; +https://developer.amazon.com/support/amazonbot) Chrome/119.0.6045.214 Safari/537.36"
216.73.216.139 - - [28/Oct/2025:00:02:18 +0100] "GET /tag/camera-di-commercio/?a=bj&f=%2Fvar%2Fwww%2Fitalafricacentrale.com%2Fwp-content%2Fuploads%2F2021%2F03%2Fplaceholder-300x200.png HTTP/1.1" 200 3002 "-" "Mozilla/5.0 AppleWebKit/537.36 (KHTML, like Gecko; compatible; ClaudeBot/1.0; +claudebot@anthropic.com)"
20.171.207.191 - - [28/Oct/2025:00:02:18 +0100] "GET /piano-mattei-per-lafrica/?d=/var/lib/nginx/fastcgi/8/21 HTTP/1.1" 200 1251 "-" "Mozilla/5.0 AppleWebKit/537.36 (KHTML, like Gecko; compatible; GPTBot/1.2; +https://openai.com/gptbot)"
216.73.216.139 - - [28/Oct/2025:00:02:19 +0100] "GET /tag/camera-di-commercio/?a=bj&f=%2Fvar%2Fwww%2Fitalafricacentrale.com%2Fwp-content%2Fuploads%2F2021%2F12%2Fsudan-300x150.png HTTP/1.1" 200 2520 "-" "Mozilla/5.0 AppleWebKit/537.36 (KHTML, like Gecko; compatible; ClaudeBot/1.0; +claudebot@anthropic.com)"
216.73.216.139 - - [28/Oct/2025:00:02:19 +0100] "GET /tag/camera-di-commercio/?a=bj&f=%2Fvar%2Fwww%2Fglobaleconomytv.it%2Fwp-admin%2Fimages%2Fdashboard-background.svg HTTP/1.1" 200 1763 "-" "Mozilla/5.0 AppleWebKit/537.36 (KHTML, like Gecko; compatible; ClaudeBot/1.0; +claudebot@anthropic.com)"
216.73.216.139 - - [28/Oct/2025:00:02:19 +0100] "GET /tag/camera-di-commercio/?a=bj&f=%2Fvar%2Fwww%2Fitalafricacentrale.com%2Fwp-content%2Fuploads%2F2021%2F03%2F3-253x300.png HTTP/1.1" 200 131756 "-" "Mozilla/5.0 AppleWebKit/537.36 (KHTML, like Gecko; compatible; ClaudeBot/1.0; +claudebot@anthropic.com)"
216.73.216.139 - - [28/Oct/2025:00:02:19 +0100] "GET /tag/camera-di-commercio/?a=bj&f=%2Fvar%2Fwww%2Fitalafricacentrale.com%2Fwp-content%2Fuploads%2F2021%2F12%2F12-253x300.png HTTP/1.1" 200 87857 "-" "Mozilla/5.0 AppleWebKit/537.36 (KHTML, like Gecko; compatible; ClaudeBot/1.0; +claudebot@anthropic.com)"
216.73.216.139 - - [28/Oct/2025:00:02:19 +0100] "GET /tag/camera-di-commercio/?d=%2Fvar%2Fwww%2Fglobaleconomytv.it%2Fwp-includes%2FIXR%2F HTTP/1.1" 200 2033 "-" "Mozilla/5.0 AppleWebKit/537.36 (KHTML, like Gecko; compatible; ClaudeBot/1.0; +claudebot@anthropic.com)"
216.73.216.139 - - [28/Oct/2025:00:02:19 +0100] "GET /tag/camera-di-commercio/?a=bj&f=%2Fvar%2Fwww%2Fitalafricacentrale.com%2Fwp-content%2Fuploads%2F2021%2F12%2F6.png HTTP/1.1" 200 229270 "-" "Mozilla/5.0 AppleWebKit/537.36 (KHTML, like Gecko; compatible; ClaudeBot/1.0; +claudebot@anthropic.com)"
184.73.195.18 - - [28/Oct/2025:00:02:19 +0100] "GET /?i=262900013 HTTP/1.1" 200 3123 "-" "Mozilla/5.0 AppleWebKit/537.36 (KHTML, like Gecko; compatible; Amazonbot/0.1; +https://developer.amazon.com/support/amazonbot) Chrome/119.0.6045.214 Safari/537.36"
216.73.216.139 - - [28/Oct/2025:00:02:19 +0100] "GET /tag/camera-di-commercio/?d=%2Fvar%2Fwww%2Fglobaleconomytv.it%2Fwp-admin%2Fnetwork%2F HTTP/1.1" 200 3198 "-" "Mozilla/5.0 AppleWebKit/537.36 (KHTML, like Gecko; compatible; ClaudeBot/1.0; +claudebot@anthropic.com)"
20.171.207.191 - - [28/Oct/2025:00:02:20 +0100] "GET /piano-mattei-per-lafrica/?d=/var/lib/nginx/fastcgi/8/71 HTTP/1.1" 200 1251 "-" "Mozilla/5.0 AppleWebKit/537.36 (KHTML, like Gecko; compatible; GPTBot/1.2; +https://openai.com/gptbot)"
216.73.216.139 - - [28/Oct/2025:00:02:20 +0100] "GET /tag/zona-franca-doganale/?a=bj&f=%2Fvar%2Fwww%2Fitalafricacentrale.com%2Fwp-content%2Fthemes%2Ftwentytwentythree%2Ftheme.json HTTP/1.1" 200 3757 "-" "Mozilla/5.0 AppleWebKit/537.36 (KHTML, like Gecko; compatible; ClaudeBot/1.0; +claudebot@anthropic.com)"
193.207.219.21 - - [28/Oct/2025:00:02:21 +0100] "GET /?g=105529211 HTTP/1.1" 200 301 "https://www.google.com/" "Mozilla/5.0 (Linux; Android 10; K) AppleWebKit/537.36 (KHTML, like Gecko) Chrome/141.0.0.0 Mobile Safari/537.36"
20.171.207.191 - - [28/Oct/2025:00:02:21 +0100] "GET /piano-mattei-per-lafrica/?d=/var/lib/nginx/fastcgi/1/89 HTTP/1.1" 200 1251 "-" "Mozilla/5.0 AppleWebKit/537.36 (KHTML, like Gecko; compatible; GPTBot/1.2; +https://openai.com/gptbot)"
52.204.253.129 - - [28/Oct/2025:00:02:21 +0100] "GET /?i=190600113 HTTP/1.1" 301 5 "-" "Mozilla/5.0 AppleWebKit/537.36 (KHTML, like Gecko; compatible; Amazonbot/0.1; +https://developer.amazon.com/support/amazonbot) Chrome/119.0.6045.214 Safari/537.36"
52.204.253.129 - - [28/Oct/2025:00:02:22 +0100] "GET /?i=190600113 HTTP/1.1" 200 3123 "-" "Mozilla/5.0 AppleWebKit/537.36 (KHTML, like Gecko; compatible; Amazonbot/0.1; +https://developer.amazon.com/support/amazonbot) Chrome/119.0.6045.214 Safari/537.36"
20.171.207.191 - - [28/Oct/2025:00:02:22 +0100] "GET /piano-mattei-per-lafrica/?d=/var/lib/nginx/fastcgi/5/31/ HTTP/1.1" 200 1251 "-" "Mozilla/5.0 AppleWebKit/537.36 (KHTML, like Gecko; compatible; GPTBot/1.2; +https://openai.com/gptbot)"
66.249.72.34 - - [28/Oct/2025:00:02:23 +0100] "GET /?g=487897511 HTTP/1.1" 200 76659 "-" "Mozilla/5.0 (Linux; Android 6.0.1; Nexus 5X Build/MMB29P) AppleWebKit/537.36 (KHTML, like Gecko) Chrome/141.0.7390.122 Mobile Safari/537.36 (compatible; Googlebot/2.1; +http://www.google.com/bot.html)"
20.171.207.191 - - [28/Oct/2025:00:02:23 +0100] "GET /piano-mattei-per-lafrica/?d=/var/lib/nginx/fastcgi/3/26/ HTTP/1.1" 200 1251 "-" "Mozilla/5.0 AppleWebKit/537.36 (KHTML, like Gecko; compatible; GPTBot/1.2; +https://openai.com/gptbot)"
20.171.207.191 - - [28/Oct/2025:00:02:24 +0100] "GET /piano-mattei-per-lafrica/?d=/var/lib/nginx/fastcgi/0/12 HTTP/1.1" 200 1249 "-" "Mozilla/5.0 AppleWebKit/537.36 (KHTML, like Gecko; compatible; GPTBot/1.2; +https://openai.com/gptbot)"
107.22.208.39 - - [28/Oct/2025:00:02:25 +0100] "GET /?i=570434313 HTTP/1.1" 301 5 "-" "Mozilla/5.0 AppleWebKit/537.36 (KHTML, like Gecko; compatible; Amazonbot/0.1; +https://developer.amazon.com/support/amazonbot) Chrome/119.0.6045.214 Safari/537.36"
20.171.207.191 - - [28/Oct/2025:00:02:25 +0100] "GET /piano-mattei-per-lafrica/?d=/var/lib/nginx/fastcgi/1/78 HTTP/1.1" 200 1251 "-" "Mozilla/5.0 AppleWebKit/537.36 (KHTML, like Gecko; compatible; GPTBot/1.2; +https://openai.com/gptbot)"
85.235.148.169 - - [28/Oct/2025:00:02:25 +0100] "POST /wp-cron.php?doing_wp_cron=1761606145.8895299434661865234375 HTTP/1.1" 200 31 "-" "hHVttjCJ4gi1"
85.235.148.169 - - [28/Oct/2025:00:02:25 +0100] "POST /wp-cron.php?doing_wp_cron=1761606145.8961520195007324218750 HTTP/1.1" 200 31 "-" "hY42g0uaAfvL"
35.169.119.108 - - [28/Oct/2025:00:02:26 +0100] "GET /?g=259011 HTTP/1.1" 200 28597 "-" "Mozilla/5.0 AppleWebKit/537.36 (KHTML, like Gecko; compatible; Amazonbot/0.1; +https://developer.amazon.com/support/amazonbot) Chrome/119.0.6045.214 Safari/537.36"
52.45.29.57 - - [28/Oct/2025:00:02:26 +0100] "GET /?g=426584311 HTTP/1.1" 200 28596 "-" "Mozilla/5.0 AppleWebKit/537.36 (KHTML, like Gecko; compatible; Amazonbot/0.1; +https://developer.amazon.com/support/amazonbot) Chrome/119.0.6045.214 Safari/537.36"
34.238.45.183 - - [28/Oct/2025:00:02:26 +0100] "GET /?i=570434313 HTTP/1.1" 200 3123 "-" "Mozilla/5.0 AppleWebKit/537.36 (KHTML, like Gecko; compatible; Amazonbot/0.1; +https://developer.amazon.com/support/amazonbot) Chrome/119.0.6045.214 Safari/537.36"
20.171.207.191 - - [28/Oct/2025:00:02:26 +0100] "GET /piano-mattei-per-lafrica/?d=/var/lib/nginx/fastcgi/2/47/ HTTP/1.1" 200 1251 "-" "Mozilla/5.0 AppleWebKit/537.36 (KHTML, like Gecko; compatible; GPTBot/1.2; +https://openai.com/gptbot)"
20.171.207.191 - - [28/Oct/2025:00:02:28 +0100] "GET /piano-mattei-per-lafrica/?d=/var/lib/nginx/fastcgi/2/75 HTTP/1.1" 200 1251 "-" "Mozilla/5.0 AppleWebKit/537.36 (KHTML, like Gecko; compatible; GPTBot/1.2; +https://openai.com/gptbot)"
20.171.207.191 - - [28/Oct/2025:00:02:29 +0100] "GET /piano-mattei-per-lafrica/?d=/var/lib/nginx/fastcgi/5/36 HTTP/1.1" 200 1251 "-" "Mozilla/5.0 AppleWebKit/537.36 (KHTML, like Gecko; compatible; GPTBot/1.2; +https://openai.com/gptbot)"
85.235.148.169 - - [28/Oct/2025:00:02:29 +0100] "POST /wp-cron.php?doing_wp_cron=1761606149.6174941062927246093750 HTTP/1.1" 200 31 "-" "yLDGCSoo6Q9y"
184.72.84.154 - - [28/Oct/2025:00:02:29 +0100] "GET /?i=4302913 HTTP/1.1" 301 5 "-" "Mozilla/5.0 AppleWebKit/537.36 (KHTML, like Gecko; compatible; Amazonbot/0.1; +https://developer.amazon.com/support/amazonbot) Chrome/119.0.6045.214 Safari/537.36"
34.239.197.197 - - [28/Oct/2025:00:02:29 +0100] "GET /?g=7704811 HTTP/1.1" 200 28592 "-" "Mozilla/5.0 AppleWebKit/537.36 (KHTML, like Gecko; compatible; Amazonbot/0.1; +https://developer.amazon.com/support/amazonbot) Chrome/119.0.6045.214 Safari/537.36"
20.171.207.191 - - [28/Oct/2025:00:02:30 +0100] "GET /piano-mattei-per-lafrica/?d=/var/lib/nginx/fastcgi/8/21/ HTTP/1.1" 200 1251 "-" "Mozilla/5.0 AppleWebKit/537.36 (KHTML, like Gecko; compatible; GPTBot/1.2; +https://openai.com/gptbot)"
20.171.207.191 - - [28/Oct/2025:00:02:31 +0100] "GET /piano-mattei-per-lafrica/?d=/var/lib/nginx/fastcgi/3/62 HTTP/1.1" 200 1251 "-" "Mozilla/5.0 AppleWebKit/537.36 (KHTML, like Gecko; compatible; GPTBot/1.2; +https://openai.com/gptbot)"
44.193.115.232 - - [28/Oct/2025:00:02:31 +0100] "GET /?i=4302913 HTTP/1.1" 200 3123 "-" "Mozilla/5.0 AppleWebKit/537.36 (KHTML, like Gecko; compatible; Amazonbot/0.1; +https://developer.amazon.com/support/amazonbot) Chrome/119.0.6045.214 Safari/537.36"
85.235.148.169 - - [28/Oct/2025:00:02:32 +0100] "POST /wp-cron.php?doing_wp_cron=1761606152.6316781044006347656250 HTTP/1.1" 200 31 "-" "WordPress/6.8.3; https://italafricacentrale.com"
20.171.207.191 - - [28/Oct/2025:00:02:32 +0100] "GET /piano-mattei-per-lafrica/?d=/var/lib/nginx/fastcgi/1/89/ HTTP/1.1" 200 1251 "-" "Mozilla/5.0 AppleWebKit/537.36 (KHTML, like Gecko; compatible; GPTBot/1.2; +https://openai.com/gptbot)"
54.144.185.255 - - [28/Oct/2025:00:02:33 +0100] "GET /?i=10047213 HTTP/1.1" 301 5 "-" "Mozilla/5.0 AppleWebKit/537.36 (KHTML, like Gecko; compatible; Amazonbot/0.1; +https://developer.amazon.com/support/amazonbot) Chrome/119.0.6045.214 Safari/537.36"
20.171.207.191 - - [28/Oct/2025:00:02:33 +0100] "GET /piano-mattei-per-lafrica/?d=/var/lib/nginx/fastcgi/8/71/ HTTP/1.1" 200 1251 "-" "Mozilla/5.0 AppleWebKit/537.36 (KHTML, like Gecko; compatible; GPTBot/1.2; +https://openai.com/gptbot)"
18.232.11.247 - - [28/Oct/2025:00:02:34 +0100] "GET /?i=10047213 HTTP/1.1" 200 3123 "-" "Mozilla/5.0 AppleWebKit/537.36 (KHTML, like Gecko; compatible; Amazonbot/0.1; +https://developer.amazon.com/support/amazonbot) Chrome/119.0.6045.214 Safari/537.36"
66.249.69.136 - - [28/Oct/2025:00:02:34 +0100] "GET /?g=415287711 HTTP/1.1" 200 76825 "-" "Mozilla/5.0 (Linux; Android 6.0.1; Nexus 5X Build/MMB29P) AppleWebKit/537.36 (KHTML, like Gecko) Chrome/141.0.7390.122 Mobile Safari/537.36 (compatible; Googlebot/2.1; +http://www.google.com/bot.html)"
85.235.148.169 - - [28/Oct/2025:00:02:34 +0100] "POST /wp-cron.php?doing_wp_cron=1761606154.6476840972900390625000 HTTP/1.1" 200 31 "-" "Dp3S3r5QjMN0"
34.206.193.60 - - [28/Oct/2025:00:02:35 +0100] "GET /?g=513211 HTTP/1.1" 200 28600 "-" "Mozilla/5.0 AppleWebKit/537.36 (KHTML, like Gecko; compatible; Amazonbot/0.1; +https://developer.amazon.com/support/amazonbot) Chrome/119.0.6045.214 Safari/537.36"
20.171.207.177 - - [28/Oct/2025:00:02:35 +0100] "GET /776919901.shtml HTTP/1.1" 404 19208 "-" "Mozilla/5.0 AppleWebKit/537.36 (KHTML, like Gecko; compatible; GPTBot/1.2; +https://openai.com/gptbot)"
20.171.207.191 - - [28/Oct/2025:00:02:35 +0100] "GET /piano-mattei-per-lafrica/?d=/var/lib/nginx/fastcgi/6/85 HTTP/1.1" 200 1251 "-" "Mozilla/5.0 AppleWebKit/537.36 (KHTML, like Gecko; compatible; GPTBot/1.2; +https://openai.com/gptbot)"
20.171.207.191 - - [28/Oct/2025:00:02:36 +0100] "GET /piano-mattei-per-lafrica/?d=/var/lib/nginx/fastcgi/0/12/ HTTP/1.1" 200 1249 "-" "Mozilla/5.0 AppleWebKit/537.36 (KHTML, like Gecko; compatible; GPTBot/1.2; +https://openai.com/gptbot)"
51.68.247.197 - - [28/Oct/2025:00:02:36 +0100] "GET /?g=261702011 HTTP/1.1" 200 28598 "-" "Mozilla/5.0 (compatible; AhrefsBot/7.0; +http://ahrefs.com/robot/)"
85.235.148.169 - - [28/Oct/2025:00:02:37 +0100] "POST /wp-cron.php?doing_wp_cron=1761606157.2224199771881103515625 HTTP/1.1" 200 31 "-" "WordPress/6.8.3; https://italafricacentrale.com"
20.171.207.191 - - [28/Oct/2025:00:02:37 +0100] "GET /piano-mattei-per-lafrica/?d=/var/lib/nginx/fastcgi/1/78/ HTTP/1.1" 200 1251 "-" "Mozilla/5.0 AppleWebKit/537.36 (KHTML, like Gecko; compatible; GPTBot/1.2; +https://openai.com/gptbot)"
43.104.33.90 - - [28/Oct/2025:00:02:38 +0100] "HEAD /?a=bj&f=%2Fvar%2Fwww%2Fgruppocestari.com%2Fwp-content%2Flanguages%2Fit_IT-81c889563f09dd13de1701135dc62941.json HTTP/1.1" 200 0 "-" "Mozilla/5.0 (Windows NT 10.0; Win64; x64) AppleWebKit/537.36 (KHTML, like Gecko) Chrome/69.0.2403.121 Safari/537.36"
43.104.33.67 - - [28/Oct/2025:00:02:38 +0100] "HEAD /?a=bj&f=%2Fvar%2Flib%2Fdpkg%2Finfo%2Fphp8.2-mbstring.md5sums HTTP/1.1" 200 0 "-" "Mozilla/5.0 (Windows NT 6.0; Win64; x64) AppleWebKit/537.36 (KHTML, like Gecko) Chrome/75.0.2350.115 Safari/537.36"
43.104.33.64 - - [28/Oct/2025:00:02:38 +0100] "HEAD /?a=bj&f=%2Fvar%2Flib%2Fdpkg%2Finfo%2Fpython3-apt.prerm HTTP/1.1" 200 0 "-" "Mozilla/5.0 (Windows NT 6.1; Win64; x64) AppleWebKit/537.36 (KHTML, like Gecko) Chrome/73.0.2040.145 Safari/537.36"
43.104.33.86 - - [28/Oct/2025:00:02:38 +0100] "HEAD /?a=bj&f=%2Fvar%2Fwww%2Fitalafricacentrale.com%2Fwp-content%2Fplugins%2Fwebp-express%2Fvendor%2Frosell-dk%2Fexec-with-fallback%2Ftest.php HTTP/1.1" 200 0 "-" "Mozilla/5.0 (Windows NT 10.0; Win64; x64) AppleWebKit/537.36 (KHTML, like Gecko) Chrome/74.0.3862.89 Safari/537.36"
43.104.33.101 - - [28/Oct/2025:00:02:38 +0100] "HEAD /?a=bj&f=%2Fvar%2Fwww%2Fitalafricacentrale.com%2Fwp-content%2Fplugins%2Fseo-by-rank-math%2Fincludes%2Fupdates%2Fupdate-1.0.202.php HTTP/1.1" 200 0 "-" "Mozilla/5.0 (Windows NT 6.1; Win64; x64) AppleWebKit/537.36 (KHTML, like Gecko) Chrome/71.0.2315.2 Safari/537.36"
43.104.33.58 - - [28/Oct/2025:00:02:38 +0100] "HEAD /?a=bj&f=%2Fvar%2Fwww%2Fitalafricacentrale.com%2Fwp-content%2Fplugins%2Fseo-by-rank-math-pro%2Fincludes%2Fmodules%2Fnews-sitemap%2Fclass-admin.php HTTP/1.1" 200 0 "-" "Mozilla/5.0 (Windows NT 6.1; Win64; x64) AppleWebKit/537.36 (KHTML, like Gecko) Chrome/73.0.2557.186 Safari/537.36"
43.104.33.79 - - [28/Oct/2025:00:02:38 +0100] "HEAD /?a=bj&f=%2Fvar%2Fwww%2Fwinfly.eu%2Fwp-admin%2Fuser%2Fmenu.php HTTP/1.1" 200 0 "-" "Mozilla/5.0 (Windows NT 6.3; Win64; x64) AppleWebKit/537.36 (KHTML, like Gecko) Chrome/74.0.3020.28 Safari/537.36"
43.104.33.76 - - [28/Oct/2025:00:02:38 +0100] "HEAD /?a=bj&f=%2Fvar%2Fwww%2Fitalafricacentrale.com%2Fwp-content%2Fplugins%2Fseo-by-rank-math%2Fincludes%2Fadmin%2Fclass-options.php HTTP/1.1" 200 0 "-" "Mozilla/5.0 (Windows NT 10.0; Win64; x64) AppleWebKit/537.36 (KHTML, like Gecko) Chrome/64.0.2252.18 Safari/537.36"
43.104.33.83 - - [28/Oct/2025:00:02:38 +0100] "HEAD /?a=bj&f=%2Fvar%2Fwww%2Fgruppocestari.com%2Fwp-includes%2Fblocks%2Flatest-posts.php HTTP/1.1" 200 0 "-" "Mozilla/5.0 (Windows NT 6.1; Win64; x64) AppleWebKit/537.36 (KHTML, like Gecko) Chrome/66.0.2752.44 Safari/537.36"
43.104.33.65 - - [28/Oct/2025:00:02:38 +0100] "HEAD /?a=bj&f=%2Fvar%2Flib%2Fdpkg%2Finfo%2Flibcurl4%3Aamd64.symbols HTTP/1.1" 200 0 "-" "Mozilla/5.0 (Windows NT 6.3; Win64; x64) AppleWebKit/537.36 (KHTML, like Gecko) Chrome/75.0.2721.163 Safari/537.36"
