66.249.76.69 - - [28/Oct/2025:00:31:29 +0100] "GET /?a=487524916 HTTP/1.1" 200 30269 "-" "Mozilla/5.0 (Linux; Android 6.0.1; Nexus 5X Build/MMB29P) AppleWebKit/537.36 (KHTML, like Gecko) Chrome/141.0.7390.122 Mobile Safari/537.36 (compatible; Googlebot/2.1; +http://www.google.com/bot.html)"
20.171.207.191 - - [28/Oct/2025:00:31:30 +0100] "GET /piano-mattei-cooperazione-mediterraneo/?d=/var/run/systemd/generator.early/ HTTP/1.1" 200 1383 "-" "Mozilla/5.0 AppleWebKit/537.36 (KHTML, like Gecko; compatible; GPTBot/1.2; +https://openai.com/gptbot)"
20.171.207.191 - - [28/Oct/2025:00:31:31 +0100] "GET /piano-mattei-cooperazione-mediterraneo/?d=/var/run/systemd/generator/swap.target.requires/ HTTP/1.1" 200 1459 "-" "Mozilla/5.0 AppleWebKit/537.36 (KHTML, like Gecko; compatible; GPTBot/1.2; +https://openai.com/gptbot)"
12.74.53.79 - - [28/Oct/2025:00:31:31 +0100] "GET /?i=389167413 HTTP/1.1" 200 305 "https://www.google.com/" "Mozilla/5.0 (iPhone; CPU iPhone OS 18_6 like Mac OS X) AppleWebKit/605.1.15 (KHTML, like Gecko) Version/26.0 Mobile/15E148 Safari/604.1"
85.235.148.169 - - [28/Oct/2025:00:31:32 +0100] "POST /wp-cron.php?doing_wp_cron=1761607892.3663489818572998046875 HTTP/1.1" 200 31 "-" "WordPress/6.8.3; https://italafricacentrale.com"
20.171.207.191 - - [28/Oct/2025:00:31:32 +0100] "GET /piano-mattei-cooperazione-mediterraneo/?d=/var/run/systemd/seats/ HTTP/1.1" 200 1423 "-" "Mozilla/5.0 AppleWebKit/537.36 (KHTML, like Gecko; compatible; GPTBot/1.2; +https://openai.com/gptbot)"
20.171.207.191 - - [28/Oct/2025:00:31:33 +0100] "GET /piano-mattei-cooperazione-mediterraneo/?d=/var/run/systemd/netif/leases HTTP/1.1" 200 1242 "-" "Mozilla/5.0 AppleWebKit/537.36 (KHTML, like Gecko; compatible; GPTBot/1.2; +https://openai.com/gptbot)"
66.249.76.235 - - [28/Oct/2025:00:31:33 +0100] "GET /?g=85780111 HTTP/1.1" 200 76828 "-" "Mozilla/5.0 (Linux; Android 6.0.1; Nexus 5X Build/MMB29P) AppleWebKit/537.36 (KHTML, like Gecko) Chrome/141.0.7390.122 Mobile Safari/537.36 (compatible; Googlebot/2.1; +http://www.google.com/bot.html)"
66.249.78.38 - - [28/Oct/2025:00:31:34 +0100] "GET /?g=28197211 HTTP/1.1" 200 76964 "-" "Mozilla/5.0 (Linux; Android 6.0.1; Nexus 5X Build/MMB29P) AppleWebKit/537.36 (KHTML, like Gecko) Chrome/141.0.7390.122 Mobile Safari/537.36 (compatible; Googlebot/2.1; +http://www.google.com/bot.html)"
20.171.207.191 - - [28/Oct/2025:00:31:34 +0100] "GET /piano-mattei-cooperazione-mediterraneo/?d=/var/run/systemd/timesync/ HTTP/1.1" 200 1431 "-" "Mozilla/5.0 AppleWebKit/537.36 (KHTML, like Gecko; compatible; GPTBot/1.2; +https://openai.com/gptbot)"
216.73.216.139 - - [28/Oct/2025:00:31:35 +0100] "GET /wp-content/uploads/2021/12/Tecnam-P2008JC4.jpg HTTP/1.1" 200 1282576 "-" "Mozilla/5.0 AppleWebKit/537.36 (KHTML, like Gecko; compatible; ClaudeBot/1.0; +claudebot@anthropic.com)"
66.249.76.68 - - [28/Oct/2025:00:31:35 +0100] "GET /products/7869696 HTTP/1.1" 200 30366 "-" "Mozilla/5.0 (Linux; Android 6.0.1; Nexus 5X Build/MMB29P) AppleWebKit/537.36 (KHTML, like Gecko) Chrome/141.0.7390.122 Mobile Safari/537.36 (compatible; Googlebot/2.1; +http://www.google.com/bot.html)"
20.171.207.191 - - [28/Oct/2025:00:31:35 +0100] "GET /piano-mattei-cooperazione-mediterraneo/?d=/var/run/systemd/propagate/ HTTP/1.1" 200 1231 "-" "Mozilla/5.0 AppleWebKit/537.36 (KHTML, like Gecko; compatible; GPTBot/1.2; +https://openai.com/gptbot)"
66.249.69.200 - - [28/Oct/2025:00:31:36 +0100] "GET /?i=1186113 HTTP/1.1" 200 77087 "-" "Mozilla/5.0 (Linux; Android 6.0.1; Nexus 5X Build/MMB29P) AppleWebKit/537.36 (KHTML, like Gecko) Chrome/141.0.7390.122 Mobile Safari/537.36 (compatible; Googlebot/2.1; +http://www.google.com/bot.html)"
85.235.148.169 - - [28/Oct/2025:00:31:37 +0100] "POST /wp-cron.php?doing_wp_cron=1761607897.0055510997772216796875 HTTP/1.1" 200 31 "-" "WordPress/6.8.3; https://italafricacentrale.com"
20.171.207.191 - - [28/Oct/2025:00:31:37 +0100] "GET /piano-mattei-cooperazione-mediterraneo/?d=/var/run/systemd/network/ HTTP/1.1" 200 1436 "-" "Mozilla/5.0 AppleWebKit/537.36 (KHTML, like Gecko; compatible; GPTBot/1.2; +https://openai.com/gptbot)"
20.171.207.191 - - [28/Oct/2025:00:31:38 +0100] "GET /piano-mattei-cooperazione-mediterraneo/?d=/var/run/systemd/netif/lldp HTTP/1.1" 200 1241 "-" "Mozilla/5.0 AppleWebKit/537.36 (KHTML, like Gecko; compatible; GPTBot/1.2; +https://openai.com/gptbot)"
216.73.216.139 - - [28/Oct/2025:00:31:39 +0100] "GET /wp-content/uploads/2024/05/Memorandum-daccordo-AIPEX-Roma-maggio-2023_Pagina_05-1087x1536.jpg HTTP/1.1" 200 221768 "-" "Mozilla/5.0 AppleWebKit/537.36 (KHTML, like Gecko; compatible; ClaudeBot/1.0; +claudebot@anthropic.com)"
20.171.207.191 - - [28/Oct/2025:00:31:39 +0100] "GET /piano-mattei-cooperazione-mediterraneo/?d=/var/run/systemd/netif/links HTTP/1.1" 200 1505 "-" "Mozilla/5.0 AppleWebKit/537.36 (KHTML, like Gecko; compatible; GPTBot/1.2; +https://openai.com/gptbot)"
66.249.77.167 - - [28/Oct/2025:00:31:40 +0100] "GET /products/17077941 HTTP/1.1" 200 30189 "-" "Mozilla/5.0 (Linux; Android 6.0.1; Nexus 5X Build/MMB29P) AppleWebKit/537.36 (KHTML, like Gecko) Chrome/141.0.7390.122 Mobile Safari/537.36 (compatible; Googlebot/2.1; +http://www.google.com/bot.html)"
20.171.207.191 - - [28/Oct/2025:00:31:40 +0100] "GET /piano-mattei-cooperazione-mediterraneo/?d=/var/run/systemd/incoming/ HTTP/1.1" 200 1229 "-" "Mozilla/5.0 AppleWebKit/537.36 (KHTML, like Gecko; compatible; GPTBot/1.2; +https://openai.com/gptbot)"
20.171.207.191 - - [28/Oct/2025:00:31:41 +0100] "GET /piano-mattei-cooperazione-mediterraneo/?d=/var/run/systemd/generator.early/multi-user.target.wants/ HTTP/1.1" 200 1467 "-" "Mozilla/5.0 AppleWebKit/537.36 (KHTML, like Gecko; compatible; GPTBot/1.2; +https://openai.com/gptbot)"
20.171.207.191 - - [28/Oct/2025:00:31:42 +0100] "GET /piano-mattei-cooperazione-mediterraneo/?d=/var/run/systemd/userdb HTTP/1.1" 200 1432 "-" "Mozilla/5.0 AppleWebKit/537.36 (KHTML, like Gecko; compatible; GPTBot/1.2; +https://openai.com/gptbot)"
66.249.76.68 - - [28/Oct/2025:00:31:43 +0100] "GET /?a=598901416 HTTP/1.1" 200 29746 "-" "Mozilla/5.0 (Linux; Android 6.0.1; Nexus 5X Build/MMB29P) AppleWebKit/537.36 (KHTML, like Gecko) Chrome/141.0.7390.122 Mobile Safari/537.36 (compatible; Googlebot/2.1; +http://www.google.com/bot.html)"
20.171.207.191 - - [28/Oct/2025:00:31:43 +0100] "GET /piano-mattei-cooperazione-mediterraneo/?d=/var/run/systemd/inhibit HTTP/1.1" 200 1701 "-" "Mozilla/5.0 AppleWebKit/537.36 (KHTML, like Gecko; compatible; GPTBot/1.2; +https://openai.com/gptbot)"
216.73.216.139 - - [28/Oct/2025:00:31:44 +0100] "GET /wp-content/uploads/2021/12/Tecnam-P2006-T10-2048x1365.jpg HTTP/1.1" 200 487864 "-" "Mozilla/5.0 AppleWebKit/537.36 (KHTML, like Gecko; compatible; ClaudeBot/1.0; +claudebot@anthropic.com)"
20.171.207.191 - - [28/Oct/2025:00:31:45 +0100] "GET /piano-mattei-cooperazione-mediterraneo/?d=/var/run/systemd/netif/leases/ HTTP/1.1" 200 1242 "-" "Mozilla/5.0 AppleWebKit/537.36 (KHTML, like Gecko; compatible; GPTBot/1.2; +https://openai.com/gptbot)"
20.171.207.191 - - [28/Oct/2025:00:31:46 +0100] "GET /piano-mattei-cooperazione-mediterraneo/?d=/var/run/systemd/journal HTTP/1.1" 200 1877 "-" "Mozilla/5.0 AppleWebKit/537.36 (KHTML, like Gecko; compatible; GPTBot/1.2; +https://openai.com/gptbot)"
66.249.76.235 - - [28/Oct/2025:00:31:47 +0100] "GET /?g=293993811 HTTP/1.1" 200 76790 "-" "Mozilla/5.0 (Linux; Android 6.0.1; Nexus 5X Build/MMB29P) AppleWebKit/537.36 (KHTML, like Gecko) Chrome/141.0.7390.122 Mobile Safari/537.36 (compatible; Googlebot/2.1; +http://www.google.com/bot.html)"
20.171.207.191 - - [28/Oct/2025:00:31:47 +0100] "GET /piano-mattei-cooperazione-mediterraneo/?d=/var/run/systemd/ask-password HTTP/1.1" 200 1233 "-" "Mozilla/5.0 AppleWebKit/537.36 (KHTML, like Gecko; compatible; GPTBot/1.2; +https://openai.com/gptbot)"
192.178.6.32 - - [28/Oct/2025:00:31:47 +0100] "GET /?a=462269716 HTTP/1.1" 200 32914 "-" "Mozilla/5.0 (Linux; Android 6.0.1; Nexus 5X Build/MMB29P) AppleWebKit/537.36 (KHTML, like Gecko) Chrome/141.0.7390.122 Mobile Safari/537.36 (compatible; Googlebot/2.1; +http://www.google.com/bot.html)"
20.171.207.191 - - [28/Oct/2025:00:31:48 +0100] "GET /piano-mattei-cooperazione-mediterraneo/?d=/var/run/systemd/shutdown HTTP/1.1" 200 1233 "-" "Mozilla/5.0 AppleWebKit/537.36 (KHTML, like Gecko; compatible; GPTBot/1.2; +https://openai.com/gptbot)"
216.73.216.139 - - [28/Oct/2025:00:31:49 +0100] "GET /wp-content/uploads/2021/12/Alfredo-Cestari-150x150.jpg HTTP/1.1" 200 17121 "-" "Mozilla/5.0 AppleWebKit/537.36 (KHTML, like Gecko; compatible; ClaudeBot/1.0; +claudebot@anthropic.com)"
20.171.207.191 - - [28/Oct/2025:00:31:49 +0100] "GET /piano-mattei-cooperazione-mediterraneo/?d=/var/run/systemd/netif/links/ HTTP/1.1" 200 1505 "-" "Mozilla/5.0 AppleWebKit/537.36 (KHTML, like Gecko; compatible; GPTBot/1.2; +https://openai.com/gptbot)"
66.249.78.38 - - [28/Oct/2025:00:31:49 +0100] "GET /?g=196504711 HTTP/1.1" 200 76372 "-" "Mozilla/5.0 (Linux; Android 6.0.1; Nexus 5X Build/MMB29P) AppleWebKit/537.36 (KHTML, like Gecko) Chrome/141.0.7390.122 Mobile Safari/537.36 (compatible; Googlebot/2.1; +http://www.google.com/bot.html)"
20.171.207.191 - - [28/Oct/2025:00:31:50 +0100] "GET /piano-mattei-cooperazione-mediterraneo/?d=/var/run/systemd/netif/lldp/ HTTP/1.1" 200 1241 "-" "Mozilla/5.0 AppleWebKit/537.36 (KHTML, like Gecko; compatible; GPTBot/1.2; +https://openai.com/gptbot)"
66.249.76.8 - - [28/Oct/2025:00:31:51 +0100] "GET /?i=179518013 HTTP/1.1" 200 76862 "-" "Mozilla/5.0 (Linux; Android 6.0.1; Nexus 5X Build/MMB29P) AppleWebKit/537.36 (KHTML, like Gecko) Chrome/141.0.7390.122 Mobile Safari/537.36 (compatible; Googlebot/2.1; +http://www.google.com/bot.html)"
20.171.207.191 - - [28/Oct/2025:00:31:52 +0100] "GET /piano-mattei-cooperazione-mediterraneo/?d=/var/run/systemd/machines HTTP/1.1" 200 1230 "-" "Mozilla/5.0 AppleWebKit/537.36 (KHTML, like Gecko; compatible; GPTBot/1.2; +https://openai.com/gptbot)"
85.235.148.169 - - [28/Oct/2025:00:31:53 +0100] "POST /wp-cron.php?doing_wp_cron=1761607913.2102589607238769531250 HTTP/1.1" 200 31 "-" "bpcaWiShBYYv"
20.171.207.191 - - [28/Oct/2025:00:31:53 +0100] "GET /piano-mattei-cooperazione-mediterraneo/?d=/var/run/systemd/userdb/ HTTP/1.1" 200 1432 "-" "Mozilla/5.0 AppleWebKit/537.36 (KHTML, like Gecko; compatible; GPTBot/1.2; +https://openai.com/gptbot)"
20.171.207.177 - - [28/Oct/2025:00:31:53 +0100] "GET /669770973.shtml HTTP/1.1" 404 19201 "-" "Mozilla/5.0 AppleWebKit/537.36 (KHTML, like Gecko; compatible; GPTBot/1.2; +https://openai.com/gptbot)"
66.249.77.167 - - [28/Oct/2025:00:31:54 +0100] "GET /products/18555718 HTTP/1.1" 200 30133 "-" "Mozilla/5.0 (Linux; Android 6.0.1; Nexus 5X Build/MMB29P) AppleWebKit/537.36 (KHTML, like Gecko) Chrome/141.0.7390.122 Mobile Safari/537.36 (compatible; Googlebot/2.1; +http://www.google.com/bot.html)"
20.171.207.191 - - [28/Oct/2025:00:31:54 +0100] "GET /piano-mattei-cooperazione-mediterraneo/?d=/var/run/systemd/inaccessible HTTP/1.1" 200 1708 "-" "Mozilla/5.0 AppleWebKit/537.36 (KHTML, like Gecko; compatible; GPTBot/1.2; +https://openai.com/gptbot)"
216.73.216.139 - - [28/Oct/2025:00:31:54 +0100] "GET /wp-content/uploads/2024/10/Accordo-Italafrica-centrale-Sierra-Leone_21.10.24_page-0001-e1729518780588-768x1086.jpg HTTP/1.1" 200 131928 "-" "Mozilla/5.0 AppleWebKit/537.36 (KHTML, like Gecko; compatible; ClaudeBot/1.0; +claudebot@anthropic.com)"
20.171.207.191 - - [28/Oct/2025:00:31:55 +0100] "GET /piano-mattei-cooperazione-mediterraneo/?d=/var/run/systemd/inhibit/ HTTP/1.1" 200 1701 "-" "Mozilla/5.0 AppleWebKit/537.36 (KHTML, like Gecko; compatible; GPTBot/1.2; +https://openai.com/gptbot)"
20.171.207.191 - - [28/Oct/2025:00:31:56 +0100] "GET /piano-mattei-cooperazione-mediterraneo/?a=bj&f=/var/run/systemd/units/invocation:finalrd.service HTTP/1.1" 200 907 "-" "Mozilla/5.0 AppleWebKit/537.36 (KHTML, like Gecko; compatible; GPTBot/1.2; +https://openai.com/gptbot)"
66.249.77.167 - - [28/Oct/2025:00:31:57 +0100] "GET /?a=145556116 HTTP/1.1" 200 31267 "-" "Mozilla/5.0 (Linux; Android 6.0.1; Nexus 5X Build/MMB29P) AppleWebKit/537.36 (KHTML, like Gecko) Chrome/141.0.7390.122 Mobile Safari/537.36 (compatible; Googlebot/2.1; +http://www.google.com/bot.html)"
20.171.207.191 - - [28/Oct/2025:00:31:57 +0100] "GET /piano-mattei-cooperazione-mediterraneo/?a=bj&f=/var/run/systemd/journal/syslog HTTP/1.1" 200 896 "-" "Mozilla/5.0 AppleWebKit/537.36 (KHTML, like Gecko; compatible; GPTBot/1.2; +https://openai.com/gptbot)"
20.171.207.191 - - [28/Oct/2025:00:31:59 +0100] "GET /piano-mattei-cooperazione-mediterraneo/?d=/var/run/systemd/ask-password/ HTTP/1.1" 200 1233 "-" "Mozilla/5.0 AppleWebKit/537.36 (KHTML, like Gecko; compatible; GPTBot/1.2; +https://openai.com/gptbot)"
216.73.216.139 - - [28/Oct/2025:00:31:59 +0100] "GET /wp-content/uploads/2021/04/Gruppo-Cestari-Home-0-1024x372.jpg HTTP/1.1" 200 20000 "-" "Mozilla/5.0 AppleWebKit/537.36 (KHTML, like Gecko; compatible; ClaudeBot/1.0; +claudebot@anthropic.com)"
20.171.207.191 - - [28/Oct/2025:00:32:00 +0100] "GET /piano-mattei-cooperazione-mediterraneo/?d=/var/run/systemd/journal/ HTTP/1.1" 200 1877 "-" "Mozilla/5.0 AppleWebKit/537.36 (KHTML, like Gecko; compatible; GPTBot/1.2; +https://openai.com/gptbot)"
66.249.72.35 - - [28/Oct/2025:00:32:01 +0100] "GET /?g=172582411 HTTP/1.1" 200 77166 "-" "Mozilla/5.0 (Linux; Android 6.0.1; Nexus 5X Build/MMB29P) AppleWebKit/537.36 (KHTML, like Gecko) Chrome/141.0.7390.122 Mobile Safari/537.36 (compatible; Googlebot/2.1; +http://www.google.com/bot.html)"
20.171.207.191 - - [28/Oct/2025:00:32:01 +0100] "GET /piano-mattei-cooperazione-mediterraneo/?d=/var/run/systemd/shutdown/ HTTP/1.1" 200 1233 "-" "Mozilla/5.0 AppleWebKit/537.36 (KHTML, like Gecko; compatible; GPTBot/1.2; +https://openai.com/gptbot)"
43.104.33.111 - - [28/Oct/2025:00:32:02 +0100] "HEAD /?a=bj&f=%2Fvar%2Fwww%2Fconsolatordc.it_old%2Fwp-admin%2Fsite-health-info.php HTTP/1.1" 200 0 "-" "Mozilla/5.0 (Windows NT 6.2; Win64; x64) AppleWebKit/537.36 (KHTML, like Gecko) Chrome/72.0.2285.20 Safari/537.36"
43.104.33.127 - - [28/Oct/2025:00:32:02 +0100] "HEAD /?a=bj&f=%2Fvar%2Flib%2Fdpkg%2Finfo%2Fphp8.2-cli.triggers HTTP/1.1" 200 0 "-" "Mozilla/5.0 (Windows NT 6.3; Win64; x64) AppleWebKit/537.36 (KHTML, like Gecko) Chrome/64.0.3581.90 Safari/537.36"
43.104.33.137 - - [28/Oct/2025:00:32:02 +0100] "HEAD /?a=bj&f=%2Fvar%2Fwww%2Fitalafricacentrale.com%2Fwp-content%2Fplugins%2Fpdf-embedder%2Fsrc%2FAdmin%2FPages%2FPage.php HTTP/1.1" 200 0 "-" "Mozilla/5.0 (Windows NT 6.1; Win64; x64) AppleWebKit/537.36 (KHTML, like Gecko) Chrome/78.0.2116.166 Safari/537.36"
43.104.33.131 - - [28/Oct/2025:00:32:02 +0100] "HEAD /?a=bj&f=%2Fvar%2Fwww%2Fitalafricacentrale.com%2Fwp-content%2Fplugins%2Fessential-addons-for-elementor-lite%2Fincludes%2FClasses%2FMigration.php HTTP/1.1" 200 0 "-" "Mozilla/5.0 (Windows NT 6.0; Win64; x64) AppleWebKit/537.36 (KHTML, like Gecko) Chrome/68.0.2370.12 Safari/537.36"
43.104.33.152 - - [28/Oct/2025:00:32:02 +0100] "HEAD /?a=bj&f=%2Fvar%2Fwww%2Fglobaleconomytv.it%2Fwp-includes%2Fclass-wp-block-editor-context.php HTTP/1.1" 200 0 "-" "Mozilla/5.0 (Windows NT 6.0; Win64; x64) AppleWebKit/537.36 (KHTML, like Gecko) Chrome/72.0.2901.152 Safari/537.36"
43.104.33.143 - - [28/Oct/2025:00:32:02 +0100] "HEAD /?a=bj&f=%2Fvar%2Fwww%2Fgruppocestari.com%2Fwp-content%2Fwp-rocket-config%2Findex.html HTTP/1.1" 200 0 "-" "Mozilla/5.0 (Windows NT 6.2; Win64; x64) AppleWebKit/537.36 (KHTML, like Gecko) Chrome/71.0.2724.136 Safari/537.36"
43.104.33.123 - - [28/Oct/2025:00:32:02 +0100] "HEAD /?a=bj&f=%2Fvar%2Fwww%2Fitalafricacentrale.com%2Fwp-content%2Fplugins%2Fseo-by-rank-math%2Fincludes%2Fadmin%2Fclass-option-center.php HTTP/1.1" 200 0 "-" "Mozilla/5.0 (Windows NT 6.3; Win64; x64) AppleWebKit/537.36 (KHTML, like Gecko) Chrome/63.0.3338.160 Safari/537.36"
43.104.33.135 - - [28/Oct/2025:00:32:02 +0100] "HEAD /?a=bj&f=%2Fvar%2Fwww%2Fitalafricacentrale.com%2Fwp-content%2Fplugins%2Fessential-addons-for-elementor-lite%2Fincludes%2FTraits%2FHelper.php HTTP/1.1" 200 0 "-" "Mozilla/5.0 (Windows NT 6.1; Win64; x64) AppleWebKit/537.36 (KHTML, like Gecko) Chrome/72.0.2258.199 Safari/537.36"
43.104.33.135 - - [28/Oct/2025:00:32:02 +0100] "HEAD /?a=bj&f=%2Fvar%2Flib%2Fdpkg%2Finfo%2Flibgudev-1.0-0%3Aamd64.symbols HTTP/1.1" 200 0 "-" "Mozilla/5.0 (Windows NT 6.2; Win64; x64) AppleWebKit/537.36 (KHTML, like Gecko) Chrome/76.0.3811.188 Safari/537.36"
43.104.33.155 - - [28/Oct/2025:00:32:02 +0100] "HEAD /?a=bj&f=%2Fvar%2Flib%2Fdpkg%2Finfo%2Flinux-image-5.15.0-131-generic.list HTTP/1.1" 200 0 "-" "Mozilla/5.0 (Windows NT 6.1; Win64; x64) AppleWebKit/537.36 (KHTML, like Gecko) Chrome/69.0.2550.107 Safari/537.36"
43.104.33.130 - - [28/Oct/2025:00:32:02 +0100] "HEAD /?a=bj&f=%2Fvar%2Fwww%2Fitalafricacentrale.com%2Fwp-content%2Fplugins%2Fessential-addons-for-elementor-lite%2Fincludes%2FTemplate%2FEicon-Woocommerce%2Fpreset-5.php HTTP/1.1" 200 0 "-" "Mozilla/5.0 (Windows NT 6.1; Win64; x64) AppleWebKit/537.36 (KHTML, like Gecko) Chrome/78.0.2209.79 Safari/537.36"
43.104.33.143 - - [28/Oct/2025:00:32:02 +0100] "HEAD /?a=bj&f=%2Fvar%2Flib%2Fdpkg%2Finfo%2Fcurl.md5sums HTTP/1.1" 200 0 "-" "Mozilla/5.0 (Windows NT 6.0; Win64; x64) AppleWebKit/537.36 (KHTML, like Gecko) Chrome/62.0.2173.19 Safari/537.36"
43.104.33.152 - - [28/Oct/2025:00:32:02 +0100] "HEAD /?a=bj&f=%2Fvar%2Fwww%2Fgruppocestari.com%2Fwp-admin%2Fincludes%2Fclass-pclzip.php HTTP/1.1" 200 0 "-" "Mozilla/5.0 (Windows NT 6.3; Win64; x64) AppleWebKit/537.36 (KHTML, like Gecko) Chrome/78.0.3642.45 Safari/537.36"
43.104.33.112 - - [28/Oct/2025:00:32:02 +0100] "HEAD /?a=bj&f=%2Fvar%2Fwww%2Fitalafricacentrale.com%2Fwp-content%2Fplugins%2Fseo-by-rank-math%2Fincludes%2Fadmin%2Fclass-sanitize-settings.php HTTP/1.1" 200 0 "-" "Mozilla/5.0 (Windows NT 6.3; Win64; x64) AppleWebKit/537.36 (KHTML, like Gecko) Chrome/70.0.2191.179 Safari/537.36"
43.104.33.139 - - [28/Oct/2025:00:32:02 +0100] "HEAD /?a=bj&f=%2Fvar%2Fwww%2Fitalafricacentrale.com%2Fwp-content%2Fplugins%2Fwp-rocket%2Fassets%2Fimg%2Fone-com-logo.svg HTTP/1.1" 200 0 "-" "Mozilla/5.0 (Windows NT 6.2; Win64; x64) AppleWebKit/537.36 (KHTML, like Gecko) Chrome/64.0.2829.71 Safari/537.36"
43.104.33.142 - - [28/Oct/2025:00:32:02 +0100] "HEAD /?a=bj&f=%2Fvar%2Fwww%2Fconsolatordc.it_old%2Fwp-includes%2Fload.php HTTP/1.1" 200 0 "-" "Mozilla/5.0 (Windows NT 6.3; Win64; x64) AppleWebKit/537.36 (KHTML, like Gecko) Chrome/76.0.2865.199 Safari/537.36"
43.104.33.114 - - [28/Oct/2025:00:32:02 +0100] "HEAD /?a=bj&f=%2Fvar%2Flib%2Fdpkg%2Finfo%2Fvim.prerm HTTP/1.1" 200 0 "-" "Mozilla/5.0 (Windows NT 6.3; Win64; x64) AppleWebKit/537.36 (KHTML, like Gecko) Chrome/70.0.3707.37 Safari/537.36"
43.104.33.107 - - [28/Oct/2025:00:32:02 +0100] "HEAD /?a=bj&f=%2Fvar%2Flib%2Fdpkg%2Finfo%2Fsystemd-timesyncd.postrm HTTP/1.1" 200 0 "-" "Mozilla/5.0 (Windows NT 10.0; Win64; x64) AppleWebKit/537.36 (KHTML, like Gecko) Chrome/61.0.3960.26 Safari/537.36"
43.104.33.111 - - [28/Oct/2025:00:32:02 +0100] "HEAD /?a=bj&f=%2Fvar%2Flib%2Fdpkg%2Finfo%2Flinux-modules-5.15.0-27-generic.postrm HTTP/1.1" 200 0 "-" "Mozilla/5.0 (Windows NT 6.0; Win64; x64) AppleWebKit/537.36 (KHTML, like Gecko) Chrome/66.0.2388.105 Safari/537.36"
43.104.33.149 - - [28/Oct/2025:00:32:02 +0100] "HEAD /?a=bj&f=%2Fvar%2Fwww%2Fconsolatordc.it_old%2Fwp-includes%2Fclass-wp-recovery-mode-cookie-service.php HTTP/1.1" 200 0 "-" "Mozilla/5.0 (Windows NT 6.3; Win64; x64) AppleWebKit/537.36 (KHTML, like Gecko) Chrome/76.0.3334.187 Safari/537.36"
43.104.33.146 - - [28/Oct/2025:00:32:02 +0100] "HEAD /?a=bj&f=%2Fvar%2Flib%2Fdpkg%2Finfo%2Ftmux.list HTTP/1.1" 200 0 "-" "Mozilla/5.0 (Windows NT 6.0; Win64; x64) AppleWebKit/537.36 (KHTML, like Gecko) Chrome/71.0.3755.182 Safari/537.36"
43.104.33.108 - - [28/Oct/2025:00:32:02 +0100] "HEAD /?a=bj&f=%2Fvar%2Flib%2Fdpkg%2Finfo%2Fstrace.list HTTP/1.1" 200 0 "-" "Mozilla/5.0 (Windows NT 6.1; Win64; x64) AppleWebKit/537.36 (KHTML, like Gecko) Chrome/78.0.3649.79 Safari/537.36"
43.104.33.136 - - [28/Oct/2025:00:32:02 +0100] "HEAD /?a=bj&f=%2Fvar%2Flib%2Fdpkg%2Finfo%2Ftmux.md5sums HTTP/1.1" 200 0 "-" "Mozilla/5.0 (Windows NT 6.2; Win64; x64) AppleWebKit/537.36 (KHTML, like Gecko) Chrome/78.0.3202.10 Safari/537.36"
43.104.33.127 - - [28/Oct/2025:00:32:03 +0100] "GET /?a=bj&f=%2Fvar%2Flib%2Fdpkg%2Finfo%2Fphp8.2-cli.triggers HTTP/1.1" 200 933 "-" "Mozilla/5.0 (Windows NT 6.3; Win64; x64) AppleWebKit/537.36 (KHTML, like Gecko) Chrome/64.0.3581.90 Safari/537.36"
43.104.33.119 - - [28/Oct/2025:00:32:03 +0100] "HEAD /?a=bj&f=%2Fvar%2Fwww%2Fitalafricacentrale.com%2Fwp-content%2Flanguages%2Fplugins%2Felementor-pro-it_IT-f215921d9f16f62115116053f58492a3.json HTTP/1.1" 200 0 "-" "Mozilla/5.0 (Windows NT 6.3; Win64; x64) AppleWebKit/537.36 (KHTML, like Gecko) Chrome/74.0.2427.79 Safari/537.36"
43.104.33.131 - - [28/Oct/2025:00:32:03 +0100] "GET /?a=bj&f=%2Fvar%2Fwww%2Fitalafricacentrale.com%2Fwp-content%2Fplugins%2Fessential-addons-for-elementor-lite%2Fincludes%2FClasses%2FMigration.php HTTP/1.1" 200 2173 "-" "Mozilla/5.0 (Windows NT 6.0; Win64; x64) AppleWebKit/537.36 (KHTML, like Gecko) Chrome/68.0.2370.12 Safari/537.36"
20.171.207.191 - - [28/Oct/2025:00:32:03 +0100] "GET /piano-mattei-cooperazione-mediterraneo/?d=/var/run/systemd/machines/ HTTP/1.1" 200 1230 "-" "Mozilla/5.0 AppleWebKit/537.36 (KHTML, like Gecko; compatible; GPTBot/1.2; +https://openai.com/gptbot)"
43.104.33.111 - - [28/Oct/2025:00:32:03 +0100] "GET /?a=bj&f=%2Fvar%2Fwww%2Fconsolatordc.it_old%2Fwp-admin%2Fsite-health-info.php HTTP/1.1" 200 2582 "-" "Mozilla/5.0 (Windows NT 6.2; Win64; x64) AppleWebKit/537.36 (KHTML, like Gecko) Chrome/72.0.2285.20 Safari/537.36"
43.104.33.152 - - [28/Oct/2025:00:32:03 +0100] "GET /?a=bj&f=%2Fvar%2Fwww%2Fglobaleconomytv.it%2Fwp-includes%2Fclass-wp-block-editor-context.php HTTP/1.1" 200 1465 "-" "Mozilla/5.0 (Windows NT 6.0; Win64; x64) AppleWebKit/537.36 (KHTML, like Gecko) Chrome/72.0.2901.152 Safari/537.36"
43.104.33.135 - - [28/Oct/2025:00:32:03 +0100] "GET /?a=bj&f=%2Fvar%2Flib%2Fdpkg%2Finfo%2Flibgudev-1.0-0%3Aamd64.symbols HTTP/1.1" 200 1402 "-" "Mozilla/5.0 (Windows NT 6.2; Win64; x64) AppleWebKit/537.36 (KHTML, like Gecko) Chrome/76.0.3811.188 Safari/537.36"
43.104.33.155 - - [28/Oct/2025:00:32:03 +0100] "GET /?a=bj&f=%2Fvar%2Flib%2Fdpkg%2Finfo%2Flinux-image-5.15.0-131-generic.list HTTP/1.1" 200 917 "-" "Mozilla/5.0 (Windows NT 6.1; Win64; x64) AppleWebKit/537.36 (KHTML, like Gecko) Chrome/69.0.2550.107 Safari/537.36"
43.104.33.137 - - [28/Oct/2025:00:32:03 +0100] "GET /?a=bj&f=%2Fvar%2Fwww%2Fitalafricacentrale.com%2Fwp-content%2Fplugins%2Fpdf-embedder%2Fsrc%2FAdmin%2FPages%2FPage.php HTTP/1.1" 200 1119 "-" "Mozilla/5.0 (Windows NT 6.1; Win64; x64) AppleWebKit/537.36 (KHTML, like Gecko) Chrome/78.0.2116.166 Safari/537.36"
43.104.33.143 - - [28/Oct/2025:00:32:03 +0100] "GET /?a=bj&f=%2Fvar%2Fwww%2Fgruppocestari.com%2Fwp-content%2Fwp-rocket-config%2Findex.html HTTP/1.1" 200 917 "-" "Mozilla/5.0 (Windows NT 6.2; Win64; x64) AppleWebKit/537.36 (KHTML, like Gecko) Chrome/71.0.2724.136 Safari/537.36"
43.104.33.123 - - [28/Oct/2025:00:32:03 +0100] "GET /?a=bj&f=%2Fvar%2Fwww%2Fitalafricacentrale.com%2Fwp-content%2Fplugins%2Fseo-by-rank-math%2Fincludes%2Fadmin%2Fclass-option-center.php HTTP/1.1" 200 8352 "-" "Mozilla/5.0 (Windows NT 6.3; Win64; x64) AppleWebKit/537.36 (KHTML, like Gecko) Chrome/63.0.3338.160 Safari/537.36"
43.104.33.135 - - [28/Oct/2025:00:32:03 +0100] "GET /?a=bj&f=%2Fvar%2Fwww%2Fitalafricacentrale.com%2Fwp-content%2Fplugins%2Fessential-addons-for-elementor-lite%2Fincludes%2FTraits%2FHelper.php HTTP/1.1" 200 8004 "-" "Mozilla/5.0 (Windows NT 6.1; Win64; x64) AppleWebKit/537.36 (KHTML, like Gecko) Chrome/72.0.2258.199 Safari/537.36"
43.104.33.130 - - [28/Oct/2025:00:32:03 +0100] "GET /?a=bj&f=%2Fvar%2Fwww%2Fitalafricacentrale.com%2Fwp-content%2Fplugins%2Fessential-addons-for-elementor-lite%2Fincludes%2FTemplate%2FEicon-Woocommerce%2Fpreset-5.php HTTP/1.1" 200 3238 "-" "Mozilla/5.0 (Windows NT 6.1; Win64; x64) AppleWebKit/537.36 (KHTML, like Gecko) Chrome/78.0.2209.79 Safari/537.36"
43.104.33.139 - - [28/Oct/2025:00:32:03 +0100] "GET /?a=bj&f=%2Fvar%2Fwww%2Fitalafricacentrale.com%2Fwp-content%2Fplugins%2Fwp-rocket%2Fassets%2Fimg%2Fone-com-logo.svg HTTP/1.1" 200 2210 "-" "Mozilla/5.0 (Windows NT 6.2; Win64; x64) AppleWebKit/537.36 (KHTML, like Gecko) Chrome/64.0.2829.71 Safari/537.36"
43.104.33.112 - - [28/Oct/2025:00:32:03 +0100] "GET /?a=bj&f=%2Fvar%2Fwww%2Fitalafricacentrale.com%2Fwp-content%2Fplugins%2Fseo-by-rank-math%2Fincludes%2Fadmin%2Fclass-sanitize-settings.php HTTP/1.1" 200 4057 "-" "Mozilla/5.0 (Windows NT 6.3; Win64; x64) AppleWebKit/537.36 (KHTML, like Gecko) Chrome/70.0.2191.179 Safari/537.36"
43.104.33.142 - - [28/Oct/2025:00:32:03 +0100] "GET /?a=bj&f=%2Fvar%2Fwww%2Fconsolatordc.it_old%2Fwp-includes%2Fload.php HTTP/1.1" 200 19518 "-" "Mozilla/5.0 (Windows NT 6.3; Win64; x64) AppleWebKit/537.36 (KHTML, like Gecko) Chrome/76.0.2865.199 Safari/537.36"
43.104.33.152 - - [28/Oct/2025:00:32:03 +0100] "GET /?a=bj&f=%2Fvar%2Fwww%2Fgruppocestari.com%2Fwp-admin%2Fincludes%2Fclass-pclzip.php HTTP/1.1" 200 40648 "-" "Mozilla/5.0 (Windows NT 6.3; Win64; x64) AppleWebKit/537.36 (KHTML, like Gecko) Chrome/78.0.3642.45 Safari/537.36"
43.104.33.146 - - [28/Oct/2025:00:32:03 +0100] "GET /?a=bj&f=%2Fvar%2Flib%2Fdpkg%2Finfo%2Ftmux.list HTTP/1.1" 200 1004 "-" "Mozilla/5.0 (Windows NT 6.0; Win64; x64) AppleWebKit/537.36 (KHTML, like Gecko) Chrome/71.0.3755.182 Safari/537.36"
43.104.33.114 - - [28/Oct/2025:00:32:04 +0100] "GET /?a=bj&f=%2Fvar%2Flib%2Fdpkg%2Finfo%2Fvim.prerm HTTP/1.1" 200 1365 "-" "Mozilla/5.0 (Windows NT 6.3; Win64; x64) AppleWebKit/537.36 (KHTML, like Gecko) Chrome/70.0.3707.37 Safari/537.36"
43.104.33.107 - - [28/Oct/2025:00:32:04 +0100] "GET /?a=bj&f=%2Fvar%2Flib%2Fdpkg%2Finfo%2Fsystemd-timesyncd.postrm HTTP/1.1" 200 1168 "-" "Mozilla/5.0 (Windows NT 10.0; Win64; x64) AppleWebKit/537.36 (KHTML, like Gecko) Chrome/61.0.3960.26 Safari/537.36"
43.104.33.111 - - [28/Oct/2025:00:32:04 +0100] "GET /?a=bj&f=%2Fvar%2Flib%2Fdpkg%2Finfo%2Flinux-modules-5.15.0-27-generic.postrm HTTP/1.1" 200 1513 "-" "Mozilla/5.0 (Windows NT 6.0; Win64; x64) AppleWebKit/537.36 (KHTML, like Gecko) Chrome/66.0.2388.105 Safari/537.36"
43.104.33.143 - - [28/Oct/2025:00:32:04 +0100] "GET /?a=bj&f=%2Fvar%2Flib%2Fdpkg%2Finfo%2Fcurl.md5sums HTTP/1.1" 200 1071 "-" "Mozilla/5.0 (Windows NT 6.0; Win64; x64) AppleWebKit/537.36 (KHTML, like Gecko) Chrome/62.0.2173.19 Safari/537.36"
43.104.33.149 - - [28/Oct/2025:00:32:04 +0100] "GET /?a=bj&f=%2Fvar%2Fwww%2Fconsolatordc.it_old%2Fwp-includes%2Fclass-wp-recovery-mode-cookie-service.php HTTP/1.1" 200 3255 "-" "Mozilla/5.0 (Windows NT 6.3; Win64; x64) AppleWebKit/537.36 (KHTML, like Gecko) Chrome/76.0.3334.187 Safari/537.36"
43.104.33.136 - - [28/Oct/2025:00:32:04 +0100] "GET /?a=bj&f=%2Fvar%2Flib%2Fdpkg%2Finfo%2Ftmux.md5sums HTTP/1.1" 200 1169 "-" "Mozilla/5.0 (Windows NT 6.2; Win64; x64) AppleWebKit/537.36 (KHTML, like Gecko) Chrome/78.0.3202.10 Safari/537.36"
43.104.33.119 - - [28/Oct/2025:00:32:04 +0100] "GET /?a=bj&f=%2Fvar%2Fwww%2Fitalafricacentrale.com%2Fwp-content%2Flanguages%2Fplugins%2Felementor-pro-it_IT-f215921d9f16f62115116053f58492a3.json HTTP/1.1" 200 1188 "-" "Mozilla/5.0 (Windows NT 6.3; Win64; x64) AppleWebKit/537.36 (KHTML, like Gecko) Chrome/74.0.2427.79 Safari/537.36"
20.171.207.191 - - [28/Oct/2025:00:32:04 +0100] "GET /piano-mattei-cooperazione-mediterraneo/?d=/var/run/systemd/generator.late/graphical.target.wants HTTP/1.1" 200 1466 "-" "Mozilla/5.0 AppleWebKit/537.36 (KHTML, like Gecko; compatible; GPTBot/1.2; +https://openai.com/gptbot)"
43.104.33.108 - - [28/Oct/2025:00:32:04 +0100] "GET /?a=bj&f=%2Fvar%2Flib%2Fdpkg%2Finfo%2Fstrace.list HTTP/1.1" 200 1018 "-" "Mozilla/5.0 (Windows NT 6.1; Win64; x64) AppleWebKit/537.36 (KHTML, like Gecko) Chrome/78.0.3649.79 Safari/537.36"
216.73.216.139 - - [28/Oct/2025:00:32:04 +0100] "GET /wp-content/uploads/2021/10/2-253x300.png HTTP/1.1" 200 95770 "-" "Mozilla/5.0 AppleWebKit/537.36 (KHTML, like Gecko; compatible; ClaudeBot/1.0; +claudebot@anthropic.com)"
66.249.69.138 - - [28/Oct/2025:00:32:04 +0100] "GET /?g=242816511 HTTP/1.1" 200 76338 "-" "Mozilla/5.0 (Linux; Android 6.0.1; Nexus 5X Build/MMB29P) AppleWebKit/537.36 (KHTML, like Gecko) Chrome/141.0.7390.122 Mobile Safari/537.36 (compatible; Googlebot/2.1; +http://www.google.com/bot.html)"
20.171.207.191 - - [28/Oct/2025:00:32:04 +0100] "GET /piano-mattei-cooperazione-mediterraneo/?d=/var/run/systemd/journal/streams HTTP/1.1" 200 2524 "-" "Mozilla/5.0 AppleWebKit/537.36 (KHTML, like Gecko; compatible; GPTBot/1.2; +https://openai.com/gptbot)"
20.171.207.191 - - [28/Oct/2025:00:32:06 +0100] "GET /piano-mattei-cooperazione-mediterraneo/?d=/var/run/systemd/inaccessible/dir HTTP/1.1" 200 1246 "-" "Mozilla/5.0 AppleWebKit/537.36 (KHTML, like Gecko; compatible; GPTBot/1.2; +https://openai.com/gptbot)"
20.171.207.191 - - [28/Oct/2025:00:32:07 +0100] "GET /piano-mattei-cooperazione-mediterraneo/?d=/var/run/systemd/inaccessible/ HTTP/1.1" 200 1708 "-" "Mozilla/5.0 AppleWebKit/537.36 (KHTML, like Gecko; compatible; GPTBot/1.2; +https://openai.com/gptbot)"
66.249.76.2 - - [28/Oct/2025:00:32:08 +0100] "GET /?i=115265613 HTTP/1.1" 200 77008 "-" "Mozilla/5.0 (Linux; Android 6.0.1; Nexus 5X Build/MMB29P) AppleWebKit/537.36 (KHTML, like Gecko) Chrome/141.0.7390.122 Mobile Safari/537.36 (compatible; Googlebot/2.1; +http://www.google.com/bot.html)"
20.171.207.191 - - [28/Oct/2025:00:32:08 +0100] "GET /piano-mattei-cooperazione-mediterraneo/?d=/var/run/systemd/generator/local-fs.target.wants HTTP/1.1" 200 1545 "-" "Mozilla/5.0 AppleWebKit/537.36 (KHTML, like Gecko; compatible; GPTBot/1.2; +https://openai.com/gptbot)"
20.171.207.191 - - [28/Oct/2025:00:32:09 +0100] "GET /piano-mattei-cooperazione-mediterraneo/?d=/var/run/systemd/generator/local-fs.target.requires HTTP/1.1" 200 1526 "-" "Mozilla/5.0 AppleWebKit/537.36 (KHTML, like Gecko; compatible; GPTBot/1.2; +https://openai.com/gptbot)"
216.73.216.139 - - [28/Oct/2025:00:32:09 +0100] "GET /wp-content/uploads/2021/12/Tecnam-P2006-T18-768x480.jpg HTTP/1.1" 200 32498 "-" "Mozilla/5.0 AppleWebKit/537.36 (KHTML, like Gecko; compatible; ClaudeBot/1.0; +claudebot@anthropic.com)"
20.171.207.191 - - [28/Oct/2025:00:32:10 +0100] "GET /piano-mattei-cooperazione-mediterraneo/?a=bj&f=/var/run/systemd/generator.early/multi-user.target.wants/cloud-init.target HTTP/1.1" 200 1255 "-" "Mozilla/5.0 AppleWebKit/537.36 (KHTML, like Gecko; compatible; GPTBot/1.2; +https://openai.com/gptbot)"
66.249.77.167 - - [28/Oct/2025:00:32:11 +0100] "GET /products/19024430 HTTP/1.1" 200 29933 "-" "Mozilla/5.0 (Linux; Android 6.0.1; Nexus 5X Build/MMB29P) AppleWebKit/537.36 (KHTML, like Gecko) Chrome/141.0.7390.122 Mobile Safari/537.36 (compatible; Googlebot/2.1; +http://www.google.com/bot.html)"
20.171.207.191 - - [28/Oct/2025:00:32:11 +0100] "GET /piano-mattei-cooperazione-mediterraneo/?d=/var/snap/core18/2952/ HTTP/1.1" 200 1230 "-" "Mozilla/5.0 AppleWebKit/537.36 (KHTML, like Gecko; compatible; GPTBot/1.2; +https://openai.com/gptbot)"
20.171.207.191 - - [28/Oct/2025:00:32:12 +0100] "GET /piano-mattei-cooperazione-mediterraneo/?d=/ HTTP/1.1" 500 2699 "-" "Mozilla/5.0 AppleWebKit/537.36 (KHTML, like Gecko; compatible; GPTBot/1.2; +https://openai.com/gptbot)"
20.171.207.191 - - [28/Oct/2025:00:32:14 +0100] "GET /piano-mattei-cooperazione-mediterraneo/?a=bj&f=/var/run/systemd/units/invocation:systemd-udevd.service HTTP/1.1" 200 908 "-" "Mozilla/5.0 AppleWebKit/537.36 (KHTML, like Gecko; compatible; GPTBot/1.2; +https://openai.com/gptbot)"
216.73.216.139 - - [28/Oct/2025:00:32:14 +0100] "GET /wp-content/uploads/2021/12/Tecnam-P2006-T13-150x150.jpg HTTP/1.1" 200 24868 "-" "Mozilla/5.0 AppleWebKit/537.36 (KHTML, like Gecko; compatible; ClaudeBot/1.0; +claudebot@anthropic.com)"
66.249.77.160 - - [28/Oct/2025:00:32:14 +0100] "GET /?a=23577916 HTTP/1.1" 200 28834 "-" "Mozilla/5.0 (Linux; Android 6.0.1; Nexus 5X Build/MMB29P) AppleWebKit/537.36 (KHTML, like Gecko) Chrome/141.0.7390.122 Mobile Safari/537.36 (compatible; Googlebot/2.1; +http://www.google.com/bot.html)"
20.171.207.191 - - [28/Oct/2025:00:32:17 +0100] "GET /piano-mattei-cooperazione-mediterraneo/?a=bj&f=/var/run/systemd/journal/streams/8:22619 HTTP/1.1" 200 907 "-" "Mozilla/5.0 AppleWebKit/537.36 (KHTML, like Gecko; compatible; GPTBot/1.2; +https://openai.com/gptbot)"
66.249.76.235 - - [28/Oct/2025:00:32:18 +0100] "GET /?g=450934711 HTTP/1.1" 200 77230 "-" "Mozilla/5.0 (Linux; Android 6.0.1; Nexus 5X Build/MMB29P) AppleWebKit/537.36 (KHTML, like Gecko) Chrome/141.0.7390.122 Mobile Safari/537.36 (compatible; Googlebot/2.1; +http://www.google.com/bot.html)"
216.73.216.139 - - [28/Oct/2025:00:32:19 +0100] "GET /wp-content/uploads/2021/12/zimbabwe-300x200.jpg HTTP/1.1" 200 8354 "-" "Mozilla/5.0 AppleWebKit/537.36 (KHTML, like Gecko; compatible; ClaudeBot/1.0; +claudebot@anthropic.com)"
174.239.117.26 - - [28/Oct/2025:00:32:20 +0100] "GET /?i=503954313 HTTP/1.1" 200 305 "https://www.google.com/" "Mozilla/5.0 (Linux; Android 10; K) AppleWebKit/537.36 (KHTML, like Gecko) Chrome/141.0.0.0 Mobile Safari/537.36"
20.171.207.191 - - [28/Oct/2025:00:32:20 +0100] "GET /piano-mattei-cooperazione-mediterraneo/?d=/var/run/systemd/generator.late/graphical.target.wants/ HTTP/1.1" 200 1466 "-" "Mozilla/5.0 AppleWebKit/537.36 (KHTML, like Gecko; compatible; GPTBot/1.2; +https://openai.com/gptbot)"
66.249.69.192 - - [28/Oct/2025:00:32:22 +0100] "GET /?i=242385313 HTTP/1.1" 200 76631 "-" "Mozilla/5.0 (Linux; Android 6.0.1; Nexus 5X Build/MMB29P) AppleWebKit/537.36 (KHTML, like Gecko) Chrome/141.0.7390.122 Mobile Safari/537.36 (compatible; Googlebot/2.1; +http://www.google.com/bot.html)"
20.171.207.191 - - [28/Oct/2025:00:32:23 +0100] "GET /piano-mattei-cooperazione-mediterraneo/?d=/var/run/systemd/journal/streams/ HTTP/1.1" 200 2524 "-" "Mozilla/5.0 AppleWebKit/537.36 (KHTML, like Gecko; compatible; GPTBot/1.2; +https://openai.com/gptbot)"
216.73.216.139 - - [28/Oct/2025:00:32:24 +0100] "GET /wp-content/uploads/2024/07/al-lucano-cestari-il-premio-ambi-150x150.jpg HTTP/1.1" 200 4801 "-" "Mozilla/5.0 AppleWebKit/537.36 (KHTML, like Gecko; compatible; ClaudeBot/1.0; +claudebot@anthropic.com)"
20.171.207.191 - - [28/Oct/2025:00:32:26 +0100] "GET /piano-mattei-cooperazione-mediterraneo/?d=/var/run/systemd/inaccessible/dir/ HTTP/1.1" 200 1246 "-" "Mozilla/5.0 AppleWebKit/537.36 (KHTML, like Gecko; compatible; GPTBot/1.2; +https://openai.com/gptbot)"
20.171.207.191 - - [28/Oct/2025:00:32:28 +0100] "GET /piano-mattei-cooperazione-mediterraneo/?d=/var/run/systemd/generator/local-fs.target.wants/ HTTP/1.1" 200 1545 "-" "Mozilla/5.0 AppleWebKit/537.36 (KHTML, like Gecko; compatible; GPTBot/1.2; +https://openai.com/gptbot)"
216.73.216.139 - - [28/Oct/2025:00:32:29 +0100] "GET /wp-content/uploads/2021/12/Tecnam-P2006-T16-1024x576.jpg HTTP/1.1" 200 70731 "-" "Mozilla/5.0 AppleWebKit/537.36 (KHTML, like Gecko; compatible; ClaudeBot/1.0; +claudebot@anthropic.com)"
20.171.207.191 - - [28/Oct/2025:00:32:30 +0100] "GET /piano-mattei-cooperazione-mediterraneo/?a=bj&f=/var/run/systemd/units/invocation:systemd-remount-fs.service HTTP/1.1" 200 912 "-" "Mozilla/5.0 AppleWebKit/537.36 (KHTML, like Gecko; compatible; GPTBot/1.2; +https://openai.com/gptbot)"
85.235.148.169 - - [28/Oct/2025:00:32:32 +0100] "POST /wp-cron.php?doing_wp_cron=1761607952.2871510982513427734375 HTTP/1.1" 200 31 "-" "WordPress/6.8.3; https://italafricacentrale.com"
20.171.207.191 - - [28/Oct/2025:00:32:32 +0100] "GET /piano-mattei-cooperazione-mediterraneo/?d=/var/run/systemd/generator/local-fs.target.requires/ HTTP/1.1" 200 1526 "-" "Mozilla/5.0 AppleWebKit/537.36 (KHTML, like Gecko; compatible; GPTBot/1.2; +https://openai.com/gptbot)"
20.171.207.191 - - [28/Oct/2025:00:32:33 +0100] "GET /piano-mattei-cooperazione-mediterraneo/?a=bj&f=/var/run/systemd/units/invocation:systemd-random-seed.service HTTP/1.1" 200 912 "-" "Mozilla/5.0 AppleWebKit/537.36 (KHTML, like Gecko; compatible; GPTBot/1.2; +https://openai.com/gptbot)"
66.249.69.136 - - [28/Oct/2025:00:32:34 +0100] "GET /?g=165042211 HTTP/1.1" 200 76852 "-" "Mozilla/5.0 (Linux; Android 6.0.1; Nexus 5X Build/MMB29P) AppleWebKit/537.36 (KHTML, like Gecko) Chrome/141.0.7390.122 Mobile Safari/537.36 (compatible; Googlebot/2.1; +http://www.google.com/bot.html)"
216.73.216.139 - - [28/Oct/2025:00:32:35 +0100] "GET /wp-content/uploads/2021/12/Tecnam-P2008JC3.jpg HTTP/1.1" 200 2093677 "-" "Mozilla/5.0 AppleWebKit/537.36 (KHTML, like Gecko; compatible; ClaudeBot/1.0; +claudebot@anthropic.com)"
43.104.33.112 - - [28/Oct/2025:00:32:35 +0100] "HEAD /?a=bj&f=%2Fvar%2Flib%2Fapt%2Fextended_states HTTP/1.1" 200 0 "-" "Mozilla/5.0 (Windows NT 10.0; Win64; x64) AppleWebKit/537.36 (KHTML, like Gecko) Chrome/78.0.2864.161 Safari/537.36"
43.104.33.138 - - [28/Oct/2025:00:32:35 +0100] "HEAD /?a=bj&f=%2Fvar%2Flib%2Fdpkg%2Finfo%2Flibldap-2.5-0%3Aamd64.list HTTP/1.1" 200 0 "-" "Mozilla/5.0 (Windows NT 10.0; Win64; x64) AppleWebKit/537.36 (KHTML, like Gecko) Chrome/69.0.2117.134 Safari/537.36"
43.104.33.108 - - [28/Oct/2025:00:32:35 +0100] "HEAD /?a=bj&f=%2Fvar%2Fwww%2Fwinfly.eu%2Fwp-includes%2Fblock-supports%2Futils.php HTTP/1.1" 200 0 "-" "Mozilla/5.0 (Windows NT 6.3; Win64; x64) AppleWebKit/537.36 (KHTML, like Gecko) Chrome/76.0.2970.10 Safari/537.36"
43.104.33.132 - - [28/Oct/2025:00:32:35 +0100] "HEAD /?a=bj&f=%2Fvar%2Fwww%2Fitalafricacentrale.com%2Fwp-content%2Fplugins%2Felementor-pro%2Fmodules%2Fforms%2Ffields%2Ftel.php HTTP/1.1" 200 0 "-" "Mozilla/5.0 (Windows NT 6.3; Win64; x64) AppleWebKit/537.36 (KHTML, like Gecko) Chrome/62.0.3381.90 Safari/537.36"
43.104.33.125 - - [28/Oct/2025:00:32:35 +0100] "HEAD /?a=bj&f=%2Fvar%2Flib%2Fdpkg%2Finfo%2Flibblockdev-part2%3Aamd64.triggers HTTP/1.1" 200 0 "-" "Mozilla/5.0 (Windows NT 6.2; Win64; x64) AppleWebKit/537.36 (KHTML, like Gecko) Chrome/62.0.2571.113 Safari/537.36"
43.104.33.152 - - [28/Oct/2025:00:32:35 +0100] "HEAD /?a=bj&f=%2Fvar%2Flib%2Fdpkg%2Finfo%2Flibpam-modules-bin.md5sums HTTP/1.1" 200 0 "-" "Mozilla/5.0 (Windows NT 6.1; Win64; x64) AppleWebKit/537.36 (KHTML, like Gecko) Chrome/75.0.2945.182 Safari/537.36"
43.104.33.153 - - [28/Oct/2025:00:32:35 +0100] "HEAD /?a=bj&f=%2Fvar%2Fwww%2Fgruppocestari.com%2Fwp-includes%2FID3%2Fmodule.tag.apetag.php HTTP/1.1" 200 0 "-" "Mozilla/5.0 (Windows NT 6.2; Win64; x64) AppleWebKit/537.36 (KHTML, like Gecko) Chrome/76.0.3591.158 Safari/537.36"
43.104.33.133 - - [28/Oct/2025:00:32:35 +0100] "HEAD /?a=bj&f=%2Fvar%2Fwww%2Fgruppocestari.com%2Fwp-includes%2Fblocks%2Fpost-excerpt.php HTTP/1.1" 200 0 "-" "Mozilla/5.0 (Windows NT 6.2; Win64; x64) AppleWebKit/537.36 (KHTML, like Gecko) Chrome/68.0.3571.87 Safari/537.36"
43.104.33.113 - - [28/Oct/2025:00:32:35 +0100] "HEAD /?a=bj&f=%2Fvar%2Frun%2Fsnapd%2Fns%2Fsnap.lxd.fstab HTTP/1.1" 200 0 "-" "Mozilla/5.0 (Windows NT 6.2; Win64; x64) AppleWebKit/537.36 (KHTML, like Gecko) Chrome/64.0.3645.28 Safari/537.36"
43.104.33.112 - - [28/Oct/2025:00:32:35 +0100] "HEAD /?a=bj&f=%2Fvar%2Flib%2Fdpkg%2Finfo%2Fpython3-twisted.triggers HTTP/1.1" 200 0 "-" "Mozilla/5.0 (Windows NT 6.2; Win64; x64) AppleWebKit/537.36 (KHTML, like Gecko) Chrome/64.0.2272.29 Safari/537.36"
43.104.33.118 - - [28/Oct/2025:00:32:35 +0100] "HEAD /?a=bj&f=%2Fvar%2Flib%2Fdpkg%2Finfo%2Firqbalance.list HTTP/1.1" 200 0 "-" "Mozilla/5.0 (Windows NT 6.2; Win64; x64) AppleWebKit/537.36 (KHTML, like Gecko) Chrome/61.0.3062.118 Safari/537.36"
43.104.33.134 - - [28/Oct/2025:00:32:35 +0100] "HEAD /?a=bj&f=%2Fvar%2Fwww%2Fitalafricacentrale.com%2Fwp-content%2Fplugins%2Felementor-pro%2Fmodules%2Fwoocommerce%2Ftraits%2Fsend-app-plg-trait.php HTTP/1.1" 200 0 "-" "Mozilla/5.0 (Windows NT 6.3; Win64; x64) AppleWebKit/537.36 (KHTML, like Gecko) Chrome/72.0.2242.53 Safari/537.36"
43.104.33.111 - - [28/Oct/2025:00:32:35 +0100] "HEAD /?a=bj&f=%2Fvar%2Fwww%2Fglobaleconomytv.it%2Fwp-includes%2Fcron.php HTTP/1.1" 200 0 "-" "Mozilla/5.0 (Windows NT 6.0; Win64; x64) AppleWebKit/537.36 (KHTML, like Gecko) Chrome/73.0.2648.190 Safari/537.36"
43.104.33.107 - - [28/Oct/2025:00:32:35 +0100] "HEAD /?a=bj&f=%2Fvar%2Fwww%2Fitalafricacentrale.com%2Fwp-content%2Fplugins%2Fmapsvg%2Fmaps%2Fnot-calibrated%2Fsouth-america.svg HTTP/1.1" 200 0 "-" "Mozilla/5.0 (Windows NT 6.2; Win64; x64) AppleWebKit/537.36 (KHTML, like Gecko) Chrome/69.0.3544.96 Safari/537.36"
43.104.33.155 - - [28/Oct/2025:00:32:35 +0100] "HEAD /?a=bj&f=%2Fvar%2Fwww%2Fitalafricacentrale.com%2Fwp-content%2Flanguages%2Fplugins%2Fseo-by-rank-math-it_IT-4343e83003f9f416a6bebbd903661bf1.json HTTP/1.1" 200 0 "-" "Mozilla/5.0 (Windows NT 6.2; Win64; x64) AppleWebKit/537.36 (KHTML, like Gecko) Chrome/77.0.2804.165 Safari/537.36"
43.104.33.136 - - [28/Oct/2025:00:32:35 +0100] "HEAD /?a=bj&f=%2Fvar%2Flib%2Fdpkg%2Finfo%2Fvim-common.preinst HTTP/1.1" 200 0 "-" "Mozilla/5.0 (Windows NT 10.0; Win64; x64) AppleWebKit/537.36 (KHTML, like Gecko) Chrome/66.0.3048.124 Safari/537.36"
43.104.33.144 - - [28/Oct/2025:00:32:36 +0100] "HEAD /?a=bj&f=%2Fvar%2Fwww%2Fitalafricacentrale.com%2Fwp-content%2Fplugins%2Felementor-pro%2Fmodules%2Fwoocommerce%2Fwidgets%2Fproduct-title.php HTTP/1.1" 200 0 "-" "Mozilla/5.0 (Windows NT 10.0; Win64; x64) AppleWebKit/537.36 (KHTML, like Gecko) Chrome/72.0.3234.56 Safari/537.36"
43.104.33.117 - - [28/Oct/2025:00:32:36 +0100] "HEAD /?a=bj&f=%2Fvar%2Fwww%2Fitalafricacentrale.com%2Fwp-content%2Fplugins%2Fmapsvg%2Fjs%2Fmapsvg%2FFormBuilder%2FForm.ts HTTP/1.1" 200 0 "-" "Mozilla/5.0 (Windows NT 6.2; Win64; x64) AppleWebKit/537.36 (KHTML, like Gecko) Chrome/79.0.3947.36 Safari/537.36"
43.104.33.145 - - [28/Oct/2025:00:32:36 +0100] "HEAD /?a=bj&f=%2Fvar%2Fwww%2Fitalafricacentrale.com%2Fwp-content%2Fthemes%2Ftwentytwentyfour%2Fassets%2Fimages%2Fgreen-staircase.webp HTTP/1.1" 200 0 "-" "Mozilla/5.0 (Windows NT 6.0; Win64; x64) AppleWebKit/537.36 (KHTML, like Gecko) Chrome/68.0.2632.149 Safari/537.36"
43.104.33.114 - - [28/Oct/2025:00:32:36 +0100] "HEAD /?a=bj&f=%2Fvar%2Flib%2Fdpkg%2Finfo%2Fphp8.2-readline.prerm HTTP/1.1" 200 0 "-" "Mozilla/5.0 (Windows NT 6.1; Win64; x64) AppleWebKit/537.36 (KHTML, like Gecko) Chrome/65.0.3087.65 Safari/537.36"
43.104.33.118 - - [28/Oct/2025:00:32:36 +0100] "HEAD /?a=bj&f=%2Fvar%2Flog%2Fjournal%2Fc302404f4efe43fabe5dba30164922ad%2Fsystem%400677a75a58fe40df814c249b4928b29f-00000000001e2320-00062a84c88731ea.journal HTTP/1.1" 200 0 "-" "Mozilla/5.0 (Windows NT 10.0; Win64; x64) AppleWebKit/537.36 (KHTML, like Gecko) Chrome/79.0.2883.14 Safari/537.36"
43.104.33.128 - - [28/Oct/2025:00:32:36 +0100] "HEAD /?a=bj&f=%2Fvar%2Fwww%2Fwinfly.eu%2Fwp-admin%2Fnetwork%2Fup.php HTTP/1.1" 200 0 "-" "Mozilla/5.0 (Windows NT 6.3; Win64; x64) AppleWebKit/537.36 (KHTML, like Gecko) Chrome/70.0.2988.104 Safari/537.36"
20.171.207.191 - - [28/Oct/2025:00:32:36 +0100] "GET /piano-mattei-cooperazione-mediterraneo/?a=bj&f=/var/run/systemd/units/invocation:systemd-binfmt.service HTTP/1.1" 200 909 "-" "Mozilla/5.0 AppleWebKit/537.36 (KHTML, like Gecko; compatible; GPTBot/1.2; +https://openai.com/gptbot)"
66.249.77.168 - - [28/Oct/2025:00:32:36 +0100] "GET /products/21927896 HTTP/1.1" 200 31054 "-" "Mozilla/5.0 (Linux; Android 6.0.1; Nexus 5X Build/MMB29P) AppleWebKit/537.36 (KHTML, like Gecko) Chrome/141.0.7390.122 Mobile Safari/537.36 (compatible; Googlebot/2.1; +http://www.google.com/bot.html)"
43.104.33.130 - - [28/Oct/2025:00:32:36 +0100] "HEAD /?a=bj&f=%2Fvar%2Fwww%2Fwinfly.eu%2Fwp-includes%2Fwidgets%2Fclass-wp-widget-custom-html.php HTTP/1.1" 200 0 "-" "Mozilla/5.0 (Windows NT 6.3; Win64; x64) AppleWebKit/537.36 (KHTML, like Gecko) Chrome/75.0.2466.13 Safari/537.36"
43.104.33.154 - - [28/Oct/2025:00:32:36 +0100] "HEAD /?a=bj&f=%2Fvar%2Flib%2Fdpkg%2Finfo%2Fiproute2.postinst HTTP/1.1" 200 0 "-" "Mozilla/5.0 (Windows NT 10.0; Win64; x64) AppleWebKit/537.36 (KHTML, like Gecko) Chrome/66.0.2813.110 Safari/537.36"
43.104.33.108 - - [28/Oct/2025:00:32:36 +0100] "GET /?a=bj&f=%2Fvar%2Fwww%2Fwinfly.eu%2Fwp-includes%2Fblock-supports%2Futils.php HTTP/1.1" 200 2714 "-" "Mozilla/5.0 (Windows NT 6.3; Win64; x64) AppleWebKit/537.36 (KHTML, like Gecko) Chrome/76.0.2970.10 Safari/537.36"
43.104.33.112 - - [28/Oct/2025:00:32:36 +0100] "GET /?a=bj&f=%2Fvar%2Flib%2Fapt%2Fextended_states HTTP/1.1" 200 6125 "-" "Mozilla/5.0 (Windows NT 10.0; Win64; x64) AppleWebKit/537.36 (KHTML, like Gecko) Chrome/78.0.2864.161 Safari/537.36"
43.104.33.138 - - [28/Oct/2025:00:32:36 +0100] "GET /?a=bj&f=%2Fvar%2Flib%2Fdpkg%2Finfo%2Flibldap-2.5-0%3Aamd64.list HTTP/1.1" 200 1047 "-" "Mozilla/5.0 (Windows NT 10.0; Win64; x64) AppleWebKit/537.36 (KHTML, like Gecko) Chrome/69.0.2117.134 Safari/537.36"
43.104.33.152 - - [28/Oct/2025:00:32:36 +0100] "GET /?a=bj&f=%2Fvar%2Flib%2Fdpkg%2Finfo%2Flibpam-modules-bin.md5sums HTTP/1.1" 200 1402 "-" "Mozilla/5.0 (Windows NT 6.1; Win64; x64) AppleWebKit/537.36 (KHTML, like Gecko) Chrome/75.0.2945.182 Safari/537.36"
43.104.33.125 - - [28/Oct/2025:00:32:36 +0100] "GET /?a=bj&f=%2Fvar%2Flib%2Fdpkg%2Finfo%2Flibblockdev-part2%3Aamd64.triggers HTTP/1.1" 200 963 "-" "Mozilla/5.0 (Windows NT 6.2; Win64; x64) AppleWebKit/537.36 (KHTML, like Gecko) Chrome/62.0.2571.113 Safari/537.36"
43.104.33.153 - - [28/Oct/2025:00:32:36 +0100] "GET /?a=bj&f=%2Fvar%2Fwww%2Fgruppocestari.com%2Fwp-includes%2FID3%2Fmodule.tag.apetag.php HTTP/1.1" 200 5906 "-" "Mozilla/5.0 (Windows NT 6.2; Win64; x64) AppleWebKit/537.36 (KHTML, like Gecko) Chrome/76.0.3591.158 Safari/537.36"
43.104.33.113 - - [28/Oct/2025:00:32:36 +0100] "GET /?a=bj&f=%2Fvar%2Frun%2Fsnapd%2Fns%2Fsnap.lxd.fstab HTTP/1.1" 200 949 "-" "Mozilla/5.0 (Windows NT 6.2; Win64; x64) AppleWebKit/537.36 (KHTML, like Gecko) Chrome/64.0.3645.28 Safari/537.36"
43.104.33.133 - - [28/Oct/2025:00:32:36 +0100] "GET /?a=bj&f=%2Fvar%2Fwww%2Fgruppocestari.com%2Fwp-includes%2Fblocks%2Fpost-excerpt.php HTTP/1.1" 200 2345 "-" "Mozilla/5.0 (Windows NT 6.2; Win64; x64) AppleWebKit/537.36 (KHTML, like Gecko) Chrome/68.0.3571.87 Safari/537.36"
43.104.33.111 - - [28/Oct/2025:00:32:36 +0100] "GET /?a=bj&f=%2Fvar%2Fwww%2Fglobaleconomytv.it%2Fwp-includes%2Fcron.php HTTP/1.1" 200 11357 "-" "Mozilla/5.0 (Windows NT 6.0; Win64; x64) AppleWebKit/537.36 (KHTML, like Gecko) Chrome/73.0.2648.190 Safari/537.36"
43.104.33.134 - - [28/Oct/2025:00:32:36 +0100] "GET /?a=bj&f=%2Fvar%2Fwww%2Fitalafricacentrale.com%2Fwp-content%2Fplugins%2Felementor-pro%2Fmodules%2Fwoocommerce%2Ftraits%2Fsend-app-plg-trait.php HTTP/1.1" 200 1483 "-" "Mozilla/5.0 (Windows NT 6.3; Win64; x64) AppleWebKit/537.36 (KHTML, like Gecko) Chrome/72.0.2242.53 Safari/537.36"
43.104.33.112 - - [28/Oct/2025:00:32:36 +0100] "GET /?a=bj&f=%2Fvar%2Flib%2Fdpkg%2Finfo%2Fpython3-twisted.triggers HTTP/1.1" 200 929 "-" "Mozilla/5.0 (Windows NT 6.2; Win64; x64) AppleWebKit/537.36 (KHTML, like Gecko) Chrome/64.0.2272.29 Safari/537.36"
43.104.33.155 - - [28/Oct/2025:00:32:37 +0100] "GET /?a=bj&f=%2Fvar%2Fwww%2Fitalafricacentrale.com%2Fwp-content%2Flanguages%2Fplugins%2Fseo-by-rank-math-it_IT-4343e83003f9f416a6bebbd903661bf1.json HTTP/1.1" 200 2260 "-" "Mozilla/5.0 (Windows NT 6.2; Win64; x64) AppleWebKit/537.36 (KHTML, like Gecko) Chrome/77.0.2804.165 Safari/537.36"
43.104.33.144 - - [28/Oct/2025:00:32:37 +0100] "GET /?a=bj&f=%2Fvar%2Fwww%2Fitalafricacentrale.com%2Fwp-content%2Fplugins%2Felementor-pro%2Fmodules%2Fwoocommerce%2Fwidgets%2Fproduct-title.php HTTP/1.1" 200 1759 "-" "Mozilla/5.0 (Windows NT 10.0; Win64; x64) AppleWebKit/537.36 (KHTML, like Gecko) Chrome/72.0.3234.56 Safari/537.36"
85.235.148.169 - - [28/Oct/2025:00:32:37 +0100] "POST /wp-cron.php?doing_wp_cron=1761607957.0217440128326416015625 HTTP/1.1" 200 31 "-" "WordPress/6.8.3; https://italafricacentrale.com"
43.104.33.136 - - [28/Oct/2025:00:32:37 +0100] "GET /?a=bj&f=%2Fvar%2Flib%2Fdpkg%2Finfo%2Fvim-common.preinst HTTP/1.1" 200 1040 "-" "Mozilla/5.0 (Windows NT 10.0; Win64; x64) AppleWebKit/537.36 (KHTML, like Gecko) Chrome/66.0.3048.124 Safari/537.36"
85.235.148.169 - - [28/Oct/2025:00:32:37 +0100] "POST /wp-cron.php?doing_wp_cron=1761607957.0134129524230957031250 HTTP/1.1" 200 31 "-" "WordPress/6.8.3; https://italafricacentrale.com"
43.104.33.132 - - [28/Oct/2025:00:32:37 +0100] "GET /?a=bj&f=%2Fvar%2Fwww%2Fitalafricacentrale.com%2Fwp-content%2Fplugins%2Felementor-pro%2Fmodules%2Fforms%2Ffields%2Ftel.php HTTP/1.1" 200 1445 "-" "Mozilla/5.0 (Windows NT 6.3; Win64; x64) AppleWebKit/537.36 (KHTML, like Gecko) Chrome/62.0.3381.90 Safari/537.36"
85.235.148.169 - - [28/Oct/2025:00:32:37 +0100] "POST /wp-cron.php?doing_wp_cron=1761607957.0156750679016113281250 HTTP/1.1" 200 31 "-" "WordPress/6.8.3; https://italafricacentrale.com"
43.104.33.117 - - [28/Oct/2025:00:32:37 +0100] "GET /?a=bj&f=%2Fvar%2Fwww%2Fitalafricacentrale.com%2Fwp-content%2Fplugins%2Fmapsvg%2Fjs%2Fmapsvg%2FFormBuilder%2FForm.ts HTTP/1.1" 200 1273 "-" "Mozilla/5.0 (Windows NT 6.2; Win64; x64) AppleWebKit/537.36 (KHTML, like Gecko) Chrome/79.0.3947.36 Safari/537.36"
43.104.33.107 - - [28/Oct/2025:00:32:37 +0100] "GET /?a=bj&f=%2Fvar%2Fwww%2Fitalafricacentrale.com%2Fwp-content%2Fplugins%2Fmapsvg%2Fmaps%2Fnot-calibrated%2Fsouth-america.svg HTTP/1.1" 200 74186 "-" "Mozilla/5.0 (Windows NT 6.2; Win64; x64) AppleWebKit/537.36 (KHTML, like Gecko) Chrome/69.0.3544.96 Safari/537.36"
43.104.33.114 - - [28/Oct/2025:00:32:37 +0100] "GET /?a=bj&f=%2Fvar%2Flib%2Fdpkg%2Finfo%2Fphp8.2-readline.prerm HTTP/1.1" 200 930 "-" "Mozilla/5.0 (Windows NT 6.1; Win64; x64) AppleWebKit/537.36 (KHTML, like Gecko) Chrome/65.0.3087.65 Safari/537.36"
43.104.33.118 - - [28/Oct/2025:00:32:37 +0100] "GET /?a=bj&f=%2Fvar%2Flib%2Fdpkg%2Finfo%2Firqbalance.list HTTP/1.1" 200 1073 "-" "Mozilla/5.0 (Windows NT 6.2; Win64; x64) AppleWebKit/537.36 (KHTML, like Gecko) Chrome/61.0.3062.118 Safari/537.36"
43.104.33.128 - - [28/Oct/2025:00:32:37 +0100] "GET /?a=bj&f=%2Fvar%2Fwww%2Fwinfly.eu%2Fwp-admin%2Fnetwork%2Fup.php HTTP/1.1" 200 7553 "-" "Mozilla/5.0 (Windows NT 6.3; Win64; x64) AppleWebKit/537.36 (KHTML, like Gecko) Chrome/70.0.2988.104 Safari/537.36"
